This is the mail archive of the gcc-testresults@gcc.gnu.org mailing list for the GCC project.


Index Nav: [Date Index] [Subject Index] [Author Index] [Thread Index]
Message Nav: [Date Prev] [Date Next] [Thread Prev] [Thread Next]
Other format: [Raw text]

Results for 4.9.0 20140407 (experimental) (GCC) testsuite on spu-unknown-elf


GCC Version:      4.9.0, SVN revision: 209202
Newlib Version:   2014-04-07 22:05 UTC
Binutils Version: commit 7af389b892404edc76e1a60c59b354b785378fa5


build host info: 
$ uname -s -r -m -p -i -o
Linux 2.6.18-371.6.1.el5 ppc64 ppc64 ppc64 GNU/Linux

$ gcc -v
Using built-in specs.
Target: ppc64-redhat-linux
Configured with: ../configure --prefix=/usr --mandir=/usr/share/man --infodir=/usr/share/info --enable-shared --enable-threads=posix --enable-checking=release --with-system-zlib --enable-__cxa_atexit --disable-libunwind-exceptions --enable-libgcj-multifile --enable-languages=c,c++,objc,obj-c++,java,fortran --enable-java-awt=gtk --disable-dssi --disable-plugin --with-java-home=/usr/lib/jvm/java-1.4.2-gcj-1.4.2.0/jre --enable-secureplt --with-long-double-128 --host=ppc64-redhat-linux --build=ppc64-redhat-linux --target=ppc64-redhat-linux --with-cpu=default32
Thread model: posix
gcc version 4.1.2 20080704 (Red Hat 4.1.2-54)

$ ld -v
GNU ld version 2.17.50.0.6-26.el5 20061020



############################################################
# GCC test suite results                                   #
############################################################
Target is spu-unknown-elf

		=== g++ tests ===


Running target cell-native
ERROR: can't rename "dg-save-unknown": command doesn't exist
FAIL: g++.dg/cpp1y/vla-initlist1.C -std=c++1y execution test
FAIL: g++.dg/dso/dlclose1-dso.cc (test for excess errors)
ERROR: tcl error sourcing /home/uweigand/dailybuild/spu-tc-2014-04-07/gcc-head/src/gcc/testsuite/g++.dg/dg.exp.
FAIL: g++.dg/lto/20091022-2 cp_lto_20091022-2_0.o-cp_lto_20091022-2_0.o link, -O3 -flto -Winline
UNRESOLVED: g++.dg/lto/20091022-2 cp_lto_20091022-2_0.o-cp_lto_20091022-2_0.o execute -O3 -flto -Winline
FAIL: g++.dg/lto/20091219 cp_lto_20091219_0.o-cp_lto_20091219_0.o link, -O3 -flto
UNRESOLVED: g++.dg/lto/20091219 cp_lto_20091219_0.o-cp_lto_20091219_0.o execute -O3 -flto
FAIL: g++.old-deja/g++.mike/for3.C -std=gnu++98  (test for warnings, line 5)
FAIL: g++.old-deja/g++.mike/for3.C -std=gnu++11  (test for warnings, line 5)
FAIL: g++.old-deja/g++.mike/for3.C -std=gnu++1y  (test for warnings, line 5)

		=== g++ Summary ===

# of expected passes		54123
# of unexpected failures	7
# of expected failures		148
# of unresolved testcases	2
# of unsupported tests		2756
/home/uweigand/dailybuild/spu-tc-2014-04-07/gcc-build/gcc/testsuite/g++/../../xg++  version 4.9.0 20140407 (experimental) (GCC) 

		=== gcc tests ===


Running target cell-native
FAIL: tmpdir-gcc.dg-struct-layout-1/t028 c_compat_x_tst.o-c_compat_y_tst.o link
UNRESOLVED: tmpdir-gcc.dg-struct-layout-1/t028 c_compat_x_tst.o-c_compat_y_tst.o execute 
FAIL: gcc.dg/builtins-1.c inf (test for warnings, line 147)
FAIL: gcc.dg/builtins-1.c (test for excess errors)
FAIL: gcc.dg/c11-complex-1.c execution test
FAIL: gcc.dg/pr23623.c scan-rtl-dump-times final "mem/v(/.)*:SI" 12
FAIL: gcc.dg/sms-7.c scan-rtl-dump-times sms "SMS succeeded" 1
FAIL: gcc.dg/lto/pr54709 c_lto_pr54709_0.o-c_lto_pr54709_1.o link,  -fPIC -fvisibility=hidden -flto 
UNRESOLVED: gcc.dg/lto/pr54709 c_lto_pr54709_0.o-c_lto_pr54709_1.o execute  -fPIC -fvisibility=hidden -flto 
FAIL: gcc.dg/torture/builtin-attr-1.c  -O0  INF unsupported (test for warnings, line 342)
FAIL: gcc.dg/torture/builtin-attr-1.c  -O0  (test for excess errors)
FAIL: gcc.dg/torture/builtin-attr-1.c  -O1  INF unsupported (test for warnings, line 342)
FAIL: gcc.dg/torture/builtin-attr-1.c  -O1  (test for excess errors)
FAIL: gcc.dg/torture/builtin-attr-1.c  -O2  INF unsupported (test for warnings, line 342)
FAIL: gcc.dg/torture/builtin-attr-1.c  -O2  (test for excess errors)
FAIL: gcc.dg/torture/builtin-attr-1.c  -O3 -fomit-frame-pointer  INF unsupported (test for warnings, line 342)
FAIL: gcc.dg/torture/builtin-attr-1.c  -O3 -fomit-frame-pointer  (test for excess errors)
FAIL: gcc.dg/torture/builtin-attr-1.c  -O3 -g  INF unsupported (test for warnings, line 342)
FAIL: gcc.dg/torture/builtin-attr-1.c  -O3 -g  (test for excess errors)
FAIL: gcc.dg/torture/builtin-attr-1.c  -Os  INF unsupported (test for warnings, line 342)
FAIL: gcc.dg/torture/builtin-attr-1.c  -Os  (test for excess errors)
FAIL: gcc.dg/torture/builtin-attr-1.c  -O2 -flto -fno-use-linker-plugin -flto-partition=none  INF unsupported (test for warnings, line 342)
FAIL: gcc.dg/torture/builtin-attr-1.c  -O2 -flto -fno-use-linker-plugin -flto-partition=none  (test for excess errors)
FAIL: gcc.dg/torture/builtin-attr-1.c  -O2 -flto -fuse-linker-plugin -fno-fat-lto-objects  INF unsupported (test for warnings, line 342)
FAIL: gcc.dg/torture/builtin-attr-1.c  -O2 -flto -fuse-linker-plugin -fno-fat-lto-objects  (test for excess errors)
FAIL: gcc.dg/torture/c99-contract-1.c  -O0  execution test
FAIL: gcc.dg/torture/c99-contract-1.c  -O1  execution test
FAIL: gcc.dg/torture/c99-contract-1.c  -O2  execution test
FAIL: gcc.dg/torture/c99-contract-1.c  -O3 -fomit-frame-pointer  execution test
FAIL: gcc.dg/torture/c99-contract-1.c  -O3 -g  execution test
FAIL: gcc.dg/torture/c99-contract-1.c  -Os  execution test
FAIL: gcc.dg/torture/c99-contract-1.c  -O2 -flto -fno-use-linker-plugin -flto-partition=none  execution test
FAIL: gcc.dg/torture/c99-contract-1.c  -O2 -flto -fuse-linker-plugin -fno-fat-lto-objects  execution test
FAIL: gcc.dg/torture/pr56443.c  -O0  execution test
FAIL: gcc.dg/torture/pr56443.c  -Os  execution test
FAIL: gcc.dg/tree-prof/time-profiler-2.c compilation,  -fprofile-generate -D_PROFILE_GENERATE
UNRESOLVED: gcc.dg/tree-prof/time-profiler-2.c execution,    -fprofile-generate -D_PROFILE_GENERATE
UNRESOLVED: gcc.dg/tree-prof/time-profiler-2.c compilation,  -fprofile-use -D_PROFILE_USE
UNRESOLVED: gcc.dg/tree-prof/time-profiler-2.c execution,    -fprofile-use -D_PROFILE_USE
FAIL: gcc.dg/tree-ssa/cunroll-5.c scan-tree-dump cunroll "loop with 6 iterations completely unrolled"
FAIL: gcc.dg/tree-ssa/cunroll-5.c scan-tree-dump cunroll "Exit condition of peeled iterations was eliminated."
FAIL: gcc.dg/tree-ssa/pr59597.c scan-tree-dump vrp1 "Cancelling"
FAIL: gcc.dg/tree-ssa/slsr-13.c scan-tree-dump-times optimized " \\\\* 4" 2
FAIL: gcc.dg/tree-ssa/slsr-13.c scan-tree-dump-times optimized " \\\\* 5" 0
FAIL: gcc.dg/vect/slp-10.c scan-tree-dump-times vect "vectorized 2 loops" 1
FAIL: gcc.dg/vect/slp-10.c scan-tree-dump-times vect "vectorizing stmts using SLP" 2
FAIL: gcc.dg/vect/slp-11c.c scan-tree-dump-times vect "vectorized 0 loops" 1
FAIL: gcc.dg/vect/slp-33.c scan-tree-dump-times vect "vectorized 2 loops" 1
FAIL: gcc.dg/vect/slp-33.c scan-tree-dump-times vect "vectorizing stmts using SLP" 2
FAIL: gcc.dg/vect/bb-slp-32.c scan-tree-dump slp "vectorization is not profitable"
FAIL: gcc.dg/vect/slp-10.c -flto -ffat-lto-objects  scan-tree-dump-times vect "vectorized 2 loops" 1
FAIL: gcc.dg/vect/slp-10.c -flto -ffat-lto-objects  scan-tree-dump-times vect "vectorizing stmts using SLP" 2
FAIL: gcc.dg/vect/slp-11c.c -flto -ffat-lto-objects  scan-tree-dump-times vect "vectorized 0 loops" 1
FAIL: gcc.dg/vect/slp-33.c -flto -ffat-lto-objects  scan-tree-dump-times vect "vectorized 2 loops" 1
FAIL: gcc.dg/vect/slp-33.c -flto -ffat-lto-objects  scan-tree-dump-times vect "vectorizing stmts using SLP" 2
FAIL: gcc.dg/vect/bb-slp-32.c -flto -ffat-lto-objects  scan-tree-dump slp "vectorization is not profitable"
FAIL: gcc.dg/vect/no-vfa-vect-depend-2.c scan-tree-dump-times vect "vectorized 1 loops" 1
FAIL: gcc.dg/vect/no-vfa-vect-depend-3.c scan-tree-dump-times vect "vectorized 1 loops" 4
FAIL: gcc.target/spu/intrinsics-1.c  (test for errors, line 13)
FAIL: gcc.target/spu/intrinsics-1.c  (test for warnings, line 13)

		=== gcc Summary ===

# of expected passes		86403
# of unexpected failures	55
# of expected failures		237
# of unresolved testcases	5
# of unsupported tests		1682
/home/uweigand/dailybuild/spu-tc-2014-04-07/gcc-build/gcc/xgcc  version 4.9.0 20140407 (experimental) (GCC) 

		=== gfortran tests ===


Running target cell-native
FAIL: gfortran.dg/array_constructor_45.f90  -O0  execution test
FAIL: gfortran.dg/bind_c_array_params_2.f90  -O   scan-assembler-times myBindC 1
FAIL: gfortran.dg/char_result_13.f90  -O3 -fomit-frame-pointer  execution test
FAIL: gfortran.dg/char_result_13.f90  -O3 -fomit-frame-pointer -funroll-all-loops -finline-functions  execution test
FAIL: gfortran.dg/char_result_13.f90  -O3 -g  execution test
XPASS: gfortran.dg/default_format_denormal_1.f90  -O0  execution test
XPASS: gfortran.dg/default_format_denormal_1.f90  -O1  execution test
XPASS: gfortran.dg/default_format_denormal_1.f90  -O2  execution test
XPASS: gfortran.dg/default_format_denormal_1.f90  -O3 -fomit-frame-pointer  execution test
XPASS: gfortran.dg/default_format_denormal_1.f90  -O3 -fomit-frame-pointer -funroll-loops  execution test
XPASS: gfortran.dg/default_format_denormal_1.f90  -O3 -fomit-frame-pointer -funroll-all-loops -finline-functions  execution test
XPASS: gfortran.dg/default_format_denormal_1.f90  -O3 -g  execution test
XPASS: gfortran.dg/default_format_denormal_1.f90  -Os  execution test
FAIL: gfortran.dg/minlocval_3.f90  -O1  execution test
FAIL: gfortran.dg/minlocval_3.f90  -O2  execution test
FAIL: gfortran.dg/minlocval_3.f90  -O3 -fomit-frame-pointer  execution test
FAIL: gfortran.dg/minlocval_3.f90  -O3 -fomit-frame-pointer -funroll-loops  execution test
FAIL: gfortran.dg/minlocval_3.f90  -O3 -fomit-frame-pointer -funroll-all-loops -finline-functions  execution test
FAIL: gfortran.dg/minlocval_3.f90  -O3 -g  execution test
FAIL: gfortran.dg/minlocval_3.f90  -Os  execution test
FAIL: gfortran.dg/vect/vect-8.f90  -O   scan-tree-dump-times vect "vectorized 19 loops" 1
FAIL: gfortran.dg/vect/fast-math-rnflow-trs2a2.f90 scan-tree-dump-times vect "vectorized 1 loops" 1
FAIL: gfortran.fortran-torture/execute/forall_4.f90 execution,  -O3 -g 

		=== gfortran Summary ===

# of expected passes		43781
# of unexpected failures	15
# of unexpected successes	8
# of expected failures		99
# of unsupported tests		581
/home/uweigand/dailybuild/spu-tc-2014-04-07/gcc-build/gcc/testsuite/gfortran/../../gfortran  version 4.9.0 20140407 (experimental) (GCC) 


Compiler version: 4.9.0 20140407 (experimental) (GCC) 
Platform: spu-unknown-elf
configure flags: --target=spu --disable-nls --disable-libsanitizer --enable-languages=c,c++,fortran --with-headers --enable-version-specific-runtime-libs --with-gmp=/home/uweigand/dailybuild/prereqs/install --with-mpfr=/home/uweigand/dailybuild/prereqs/install --with-mpc=/home/uweigand/dailybuild/prereqs/install --prefix=/home/uweigand/dailybuild/spu-tc-2014-04-07/spu-toolchain

############################################################
# Binutils test suite results                              #
############################################################
Target is spu-unknown-elf
Host   is powerpc64-unknown-linux-gnu

		=== binutils tests ===


Running target unix
WARNING: Assuming target board is the local machine (which is probably wrong).

		=== binutils Summary ===

# of expected passes		86
# of unsupported tests		6
Host   is powerpc64-unknown-linux-gnu

		=== gas tests ===


Running target unix
WARNING: Assuming target board is the local machine (which is probably wrong).

		=== gas Summary ===

# of expected passes		132
Host   is powerpc64-unknown-linux-gnu

		=== ld tests ===


Running target unix
WARNING: Assuming target board is the local machine (which is probably wrong).
FAIL: --gc-sections with --defsym

		=== ld Summary ===

# of expected passes		229
# of unexpected failures	1
# of expected failures		5
# of untested testcases		1
# of unsupported tests		3

Platform: spu-unknown-elf
configure flags: --disable-gdb --disable-libdecnumber --disable-readline --disable-sim --target=spu --prefix=/home/uweigand/dailybuild/spu-tc-2014-04-07/spu-toolchain

############################################################
# GDB test suite results                                   #
############################################################
Target is spu-unknown-elf
Host   is powerpc64-unknown-linux-gnu

		=== gdb tests ===


Running target cell-native
FAIL: gdb.arch/spu-info.exp: info spu mailbox
FAIL: gdb.arch/spu-info.exp: event mask 0x0400
FAIL: gdb.arch/spu-info.exp: event mask 0x0200
FAIL: gdb.arch/spu-info.exp: event mask 0x0100
FAIL: gdb.arch/spu-info.exp: event mask 0x0080
FAIL: gdb.arch/spu-info.exp: event mask 0x0040
FAIL: gdb.arch/spu-info.exp: event mask 0x0020
FAIL: gdb.arch/spu-info.exp: event mask 0x0010
FAIL: gdb.arch/spu-info.exp: event mask 0x0008
FAIL: gdb.arch/spu-info.exp: event mask 0x0002
FAIL: gdb.arch/spu-info.exp: event mask 0x0001
FAIL: gdb.arch/spu-info.exp: info spu mailbox
FAIL: gdb.base/advance.exp: advance function called as param
FAIL: gdb.base/annota1.exp: print array (timeout)
FAIL: gdb.base/annota3.exp: print array (pattern 2 + sentinel)
FAIL: gdb.base/anon.exp: print val.data.six
FAIL: gdb.base/argv0-symlink.exp: kept file symbolic link name
FAIL: gdb.base/async.exp: next& (timeout)
FAIL: gdb.base/async.exp: step& #1 (timeout)
FAIL: gdb.base/async.exp: step& #2 (timeout)
FAIL: gdb.base/async.exp: stepi& (timeout)
FAIL: gdb.base/async.exp: nexti& (timeout)
FAIL: gdb.base/async.exp: finish& (timeout)
FAIL: gdb.base/async.exp: jump& (timeout)
FAIL: gdb.base/async.exp: until& (timeout)
FAIL: gdb.base/async.exp: set exec-done-display off
FAIL: gdb.base/attach.exp: info other register (GDB internal error)
FAIL: gdb.base/break-on-linker-gcd-function.exp: b 24
FAIL: gdb.base/break.exp: run until file:function(6) breakpoint
FAIL: gdb.base/break.exp: run until file:function(5) breakpoint
FAIL: gdb.base/break.exp: run until file:function(4) breakpoint
FAIL: gdb.base/break.exp: run until file:function(3) breakpoint
FAIL: gdb.base/break.exp: run until file:function(2) breakpoint
FAIL: gdb.base/break.exp: run until file:function(1) breakpoint
FAIL: gdb.base/break.exp: run until quoted breakpoint
FAIL: gdb.base/break.exp: run to factorial(6)
FAIL: gdb.base/break.exp: continue to factorial(5)
FAIL: gdb.base/break.exp: backtrace from factorial(5)
FAIL: gdb.base/break.exp: backtrace from factorial(5.1)
FAIL: gdb.base/call-ar-st.exp: step inside print_all_arrays
FAIL: gdb.base/call-ar-st.exp: check args of sum_array_print
FAIL: gdb.base/call-ar-st.exp: step into print_long_arg_list
FAIL: gdb.base/call-ar-st.exp: step into init_bit_flags_combo
FAIL: gdb.base/callfuncs.exp: backtrace at nested call level 1
FAIL: gdb.base/callfuncs.exp: backtrace at nested call level 2
FAIL: gdb.base/callfuncs.exp: backtrace at nested call level 3
FAIL: gdb.base/callfuncs.exp: backtrace at nested call level 4
FAIL: gdb.base/callfuncs.exp: backtrace after finish from nested call level 4
FAIL: gdb.base/callfuncs.exp: backtrace after finish from nested call level 3
FAIL: gdb.base/callfuncs.exp: backtrace after finish from nested call level 2
FAIL: gdb.base/code_elim.exp: single psymtabs: test eliminated var my_global_symbol
FAIL: gdb.base/code_elim.exp: single psymtabs: test eliminated var my_static_symbol
FAIL: gdb.base/code_elim.exp: single psymtabs: test eliminated var my_global_func
FAIL: gdb.base/code_elim.exp: single symtabs: test eliminated var my_global_symbol
FAIL: gdb.base/code_elim.exp: single symtabs: test eliminated var my_static_symbol
FAIL: gdb.base/code_elim.exp: single symtabs: test eliminated var my_global_func
FAIL: gdb.base/code_elim.exp: order1: my_global_symbol has null address
FAIL: gdb.base/code_elim.exp: order1: my_static_symbol has null address
FAIL: gdb.base/complex.exp: print complex packed value in C
FAIL: gdb.base/complex.exp: print complex value in C
FAIL: gdb.base/condbreak-call-false.exp: c (GDB internal error)
FAIL: gdb.base/condbreak.exp: run until breakpoint at marker2
FAIL: gdb.base/condbreak.exp: run until breakpoint at marker3
FAIL: gdb.base/condbreak.exp: run until breakpoint at marker4
FAIL: gdb.base/constvars.exp: print lave
FAIL: gdb.base/constvars.exp: print lavish
FAIL: gdb.base/constvars.exp: print lax
FAIL: gdb.base/constvars.exp: print lecherous
FAIL: gdb.base/constvars.exp: print lechery
FAIL: gdb.base/constvars.exp: print lectern
FAIL: gdb.base/constvars.exp: print leeway
FAIL: gdb.base/constvars.exp: print legacy
FAIL: gdb.base/constvars.exp: print laconic
FAIL: gdb.base/constvars.exp: print laggard
FAIL: gdb.base/constvars.exp: print lagoon
FAIL: gdb.base/constvars.exp: print laity
FAIL: gdb.base/constvars.exp: print lambent
FAIL: gdb.base/constvars.exp: print laminated
FAIL: gdb.base/constvars.exp: print lampoon
FAIL: gdb.base/constvars.exp: print languid
FAIL: gdb.base/constvars.exp: print *legend
FAIL: gdb.base/constvars.exp: print *legerdemain
FAIL: gdb.base/constvars.exp: print *leniency
FAIL: gdb.base/constvars.exp: print *leonine
FAIL: gdb.base/constvars.exp: print *lesion
FAIL: gdb.base/constvars.exp: print *lethal
FAIL: gdb.base/constvars.exp: print *lethargic
FAIL: gdb.base/constvars.exp: print *levity
FAIL: gdb.base/constvars.exp: print *lewd
FAIL: gdb.base/constvars.exp: print *lexicographer
FAIL: gdb.base/constvars.exp: print *lexicon
FAIL: gdb.base/constvars.exp: print *liaison
FAIL: gdb.base/constvars.exp: print *libation
FAIL: gdb.base/constvars.exp: print *libelous
FAIL: gdb.base/constvars.exp: print *libertine
FAIL: gdb.base/constvars.exp: print *libidinous
FAIL: gdb.base/constvars.exp: print *languish
FAIL: gdb.base/constvars.exp: print *languor
FAIL: gdb.base/constvars.exp: print *lank
FAIL: gdb.base/constvars.exp: print *lapidary
FAIL: gdb.base/constvars.exp: print *larceny
FAIL: gdb.base/constvars.exp: print *largess
FAIL: gdb.base/constvars.exp: print *lascivious
FAIL: gdb.base/constvars.exp: print *lassitude
FAIL: gdb.base/constvars.exp: print *lamprey
FAIL: gdb.base/constvars.exp: print *lariat
FAIL: gdb.base/constvars.exp: print *laudanum
FAIL: gdb.base/constvars.exp: print *lecithin
FAIL: gdb.base/constvars.exp: print *leviathan
FAIL: gdb.base/constvars.exp: print *libretto
FAIL: gdb.base/constvars.exp: print *lissome
FAIL: gdb.base/constvars.exp: print *locust
FAIL: gdb.base/dbx.exp: print first
FAIL: gdb.base/display.exp: display i
FAIL: gdb.base/display.exp: display j
FAIL: gdb.base/display.exp: display &k
FAIL: gdb.base/display.exp: display/f f
FAIL: gdb.base/display.exp: first disp
FAIL: gdb.base/display.exp: second disp
FAIL: gdb.base/display.exp: next hit
FAIL: gdb.base/display.exp: printf "%d%d",i
FAIL: gdb.base/display.exp: print/k j
FAIL: gdb.base/display.exp: debug test output 1
FAIL: gdb.base/display.exp: debug test output 1a
FAIL: gdb.base/display.exp: debug test output 2
FAIL: gdb.base/display.exp: debug test output 2a
FAIL: gdb.base/display.exp: debug test output 3
FAIL: gdb.base/display.exp: x/0 j
FAIL: gdb.base/dmsym.exp: print val
FAIL: gdb.base/dprintf-next.exp: next 2
FAIL: gdb.base/dprintf-non-stop.exp: Can't run to main
FAIL: gdb.base/dprintf.exp: 1st dprintf, gdb
FAIL: gdb.base/dprintf.exp: 2nd dprintf, gdb
FAIL: gdb.base/enum_cond.exp: continue to conditional breakpoint in call_me
FAIL: gdb.base/frame-args.exp: frame 1 with print frame-arguments set to all
FAIL: gdb.base/frame-args.exp: frame 1 with print frame-arguments set to scalars
FAIL: gdb.base/funcargs.exp: run to call0a
FAIL: gdb.base/funcargs.exp: print c after run to call0a
FAIL: gdb.base/funcargs.exp: print s after run to call0a
FAIL: gdb.base/funcargs.exp: print i after run to call0a
FAIL: gdb.base/funcargs.exp: print l after run to call0a
FAIL: gdb.base/funcargs.exp: continue to call0b
FAIL: gdb.base/funcargs.exp: continue to call0c
FAIL: gdb.base/funcargs.exp: continue to call0d
FAIL: gdb.base/funcargs.exp: continue to call0e
FAIL: gdb.base/funcargs.exp: run to call1a
FAIL: gdb.base/funcargs.exp: print uc
FAIL: gdb.base/funcargs.exp: print us
FAIL: gdb.base/funcargs.exp: print ui
FAIL: gdb.base/funcargs.exp: print ul
FAIL: gdb.base/funcargs.exp: continue to call1b
FAIL: gdb.base/funcargs.exp: continue to call1c
FAIL: gdb.base/funcargs.exp: continue to call1d
FAIL: gdb.base/funcargs.exp: continue to call1e
FAIL: gdb.base/funcargs.exp: run to call2a
FAIL: gdb.base/funcargs.exp: print c after run to call2a
FAIL: gdb.base/funcargs.exp: print f1 after run to call2a
FAIL: gdb.base/funcargs.exp: print s after run to call2a
FAIL: gdb.base/funcargs.exp: print d1 after run to call2a
FAIL: gdb.base/funcargs.exp: print i after run to call2a
FAIL: gdb.base/funcargs.exp: print f2 after run to call2a
FAIL: gdb.base/funcargs.exp: print l after run to call2a
FAIL: gdb.base/funcargs.exp: print d2 after run to call2a
FAIL: gdb.base/funcargs.exp: continue to call2b
FAIL: gdb.base/funcargs.exp: continue to call2c
FAIL: gdb.base/funcargs.exp: continue to call2d
FAIL: gdb.base/funcargs.exp: continue to call2e
FAIL: gdb.base/funcargs.exp: continue to call2f
FAIL: gdb.base/funcargs.exp: continue to call2g
FAIL: gdb.base/funcargs.exp: continue to call2h
FAIL: gdb.base/funcargs.exp: continue to call2i
FAIL: gdb.base/funcargs.exp: (timeout) run to callca
FAIL: gdb.base/funcargs.exp: continue to callcb
FAIL: gdb.base/funcargs.exp: continue to callcc
FAIL: gdb.base/funcargs.exp: continue to callcd
FAIL: gdb.base/funcargs.exp: continue to callce
FAIL: gdb.base/funcargs.exp: continue to callcf
FAIL: gdb.base/funcargs.exp: (timeout) run to callc1a
FAIL: gdb.base/funcargs.exp: continue to callc1b
ERROR: breakpoints not deleted
UNRESOLVED: gdb.base/funcargs.exp: (timeout) run to callc1a
FAIL: gdb.base/funcargs.exp: continue to callc2b
FAIL: gdb.base/funcargs.exp: run to call3a
FAIL: gdb.base/funcargs.exp: print *cp
FAIL: gdb.base/funcargs.exp: print *sp
FAIL: gdb.base/funcargs.exp: print *ip
FAIL: gdb.base/funcargs.exp: print *lp
FAIL: gdb.base/funcargs.exp: continue to call3b
FAIL: gdb.base/funcargs.exp: print *ucp
FAIL: gdb.base/funcargs.exp: print *usp
FAIL: gdb.base/funcargs.exp: print *uip
FAIL: gdb.base/funcargs.exp: print *ulp
FAIL: gdb.base/funcargs.exp: continue to call3c
FAIL: gdb.base/funcargs.exp: print *fp
FAIL: gdb.base/funcargs.exp: print *dp
FAIL: gdb.base/funcargs.exp: run to call4a
FAIL: gdb.base/funcargs.exp: print *stp
FAIL: gdb.base/funcargs.exp: continue to call4b
FAIL: gdb.base/funcargs.exp: print *unp (sizeof long == sizeof int)
FAIL: gdb.base/funcargs.exp: run to call5a
FAIL: gdb.base/funcargs.exp: print st
FAIL: gdb.base/funcargs.exp: continue to call5b (sizeof long == sizeof int)
FAIL: gdb.base/funcargs.exp: print un (sizeof long == sizeof int)
FAIL: gdb.base/funcargs.exp: backtrace from call6a
FAIL: gdb.base/funcargs.exp: backtrace from call6b (pattern 1)
FAIL: gdb.base/funcargs.exp: backtrace from call6c (pattern 1)
FAIL: gdb.base/funcargs.exp: backtrace from call6d (pattern 1)
FAIL: gdb.base/funcargs.exp: backtrace from call6e (pattern 1)
FAIL: gdb.base/funcargs.exp: backtrace from call6f (pattern 1)
FAIL: gdb.base/funcargs.exp: backtrace from call6g (pattern 1)
FAIL: gdb.base/funcargs.exp: backtrace from call6h (pattern 1)
FAIL: gdb.base/funcargs.exp: backtrace from call6i (pattern 1)
FAIL: gdb.base/funcargs.exp: backtrace from call6j (pattern 1)
FAIL: gdb.base/funcargs.exp: backtrace from call6k (pattern 2)
FAIL: gdb.base/funcargs.exp: backtrace from call7a
FAIL: gdb.base/funcargs.exp: backtrace from call7b (pattern 1)
FAIL: gdb.base/funcargs.exp: backtrace from call7c (pattern 1)
FAIL: gdb.base/funcargs.exp: backtrace from call7d (pattern 1)
FAIL: gdb.base/funcargs.exp: backtrace from call7e (pattern 1)
FAIL: gdb.base/funcargs.exp: backtrace from call7f (pattern 1)
FAIL: gdb.base/funcargs.exp: backtrace from call7g (pattern 1)
FAIL: gdb.base/funcargs.exp: backtrace from call7h (pattern 1)
FAIL: gdb.base/funcargs.exp: backtrace from call7i (pattern 1)
FAIL: gdb.base/funcargs.exp: backtrace from call7j (pattern 1)
FAIL: gdb.base/funcargs.exp: backtrace from call7k (pattern 1)
FAIL: gdb.base/funcargs.exp: recursive passing of structs by value (pattern 2)
FAIL: gdb.base/funcargs.exp: print c after runto localvars_after_alloca
FAIL: gdb.base/funcargs.exp: print s after runto localvars_after_alloca
FAIL: gdb.base/funcargs.exp: print i after runto localvars_after_alloca
FAIL: gdb.base/funcargs.exp: print l after runto localvars_after_alloca
FAIL: gdb.base/funcargs.exp: print c in localvars_after_alloca
FAIL: gdb.base/funcargs.exp: print s in localvars_after_alloca
FAIL: gdb.base/funcargs.exp: print i in localvars_after_alloca
FAIL: gdb.base/funcargs.exp: print l in localvars_after_alloca
FAIL: gdb.base/funcargs.exp: backtrace after alloca
FAIL: gdb.base/funcargs.exp: print c in call_after_alloca
FAIL: gdb.base/funcargs.exp: print s in call_after_alloca
FAIL: gdb.base/funcargs.exp: print i in call_after_alloca
FAIL: gdb.base/funcargs.exp: print l in call_after_alloca
FAIL: gdb.base/funcargs.exp: backtrace from call_after_alloca_subr
FAIL: gdb.base/funcargs.exp: print c in localvars_in_indirect_call
FAIL: gdb.base/funcargs.exp: print s in localvars_in_indirect_call
FAIL: gdb.base/funcargs.exp: print i in localvars_in_indirect_call
FAIL: gdb.base/funcargs.exp: print l in localvars_in_indirect_call
FAIL: gdb.base/funcargs.exp: backtrace in indirectly called function
FAIL: gdb.base/funcargs.exp: stepping into indirectly called function
FAIL: gdb.base/funcargs.exp: stepping into function called with trampolines
FAIL: gdb.base/funcargs.exp: backtrace through call with trampolines
FAIL: gdb.base/gcore.exp: capture_command_output for print array_func::local_array
FAIL: gdb.base/gdb1090.exp: print s24
FAIL: gdb.base/hook-stop-continue.exp: next triggering hook-stop
FAIL: gdb.base/langs.exp: print parameter value
FAIL: gdb.base/long_long.exp: hex print p/x
FAIL: gdb.base/long_long.exp: decimal print p/x
FAIL: gdb.base/long_long.exp: default print val.dec
FAIL: gdb.base/long_long.exp: default print val.bin
FAIL: gdb.base/long_long.exp: default print val.oct
FAIL: gdb.base/long_long.exp: default print hex
FAIL: gdb.base/long_long.exp: decimal print p/u
FAIL: gdb.base/long_long.exp: binary print
FAIL: gdb.base/long_long.exp: octal print
FAIL: gdb.base/long_long.exp: print +ve long long
FAIL: gdb.base/long_long.exp: decimal print p/d
FAIL: gdb.base/long_long.exp: p/d val.oct
FAIL: gdb.base/long_long.exp: p/u val.oct
FAIL: gdb.base/long_long.exp: p/t val.oct
FAIL: gdb.base/long_long.exp: p/a val.oct
FAIL: gdb.base/long_long.exp: p/c val.oct
FAIL: gdb.base/long_long.exp: p/f val.oct
FAIL: gdb.base/long_long.exp: x/f &val.oct
FAIL: gdb.base/long_long.exp: x/2f &val.oct
FAIL: gdb.base/miscexprs.exp: print value of &ibig.i[0]
FAIL: gdb.base/miscexprs.exp: print value of &cbig.c[0]
FAIL: gdb.base/miscexprs.exp: print value of &fbig.f[0]
FAIL: gdb.base/miscexprs.exp: print value of &dbig.d[0]
FAIL: gdb.base/miscexprs.exp: print value of &sbig.s[0]
FAIL: gdb.base/miscexprs.exp: print value of &lbig.l[0]
FAIL: gdb.base/miscexprs.exp: print value of ibig.i[100] | 1
FAIL: gdb.base/miscexprs.exp: print value of sbig.s[90] & 127
FAIL: gdb.base/miscexprs.exp: print value of !ibig.i[100]
FAIL: gdb.base/miscexprs.exp: print value of !sbig.s[90]
FAIL: gdb.base/miscexprs.exp: print value of !ibig.i[100]
FAIL: gdb.base/miscexprs.exp: print value of !ibig.i[100]
FAIL: gdb.base/miscexprs.exp: print value of !sbig.s[90] * 10
FAIL: gdb.base/miscexprs.exp: print value of ibig.i[100] * sbig.s[90]
FAIL: gdb.base/miscexprs.exp: print value of fbig.f[100] * dbig.d[202]
FAIL: gdb.base/miscexprs.exp: print value of !(sbig.s[90] * 2)
FAIL: gdb.base/miscexprs.exp: print value of ibig.i[100] << 2
FAIL: gdb.base/miscexprs.exp: print value of sbig.s[90] >> 4
FAIL: gdb.base/miscexprs.exp: print value of lbig.l[333] >> 6
FAIL: gdb.base/nostdlib.exp: continue to marker (the program exited)
FAIL: gdb.base/pointers.exp: print value of *pUC
FAIL: gdb.base/pointers.exp: print value of *pS
FAIL: gdb.base/pointers.exp: print value of *pUS
FAIL: gdb.base/pointers.exp: print value of *pI
FAIL: gdb.base/pointers.exp: print value of *pUI
FAIL: gdb.base/pointers.exp: print value of *pL
FAIL: gdb.base/pointers.exp: print value of *pUL
FAIL: gdb.base/pointers.exp: print value of *pF
FAIL: gdb.base/pointers.exp: print value of *pD
FAIL: gdb.base/pointers.exp: print value of ******ppppppC
FAIL: gdb.base/recpar.exp: continue
FAIL: gdb.base/recpar.exp: backtrace
FAIL: gdb.base/recpar.exp: frame 2
FAIL: gdb.base/recpar.exp: print foo::val
FAIL: gdb.base/recurse.exp: set first instance watchpoint
FAIL: gdb.base/recurse.exp: continue to first instance watchpoint, first time
FAIL: gdb.base/recurse.exp: continue to recurse (a = 9)
FAIL: gdb.base/recurse.exp: continue to recurse (a = 8)
FAIL: gdb.base/recurse.exp: continue to recurse (a = 7)
FAIL: gdb.base/recurse.exp: continue to recurse (a = 6)
FAIL: gdb.base/recurse.exp: continue to recurse (a = 5)
FAIL: gdb.base/recurse.exp: set second instance watchpoint
FAIL: gdb.base/recurse.exp: continue to second instance watchpoint, first time
FAIL: gdb.base/recurse.exp: continue to recurse (a = 4)
FAIL: gdb.base/recurse.exp: continue to recurse (a = 3)
FAIL: gdb.base/recurse.exp: continue to recurse (a = 2) (the program exited)
FAIL: gdb.base/recurse.exp: continue to recurse (a = 1) (the program is no longer running)
FAIL: gdb.base/recurse.exp: continue to second instance watchpoint, second time (the program is no longer running)
FAIL: gdb.base/recurse.exp: second instance watchpoint deleted when leaving scope (the program is no longer running)
FAIL: gdb.base/recurse.exp: continue to first instance watchpoint, second time (the program is no longer running)
FAIL: gdb.base/recurse.exp: first instance watchpoint deleted when leaving scope (the program is no longer running)
FAIL: gdb.base/return2.exp: char value returned successfully
FAIL: gdb.base/return2.exp: validate result value not equal to program return value
FAIL: gdb.base/return2.exp: short value returned successfully
FAIL: gdb.base/return2.exp: validate result value not equal to program return value
FAIL: gdb.base/return2.exp: int value returned successfully
FAIL: gdb.base/return2.exp: validate result value not equal to program return value
FAIL: gdb.base/return2.exp: long value returned successfully
FAIL: gdb.base/return2.exp: validate result value not equal to program return value
FAIL: gdb.base/return2.exp: long_long value returned successfully
FAIL: gdb.base/return2.exp: validate result value not equal to program return value
FAIL: gdb.base/return2.exp: float value returned successfully
FAIL: gdb.base/return2.exp: validate result value not equal to program return value
FAIL: gdb.base/return2.exp: double value returned successfully
FAIL: gdb.base/return2.exp: validate result value not equal to program return value
FAIL: gdb.base/scope.exp: print localval, outer scope
FAIL: gdb.base/scope.exp: print localval1, outer scope
FAIL: gdb.base/scope.exp: print localval, first nested scope
FAIL: gdb.base/scope.exp: print localval1, first nested scope
FAIL: gdb.base/scope.exp: print localval2, first nested scope
FAIL: gdb.base/scope.exp: print localval, innermost scope
FAIL: gdb.base/scope.exp: print localval1, innermost scope
FAIL: gdb.base/scope.exp: print localval2, innermost scope
FAIL: gdb.base/scope.exp: print localval3, innermost scope
FAIL: gdb.base/scope.exp: print i0
FAIL: gdb.base/scope.exp: print i1
FAIL: gdb.base/scope.exp: print i2
FAIL: gdb.base/scope.exp: print i3
FAIL: gdb.base/scope.exp: print i4
FAIL: gdb.base/scope.exp: print i5
FAIL: gdb.base/scope.exp: print i6
FAIL: gdb.base/scope.exp: print i7
FAIL: gdb.base/scope.exp: print i8
FAIL: gdb.base/scope.exp: print i9
FAIL: gdb.base/scope.exp: print i10
FAIL: gdb.base/scope.exp: print i11
FAIL: gdb.base/scope.exp: print i12
FAIL: gdb.base/scope.exp: print i13
FAIL: gdb.base/scope.exp: print i14
FAIL: gdb.base/scope.exp: print i15
FAIL: gdb.base/scope.exp: print i16
FAIL: gdb.base/scope.exp: print i17
FAIL: gdb.base/scope.exp: print i18
FAIL: gdb.base/scope.exp: print i19
FAIL: gdb.base/scope.exp: print i20
FAIL: gdb.base/scope.exp: print i21
FAIL: gdb.base/scope.exp: print i22
FAIL: gdb.base/scope.exp: print i23
FAIL: gdb.base/scope.exp: print i24
FAIL: gdb.base/scope.exp: print i25
FAIL: gdb.base/scope.exp: print i26
FAIL: gdb.base/scope.exp: print i27
FAIL: gdb.base/scope.exp: print i28
FAIL: gdb.base/scope.exp: print i29
FAIL: gdb.base/scope.exp: print i30
FAIL: gdb.base/scope.exp: print i31
FAIL: gdb.base/scope.exp: print i32
FAIL: gdb.base/scope.exp: print i33
FAIL: gdb.base/scope.exp: print i34
FAIL: gdb.base/scope.exp: print i35
FAIL: gdb.base/scope.exp: print i36
FAIL: gdb.base/scope.exp: print i37
FAIL: gdb.base/scope.exp: print i38
FAIL: gdb.base/scope.exp: print i39
FAIL: gdb.base/scope.exp: print i40
FAIL: gdb.base/scope.exp: print i41
FAIL: gdb.base/scope.exp: print i42
FAIL: gdb.base/scope.exp: print i43
FAIL: gdb.base/scope.exp: print i44
FAIL: gdb.base/scope.exp: print i45
FAIL: gdb.base/scope.exp: print i46
FAIL: gdb.base/scope.exp: print i47
FAIL: gdb.base/scope.exp: print i48
FAIL: gdb.base/scope.exp: print i49
FAIL: gdb.base/scope.exp: print i50
FAIL: gdb.base/scope.exp: print i51
FAIL: gdb.base/scope.exp: print i52
FAIL: gdb.base/scope.exp: print i53
FAIL: gdb.base/scope.exp: print i54
FAIL: gdb.base/scope.exp: print i55
FAIL: gdb.base/scope.exp: print i56
FAIL: gdb.base/scope.exp: print i57
FAIL: gdb.base/scope.exp: print i58
FAIL: gdb.base/scope.exp: print i59
FAIL: gdb.base/scope.exp: print i60
FAIL: gdb.base/scope.exp: print i61
FAIL: gdb.base/scope.exp: print i62
FAIL: gdb.base/scope.exp: print i63
FAIL: gdb.base/scope.exp: print i64
FAIL: gdb.base/scope.exp: print i65
FAIL: gdb.base/scope.exp: print i66
FAIL: gdb.base/scope.exp: print i67
FAIL: gdb.base/scope.exp: print i68
FAIL: gdb.base/scope.exp: print i69
FAIL: gdb.base/scope.exp: print i70
FAIL: gdb.base/scope.exp: print i71
FAIL: gdb.base/scope.exp: print i72
FAIL: gdb.base/scope.exp: print i73
FAIL: gdb.base/scope.exp: print i74
FAIL: gdb.base/scope.exp: print i75
FAIL: gdb.base/scope.exp: print i76
FAIL: gdb.base/scope.exp: print i77
FAIL: gdb.base/scope.exp: print i78
FAIL: gdb.base/scope.exp: print i79
FAIL: gdb.base/scope.exp: print i80
FAIL: gdb.base/scope.exp: print i81
FAIL: gdb.base/scope.exp: print i82
FAIL: gdb.base/scope.exp: print i83
FAIL: gdb.base/scope.exp: print i84
FAIL: gdb.base/scope.exp: print i85
FAIL: gdb.base/scope.exp: print i86
FAIL: gdb.base/scope.exp: print i87
FAIL: gdb.base/scope.exp: print i88
FAIL: gdb.base/scope.exp: print i89
FAIL: gdb.base/scope.exp: print i90
FAIL: gdb.base/scope.exp: print i91
FAIL: gdb.base/scope.exp: print i92
FAIL: gdb.base/scope.exp: print i93
FAIL: gdb.base/scope.exp: print i94
FAIL: gdb.base/scope.exp: print i95
FAIL: gdb.base/scope.exp: print i96
FAIL: gdb.base/scope.exp: print i97
FAIL: gdb.base/scope.exp: print i98
FAIL: gdb.base/scope.exp: print i99
FAIL: gdb.base/scope.exp: args in correct order
FAIL: gdb.base/sepdebug.exp: run until file:function(6) breakpoint
FAIL: gdb.base/sepdebug.exp: run until file:function(5) breakpoint
FAIL: gdb.base/sepdebug.exp: run until file:function(4) breakpoint
FAIL: gdb.base/sepdebug.exp: run until file:function(3) breakpoint
FAIL: gdb.base/sepdebug.exp: run until file:function(2) breakpoint
FAIL: gdb.base/sepdebug.exp: run until file:function(1) breakpoint
FAIL: gdb.base/sepdebug.exp: run until quoted breakpoint
FAIL: gdb.base/sepdebug.exp: run to factorial(6)
FAIL: gdb.base/sepdebug.exp: continue to factorial(5)
FAIL: gdb.base/sepdebug.exp: backtrace from factorial(5)
FAIL: gdb.base/sepdebug.exp: backtrace from factorial(5.1)
FAIL: gdb.base/sepdebug.exp: debuglink: run until breakpoint set at small function, optimized file
FAIL: gdb.base/step-line.exp: continue to f1
FAIL: gdb.base/step-line.exp: step into f2
FAIL: gdb.base/step-resume-infcall.exp: next (the program exited)
FAIL: gdb.base/step-resume-infcall.exp: p cond_hit
FAIL: gdb.base/store.exp: continue to add_charest
FAIL: gdb.base/store.exp: continue to add_short
FAIL: gdb.base/store.exp: continue to add_int
FAIL: gdb.base/store.exp: continue to add_long
FAIL: gdb.base/store.exp: continue to add_longest
FAIL: gdb.base/store.exp: continue to add_float
FAIL: gdb.base/store.exp: continue to add_double
FAIL: gdb.base/store.exp: continue to add_doublest
FAIL: gdb.base/store.exp: var struct 2 u; print old u, expecting {s = \\{0, 0}}
FAIL: gdb.base/store.exp: var struct 2 u; set u to s_2
FAIL: gdb.base/store.exp: var struct 2 u; print new u, expecting {s = \\{1, 2}}
FAIL: gdb.base/store.exp: var struct 3 u; print old u, expecting {s = \\{0, 0, 0}}
FAIL: gdb.base/store.exp: var struct 3 u; set u to s_3
FAIL: gdb.base/store.exp: var struct 3 u; print new u, expecting {s = \\{1, 2, 3}}
FAIL: gdb.base/store.exp: var struct 4 u; print old u, expecting {s = \\{0, 0, 0, 0}}
FAIL: gdb.base/store.exp: var struct 4 u; set u to s_4
FAIL: gdb.base/store.exp: var struct 4 u; print new u, expecting {s = \\{1, 2, 3, 4}}
FAIL: gdb.base/store.exp: up struct 2 u; print old u, expecting {s = \\{0, 0}}
FAIL: gdb.base/store.exp: up struct 2 u; set u to s_2
FAIL: gdb.base/store.exp: up struct 2 u; print new u, expecting {s = \\{1, 2}}
FAIL: gdb.base/store.exp: up struct 3 u; print old u, expecting {s = \\{0, 0, 0}}
FAIL: gdb.base/store.exp: up struct 3 u; set u to s_3
FAIL: gdb.base/store.exp: up struct 3 u; print new u, expecting {s = \\{1, 2, 3}}
FAIL: gdb.base/store.exp: up struct 4 u; print old u, expecting {s = \\{0, 0, 0, 0}}
FAIL: gdb.base/store.exp: up struct 4 u; set u to s_4
FAIL: gdb.base/store.exp: up struct 4 u; print new u, expecting {s = \\{1, 2, 3, 4}}
FAIL: gdb.base/testenv.exp: Test with one TEST_GDB var
FAIL: gdb.base/testenv.exp: Test with two TEST_GDB var
FAIL: gdb.base/testenv.exp: Test with one TEST_GDB var, after unset
FAIL: gdb.base/testenv.exp: Test with TEST_GDB_GLOBAL
FAIL: gdb.base/until.exp: until factorial, recursive function
FAIL: gdb.base/watch-cond.exp: watchpoint with global expression, local condition evaluates in correct frame
FAIL: gdb.base/watch-cond.exp: set write watchpoint on local variable, local condition
FAIL: gdb.base/watch-cond.exp: watchpoint with local expression, local condition evaluates in correct frame (timeout)
FAIL: gdb.base/watchpoint-cond-gone.exp: Place the watchpoint
FAIL: gdb.base/watchpoint-cond-gone.exp: Catch the no longer valid watchpoint
FAIL: gdb.base/watchpoint-delete.exp: watch x
FAIL: gdb.base/watchpoint.exp: set local watch
FAIL: gdb.base/watchpoint.exp: trigger local watch
FAIL: gdb.base/watchpoint.exp: self-delete local watch
FAIL: gdb.base/watchpoint.exp: set partially local watch
FAIL: gdb.base/watchpoint.exp: trigger1 partially local watch
FAIL: gdb.base/watchpoint.exp: trigger2 partially local watch
FAIL: gdb.base/watchpoint.exp: self-delete partially local watch (the program exited)
FAIL: gdb.base/watchpoint.exp: continue to breakpoint: func2 breakpoint here
FAIL: gdb.base/watchpoint.exp: set static local watch
FAIL: gdb.base/watchpoint.exp: trigger static local watch (the program is no longer running)
FAIL: gdb.base/watchpoint.exp: continue after trigger static local watch (the program is no longer running)
FAIL: gdb.base/watchpoint.exp: static local watch did not self-delete
FAIL: gdb.base/watchpoint.exp: cont (the program is no longer running)
FAIL: gdb.base/watchpoint.exp: next past local_x initialization (the program is no longer running)
FAIL: gdb.base/watchpoint.exp: set local watch in recursive call
FAIL: gdb.base/watchpoint.exp: trigger local watch in recursive call (the program is no longer running)
FAIL: gdb.base/watchpoint.exp: self-delete local watch in recursive call (the program is no longer running)
FAIL: gdb.base/watchpoint.exp: cont (the program is no longer running)
FAIL: gdb.base/watchpoint.exp: cont (the program is no longer running)
FAIL: gdb.base/watchpoint.exp: next past local_x initialization (the program is no longer running)
FAIL: gdb.base/watchpoint.exp: set local watch in recursive call with explicit scope
FAIL: gdb.base/watchpoint.exp: trigger local watch with explicit scope in recursive call (the program is no longer running)
FAIL: gdb.base/watchpoint.exp: self-delete local watch with explicit scope in recursive call (2) (the program is no longer running)
FAIL: gdb.base/watchpoint.exp: continue until exit at continue to exit in test_complex_watchpoint (the program is no longer running)
FAIL: gdb.base/watchpoint.exp: watch x
FAIL: gdb.base/watchpoint.exp: next after watch x
FAIL: gdb.base/watchpoint.exp: watch -location nullptr->p->x
FAIL: gdb.base/watchpoint.exp: watch -location .x
FAIL: gdb.base/watchpoint.exp: continue with watch -location (the program exited)
FAIL: gdb.base/watchpoint.exp: continue to breakpoint: func6 breakpoint here
FAIL: gdb.base/watchpoint.exp: continue with watch foo2 (the program is no longer running)
FAIL: gdb.base/watchpoint.exp: continue to breakpoint: func7 breakpoint here
FAIL: gdb.base/watchpoint.exp: continue with watch foo4 (the program is no longer running)
FAIL: gdb.base/watchpoint.exp: rwatch disallowed for register based expression
FAIL: gdb.base/watchpoint.exp: awatch disallowed for register based expression
FAIL: gdb.base/watchpoint.exp: no-hw: set local watch
FAIL: gdb.base/watchpoint.exp: no-hw: trigger local watch
FAIL: gdb.base/watchpoint.exp: no-hw: self-delete local watch
FAIL: gdb.base/watchpoint.exp: no-hw: set partially local watch
FAIL: gdb.base/watchpoint.exp: no-hw: trigger1 partially local watch
FAIL: gdb.base/watchpoint.exp: no-hw: trigger2 partially local watch
FAIL: gdb.base/watchpoint.exp: no-hw: self-delete partially local watch (the program exited)
FAIL: gdb.base/watchpoint.exp: no-hw: continue to breakpoint: func2 breakpoint here
FAIL: gdb.base/watchpoint.exp: no-hw: set static local watch
FAIL: gdb.base/watchpoint.exp: no-hw: trigger static local watch (the program is no longer running)
FAIL: gdb.base/watchpoint.exp: no-hw: continue after trigger static local watch (the program is no longer running)
FAIL: gdb.base/watchpoint.exp: no-hw: static local watch did not self-delete
FAIL: gdb.base/watchpoint.exp: no-hw: cont (the program is no longer running)
FAIL: gdb.base/watchpoint.exp: no-hw: next past local_x initialization (the program is no longer running)
FAIL: gdb.base/watchpoint.exp: no-hw: set local watch in recursive call
FAIL: gdb.base/watchpoint.exp: no-hw: trigger local watch in recursive call (the program is no longer running)
FAIL: gdb.base/watchpoint.exp: no-hw: self-delete local watch in recursive call (the program is no longer running)
FAIL: gdb.base/watchpoint.exp: no-hw: cont (the program is no longer running)
FAIL: gdb.base/watchpoint.exp: no-hw: cont (the program is no longer running)
FAIL: gdb.base/watchpoint.exp: no-hw: next past local_x initialization (the program is no longer running)
FAIL: gdb.base/watchpoint.exp: no-hw: set local watch in recursive call with explicit scope
FAIL: gdb.base/watchpoint.exp: no-hw: trigger local watch with explicit scope in recursive call (the program is no longer running)
FAIL: gdb.base/watchpoint.exp: no-hw: self-delete local watch with explicit scope in recursive call (2) (the program is no longer running)
FAIL: gdb.base/watchpoint.exp: no-hw: continue until exit at continue to exit in test_complex_watchpoint (the program is no longer running)
FAIL: gdb.base/watchpoint.exp: no-hw: watch x
FAIL: gdb.base/watchpoint.exp: no-hw: next after watch x
FAIL: gdb.base/watchpoint.exp: no-hw: watch -location nullptr->p->x
FAIL: gdb.base/watchpoint.exp: no-hw: watch -location .x
FAIL: gdb.base/watchpoint.exp: no-hw: continue with watch -location (the program exited)
FAIL: gdb.base/watchpoint.exp: no-hw: continue to breakpoint: func6 breakpoint here
FAIL: gdb.base/watchpoint.exp: no-hw: continue with watch foo2 (the program is no longer running)
FAIL: gdb.base/watchpoint.exp: no-hw: continue to breakpoint: func7 breakpoint here
FAIL: gdb.base/watchpoint.exp: no-hw: continue with watch foo4 (the program is no longer running)
FAIL: gdb.base/wchar.exp: print narrow
FAIL: gdb.base/wchar.exp: print single
FAIL: gdb.base/wchar.exp: print simple
FAIL: gdb.base/wchar.exp: print difficile
FAIL: gdb.base/wchar.exp: print simple[2]
FAIL: gdb.base/wchar.exp: print difficile[2]
FAIL: gdb.base/wchar.exp: print repeat
FAIL: gdb.base/wchar.exp: print repeat_p
FAIL: gdb.base/wchar.exp: print repeat (print null on)
FAIL: gdb.base/wchar.exp: print repeat (print elements 3)
FAIL: gdb.base/wchar.exp: print repeat_p (print elements 3)
FAIL: gdb.cp/annota2.exp: print class (timeout)
FAIL: gdb.cp/annota2.exp: set watch on a.x (timeout)
FAIL: gdb.cp/annota2.exp: watch triggered on a.x (timeout)
FAIL: gdb.cp/annota2.exp: annotate-quit
FAIL: gdb.cp/annota3.exp: print class (pattern 2 + sentinel)
FAIL: gdb.cp/annota3.exp: set watch on a.x (pattern 2 + sentinel)
FAIL: gdb.cp/annota3.exp: watch triggered on a.x (timeout)
FAIL: gdb.cp/annota3.exp: annotate-quit (pattern 1)
FAIL: gdb.cp/anon-union.exp: print foo 1
FAIL: gdb.cp/anon-union.exp: print foo 2
FAIL: gdb.cp/anon-union.exp: set var foo.cloth
FAIL: gdb.cp/anon-union.exp: print foo 3
FAIL: gdb.cp/anon-union.exp: print foo 4
FAIL: gdb.cp/anon-union.exp: set var foo.pebble
FAIL: gdb.cp/anon-union.exp: print foo 5
FAIL: gdb.cp/anon-union.exp: set var foo.qux
FAIL: gdb.cp/anon-union.exp: print foo 6
FAIL: gdb.cp/anon-union.exp: set var foo.mux
FAIL: gdb.cp/anon-union.exp: print foo 7
FAIL: gdb.cp/anon-union.exp: set var foo.x.rock
FAIL: gdb.cp/anon-union.exp: print foo 8
FAIL: gdb.cp/anon-union.exp: set var foo.x.rock2
FAIL: gdb.cp/anon-union.exp: print foo 9
FAIL: gdb.cp/anon-union.exp: print w 1
FAIL: gdb.cp/anon-union.exp: print z 1
FAIL: gdb.cp/anon-union.exp: print w 2
FAIL: gdb.cp/anon-union.exp: print z 2
FAIL: gdb.cp/anon-union.exp: set var z
FAIL: gdb.cp/anon-union.exp: print w 3
FAIL: gdb.cp/anon-union.exp: print z 3
FAIL: gdb.cp/breakpoint.exp: check the member variable
FAIL: gdb.cp/breakpoint.exp: check the member variable
FAIL: gdb.cp/call-c.exp: print rf->func()
FAIL: gdb.cp/call-c.exp: print handle->func()
FAIL: gdb.cp/casts.exp: cast base class pointer to derived class pointer
FAIL: gdb.cp/casts.exp: let compiler cast base class pointer to derived class pointer
FAIL: gdb.cp/casts.exp: cast derived class pointer to base class pointer
FAIL: gdb.cp/casts.exp: cast derived class reference to base class reference
FAIL: gdb.cp/casts.exp: cast base class reference to derived class reference
FAIL: gdb.cp/casts.exp: let compiler cast base class reference to derived class reference
FAIL: gdb.cp/casts.exp: basic test of const_cast
FAIL: gdb.cp/casts.exp: basic test of static_cast
FAIL: gdb.cp/casts.exp: static_cast to reference type
FAIL: gdb.cp/casts.exp: basic test of reinterpret_cast
FAIL: gdb.cp/casts.exp: test invalid reinterpret_cast
FAIL: gdb.cp/casts.exp: reinterpret_cast to reference type
FAIL: gdb.cp/casts.exp: old-style cast using __typeof__
FAIL: gdb.cp/casts.exp: static_cast using __typeof__
FAIL: gdb.cp/casts.exp: reinterpret_cast using __typeof__
FAIL: gdb.cp/casts.exp: old-style cast using __typeof
FAIL: gdb.cp/casts.exp: static_cast using __typeof
FAIL: gdb.cp/casts.exp: reinterpret_cast using __typeof
FAIL: gdb.cp/casts.exp: old-style cast using __decltype
FAIL: gdb.cp/casts.exp: static_cast using __decltype
FAIL: gdb.cp/casts.exp: reinterpret_cast using __decltype
FAIL: gdb.cp/casts.exp: invalid dynamic_cast
FAIL: gdb.cp/casts.exp: dynamic_cast simple upcast
FAIL: gdb.cp/casts.exp: dynamic_cast upcast to unique base
FAIL: gdb.cp/casts.exp: dynamic_cast simple upcast to reference
FAIL: gdb.cp/casts.exp: dynamic_cast simple downcast
FAIL: gdb.cp/casts.exp: dynamic_cast simple downcast to intermediate class
FAIL: gdb.cp/casts.exp: dynamic_cast to non-existing base
FAIL: gdb.cp/casts.exp: dynamic_cast to reference to non-existing base
FAIL: gdb.cp/casts.exp: dynamic_cast unique downcast
FAIL: gdb.cp/casts.exp: dynamic_cast to sibling
FAIL: gdb.cp/class2.exp: print alpha at marker return 0
FAIL: gdb.cp/class2.exp: print beta at marker return 0
FAIL: gdb.cp/class2.exp: print * aap at marker return 0
FAIL: gdb.cp/class2.exp: print * bbp at marker return 0
FAIL: gdb.cp/class2.exp: print * abp at marker return 0, s-p-o off
FAIL: gdb.cp/class2.exp: print * (B *) abp at marker return 0
FAIL: gdb.cp/class2.exp: print object with no data fields
FAIL: gdb.cp/class2.exp: p acp
FAIL: gdb.cp/class2.exp: p acp->c1
FAIL: gdb.cp/class2.exp: p acp->c2
FAIL: gdb.cp/class2.exp: p aref
FAIL: gdb.cp/classes.exp: print obj_with_enum (1)
FAIL: gdb.cp/classes.exp: print obj_with_enum (2)
FAIL: gdb.cp/classes.exp: print obj_with_enum.priv_enum
FAIL: gdb.cp/classes.exp: print (int)pmi == sizeof(int)
FAIL: gdb.cp/classes.exp: calling method for small class
FAIL: gdb.cp/converts.exp: typedef to another typedef
FAIL: gdb.cp/converts.exp: typedef to typedef of a typedef
FAIL: gdb.cp/converts.exp: Pointer-to-pointer-to-pointer derived to Pointer-to-pointer-to-pointer base.
FAIL: gdb.cp/converts.exp: pointer to pointer
FAIL: gdb.cp/converts.exp: pointer to array
FAIL: gdb.cp/converts.exp: pointer to pointer of wrong type
FAIL: gdb.cp/converts.exp: pointer to pointer of wrong type
FAIL: gdb.cp/converts.exp: pointer to ancestor pointer
FAIL: gdb.cp/converts.exp: pointer to void pointer
FAIL: gdb.cp/converts.exp: pointer to void pointer pointer
FAIL: gdb.cp/converts.exp: pointer to boolean
FAIL: gdb.cp/converts.exp: pointer to long int
FAIL: gdb.cp/converts.exp: pointer pointer to void pointer
FAIL: gdb.cp/converts.exp: pointer pointer to pointer pointer
FAIL: gdb.cp/converts.exp: pointer pointer to array of arrays
FAIL: gdb.cp/converts.exp: pointer pointer to array of pointers
FAIL: gdb.cp/converts.exp: pointer pointer to array of wrong pointers
FAIL: gdb.cp/converts.exp: check all parameters for badness
FAIL: gdb.cp/converts.exp: p foo1_7(integer)
FAIL: gdb.cp/converts.exp: p foo1_7(long_int)
FAIL: gdb.cp/converts.exp: p foo1_7(*a)
FAIL: gdb.cp/converts.exp: p foo1_7(a)
FAIL: gdb.cp/converts.exp: p foo1_7(fp)
FAIL: gdb.cp/converts.exp: p foo1_7(dp)
FAIL: gdb.cp/converts.exp: p foo1_7(ta)
FAIL: gdb.cp/ctti.exp: print c
FAIL: gdb.cp/ctti.exp: print f
FAIL: gdb.cp/ctti.exp: print i
FAIL: gdb.cp/derivation.exp: print value of a_instance
FAIL: gdb.cp/derivation.exp: print value of d_instance
FAIL: gdb.cp/derivation.exp: print value of e_instance
FAIL: gdb.cp/derivation.exp: print value of f_instance
FAIL: gdb.cp/derivation.exp: print value of d_instance.a
FAIL: gdb.cp/derivation.exp: print value of d_instance.aa
FAIL: gdb.cp/derivation.exp: print value of d_instance.b
FAIL: gdb.cp/derivation.exp: print value of d_instance.bb
FAIL: gdb.cp/derivation.exp: print value of d_instance.c
FAIL: gdb.cp/derivation.exp: print value of d_instance.cc
FAIL: gdb.cp/derivation.exp: print value of d_instance.d
FAIL: gdb.cp/derivation.exp: print value of d_instance.dd
FAIL: gdb.cp/derivation.exp: print value of g_instance.a
FAIL: gdb.cp/derivation.exp: print value of g_instance.b
FAIL: gdb.cp/derivation.exp: print value of g_instance.c
FAIL: gdb.cp/derivation.exp: print value of g_instance.afoo()
FAIL: gdb.cp/derivation.exp: print value of g_instance.bfoo()
FAIL: gdb.cp/derivation.exp: print value of g_instance.cfoo()
FAIL: gdb.cp/destrprint.exp: print *this with print object = on
FAIL: gdb.cp/destrprint.exp: print *this with print object = off
FAIL: gdb.cp/dispcxx.exp: display k
FAIL: gdb.cp/filename.exp: print includefile[0]
FAIL: gdb.cp/formatted-ref.exp: print/x s
FAIL: gdb.cp/formatted-ref.exp: print/x e
FAIL: gdb.cp/formatted-ref.exp: print/x i
FAIL: gdb.cp/formatted-ref.exp: print/x &s
FAIL: gdb.cp/formatted-ref.exp: print/x &e
FAIL: gdb.cp/formatted-ref.exp: print/x &i
FAIL: gdb.cp/formatted-ref.exp: print/x *(&(&s))
FAIL: gdb.cp/formatted-ref.exp: print/x *(&(&i))
FAIL: gdb.cp/formatted-ref.exp: print/x *(&(&e))
FAIL: gdb.cp/formatted-ref.exp: print s.x == 13
FAIL: gdb.cp/impl-this.exp: at D::f (valid expressions): print i
FAIL: gdb.cp/impl-this.exp: at D::f (valid expressions): print D::i
FAIL: gdb.cp/impl-this.exp: at D::f (valid expressions): print D::B<int>::i
FAIL: gdb.cp/impl-this.exp: at D::f (valid expressions): print B<int>::i
FAIL: gdb.cp/impl-this.exp: at D::f (valid expressions): print Bint::i
FAIL: gdb.cp/impl-this.exp: at D::f (valid expressions): print D::C::i
FAIL: gdb.cp/impl-this.exp: at D::f (valid expressions): print C::i
FAIL: gdb.cp/impl-this.exp: at D::f (valid expressions): print D::B<int>::A<int>::i
FAIL: gdb.cp/impl-this.exp: at D::f (valid expressions): print B<int>::A<int>::i
FAIL: gdb.cp/impl-this.exp: at D::f (valid expressions): print Bint::A<int>::i
FAIL: gdb.cp/impl-this.exp: at D::f (valid expressions): print A<int>::i
FAIL: gdb.cp/impl-this.exp: at D::f (valid expressions): print D::C::A<int>::i
FAIL: gdb.cp/impl-this.exp: at D::f (valid expressions): print C::A<int>::i
FAIL: gdb.cp/impl-this.exp: at D::f (valid expressions): print D::x
FAIL: gdb.cp/impl-this.exp: at D::f (valid expressions): print x
FAIL: gdb.cp/impl-this.exp: at D::f (valid expressions): print D::C::c
FAIL: gdb.cp/impl-this.exp: at D::f (valid expressions): print C::c
FAIL: gdb.cp/impl-this.exp: at D::f (valid expressions): print c
FAIL: gdb.cp/impl-this.exp: at D::f (valid expressions): print D::A<int>::i
FAIL: gdb.cp/impl-this.exp: at D::f (ambiguous names): print B<int>::common
FAIL: gdb.cp/impl-this.exp: at D::f (ambiguous names): print Bint::common
FAIL: gdb.cp/impl-this.exp: at D::f (ambiguous names): print C::common
FAIL: gdb.cp/impl-this.exp: at D::f (ambiguous names): print am.i
FAIL: gdb.cp/impl-this.exp: at D::f (ambiguous names): print am.A<int>::i
FAIL: gdb.cp/impl-this.exp: at D::f (ambiguous names): print am.BB::A<int>::i
FAIL: gdb.cp/impl-this.exp: at D::f (ambiguous names): print am.CC::A<int>::i
FAIL: gdb.cp/koenig.exp: p first(c)
FAIL: gdb.cp/koenig.exp: p second(0,0,c,0,0)
FAIL: gdb.cp/koenig.exp: p entry (c)
FAIL: gdb.cp/koenig.exp: p first(0,c)
FAIL: gdb.cp/koenig.exp: p first(b.c)
FAIL: gdb.cp/koenig.exp: p foo(eo)
FAIL: gdb.cp/koenig.exp: p foo(eo, eo)
FAIL: gdb.cp/koenig.exp: p foo(eo, eo, 1)
FAIL: gdb.cp/koenig.exp: p foo(fo, eo)
FAIL: gdb.cp/koenig.exp: p foo(1 ,fo, eo)
FAIL: gdb.cp/koenig.exp: p foo(go, fo, eo)
FAIL: gdb.cp/koenig.exp: p fake(eo)
FAIL: gdb.cp/koenig.exp: p foo(io)
FAIL: gdb.cp/koenig.exp: p foo(ix)
FAIL: gdb.cp/koenig.exp: p foo(ju)
FAIL: gdb.cp/koenig.exp: p foo(js)
FAIL: gdb.cp/koenig.exp: p foo(je)
FAIL: gdb.cp/koenig.exp: p foo(jap)
FAIL: gdb.cp/koenig.exp: p foo(japp)
FAIL: gdb.cp/koenig.exp: p foo(jca)
FAIL: gdb.cp/koenig.exp: p foo(ko,1)
FAIL: gdb.cp/koenig.exp: p foo(ko,1.0f)
FAIL: gdb.cp/koenig.exp: p foo(labo)
FAIL: gdb.cp/koenig.exp: p ma.foo('a')
FAIL: gdb.cp/koenig.exp: p foo(ma,'a')
FAIL: gdb.cp/koenig.exp: p M::N::foo(ma,'a')
FAIL: gdb.cp/koenig.exp: p foo(ttoa, 'a')
FAIL: gdb.cp/koenig.exp: p q == 5
FAIL: gdb.cp/koenig.exp: p q == 5.0f
FAIL: gdb.cp/koenig.exp: p q != 5
FAIL: gdb.cp/koenig.exp: p q != 5.0f
FAIL: gdb.cp/koenig.exp: p q + 5.0f
FAIL: gdb.cp/koenig.exp: p q + 5
FAIL: gdb.cp/koenig.exp: p ++q
FAIL: gdb.cp/koenig.exp: p r.rfoo()
FAIL: gdb.cp/koenig.exp: p rfoo()
FAIL: gdb.cp/koenig.exp: p this->rfoo()
FAIL: gdb.cp/m-data.exp: simple object, const bool
FAIL: gdb.cp/m-data.exp: simple object, const int
FAIL: gdb.cp/m-data.exp: simple object, long
FAIL: gdb.cp/m-data.exp: simple object, enum
FAIL: gdb.cp/m-data.exp: derived template object, base const bool
FAIL: gdb.cp/m-data.exp: derived template object, base const int
FAIL: gdb.cp/m-data.exp: derived template object, base long
FAIL: gdb.cp/m-data.exp: derived template object, base enum
FAIL: gdb.cp/m-data.exp: derived template object, derived enum
FAIL: gdb.cp/m-data.exp: template object, const bool
FAIL: gdb.cp/m-data.exp: template object, const int
FAIL: gdb.cp/m-data.exp: template object, long
FAIL: gdb.cp/m-data.exp: template object, base enum
FAIL: gdb.cp/m-data.exp: template object, derived enum
FAIL: gdb.cp/m-data.exp: shadowing member
FAIL: gdb.cp/m-static.exp: simple object, static const bool
FAIL: gdb.cp/m-static.exp: simple object, static const int
FAIL: gdb.cp/m-static.exp: simple object, static long
FAIL: gdb.cp/m-static.exp: simple object, static enum
FAIL: gdb.cp/m-static.exp: simple object instance, print constructor
FAIL: gdb.cp/m-static.exp: simple object instance, print destructor
FAIL: gdb.cp/m-static.exp: simple object instance, print quoted destructor
FAIL: gdb.cp/m-static.exp: derived template object, base static const bool
FAIL: gdb.cp/m-static.exp: derived template object, base static const int
FAIL: gdb.cp/m-static.exp: derived template object, base static long
FAIL: gdb.cp/m-static.exp: derived template object, base static enum
FAIL: gdb.cp/m-static.exp: derived template object, static enum
FAIL: gdb.cp/m-static.exp: template object, static const bool
FAIL: gdb.cp/m-static.exp: template object, static const int
FAIL: gdb.cp/m-static.exp: template object, static long
FAIL: gdb.cp/m-static.exp: template object, static enum
FAIL: gdb.cp/m-static.exp: template object, static derived enum
FAIL: gdb.cp/m-static.exp: static const int initialized elsewhere
FAIL: gdb.cp/m-static.exp: static const int initialized nowhere (print field)
FAIL: gdb.cp/m-static.exp: static const int initialized nowhere (whole struct)
FAIL: gdb.cp/m-static.exp: static const int initialized in class definition
FAIL: gdb.cp/m-static.exp: static const float initialized in class definition
FAIL: gdb.cp/mb-ctor.exp: run to breakpoint 1 v1
FAIL: gdb.cp/mb-ctor.exp: run to breakpoint 1 v2
FAIL: gdb.cp/mb-inline.exp: run to breakpoint
FAIL: gdb.cp/mb-inline.exp: run to breakpoint 2
FAIL: gdb.cp/mb-inline.exp: disabling location: run to breakpoint
FAIL: gdb.cp/mb-inline.exp: run to multi_line_foo breakpoint 4 afn
FAIL: gdb.cp/mb-inline.exp: run to multi_line_foo breakpoint 4 bfn
FAIL: gdb.cp/member-ptr.exp: print pmi (A::j)
FAIL: gdb.cp/member-ptr.exp: print a.*pmi (A::j)
FAIL: gdb.cp/member-ptr.exp: print a_p->*pmi (A::j)
FAIL: gdb.cp/member-ptr.exp: set var pmi = &A::jj
FAIL: gdb.cp/member-ptr.exp: print pmi (A::jj)
FAIL: gdb.cp/member-ptr.exp: print a.*pmi (A::jj)
FAIL: gdb.cp/member-ptr.exp: set var pmi = &A::j
FAIL: gdb.cp/member-ptr.exp: print a.*pmi (A::j) (again)
FAIL: gdb.cp/member-ptr.exp: print a.*pmi = 33
FAIL: gdb.cp/member-ptr.exp: print a.*pmi (A::j) (33)
FAIL: gdb.cp/member-ptr.exp: print a (j = 33)
FAIL: gdb.cp/member-ptr.exp: print a_p->*pmi = 44
FAIL: gdb.cp/member-ptr.exp: print a_p->*pmi (44)
FAIL: gdb.cp/member-ptr.exp: print a (j = 44)
FAIL: gdb.cp/member-ptr.exp: print *pmi
FAIL: gdb.cp/member-ptr.exp: print (int) pmi
FAIL: gdb.cp/member-ptr.exp: print ((int) pmi) == ((char *) &a.j - (char *) &a)
FAIL: gdb.cp/member-ptr.exp: print diamond.*diamond_pfunc_ptr (20)
FAIL: gdb.cp/member-ptr.exp: print (diamond.*diamond_pfunc_ptr) (20)
FAIL: gdb.cp/member-ptr.exp: print diamond.func_ptr (20)
FAIL: gdb.cp/member-ptr.exp: print pmf
FAIL: gdb.cp/member-ptr.exp: print pmf_p
FAIL: gdb.cp/member-ptr.exp: print a.*pmf
FAIL: gdb.cp/member-ptr.exp: print a_p->*pmf
FAIL: gdb.cp/member-ptr.exp: set var pmf = &A::foo
FAIL: gdb.cp/member-ptr.exp: print *pmf
FAIL: gdb.cp/member-ptr.exp: print (a.*pmf)(3)
FAIL: gdb.cp/member-ptr.exp: print diamond_pmi
FAIL: gdb.cp/member-ptr.exp: print diamond.*diamond_pmi
FAIL: gdb.cp/member-ptr.exp: print diamond.*left_pmf
FAIL: gdb.cp/member-ptr.exp: print diamond.*right_pmf
FAIL: gdb.cp/member-ptr.exp: print (diamond.*left_pmf) ()
FAIL: gdb.cp/member-ptr.exp: print (diamond.*right_pmf) ()
FAIL: gdb.cp/member-ptr.exp: print diamond.*left_vpmf
FAIL: gdb.cp/member-ptr.exp: print diamond.*right_vpmf
FAIL: gdb.cp/member-ptr.exp: print (diamond.*left_vpmf) ()
FAIL: gdb.cp/member-ptr.exp: print (diamond.*left_base_vpmf) ()
FAIL: gdb.cp/member-ptr.exp: print (diamond.*right_vpmf) ()
FAIL: gdb.cp/member-ptr.exp: print left_vpmf
FAIL: gdb.cp/member-ptr.exp: print right_vpmf
FAIL: gdb.cp/member-ptr.exp: print base_vpmf
FAIL: gdb.cp/member-ptr.exp: print diamond.*left_vpmf ()
FAIL: gdb.cp/member-ptr.exp: print null_pmi
FAIL: gdb.cp/member-ptr.exp: print null_pmi = &A::j
FAIL: gdb.cp/member-ptr.exp: print null_pmi = 0
FAIL: gdb.cp/member-ptr.exp: print null_pmf
FAIL: gdb.cp/member-ptr.exp: print null_pmf = &A::foo
FAIL: gdb.cp/member-ptr.exp: print null_pmf = 0
FAIL: gdb.cp/method.exp: continue to A::foo
FAIL: gdb.cp/method.exp: print x in A::foo
FAIL: gdb.cp/method.exp: print this in A::foo
FAIL: gdb.cp/method.exp: continue to A::bar
FAIL: gdb.cp/method.exp: print x in A::bar
FAIL: gdb.cp/method.exp: print this in A::bar
FAIL: gdb.cp/method.exp: continue to 21
FAIL: gdb.cp/method.exp: print data_ in funk::getFunky
FAIL: gdb.cp/method.exp: print this in funk::getFunky
FAIL: gdb.cp/method.exp: print res in funk::getFunky
FAIL: gdb.cp/namespace.exp: print ina
FAIL: gdb.cp/operator.exp: global operator
FAIL: gdb.cp/operator.exp: global operator overload
FAIL: gdb.cp/operator.exp: ADL operator
FAIL: gdb.cp/operator.exp: ADL operator overload
FAIL: gdb.cp/operator.exp: Fully qualified explicit operator call
FAIL: gdb.cp/operator.exp: anonymous namespace operator
FAIL: gdb.cp/operator.exp: anonymous namespace operator overload
FAIL: gdb.cp/operator.exp: anonymous namespace operator overload float
FAIL: gdb.cp/operator.exp: imported operator
FAIL: gdb.cp/operator.exp: imported operator overload
FAIL: gdb.cp/operator.exp: imported operator overload float
FAIL: gdb.cp/operator.exp: member operator
FAIL: gdb.cp/operator.exp: member operator overload
FAIL: gdb.cp/operator.exp: namespace alias
FAIL: gdb.cp/operator.exp: imported declaration
FAIL: gdb.cp/operator.exp: p l == 1
FAIL: gdb.cp/oranking.exp: p foo1(b)
FAIL: gdb.cp/oranking.exp: p foo5(c)
FAIL: gdb.cp/oranking.exp: p foo6(bp)
FAIL: gdb.cp/oranking.exp: p foo7(cp)
FAIL: gdb.cp/oranking.exp: p foo8(co)
FAIL: gdb.cp/oranking.exp: p foo9(co)
FAIL: gdb.cp/overload.exp: print foo_instance1
FAIL: gdb.cp/overload.exp: print foo_instance2
FAIL: gdb.cp/overload.exp: print foo_instance3
FAIL: gdb.cp/overload.exp: print call overloaded func 1 arg
FAIL: gdb.cp/overload.exp: print foo_instance1.overloadfnarg(23, intintfunc)
FAIL: gdb.cp/overload.exp: print call overloaded func 2 args
FAIL: gdb.cp/overload.exp: print call overloaded func 3 args
FAIL: gdb.cp/overload.exp: print call overloaded func 4 args
FAIL: gdb.cp/overload.exp: print call overloaded func 5 args
FAIL: gdb.cp/overload.exp: print call overloaded func 6 args
FAIL: gdb.cp/overload.exp: print call overloaded func 7 args
FAIL: gdb.cp/overload.exp: print call overloaded func 8 args
FAIL: gdb.cp/overload.exp: print call overloaded func 9 args
FAIL: gdb.cp/overload.exp: print call overloaded func 10 args
FAIL: gdb.cp/overload.exp: print call overloaded func 11 args
FAIL: gdb.cp/overload.exp: print call overloaded func void arg
FAIL: gdb.cp/overload.exp: print call overloaded func char arg
FAIL: gdb.cp/overload.exp: print call overloaded func signed char arg
FAIL: gdb.cp/overload.exp: print call overloaded func unsigned char arg
FAIL: gdb.cp/overload.exp: print call overloaded func short arg
FAIL: gdb.cp/overload.exp: print call overloaded func unsigned short arg
FAIL: gdb.cp/overload.exp: print call overloaded func int arg
FAIL: gdb.cp/overload.exp: print call overloaded func unsigned int arg
FAIL: gdb.cp/overload.exp: print call overloaded func long arg
FAIL: gdb.cp/overload.exp: print call overloaded func unsigned long arg
FAIL: gdb.cp/overload.exp: print call overloaded func float arg
FAIL: gdb.cp/overload.exp: print call overloaded func double arg
FAIL: gdb.cp/overload.exp: print call overloaded func int\\* arg
FAIL: gdb.cp/overload.exp: print call overloaded func char\\* arg
FAIL: gdb.cp/overload.exp: print bar(a)
FAIL: gdb.cp/overload.exp: print bar(b)
FAIL: gdb.cp/overload.exp: print bar(c)
FAIL: gdb.cp/overload.exp: print bar(d)
FAIL: gdb.cp/ovldbreak.exp: continue to bp overloaded : void
FAIL: gdb.cp/ovldbreak.exp: continue to bp overloaded : char
FAIL: gdb.cp/ovldbreak.exp: continue to bp overloaded : signed_char
FAIL: gdb.cp/ovldbreak.exp: continue to bp overloaded : unsigned_char
FAIL: gdb.cp/ovldbreak.exp: continue to bp overloaded : short_int
FAIL: gdb.cp/ovldbreak.exp: continue to bp overloaded : unsigned_short_int
FAIL: gdb.cp/ovldbreak.exp: continue to bp overloaded : int
FAIL: gdb.cp/ovldbreak.exp: continue to bp overloaded : unsigned_int
FAIL: gdb.cp/ovldbreak.exp: continue to bp overloaded : long_int
FAIL: gdb.cp/ovldbreak.exp: continue to bp overloaded : unsigned_long_int
FAIL: gdb.cp/ovldbreak.exp: continue to bp overloaded : float
FAIL: gdb.cp/ovldbreak.exp: continue to bp overloaded : double
FAIL: gdb.cp/pr-1210.exp: print *obj
FAIL: gdb.cp/pr-1210.exp: print obj->myB
FAIL: gdb.cp/pr-574.exp: PR gdb/574
FAIL: gdb.cp/pr10687.exp: p a
FAIL: gdb.cp/pr10728.exp: print x->y2 - x->y1
FAIL: gdb.cp/pr12028.exp: p D::foo(b)
FAIL: gdb.cp/pr9631.exp: print tender
FAIL: gdb.cp/printmethod.exp: print virtual method.
FAIL: gdb.cp/printmethod.exp: print nonvirtual method.
FAIL: gdb.cp/ref-params.exp: print value of a Child in main
FAIL: gdb.cp/ref-params.exp: print value of f1 on Child in main
FAIL: gdb.cp/ref-params.exp: print value of f2 on Child in main
FAIL: gdb.cp/ref-params.exp: print value of f1 on (Child&) in main
FAIL: gdb.cp/ref-params.exp: print value of f2 on (Child&) in main
FAIL: gdb.cp/ref-params.exp: print value of Child& in f2
FAIL: gdb.cp/ref-params.exp: print value of f1 on Child& in f2
FAIL: gdb.cp/ref-params.exp: print value of Parent& in f1
FAIL: gdb.cp/ref-params.exp: print f1(MQ)
FAIL: gdb.cp/ref-params.exp: print mf1(MQ)
FAIL: gdb.cp/ref-params.exp: print mf2(MQ)
FAIL: gdb.cp/ref-params.exp: print f1(MQR)
FAIL: gdb.cp/ref-params.exp: print mf1(MQR)
FAIL: gdb.cp/ref-params.exp: print mf2(MQR)
FAIL: gdb.cp/ref-types.exp: print value of s
FAIL: gdb.cp/ref-types.exp: print value of ps
FAIL: gdb.cp/ref-types.exp: print value of as[0]
FAIL: gdb.cp/ref-types.exp: print value of as[1]
FAIL: gdb.cp/ref-types.exp: print value of as[2]
FAIL: gdb.cp/ref-types.exp: print value of as[3]
FAIL: gdb.cp/ref-types.exp: print value of rs
FAIL: gdb.cp/ref-types.exp: print value of *rps
FAIL: gdb.cp/ref-types.exp: examine value at rps
FAIL: gdb.cp/ref-types.exp: print value of ras[0]
FAIL: gdb.cp/ref-types.exp: print value of ras[1]
FAIL: gdb.cp/ref-types.exp: print value of ras[2]
FAIL: gdb.cp/ref-types.exp: print value of ras[3]
FAIL: gdb.cp/ref-types.exp: print value of C
FAIL: gdb.cp/ref-types.exp: print value of UC
FAIL: gdb.cp/ref-types.exp: print value of S
FAIL: gdb.cp/ref-types.exp: print value of US
FAIL: gdb.cp/ref-types.exp: print value of I
FAIL: gdb.cp/ref-types.exp: print value of UI
FAIL: gdb.cp/ref-types.exp: print value of L
FAIL: gdb.cp/ref-types.exp: print value of UL
FAIL: gdb.cp/ref-types.exp: print value of F
FAIL: gdb.cp/ref-types.exp: print value of D
FAIL: gdb.cp/ref-types.exp: print value of rC
FAIL: gdb.cp/ref-types.exp: print value of rUC
FAIL: gdb.cp/ref-types.exp: print value of rS
FAIL: gdb.cp/ref-types.exp: print value of rUS
FAIL: gdb.cp/ref-types.exp: print value of rI
FAIL: gdb.cp/ref-types.exp: print value of UI
FAIL: gdb.cp/ref-types.exp: print value of rL
FAIL: gdb.cp/ref-types.exp: print value of rUL
FAIL: gdb.cp/ref-types.exp: print value of rF
FAIL: gdb.cp/ref-types.exp: print value of rD
FAIL: gdb.cp/rtti.exp: print *e1
FAIL: gdb.cp/rtti.exp: print *e2
FAIL: gdb.cp/rtti.exp: print *obj
FAIL: gdb.cp/rtti.exp: print *obj3
FAIL: gdb.cp/shadow.exp: Print class x shadowing global x
FAIL: gdb.cp/shadow.exp: Print local x shadowing class x
FAIL: gdb.cp/shadow.exp: Print inner scope x
FAIL: gdb.cp/shadow.exp: Print local x not namespace x
FAIL: gdb.cp/smartp.exp: p mp->foo()
FAIL: gdb.cp/smartp.exp: p mtp->foo()
FAIL: gdb.cp/smartp.exp: p mt1.foo()
FAIL: gdb.cp/smartp.exp: p mt4p.a
FAIL: gdb.cp/smartp.exp: p mt4->a
FAIL: gdb.cp/smartp.exp: p sp1->foo()
FAIL: gdb.cp/smartp.exp: p sp2->foo()
FAIL: gdb.cp/smartp.exp: p sp3->foo(1)
FAIL: gdb.cp/smartp.exp: p sp3->foo('a')
FAIL: gdb.cp/smartp.exp: p sp4->a
FAIL: gdb.cp/smartp.exp: p sp4->b
FAIL: gdb.cp/smartp.exp: p mt4p->a
FAIL: gdb.cp/smartp.exp: p mt4p->b
FAIL: gdb.cp/smartp.exp: p mt4->fake
FAIL: gdb.cp/smartp.exp: p mt4->fake()
FAIL: gdb.cp/smartp.exp: p b->foo()
FAIL: gdb.cp/smartp.exp: p c->foo()
FAIL: gdb.cp/smartp.exp: p c->inta
FAIL: gdb.cp/templates.exp: print fint
FAIL: gdb.cp/templates.exp: print fvpchar
FAIL: gdb.cp/virtbase.exp: print *this
FAIL: gdb.cp/virtbase.exp: print x in get_y
FAIL: gdb.cp/virtbase.exp: print x in get_z
FAIL: gdb.cp/virtbase.exp: print *(D *) e
FAIL: gdb.cp/virtbase.exp: print/x b->mA
FAIL: gdb.cp/virtbase.exp: print rtti_data
FAIL: gdb.cp/virtfunc2.exp: print o.do_print()
FAIL: gdb.cp/virtfunc2.exp: print o.do_print3()
FAIL: gdb.cp/virtfunc2.exp: print o2.do_print()
FAIL: gdb.cp/virtfunc2.exp: print o2.do_print2()
FAIL: gdb.cp/virtfunc2.exp: print o2.do_print3()
FAIL: gdb.cp/virtfunc2.exp: print o
FAIL: gdb.dwarf2/dw2-dir-file-name.exp: compdir_missing__ldir_missing__file_basename: continue to breakpoint: compdir_missing__ldir_missing__file_basename
FAIL: gdb.dwarf2/dw2-dir-file-name.exp: compdir_missing__ldir_missing__file_basename: absolute
FAIL: gdb.dwarf2/dw2-dir-file-name.exp: compdir_missing__ldir_missing__file_basename: basename
FAIL: gdb.dwarf2/dw2-dir-file-name.exp: compdir_missing__ldir_missing__file_basename: relative
FAIL: gdb.dwarf2/dw2-dir-file-name.exp: compdir_missing__ldir_missing__file_relative: continue to breakpoint: compdir_missing__ldir_missing__file_relative
FAIL: gdb.dwarf2/dw2-dir-file-name.exp: compdir_missing__ldir_missing__file_relative: absolute
FAIL: gdb.dwarf2/dw2-dir-file-name.exp: compdir_missing__ldir_missing__file_relative: basename
FAIL: gdb.dwarf2/dw2-dir-file-name.exp: compdir_missing__ldir_missing__file_relative: relative
FAIL: gdb.dwarf2/dw2-dir-file-name.exp: compdir_missing__ldir_missing__file_absolute: continue to breakpoint: compdir_missing__ldir_missing__file_absolute
FAIL: gdb.dwarf2/dw2-dir-file-name.exp: compdir_missing__ldir_missing__file_absolute: absolute
FAIL: gdb.dwarf2/dw2-dir-file-name.exp: compdir_missing__ldir_missing__file_absolute: basename
FAIL: gdb.dwarf2/dw2-dir-file-name.exp: compdir_missing__ldir_missing__file_absolute: relative
FAIL: gdb.dwarf2/dw2-dir-file-name.exp: compdir_missing__ldir_relative_file_basename: continue to breakpoint: compdir_missing__ldir_relative_file_basename
FAIL: gdb.dwarf2/dw2-dir-file-name.exp: compdir_missing__ldir_relative_file_basename: absolute
FAIL: gdb.dwarf2/dw2-dir-file-name.exp: compdir_missing__ldir_relative_file_basename: basename
FAIL: gdb.dwarf2/dw2-dir-file-name.exp: compdir_missing__ldir_relative_file_basename: relative
FAIL: gdb.dwarf2/dw2-dir-file-name.exp: compdir_missing__ldir_relative_file_relative: continue to breakpoint: compdir_missing__ldir_relative_file_relative
FAIL: gdb.dwarf2/dw2-dir-file-name.exp: compdir_missing__ldir_relative_file_relative: absolute
FAIL: gdb.dwarf2/dw2-dir-file-name.exp: compdir_missing__ldir_relative_file_relative: basename
FAIL: gdb.dwarf2/dw2-dir-file-name.exp: compdir_missing__ldir_relative_file_relative: relative
FAIL: gdb.dwarf2/dw2-dir-file-name.exp: compdir_missing__ldir_relative_file_absolute: continue to breakpoint: compdir_missing__ldir_relative_file_absolute
FAIL: gdb.dwarf2/dw2-dir-file-name.exp: compdir_missing__ldir_relative_file_absolute: absolute
FAIL: gdb.dwarf2/dw2-dir-file-name.exp: compdir_missing__ldir_relative_file_absolute: basename
FAIL: gdb.dwarf2/dw2-dir-file-name.exp: compdir_missing__ldir_relative_file_absolute: relative
FAIL: gdb.dwarf2/dw2-dir-file-name.exp: compdir_missing__ldir_absolute_file_basename: continue to breakpoint: compdir_missing__ldir_absolute_file_basename
FAIL: gdb.dwarf2/dw2-dir-file-name.exp: compdir_missing__ldir_absolute_file_basename: absolute
FAIL: gdb.dwarf2/dw2-dir-file-name.exp: compdir_missing__ldir_absolute_file_basename: basename
FAIL: gdb.dwarf2/dw2-dir-file-name.exp: compdir_missing__ldir_absolute_file_basename: relative
FAIL: gdb.dwarf2/dw2-dir-file-name.exp: compdir_missing__ldir_absolute_file_relative: continue to breakpoint: compdir_missing__ldir_absolute_file_relative
FAIL: gdb.dwarf2/dw2-dir-file-name.exp: compdir_missing__ldir_absolute_file_relative: absolute
FAIL: gdb.dwarf2/dw2-dir-file-name.exp: compdir_missing__ldir_absolute_file_relative: basename
FAIL: gdb.dwarf2/dw2-dir-file-name.exp: compdir_missing__ldir_absolute_file_relative: relative
FAIL: gdb.dwarf2/dw2-dir-file-name.exp: compdir_missing__ldir_absolute_file_absolute_same: continue to breakpoint: compdir_missing__ldir_absolute_file_absolute_same
FAIL: gdb.dwarf2/dw2-dir-file-name.exp: compdir_missing__ldir_absolute_file_absolute_same: absolute
FAIL: gdb.dwarf2/dw2-dir-file-name.exp: compdir_missing__ldir_absolute_file_absolute_same: basename
FAIL: gdb.dwarf2/dw2-dir-file-name.exp: compdir_missing__ldir_absolute_file_absolute_same: relative
FAIL: gdb.dwarf2/dw2-dir-file-name.exp: compdir_missing__ldir_absolute_file_absolute_different: continue to breakpoint: compdir_missing__ldir_absolute_file_absolute_different
FAIL: gdb.dwarf2/dw2-dir-file-name.exp: compdir_missing__ldir_absolute_file_absolute_different: absolute
FAIL: gdb.dwarf2/dw2-dir-file-name.exp: compdir_missing__ldir_absolute_file_absolute_different: basename
FAIL: gdb.dwarf2/dw2-dir-file-name.exp: compdir_missing__ldir_absolute_file_absolute_different: relative
FAIL: gdb.dwarf2/dw2-dir-file-name.exp: compdir_relative_ldir_missing__file_basename: continue to breakpoint: compdir_relative_ldir_missing__file_basename
FAIL: gdb.dwarf2/dw2-dir-file-name.exp: compdir_relative_ldir_missing__file_basename: absolute
FAIL: gdb.dwarf2/dw2-dir-file-name.exp: compdir_relative_ldir_missing__file_basename: basename
FAIL: gdb.dwarf2/dw2-dir-file-name.exp: compdir_relative_ldir_missing__file_basename: relative
FAIL: gdb.dwarf2/dw2-dir-file-name.exp: compdir_relative_ldir_missing__file_relative: continue to breakpoint: compdir_relative_ldir_missing__file_relative
FAIL: gdb.dwarf2/dw2-dir-file-name.exp: compdir_relative_ldir_missing__file_relative: absolute
FAIL: gdb.dwarf2/dw2-dir-file-name.exp: compdir_relative_ldir_missing__file_relative: basename
FAIL: gdb.dwarf2/dw2-dir-file-name.exp: compdir_relative_ldir_missing__file_relative: relative
FAIL: gdb.dwarf2/dw2-dir-file-name.exp: compdir_relative_ldir_missing__file_absolute: continue to breakpoint: compdir_relative_ldir_missing__file_absolute
FAIL: gdb.dwarf2/dw2-dir-file-name.exp: compdir_relative_ldir_missing__file_absolute: absolute
FAIL: gdb.dwarf2/dw2-dir-file-name.exp: compdir_relative_ldir_missing__file_absolute: basename
FAIL: gdb.dwarf2/dw2-dir-file-name.exp: compdir_relative_ldir_missing__file_absolute: relative
FAIL: gdb.dwarf2/dw2-dir-file-name.exp: compdir_relative_ldir_relative_file_basename: continue to breakpoint: compdir_relative_ldir_relative_file_basename
FAIL: gdb.dwarf2/dw2-dir-file-name.exp: compdir_relative_ldir_relative_file_basename: absolute
FAIL: gdb.dwarf2/dw2-dir-file-name.exp: compdir_relative_ldir_relative_file_basename: basename
FAIL: gdb.dwarf2/dw2-dir-file-name.exp: compdir_relative_ldir_relative_file_basename: relative
FAIL: gdb.dwarf2/dw2-dir-file-name.exp: compdir_relative_ldir_relative_file_relative: continue to breakpoint: compdir_relative_ldir_relative_file_relative
FAIL: gdb.dwarf2/dw2-dir-file-name.exp: compdir_relative_ldir_relative_file_relative: absolute
FAIL: gdb.dwarf2/dw2-dir-file-name.exp: compdir_relative_ldir_relative_file_relative: basename
FAIL: gdb.dwarf2/dw2-dir-file-name.exp: compdir_relative_ldir_relative_file_relative: relative
FAIL: gdb.dwarf2/dw2-dir-file-name.exp: compdir_relative_ldir_relative_file_absolute: continue to breakpoint: compdir_relative_ldir_relative_file_absolute
FAIL: gdb.dwarf2/dw2-dir-file-name.exp: compdir_relative_ldir_relative_file_absolute: absolute
FAIL: gdb.dwarf2/dw2-dir-file-name.exp: compdir_relative_ldir_relative_file_absolute: basename
FAIL: gdb.dwarf2/dw2-dir-file-name.exp: compdir_relative_ldir_relative_file_absolute: relative
FAIL: gdb.dwarf2/dw2-dir-file-name.exp: compdir_relative_ldir_absolute_file_basename: continue to breakpoint: compdir_relative_ldir_absolute_file_basename
FAIL: gdb.dwarf2/dw2-dir-file-name.exp: compdir_relative_ldir_absolute_file_basename: absolute
FAIL: gdb.dwarf2/dw2-dir-file-name.exp: compdir_relative_ldir_absolute_file_basename: basename
FAIL: gdb.dwarf2/dw2-dir-file-name.exp: compdir_relative_ldir_absolute_file_basename: relative
FAIL: gdb.dwarf2/dw2-dir-file-name.exp: compdir_relative_ldir_absolute_file_relative: continue to breakpoint: compdir_relative_ldir_absolute_file_relative
FAIL: gdb.dwarf2/dw2-dir-file-name.exp: compdir_relative_ldir_absolute_file_relative: absolute
FAIL: gdb.dwarf2/dw2-dir-file-name.exp: compdir_relative_ldir_absolute_file_relative: basename
FAIL: gdb.dwarf2/dw2-dir-file-name.exp: compdir_relative_ldir_absolute_file_relative: relative
FAIL: gdb.dwarf2/dw2-dir-file-name.exp: compdir_relative_ldir_absolute_file_absolute_same: continue to breakpoint: compdir_relative_ldir_absolute_file_absolute_same
FAIL: gdb.dwarf2/dw2-dir-file-name.exp: compdir_relative_ldir_absolute_file_absolute_same: absolute
FAIL: gdb.dwarf2/dw2-dir-file-name.exp: compdir_relative_ldir_absolute_file_absolute_same: basename
FAIL: gdb.dwarf2/dw2-dir-file-name.exp: compdir_relative_ldir_absolute_file_absolute_same: relative
FAIL: gdb.dwarf2/dw2-dir-file-name.exp: compdir_relative_ldir_absolute_file_absolute_different: continue to breakpoint: compdir_relative_ldir_absolute_file_absolute_different
FAIL: gdb.dwarf2/dw2-dir-file-name.exp: compdir_relative_ldir_absolute_file_absolute_different: absolute
FAIL: gdb.dwarf2/dw2-dir-file-name.exp: compdir_relative_ldir_absolute_file_absolute_different: basename
FAIL: gdb.dwarf2/dw2-dir-file-name.exp: compdir_relative_ldir_absolute_file_absolute_different: relative
FAIL: gdb.dwarf2/dw2-dir-file-name.exp: compdir_absolute_ldir_missing__file_basename: continue to breakpoint: compdir_absolute_ldir_missing__file_basename
FAIL: gdb.dwarf2/dw2-dir-file-name.exp: compdir_absolute_ldir_missing__file_basename: absolute
FAIL: gdb.dwarf2/dw2-dir-file-name.exp: compdir_absolute_ldir_missing__file_basename: basename
FAIL: gdb.dwarf2/dw2-dir-file-name.exp: compdir_absolute_ldir_missing__file_basename: relative
FAIL: gdb.dwarf2/dw2-dir-file-name.exp: compdir_absolute_ldir_missing__file_relative: continue to breakpoint: compdir_absolute_ldir_missing__file_relative
FAIL: gdb.dwarf2/dw2-dir-file-name.exp: compdir_absolute_ldir_missing__file_relative: absolute
FAIL: gdb.dwarf2/dw2-dir-file-name.exp: compdir_absolute_ldir_missing__file_relative: basename
FAIL: gdb.dwarf2/dw2-dir-file-name.exp: compdir_absolute_ldir_missing__file_relative: relative
FAIL: gdb.dwarf2/dw2-dir-file-name.exp: compdir_absolute_ldir_missing__file_absolute_same: continue to breakpoint: compdir_absolute_ldir_missing__file_absolute_same
FAIL: gdb.dwarf2/dw2-dir-file-name.exp: compdir_absolute_ldir_missing__file_absolute_same: absolute
FAIL: gdb.dwarf2/dw2-dir-file-name.exp: compdir_absolute_ldir_missing__file_absolute_same: basename
FAIL: gdb.dwarf2/dw2-dir-file-name.exp: compdir_absolute_ldir_missing__file_absolute_same: relative
FAIL: gdb.dwarf2/dw2-dir-file-name.exp: compdir_absolute_ldir_missing__file_absolute_different: continue to breakpoint: compdir_absolute_ldir_missing__file_absolute_different
FAIL: gdb.dwarf2/dw2-dir-file-name.exp: compdir_absolute_ldir_missing__file_absolute_different: absolute
FAIL: gdb.dwarf2/dw2-dir-file-name.exp: compdir_absolute_ldir_missing__file_absolute_different: basename
FAIL: gdb.dwarf2/dw2-dir-file-name.exp: compdir_absolute_ldir_missing__file_absolute_different: relative
FAIL: gdb.dwarf2/dw2-dir-file-name.exp: compdir_absolute_ldir_relative_file_basename: continue to breakpoint: compdir_absolute_ldir_relative_file_basename
FAIL: gdb.dwarf2/dw2-dir-file-name.exp: compdir_absolute_ldir_relative_file_basename: absolute
FAIL: gdb.dwarf2/dw2-dir-file-name.exp: compdir_absolute_ldir_relative_file_basename: basename
FAIL: gdb.dwarf2/dw2-dir-file-name.exp: compdir_absolute_ldir_relative_file_basename: relative
FAIL: gdb.dwarf2/dw2-dir-file-name.exp: compdir_absolute_ldir_relative_file_relative: continue to breakpoint: compdir_absolute_ldir_relative_file_relative
FAIL: gdb.dwarf2/dw2-dir-file-name.exp: compdir_absolute_ldir_relative_file_relative: absolute
FAIL: gdb.dwarf2/dw2-dir-file-name.exp: compdir_absolute_ldir_relative_file_relative: basename
FAIL: gdb.dwarf2/dw2-dir-file-name.exp: compdir_absolute_ldir_relative_file_relative: relative
FAIL: gdb.dwarf2/dw2-dir-file-name.exp: compdir_absolute_ldir_relative_file_absolute_same: continue to breakpoint: compdir_absolute_ldir_relative_file_absolute_same
FAIL: gdb.dwarf2/dw2-dir-file-name.exp: compdir_absolute_ldir_relative_file_absolute_same: absolute
FAIL: gdb.dwarf2/dw2-dir-file-name.exp: compdir_absolute_ldir_relative_file_absolute_same: basename
FAIL: gdb.dwarf2/dw2-dir-file-name.exp: compdir_absolute_ldir_relative_file_absolute_same: relative
FAIL: gdb.dwarf2/dw2-dir-file-name.exp: compdir_absolute_ldir_relative_file_absolute_different: continue to breakpoint: compdir_absolute_ldir_relative_file_absolute_different
FAIL: gdb.dwarf2/dw2-dir-file-name.exp: compdir_absolute_ldir_relative_file_absolute_different: absolute
FAIL: gdb.dwarf2/dw2-dir-file-name.exp: compdir_absolute_ldir_relative_file_absolute_different: basename
FAIL: gdb.dwarf2/dw2-dir-file-name.exp: compdir_absolute_ldir_relative_file_absolute_different: relative
FAIL: gdb.dwarf2/dw2-dir-file-name.exp: compdir_absolute_ldir_absolute_file_basename_same: continue to breakpoint: compdir_absolute_ldir_absolute_file_basename_same
FAIL: gdb.dwarf2/dw2-dir-file-name.exp: compdir_absolute_ldir_absolute_file_basename_same: absolute
FAIL: gdb.dwarf2/dw2-dir-file-name.exp: compdir_absolute_ldir_absolute_file_basename_same: basename
FAIL: gdb.dwarf2/dw2-dir-file-name.exp: compdir_absolute_ldir_absolute_file_basename_same: relative
FAIL: gdb.dwarf2/dw2-dir-file-name.exp: compdir_absolute_ldir_absolute_file_relative_different: continue to breakpoint: compdir_absolute_ldir_absolute_file_relative_different
FAIL: gdb.dwarf2/dw2-dir-file-name.exp: compdir_absolute_ldir_absolute_file_relative_different: absolute
FAIL: gdb.dwarf2/dw2-dir-file-name.exp: compdir_absolute_ldir_absolute_file_relative_different: basename
FAIL: gdb.dwarf2/dw2-dir-file-name.exp: compdir_absolute_ldir_absolute_file_relative_different: relative
FAIL: gdb.dwarf2/dw2-dir-file-name.exp: compdir_absolute_ldir_absolute_file_absolute_same: continue to breakpoint: compdir_absolute_ldir_absolute_file_absolute_same
FAIL: gdb.dwarf2/dw2-dir-file-name.exp: compdir_absolute_ldir_absolute_file_absolute_same: absolute
FAIL: gdb.dwarf2/dw2-dir-file-name.exp: compdir_absolute_ldir_absolute_file_absolute_same: basename
FAIL: gdb.dwarf2/dw2-dir-file-name.exp: compdir_absolute_ldir_absolute_file_absolute_same: relative
FAIL: gdb.dwarf2/dw2-dir-file-name.exp: compdir_absolute_ldir_absolute_file_absolute_different: continue to breakpoint: compdir_absolute_ldir_absolute_file_absolute_different
FAIL: gdb.dwarf2/dw2-dir-file-name.exp: compdir_absolute_ldir_absolute_file_absolute_different: absolute
FAIL: gdb.dwarf2/dw2-dir-file-name.exp: compdir_absolute_ldir_absolute_file_absolute_different: basename
FAIL: gdb.dwarf2/dw2-dir-file-name.exp: compdir_absolute_ldir_absolute_file_absolute_different: relative
FAIL: gdb.dwarf2/dw2-ref-missing-frame.exp: func_nofb backtrace
FAIL: gdb.dwarf2/dw2-ref-missing-frame.exp: func_loopfb backtrace
FAIL: gdb.dwarf2/dw2-var-zero-addr.exp: print &var
FAIL: gdb.dwarf2/implptrpiece.exp: print/d p[-1]
FAIL: gdb.linespec/macro-relative.exp: info macro HEADER
FAIL: gdb.mi/gdb2549.exp: register values x
FAIL: gdb.mi/gdb2549.exp: register values f
FAIL: gdb.mi/gdb2549.exp: register values d
FAIL: gdb.mi/gdb2549.exp: register values o
FAIL: gdb.mi/gdb2549.exp: register values t
FAIL: gdb.mi/mi-break.exp: run to breakpoint with ignore count (stopped at wrong place)
FAIL: gdb.mi/mi-cmd-param-changed.exp: cmd param: "set scheduler-locking on"
FAIL: gdb.mi/mi-cmd-param-changed.exp: cmd param: "set scheduler-locking off"
FAIL: gdb.mi/mi-cmd-param-changed.exp: cmd param: "set scheduler-locking step"
FAIL: gdb.mi/mi-cmd-param-changed.exp: cmd param: interpreter-exec "set scheduler-locking on"
FAIL: gdb.mi/mi-cmd-param-changed.exp: cmd param: interpreter-exec "set scheduler-locking off"
FAIL: gdb.mi/mi-cmd-param-changed.exp: cmd param: interpreter-exec "set scheduler-locking step"
FAIL: gdb.mi/mi-cmd-param-changed.exp: cmd param: "set scheduler-locking on" no event (requested by MI)
FAIL: gdb.mi/mi-cmd-param-changed.exp: cmd param: "set scheduler-locking step" no event (requested by MI interp)
FAIL: gdb.mi/mi-cmd-param-changed.exp: cmd param: "set scheduler-locking stepr" no event
FAIL: gdb.mi/mi-dprintf.exp: gdb: mi 1st dprintf
FAIL: gdb.mi/mi-dprintf.exp: gdb: mi 1st dprintf stop (timeout)
FAIL: gdb.mi/mi-dprintf.exp: gdb: mi 2nd dprintf
FAIL: gdb.mi/mi-dprintf.exp: gdb: mi 2nd dprintf 2nd stop (timeout)
FAIL: gdb.mi/mi-eval.exp: eval A
FAIL: gdb.mi/mi-eval.exp: eval &A
FAIL: gdb.mi/mi-eval.exp: eval A+3
FAIL: gdb.mi/mi-eval.exp: eval A + 3
FAIL: gdb.mi/mi-inheritance-syntax-error.exp: -data-evaluate-expression (*(class A*) this)
FAIL: gdb.mi/mi-memory-changed.exp: set var C = 4
FAIL: gdb.mi/mi-memory-changed.exp: create objvar for C
FAIL: gdb.mi/mi-memory-changed.exp: change C thru. varobj
FAIL: gdb.mi/mi-memory-changed.exp: change C thru. -data-write-memory-bytes
FAIL: gdb.mi/mi-simplerun.exp: step at main (stopped at wrong place)
FAIL: gdb.mi/mi-stack.exp: stack args listing 1
FAIL: gdb.mi/mi-stack.exp: stack args listing 1 1 1
FAIL: gdb.mi/mi-stack.exp: stack args listing 1 1 3
FAIL: gdb.mi/mi-stack.exp: stack args listing 1 1 300
FAIL: gdb.mi/mi-stack.exp: stack locals listing of names and values
FAIL: gdb.mi/mi-stack.exp: stack locals listing, simple types: names and values, complex type: names and types
FAIL: gdb.mi/mi-var-block.exp: update all vars: cb foo changed
FAIL: gdb.mi/mi-var-child.exp: is weird editable
FAIL: gdb.mi/mi-var-child.exp: is weird->int_ptr_ptr editable
FAIL: gdb.mi/mi-var-child.exp: is weird.int_ptr_ptr.*int_ptr_ptr editable
FAIL: gdb.mi/mi-var-child.exp: is weird.int_ptr_ptr.*int_ptr_ptr.**int_ptr_ptr editable
FAIL: gdb.mi/mi-var-child.exp: is struct_declarations.u1.a editable
FAIL: gdb.mi/mi-var-child.exp: is struct_declarations.u1.b editable
FAIL: gdb.mi/mi-var-child.exp: is struct_declarations.u1.c editable
FAIL: gdb.mi/mi-var-child.exp: is struct_declarations.long_array.0 editable
FAIL: gdb.mi/mi-var-child.exp: update all vars struct_declarations.integer
FAIL: gdb.mi/mi-var-child.exp: update all vars struct_declarations.char_ptr
FAIL: gdb.mi/mi-var-child.exp: update all vars int_ptr_ptr and children changed
FAIL: gdb.mi/mi-var-child.exp: update all vars struct_declarations.long_array.0 changed
FAIL: gdb.mi/mi-var-child.exp: update all vars struct_declarations.long_array.1 changed
FAIL: gdb.mi/mi-var-child.exp: update all vars struct_declarations.long_array.2 changed
FAIL: gdb.mi/mi-var-child.exp: update all vars struct_declarations.long_array.3-9 changed
FAIL: gdb.mi/mi-var-child.exp: update all vars struct_declarations.func_ptr changed
FAIL: gdb.mi/mi-var-child.exp: update all vars struct_declarations.long_array.10 changed, don't print values.
FAIL: gdb.mi/mi-var-child.exp: update all vars struct_declarations.long_array.11 changed, print values.
FAIL: gdb.mi/mi-var-child.exp: listing of names and values of children
FAIL: gdb.mi/mi-var-child.exp: listing of children, simple types: names, type and values, complex types: names and types
FAIL: gdb.mi/mi-var-child.exp: update all vars psnp->char_ptr (and 0.char_ptr) changed
FAIL: gdb.mi/mi-var-child.exp: update all vars psnp->next->char_ptr (and 1.char_ptr) changed
FAIL: gdb.mi/mi-var-child.exp: update all vars psnp->next->next->char_ptr (and 2.char_ptr) changed
FAIL: gdb.mi/mi-var-child.exp: update all vars psnp->long_ptr (and 0.long_ptr) changed
FAIL: gdb.mi/mi-var-child.exp: update all vars psnp->next->next->long_ptr (and 2.long_ptr) changed
FAIL: gdb.mi/mi-var-cmd.exp: create lsimple->integer
FAIL: gdb.mi/mi-var-cmd.exp: update all vars: linteger changed
FAIL: gdb.mi/mi-var-cmd.exp: update all vars: lpinteger changed
FAIL: gdb.mi/mi-var-cmd.exp: update all vars: lcharacter changed
FAIL: gdb.mi/mi-var-cmd.exp: update all vars: lpcharacter changed
FAIL: gdb.mi/mi-var-cmd.exp: update all vars: many changed
FAIL: gdb.mi/mi-var-cmd.exp: update all vars: func and lpsimple changed
FAIL: gdb.mi/mi-var-cmd.exp: update all vars: lsimple and others changed
FAIL: gdb.mi/mi-var-cmd.exp: assign to linteger
FAIL: gdb.mi/mi-var-cmd.exp: update all vars: linteger changed after assign
FAIL: gdb.mi/mi-var-cmd.exp: assign to linteger again, same value
FAIL: gdb.mi/mi-var-cmd.exp: eval linteger
FAIL: gdb.mi/mi-var-cmd.exp: assign to lpinteger
FAIL: gdb.mi/mi-var-cmd.exp: update all vars: lpinteger changed after assign
FAIL: gdb.mi/mi-var-cmd.exp: eval lpinteger
FAIL: gdb.mi/mi-var-cmd.exp: assign to linteger
FAIL: gdb.mi/mi-var-cmd.exp: assign to lpinteger
FAIL: gdb.mi/mi-var-cmd.exp: assign to lcharacter
FAIL: gdb.mi/mi-var-cmd.exp: eval lcharacter
FAIL: gdb.mi/mi-var-cmd.exp: assign to llong
FAIL: gdb.mi/mi-var-cmd.exp: eval llong
FAIL: gdb.mi/mi-var-cmd.exp: assign to llong
FAIL: gdb.mi/mi-var-cmd.exp: assign to lplong
FAIL: gdb.mi/mi-var-cmd.exp: eval lplong
FAIL: gdb.mi/mi-var-cmd.exp: assign to lplong
FAIL: gdb.mi/mi-var-cmd.exp: assign to lfloat
FAIL: gdb.mi/mi-var-cmd.exp: eval lfloat
FAIL: gdb.mi/mi-var-cmd.exp: assign to lfloat
FAIL: gdb.mi/mi-var-cmd.exp: assign to lpfloat
FAIL: gdb.mi/mi-var-cmd.exp: assign to ldouble
FAIL: gdb.mi/mi-var-cmd.exp: assign to func
FAIL: gdb.mi/mi-var-cmd.exp: assign to lsimple.character
FAIL: gdb.mi/mi-var-cmd.exp: assign to lsimple->integer
FAIL: gdb.mi/mi-var-cmd.exp: assign to lsimple.integer
FAIL: gdb.mi/mi-var-cmd.exp: assign same value to func
FAIL: gdb.mi/mi-var-cmd.exp: update all vars: i changed
FAIL: gdb.mi/mi-var-cmd.exp: update all vars: llong changed
FAIL: gdb.mi/mi-var-cmd.exp: update all vars: all now out of scope
FAIL: gdb.mi/mi-var-cmd.exp: delete var  lsimple->integer
FAIL: gdb.mi/mi-var-cmd.exp: update selected_a in incr_a
FAIL: gdb.mi/mi-var-cmd.exp: update selected_a in do_special_tests
FAIL: gdb.mi/mi-var-cmd.exp: check V1.i: 1
FAIL: gdb.mi/mi-var-cmd.exp: check V1.nested.j: 2
FAIL: gdb.mi/mi-var-cmd.exp: check V1.nested.k: 3
FAIL: gdb.mi/mi-var-cmd.exp: check V2: 4
FAIL: gdb.mi/mi-var-cmd.exp: update varobjs: V2 changed
FAIL: gdb.mi/mi-var-cmd.exp: check V2: 5
FAIL: gdb.mi/mi-var-cmd.exp: update V2 explicitly
FAIL: gdb.mi/mi-var-cmd.exp: check V2: 6
FAIL: gdb.mi/mi-var-cmd.exp: check V1.i: 1
FAIL: gdb.mi/mi-var-cmd.exp: check V1.nested.j: 2
FAIL: gdb.mi/mi-var-cmd.exp: check V1.nested.k: 3
FAIL: gdb.mi/mi-var-cmd.exp: update V1.nested.j
FAIL: gdb.mi/mi-var-cmd.exp: check V1.i: 1
FAIL: gdb.mi/mi-var-cmd.exp: check V1.nested.j: 8
FAIL: gdb.mi/mi-var-cmd.exp: check V1.nested.k: 3
FAIL: gdb.mi/mi-var-cmd.exp: update V1.nested
FAIL: gdb.mi/mi-var-cmd.exp: check V1.i: 1
FAIL: gdb.mi/mi-var-cmd.exp: check V1.nested.j: 8
FAIL: gdb.mi/mi-var-cmd.exp: check V1.nested.k: 9
FAIL: gdb.mi/mi-var-cmd.exp: update V1.i
FAIL: gdb.mi/mi-var-cmd.exp: check V1.i: 7
FAIL: gdb.mi/mi-var-cmd.exp: check V1.i: 7
FAIL: gdb.mi/mi-var-cmd.exp: check V1.nested.j: 8
FAIL: gdb.mi/mi-var-cmd.exp: check V1.nested.k: 9
FAIL: gdb.mi/mi-var-cmd.exp: update V1
FAIL: gdb.mi/mi-var-cmd.exp: check V1.i: 10
FAIL: gdb.mi/mi-var-cmd.exp: check V1.nested.j: 11
FAIL: gdb.mi/mi-var-cmd.exp: check V1.nested.k: 12
FAIL: gdb.mi/mi-var-cmd.exp: access bitfield
FAIL: gdb.mi/mi-var-cmd.exp: update F (1)
FAIL: gdb.mi/mi-var-cmd.exp: check F (1)
FAIL: gdb.mi/mi-var-cmd.exp: update F (2)
FAIL: gdb.mi/mi-var-cmd.exp: check F (2)
FAIL: gdb.mi/mi-var-cmd.exp: update F (--all-values)
FAIL: gdb.mi/mi-var-cmd.exp: update F (3)
FAIL: gdb.mi/mi-var-cmd.exp: check F (3)
FAIL: gdb.mi/mi-var-cmd.exp: update F inside callee
FAIL: gdb.mi/mi-var-cmd.exp: check F inside callee
FAIL: gdb.mi/mi-var-cmd.exp: in-and-out-of-scope: out of scope now
FAIL: gdb.mi/mi-var-cmd.exp: in-and-out-of-scope: in scope now
FAIL: gdb.mi/mi-var-cp.exp: update RX (1)
FAIL: gdb.mi/mi-var-cp.exp: check RX: expect 167
FAIL: gdb.mi/mi-var-cp.exp: update RX (2)
FAIL: gdb.mi/mi-var-cp.exp: check RX: expect 567
FAIL: gdb.mi/mi-var-cp.exp: check S2.S.public.i
FAIL: gdb.mi/mi-var-cp.exp: check S2.S.public.j
FAIL: gdb.mi/mi-var-cp.exp: check i member
FAIL: gdb.mi/mi-var-cp.exp: check j member
FAIL: gdb.mi/mi-var-display.exp: eval variable bar
FAIL: gdb.mi/mi-var-display.exp: set format variable bar
FAIL: gdb.mi/mi-var-display.exp: eval variable bar with new format
FAIL: gdb.mi/mi-var-display.exp: assing to variable bar
FAIL: gdb.mi/mi-var-display.exp: set format variable bar
FAIL: gdb.mi/mi-var-display.exp: eval variable bar with new value
FAIL: gdb.mi/mi-var-display.exp: eval variable foo
FAIL: gdb.mi/mi-var-display.exp: set format variable foo
FAIL: gdb.mi/mi-var-display.exp: eval variable foo
FAIL: gdb.mi/mi-var-display.exp: assing to variable foo
FAIL: gdb.mi/mi-var-display.exp: set format variable foo
FAIL: gdb.mi/mi-var-display.exp: eval variable foo
FAIL: gdb.mi/mi-var-display.exp: eval variable foo in hex
FAIL: gdb.mi/mi-var-display.exp: eval variable foo in octal
FAIL: gdb.mi/mi-var-display.exp: eval variable foo in decimal
FAIL: gdb.mi/mi-var-display.exp: eval variable foo in natural
FAIL: gdb.mi/mi-var-display.exp: eval variable foo in binary
FAIL: gdb.mi/mi-var-display.exp: set format variable weird.func_ptr
FAIL: gdb.mi/mi-var-display.exp: set format variable weird.func_ptr_ptr
FAIL: gdb.mi/mi-var-display.exp: set format variable weird
FAIL: gdb.mi/mi-var-display.exp: set format variable weird.integer
FAIL: gdb.mi/mi-var-display.exp: set format variable weird.character
FAIL: gdb.mi/mi-var-display.exp: set format variable weird.char_ptr
FAIL: gdb.mi/mi-var-display.exp: set format variable weird.long_int
FAIL: gdb.mi/mi-var-display.exp: set format variable weird.int_ptr_ptr
FAIL: gdb.mi/mi-var-display.exp: set format variable weird.func_ptr
FAIL: gdb.mi/mi-var-display.exp: set format variable weird.func_ptr_struct
FAIL: gdb.mi/mi-var-display.exp: set format variable weird.func_ptr_ptr
FAIL: gdb.mi/mi-var-display.exp: eval variable e
FAIL: gdb.mi/mi-var-display.exp: is e editable
FAIL: gdb.mi/mi-var-display.exp: eval variable anone
FAIL: gdb.mi/mi-var-display.exp: is anone editable
FAIL: gdb.mi/mi-var-rtti.exp: check ptr->A (without RTTI) in use_rtti_for_ptr
FAIL: gdb.mi/mi-var-rtti.exp: check constPtr->A (without RTTI) in use_rtti_for_ptr
FAIL: gdb.mi/mi-var-rtti.exp: check ptrConst->A (without RTTI) in use_rtti_for_ptr
FAIL: gdb.mi/mi-var-rtti.exp: check constPtrConst->A (without RTTI) in use_rtti_for_ptr
FAIL: gdb.mi/mi-var-rtti.exp: create varobj for ptr (with RTTI) in use_rtti_for_ptr
FAIL: gdb.mi/mi-var-rtti.exp: list children of ptr (with RTTI) in use_rtti_for_ptr
FAIL: gdb.mi/mi-var-rtti.exp: list children of ptr.Base (with RTTI) in use_rtti_for_ptr
FAIL: gdb.mi/mi-var-rtti.exp: list children of ptr.Base.public (with RTTI) in use_rtti_for_ptr
FAIL: gdb.mi/mi-var-rtti.exp: list children of ptr.public (with RTTI) in use_rtti_for_ptr
FAIL: gdb.mi/mi-var-rtti.exp: check ptr->A (with RTTI) in use_rtti_for_ptr
FAIL: gdb.mi/mi-var-rtti.exp: check ptr->B (with RTTI) in use_rtti_for_ptr
FAIL: gdb.mi/mi-var-rtti.exp: check ptr->C (with RTTI) in use_rtti_for_ptr
FAIL: gdb.mi/mi-var-rtti.exp: create varobj for constPtr (with RTTI) in use_rtti_for_ptr
FAIL: gdb.mi/mi-var-rtti.exp: list children of constPtr (with RTTI) in use_rtti_for_ptr
FAIL: gdb.mi/mi-var-rtti.exp: list children of constPtr.Base (with RTTI) in use_rtti_for_ptr
FAIL: gdb.mi/mi-var-rtti.exp: list children of constPtr.Base.public (with RTTI) in use_rtti_for_ptr
FAIL: gdb.mi/mi-var-rtti.exp: list children of constPtr.public (with RTTI) in use_rtti_for_ptr
FAIL: gdb.mi/mi-var-rtti.exp: check constPtr->A (with RTTI) in use_rtti_for_ptr
FAIL: gdb.mi/mi-var-rtti.exp: check constPtr->B (with RTTI) in use_rtti_for_ptr
FAIL: gdb.mi/mi-var-rtti.exp: check constPtr->C (with RTTI) in use_rtti_for_ptr
FAIL: gdb.mi/mi-var-rtti.exp: create varobj for ptrConst (with RTTI) in use_rtti_for_ptr
FAIL: gdb.mi/mi-var-rtti.exp: list children of ptrConst (with RTTI) in use_rtti_for_ptr
FAIL: gdb.mi/mi-var-rtti.exp: list children of ptrConst.Base (with RTTI) in use_rtti_for_ptr
FAIL: gdb.mi/mi-var-rtti.exp: list children of ptrConst.Base.public (with RTTI) in use_rtti_for_ptr
FAIL: gdb.mi/mi-var-rtti.exp: list children of ptrConst.public (with RTTI) in use_rtti_for_ptr
FAIL: gdb.mi/mi-var-rtti.exp: check ptrConst->A (with RTTI) in use_rtti_for_ptr
FAIL: gdb.mi/mi-var-rtti.exp: check ptrConst->B (with RTTI) in use_rtti_for_ptr
FAIL: gdb.mi/mi-var-rtti.exp: check ptrConst->C (with RTTI) in use_rtti_for_ptr
FAIL: gdb.mi/mi-var-rtti.exp: create varobj for constPtrConst (with RTTI) in use_rtti_for_ptr
FAIL: gdb.mi/mi-var-rtti.exp: list children of constPtrConst (with RTTI) in use_rtti_for_ptr
FAIL: gdb.mi/mi-var-rtti.exp: list children of constPtrConst.Base (with RTTI) in use_rtti_for_ptr
FAIL: gdb.mi/mi-var-rtti.exp: list children of constPtrConst.Base.public (with RTTI) in use_rtti_for_ptr
FAIL: gdb.mi/mi-var-rtti.exp: list children of constPtrConst.public (with RTTI) in use_rtti_for_ptr
FAIL: gdb.mi/mi-var-rtti.exp: check constPtrConst->A (with RTTI) in use_rtti_for_ptr
FAIL: gdb.mi/mi-var-rtti.exp: check constPtrConst->B (with RTTI) in use_rtti_for_ptr
FAIL: gdb.mi/mi-var-rtti.exp: check constPtrConst->C (with RTTI) in use_rtti_for_ptr
FAIL: gdb.mi/mi-var-rtti.exp: check ref->A (without RTTI) in use_rtti_for_ref
FAIL: gdb.mi/mi-var-rtti.exp: check constRef->A (without RTTI) in use_rtti_for_ref
FAIL: gdb.mi/mi-var-rtti.exp: create varobj for ref (with RTTI) in use_rtti_for_ref
FAIL: gdb.mi/mi-var-rtti.exp: list children of ref (with RTTI) in use_rtti_for_ref
FAIL: gdb.mi/mi-var-rtti.exp: list children of ref.Base (with RTTI) in use_rtti_for_ref
FAIL: gdb.mi/mi-var-rtti.exp: list children of ref.Base.public (with RTTI) in use_rtti_for_ref
FAIL: gdb.mi/mi-var-rtti.exp: list children of ref.public (with RTTI) in use_rtti_for_ref
FAIL: gdb.mi/mi-var-rtti.exp: check ref->A (with RTTI) in use_rtti_for_ref
FAIL: gdb.mi/mi-var-rtti.exp: check ref->B (with RTTI) in use_rtti_for_ref
FAIL: gdb.mi/mi-var-rtti.exp: check ref->C (with RTTI) in use_rtti_for_ref
FAIL: gdb.mi/mi-var-rtti.exp: create varobj for constRef (with RTTI) in use_rtti_for_ref
FAIL: gdb.mi/mi-var-rtti.exp: list children of constRef (with RTTI) in use_rtti_for_ref
FAIL: gdb.mi/mi-var-rtti.exp: list children of constRef.Base (with RTTI) in use_rtti_for_ref
FAIL: gdb.mi/mi-var-rtti.exp: list children of constRef.Base.public (with RTTI) in use_rtti_for_ref
FAIL: gdb.mi/mi-var-rtti.exp: list children of constRef.public (with RTTI) in use_rtti_for_ref
FAIL: gdb.mi/mi-var-rtti.exp: check constRef->A (with RTTI) in use_rtti_for_ref
FAIL: gdb.mi/mi-var-rtti.exp: check constRef->B (with RTTI) in use_rtti_for_ref
FAIL: gdb.mi/mi-var-rtti.exp: check constRef->C (with RTTI) in use_rtti_for_ref
FAIL: gdb.mi/mi-var-rtti.exp: check s.ptr->A (without RTTI) in use_rtti_for_ptr_child
FAIL: gdb.mi/mi-var-rtti.exp: check s.constPtr->A (without RTTI) in use_rtti_for_ptr_child
FAIL: gdb.mi/mi-var-rtti.exp: check s.ptrConst->A (without RTTI) in use_rtti_for_ptr_child
FAIL: gdb.mi/mi-var-rtti.exp: check s.constPtrConst->A (without RTTI) in use_rtti_for_ptr_child
FAIL: gdb.mi/mi-var-rtti.exp: list children of s.public (with RTTI) in use_rtti_for_ptr_child
FAIL: gdb.mi/mi-var-rtti.exp: list children of s.ptr (with RTTI) in use_rtti_for_ptr_child
FAIL: gdb.mi/mi-var-rtti.exp: list children of s.ptr.Base (with RTTI) in use_rtti_for_ptr_child
FAIL: gdb.mi/mi-var-rtti.exp: list children of s.ptr.Base.public (with RTTI) in use_rtti_for_ptr_child
FAIL: gdb.mi/mi-var-rtti.exp: list children of s.ptr.public (with RTTI) in use_rtti_for_ptr_child
FAIL: gdb.mi/mi-var-rtti.exp: check s.ptr->A (with RTTI) in use_rtti_for_ptr_child
FAIL: gdb.mi/mi-var-rtti.exp: check s.ptr->B (with RTTI) in use_rtti_for_ptr_child
FAIL: gdb.mi/mi-var-rtti.exp: check s.ptr->C (with RTTI) in use_rtti_for_ptr_child
FAIL: gdb.mi/mi-var-rtti.exp: list children of s.constPtr (with RTTI) in use_rtti_for_ptr_child
FAIL: gdb.mi/mi-var-rtti.exp: list children of s.constPtr.Base (with RTTI) in use_rtti_for_ptr_child
FAIL: gdb.mi/mi-var-rtti.exp: list children of s.constPtr.Base.public (with RTTI) in use_rtti_for_ptr_child
FAIL: gdb.mi/mi-var-rtti.exp: list children of s.constPtr.public (with RTTI) in use_rtti_for_ptr_child
FAIL: gdb.mi/mi-var-rtti.exp: check s.constPtr->A (with RTTI) in use_rtti_for_ptr_child
FAIL: gdb.mi/mi-var-rtti.exp: check s.constPtr->B (with RTTI) in use_rtti_for_ptr_child
FAIL: gdb.mi/mi-var-rtti.exp: check s.constPtr->C (with RTTI) in use_rtti_for_ptr_child
FAIL: gdb.mi/mi-var-rtti.exp: list children of s.ptrConst (with RTTI) in use_rtti_for_ptr_child
FAIL: gdb.mi/mi-var-rtti.exp: list children of s.ptrConst.Base (with RTTI) in use_rtti_for_ptr_child
FAIL: gdb.mi/mi-var-rtti.exp: list children of s.ptrConst.Base.public (with RTTI) in use_rtti_for_ptr_child
FAIL: gdb.mi/mi-var-rtti.exp: list children of s.ptrConst.public (with RTTI) in use_rtti_for_ptr_child
FAIL: gdb.mi/mi-var-rtti.exp: check s.ptrConst->A (with RTTI) in use_rtti_for_ptr_child
FAIL: gdb.mi/mi-var-rtti.exp: check s.ptrConst->B (with RTTI) in use_rtti_for_ptr_child
FAIL: gdb.mi/mi-var-rtti.exp: check s.ptrConst->C (with RTTI) in use_rtti_for_ptr_child
FAIL: gdb.mi/mi-var-rtti.exp: list children of s.constPtrConst (with RTTI) in use_rtti_for_ptr_child
FAIL: gdb.mi/mi-var-rtti.exp: list children of s.constPtrConst.Base (with RTTI) in use_rtti_for_ptr_child
FAIL: gdb.mi/mi-var-rtti.exp: list children of s.constPtrConst.Base.public (with RTTI) in use_rtti_for_ptr_child
FAIL: gdb.mi/mi-var-rtti.exp: list children of s.constPtrConst.public (with RTTI) in use_rtti_for_ptr_child
FAIL: gdb.mi/mi-var-rtti.exp: check s.constPtrConst->A (with RTTI) in use_rtti_for_ptr_child
FAIL: gdb.mi/mi-var-rtti.exp: check s.constPtrConst->B (with RTTI) in use_rtti_for_ptr_child
FAIL: gdb.mi/mi-var-rtti.exp: check s.constPtrConst->C (with RTTI) in use_rtti_for_ptr_child
FAIL: gdb.mi/mi-var-rtti.exp: check s.ref->A (without RTTI) in use_rtti_for_ref_child
FAIL: gdb.mi/mi-var-rtti.exp: check s.constRef->A (without RTTI) in use_rtti_for_ref_child
FAIL: gdb.mi/mi-var-rtti.exp: list children of s.public (with RTTI) in use_rtti_for_ref_child
FAIL: gdb.mi/mi-var-rtti.exp: list children of s.ref (with RTTI) in use_rtti_for_ref_child
FAIL: gdb.mi/mi-var-rtti.exp: list children of s.ref.Base (with RTTI) in use_rtti_for_ref_child
FAIL: gdb.mi/mi-var-rtti.exp: list children of s.ref.Base.public (with RTTI) in use_rtti_for_ref_child
FAIL: gdb.mi/mi-var-rtti.exp: list children of s.ref.public (with RTTI) in use_rtti_for_ref_child
FAIL: gdb.mi/mi-var-rtti.exp: check s.ref->A (with RTTI) in use_rtti_for_ref_child
FAIL: gdb.mi/mi-var-rtti.exp: check s.ref->B (with RTTI) in use_rtti_for_ref_child
FAIL: gdb.mi/mi-var-rtti.exp: check s.ref->C (with RTTI) in use_rtti_for_ref_child
FAIL: gdb.mi/mi-var-rtti.exp: list children of s.constRef (with RTTI) in use_rtti_for_ref_child
FAIL: gdb.mi/mi-var-rtti.exp: list children of s.constRef.Base (with RTTI) in use_rtti_for_ref_child
FAIL: gdb.mi/mi-var-rtti.exp: list children of s.constRef.Base.public (with RTTI) in use_rtti_for_ref_child
FAIL: gdb.mi/mi-var-rtti.exp: list children of s.constRef.public (with RTTI) in use_rtti_for_ref_child
FAIL: gdb.mi/mi-var-rtti.exp: check s.constRef->A (with RTTI) in use_rtti_for_ref_child
FAIL: gdb.mi/mi-var-rtti.exp: check s.constRef->B (with RTTI) in use_rtti_for_ref_child
FAIL: gdb.mi/mi-var-rtti.exp: check s.constRef->C (with RTTI) in use_rtti_for_ref_child
FAIL: gdb.mi/mi-var-rtti.exp: check ptr->A (without RTTI) in use_rtti_with_multiple_inheritence
FAIL: gdb.mi/mi-var-rtti.exp: check ref->A (without RTTI) in use_rtti_with_multiple_inheritence
FAIL: gdb.mi/mi-var-rtti.exp: create varobj for ptr (with RTTI) in use_rtti_with_multiple_inheritence
FAIL: gdb.mi/mi-var-rtti.exp: list children of ptr (with RTTI) in use_rtti_with_multiple_inheritence
FAIL: gdb.mi/mi-var-rtti.exp: list children of ptr.First (with RTTI) in use_rtti_with_multiple_inheritence
FAIL: gdb.mi/mi-var-rtti.exp: list children of ptr.Base.public (with RTTI) in use_rtti_with_multiple_inheritence
FAIL: gdb.mi/mi-var-rtti.exp: list children of ptr.Base (with RTTI) in use_rtti_with_multiple_inheritence
FAIL: gdb.mi/mi-var-rtti.exp: list children of ptr.Base.public (with RTTI) in use_rtti_with_multiple_inheritence
FAIL: gdb.mi/mi-var-rtti.exp: list children of ptr.public (with RTTI) in use_rtti_with_multiple_inheritence
FAIL: gdb.mi/mi-var-rtti.exp: update ptr to derived in type_update_when_use_rtti
FAIL: gdb.mi/mi-var-rtti.exp: list children of ptr (with RTTI) in type_update_when_use_rtti
FAIL: gdb.mi/mi-var-rtti.exp: list children of ptr.Base (with RTTI) in type_update_when_use_rtti
FAIL: gdb.mi/mi-var-rtti.exp: list children of ptr.Base.public (with RTTI) in type_update_when_use_rtti
FAIL: gdb.mi/mi-var-rtti.exp: list children of ptr.public (with RTTI) in type_update_when_use_rtti
FAIL: gdb.mi/mi-var-rtti.exp: check ptr->A (with RTTI) in type_update_when_use_rtti
FAIL: gdb.mi/mi-var-rtti.exp: check ptr->B (with RTTI) in type_update_when_use_rtti
FAIL: gdb.mi/mi-var-rtti.exp: check ptr->C (with RTTI) in type_update_when_use_rtti
FAIL: gdb.mi/mi-var-rtti.exp: update s.ptr to derived in type_update_when_use_rtti
FAIL: gdb.mi/mi-var-rtti.exp: list children of s.ptr (with RTTI) in type_update_when_use_rtti
FAIL: gdb.mi/mi-var-rtti.exp: list children of s.ptr.Base (with RTTI) in type_update_when_use_rtti
FAIL: gdb.mi/mi-var-rtti.exp: list children of s.ptr.Base.public (with RTTI) in type_update_when_use_rtti
FAIL: gdb.mi/mi-var-rtti.exp: list children of s.ptr.public (with RTTI) in type_update_when_use_rtti
FAIL: gdb.mi/mi-var-rtti.exp: check s.ptr->A (with RTTI) in type_update_when_use_rtti
FAIL: gdb.mi/mi-var-rtti.exp: check s.ptr->B (with RTTI) in type_update_when_use_rtti
FAIL: gdb.mi/mi-var-rtti.exp: check s.ptr->C (with RTTI) in type_update_when_use_rtti
FAIL: gdb.mi/mi-var-rtti.exp: update ptr back to base type in type_update_when_use_rtti
FAIL: gdb.mi/mi-var-rtti.exp: update s.ptr back to base type in type_update_when_use_rtti
FAIL: gdb.mi/mi-var-rtti.exp: update ptr to derived type in skip_type_update_when_not_use_rtti
FAIL: gdb.mi/mi-var-rtti.exp: check ptr->A (without RTTI) in skip_type_update_when_not_use_rtti
FAIL: gdb.mi/mi-var-rtti.exp: update s to derived type in skip_type_update_when_not_use_rtti
FAIL: gdb.mi/mi-var-rtti.exp: check s.ptr->A (without RTTI) in skip_type_update_when_not_use_rtti
FAIL: gdb.mi/mi-var-rtti.exp: update ptr back to base type in skip_type_update_when_not_use_rtti
FAIL: gdb.mi/mi-var-rtti.exp: update s back to base type in skip_type_update_when_not_use_rtti
FAIL: gdb.mi/mi-watch.exp: sw: break-watch operation
FAIL: gdb.mi/mi-watch.exp: sw: list of watchpoints
FAIL: gdb.mi/mi-watch.exp: sw: watchpoint trigger (unknown output after running)
FAIL: gdb.mi/mi-watch.exp: sw: watchpoint trigger (timeout)
FAIL: gdb.mi/mi-watch.exp: hw: break-watch operation
FAIL: gdb.mi/mi-watch.exp: hw: list of watchpoints
FAIL: gdb.mi/mi-watch.exp: hw: watchpoint trigger (unknown output after running)
FAIL: gdb.mi/mi-watch.exp: hw: watchpoint trigger (MI error)
FAIL: gdb.mi/mi-watch.exp: hw: watchpoint trigger (timeout)
FAIL: gdb.mi/mi2-var-child.exp: is weird editable
FAIL: gdb.mi/mi2-var-child.exp: is weird->int_ptr_ptr editable
FAIL: gdb.mi/mi2-var-child.exp: is weird.int_ptr_ptr.*int_ptr_ptr editable
FAIL: gdb.mi/mi2-var-child.exp: is weird.int_ptr_ptr.*int_ptr_ptr.**int_ptr_ptr editable
FAIL: gdb.mi/mi2-var-child.exp: is struct_declarations.u1.a editable
FAIL: gdb.mi/mi2-var-child.exp: is struct_declarations.u1.b editable
FAIL: gdb.mi/mi2-var-child.exp: is struct_declarations.u1.c editable
FAIL: gdb.mi/mi2-var-child.exp: is struct_declarations.long_array.0 editable
FAIL: gdb.mi/mi2-var-child.exp: update all vars struct_declarations.integer
FAIL: gdb.mi/mi2-var-child.exp: update all vars struct_declarations.char_ptr
FAIL: gdb.mi/mi2-var-child.exp: update all vars int_ptr_ptr and children changed
FAIL: gdb.mi/mi2-var-child.exp: update all vars struct_declarations.long_array.0 changed
FAIL: gdb.mi/mi2-var-child.exp: update all vars struct_declarations.long_array.1 changed
FAIL: gdb.mi/mi2-var-child.exp: update all vars struct_declarations.long_array.2 changed
FAIL: gdb.mi/mi2-var-child.exp: update all vars struct_declarations.long_array.3-9 changed
FAIL: gdb.mi/mi2-var-child.exp: update all vars struct_declarations.func_ptr changed
FAIL: gdb.mi/mi2-var-child.exp: update all vars psnp->char_ptr (and 0.char_ptr) changed
FAIL: gdb.mi/mi2-var-child.exp: update all vars psnp->next->char_ptr (and 1.char_ptr) changed
FAIL: gdb.mi/mi2-var-child.exp: update all vars psnp->next->next->char_ptr (and 2.char_ptr) changed
FAIL: gdb.mi/mi2-var-child.exp: update all vars psnp->long_ptr (and 0.long_ptr) changed
FAIL: gdb.mi/mi2-var-child.exp: update all vars psnp->next->next->long_ptr (and 2.long_ptr) changed
FAIL: gdb.modula2/unbounded-array.exp: print the last legal element of array a
FAIL: gdb.modula2/unbounded-array.exp: print unbounded array contents
FAIL: gdb.modula2/unbounded-array.exp: print the 2nd element of array a
FAIL: gdb.modula2/unbounded-array.exp: print the 4th element of array a
FAIL: gdb.opt/inline-cmds.exp: finish from func1
FAIL: gdb.opt/inline-locals.exp: info locals above bar (2)
FAIL: gdb.opt/inline-locals.exp: print local (2)
FAIL: gdb.opt/inline-locals.exp: info locals above bar (3)
FAIL: gdb.opt/inline-locals.exp: print local (3)
FAIL: gdb.python/py-arch.exp: test bad memory access
FAIL: gdb.python/py-breakpoint.exp: test_bkpt_cond_and_cmds: Test conditional breakpoint stopped after five iterations
FAIL: gdb.python/py-breakpoint.exp: test_bkpt_cond_and_cmds: Test breakpoint stopped after six iterations
FAIL: gdb.python/py-breakpoint.exp: test_bkpt_eval_funcs: Check inferior value matches python accounting
FAIL: gdb.python/py-breakpoint.exp: test_bkpt_eval_funcs: Check python accounting matches inferior
FAIL: gdb.python/py-breakpoint.exp: test_bkpt_eval_funcs: Check non firing same-location also_eval_bp1 function was also called at each stop.
FAIL: gdb.python/py-breakpoint.exp: test_bkpt_eval_funcs: Check non firing same-location eval_bp1 function was also called at each stop.
FAIL: gdb.python/py-explore-cc.exp: explore a
FAIL: gdb.python/py-explore-cc.exp: explore int_ref
FAIL: gdb.python/py-explore-cc.exp: explore int_ptr_ref
FAIL: gdb.python/py-explore-cc.exp: explore b
FAIL: gdb.python/py-explore.exp: explore i
FAIL: gdb.python/py-explore.exp: explore ss
FAIL: gdb.python/py-explore.exp: explore *ss_ptr
FAIL: gdb.python/py-explore.exp: explore ss_t
FAIL: gdb.python/py-explore.exp: explore ss_ptr
FAIL: gdb.python/py-explore.exp: explore darray_ref
FAIL: gdb.python/py-explore.exp: explore su
FAIL: gdb.python/py-explore.exp: explore cs
FAIL: gdb.python/py-explore.exp: explore cu
FAIL: gdb.python/py-explore.exp: explore type cu
FAIL: gdb.python/py-frame-args.exp: frame pretty,scalars
FAIL: gdb.python/py-frame-args.exp: frame pretty,all
FAIL: gdb.python/py-frame-args.exp: frame raw,scalars
FAIL: gdb.python/py-frame-args.exp: frame raw,all
FAIL: gdb.python/py-frame-inline.exp: python print (gdb.selected_frame().read_var('l'))
FAIL: gdb.python/py-frame.exp: test i
FAIL: gdb.python/py-frame.exp: test f
FAIL: gdb.python/py-frame.exp: test b
FAIL: gdb.python/py-frame.exp: test i = 1.1
FAIL: gdb.python/py-frame.exp: test double i
FAIL: gdb.python/py-frame.exp: test f = 2.2
FAIL: gdb.python/py-frame.exp: test double f
FAIL: gdb.python/py-frame.exp: test i = 99
FAIL: gdb.python/py-frame.exp: test int i
FAIL: gdb.python/py-frame.exp: test Frame.read_var - success
FAIL: gdb.python/py-framefilter-mi.exp: Load python file
FAIL: gdb.python/py-framefilter-mi.exp: stack-list-locals --all-values
FAIL: gdb.python/py-framefilter-mi.exp: stack-list-locals --all-values frame filters enabled
FAIL: gdb.python/py-framefilter-mi.exp: filtered stack listing
FAIL: gdb.python/py-framefilter-mi.exp: filtered stack list 0 3
FAIL: gdb.python/py-framefilter-mi.exp: filtered stack list 22 24
FAIL: gdb.python/py-framefilter-mi.exp: stack-list-arguments 0
FAIL: gdb.python/py-framefilter-mi.exp: stack-list-arguments 0 22 27
FAIL: gdb.python/py-framefilter-mi.exp: stack-list-arguments 1
FAIL: gdb.python/py-framefilter-mi.exp: stack-list-arguments --no-frame-filters 1
FAIL: gdb.python/py-framefilter-mi.exp: stack-list-arguments 1 0 3
FAIL: gdb.python/py-framefilter-mi.exp: stack-list-arguments 1 22 27
FAIL: gdb.python/py-framefilter-mi.exp: stack-list-arguments 2
FAIL: gdb.python/py-framefilter-mi.exp: stack-list-arguments --no-frame-filters 2
FAIL: gdb.python/py-framefilter-mi.exp: stack-list-arguments 2 0 3
FAIL: gdb.python/py-framefilter-mi.exp: stack-list-arguments 2 22 27
FAIL: gdb.python/py-framefilter-mi.exp: stack-list-arguments --no-frame-filters 2 22 27
FAIL: gdb.python/py-framefilter-mi.exp: stack-list-locals --no-frame-filters 1
FAIL: gdb.python/py-framefilter-mi.exp: stack-list-locals --no-frame-filters 2
FAIL: gdb.python/py-framefilter-mi.exp: stack-list-locals --no-frame-filters --all-values
FAIL: gdb.python/py-framefilter-mi.exp: stack-list-locals --no-frame-filters --simple-values
FAIL: gdb.python/py-framefilter-mi.exp: stack-list-locals 1
FAIL: gdb.python/py-framefilter-mi.exp: stack-list-locals 2
FAIL: gdb.python/py-framefilter.exp: Load python file
FAIL: gdb.python/py-framefilter.exp: bt full no-filters
FAIL: gdb.python/py-framefilter.exp: bt full with filters
FAIL: gdb.python/py-framefilter.exp: info frame filter before setting priority
FAIL: gdb.python/py-framefilter.exp: show frame-filter priority global Elider before setting
FAIL: gdb.python/py-framefilter.exp: set frame-filter priotiy global Elider 1000
FAIL: gdb.python/py-framefilter.exp: show frame-filter priority global Elider after setting
FAIL: gdb.python/py-framefilter.exp: info frame filter after setting priority
FAIL: gdb.python/py-framefilter.exp: info frame filter before disable frame filter
FAIL: gdb.python/py-framefilter.exp: disable frame-filter global Elider
FAIL: gdb.python/py-framefilter.exp: info frame filter after disable frame filter
FAIL: gdb.python/py-framefilter.exp: enable frame-filter global Elider
FAIL: gdb.python/py-framefilter.exp: info frame filter after reenabling frame filter
FAIL: gdb.python/py-framefilter.exp: bt with frame filters
FAIL: gdb.python/py-framefilter.exp: disable frame-filter global Reverse
FAIL: gdb.python/py-framefilter.exp: bt 3 with frame-filter Reverse disabled
FAIL: gdb.python/py-framefilter.exp: bt no-filters full with Reverse disabled
FAIL: gdb.python/py-framefilter.exp: bt full with Reverse disabled
FAIL: gdb.python/py-framefilter.exp: bt no-filter 1 scalars
FAIL: gdb.python/py-framefilter.exp: bt 1 scalars
FAIL: gdb.python/py-framefilter.exp: bt no-filter 1 all args
FAIL: gdb.python/py-framefilter.exp: bt 1 all args
FAIL: gdb.python/py-framefilter.exp: bt no-filter 1 no address
FAIL: gdb.python/py-framefilter.exp: bt 1 no addresss
FAIL: gdb.python/py-framefilter.exp: enable frame-filter global Error
FAIL: gdb.python/py-framefilter.exp: bt 1 with Error filter
FAIL: gdb.python/py-framefilter.exp: Load python file for no debuginfo tests
FAIL: gdb.python/py-framefilter.exp: disable frame-filter global Reverse for no debuginfo
FAIL: gdb.python/py-mi.exp: create container varobj
FAIL: gdb.python/py-mi.exp: examine container children=0
FAIL: gdb.python/py-mi.exp: varobj update 1
FAIL: gdb.python/py-mi.exp: varobj update 2
ERROR: Process no longer exists
UNRESOLVED: gdb.python/py-mi.exp: choose default visualizer
ERROR: Couldn't send -var-update container to GDB.
UNRESOLVED: gdb.python/py-mi.exp: varobj update after choosing default
ERROR: Couldn't send -var-set-visualizer container ContainerPrinter to GDB.
UNRESOLVED: gdb.python/py-mi.exp: choose visualizer using expression
ERROR: Couldn't send -var-update container to GDB.
UNRESOLVED: gdb.python/py-mi.exp: varobj update after choosing via expression
ERROR: Couldn't send -var-list-children  container 1 2 to GDB.
UNRESOLVED: gdb.python/py-mi.exp: list varobj children after selecting child range
ERROR: Couldn't send -var-list-children  container -1 -1 to GDB.
UNRESOLVED: gdb.python/py-mi.exp: list varobj children after resetting child range
FAIL: gdb.python/py-mi.exp: next over update 3
FAIL: gdb.python/py-mi.exp: next over update 3 (timeout)
ERROR: Couldn't send -var-set-update-range container 0 1 to GDB.
UNRESOLVED: gdb.python/py-mi.exp: set update range
ERROR: Couldn't send -var-list-children  container   to GDB.
UNRESOLVED: gdb.python/py-mi.exp: list children after setting update range
ERROR: Couldn't send -var-list-children  container 1 2 to GDB.
UNRESOLVED: gdb.python/py-mi.exp: list selected children after setting range
ERROR: Couldn't send -var-list-children  container   to GDB.
UNRESOLVED: gdb.python/py-mi.exp: list children after listing selected range
FAIL: gdb.python/py-mi.exp: next over update 4
FAIL: gdb.python/py-mi.exp: next over update 4 (timeout)
ERROR: Couldn't send -var-update container to GDB.
UNRESOLVED: gdb.python/py-mi.exp: update after next with restricted range
ERROR: Couldn't send -var-set-update-range container 3 4 to GDB.
UNRESOLVED: gdb.python/py-mi.exp: set update range with non-zero start
ERROR: Couldn't send -var-update container to GDB.
UNRESOLVED: gdb.python/py-mi.exp: update varobj with change outside selected range
FAIL: gdb.python/py-mi.exp: next over update 5
FAIL: gdb.python/py-mi.exp: next over update 5 (timeout)
ERROR: Couldn't send -var-create container2 @ c2 to GDB.
UNRESOLVED: gdb.python/py-mi.exp: create second container varobj
ERROR: Couldn't send -var-update container2 to GDB.
UNRESOLVED: gdb.python/py-mi.exp: update varobj, no children requested
FAIL: gdb.python/py-mi.exp: next over update 6
FAIL: gdb.python/py-mi.exp: next over update 6 (timeout)
ERROR: Couldn't send -var-update container2 to GDB.
UNRESOLVED: gdb.python/py-mi.exp: update varobj 2, no children requested
ERROR: Couldn't send -break-insert -t 131 to GDB.
UNRESOLVED: gdb.python/py-mi.exp: run to 131 (set breakpoint)
FAIL: gdb.python/py-mi.exp: run to 131 (exec-continue)
FAIL: gdb.python/py-mi.exp: wait for stop (step to outer breakpoint)
ERROR: Couldn't send -var-create outer @ outer to GDB.
UNRESOLVED: gdb.python/py-mi.exp: create outer varobj
ERROR: Couldn't send -var-list-children  outer   to GDB.
UNRESOLVED: gdb.python/py-mi.exp: list children of outer
ERROR: Couldn't send -var-list-children  outer.s   to GDB.
UNRESOLVED: gdb.python/py-mi.exp: list children of outer.s
FAIL: gdb.python/py-mi.exp: next over outer update
FAIL: gdb.python/py-mi.exp: next over outer update (timeout)
ERROR: Couldn't send -var-update outer to GDB.
UNRESOLVED: gdb.python/py-mi.exp: update after updating element of outer
ERROR: Couldn't send -break-insert -t 222 to GDB.
UNRESOLVED: gdb.python/py-mi.exp: run to 222 (set breakpoint)
FAIL: gdb.python/py-mi.exp: run to 222 (exec-continue)
FAIL: gdb.python/py-mi.exp: wait for stop (step to second breakpoint)
ERROR: Couldn't send -var-update container to GDB.
UNRESOLVED: gdb.python/py-mi.exp: update after type change
ERROR: Couldn't send -break-insert -t 351 to GDB.
UNRESOLVED: gdb.python/py-mi.exp: run to 351 (set breakpoint)
FAIL: gdb.python/py-mi.exp: run to 351 (exec-continue)
FAIL: gdb.python/py-mi.exp: wait for stop (step to outer breakpoint)
ERROR: Couldn't send -var-create nscont @ nstype to GDB.
UNRESOLVED: gdb.python/py-mi.exp: create nstype varobj
ERROR: Couldn't send -var-list-children  nscont   to GDB.
UNRESOLVED: gdb.python/py-mi.exp: list children after setting update range
ERROR: Couldn't send -var-set-visualizer nscont None to GDB.
UNRESOLVED: gdb.python/py-mi.exp: clear visualizer
ERROR: Couldn't send -var-update nscont to GDB.
UNRESOLVED: gdb.python/py-mi.exp: varobj update after clearing
ERROR: Couldn't send -var-set-visualizer nscont gdb.default_visualizer to GDB.
UNRESOLVED: gdb.python/py-mi.exp: choose default visualizer
ERROR: Couldn't send python exception_flag = True to GDB.
UNRESOLVED: gdb.python/py-mi.exp:
ERROR: Couldn't send -var-create nstype2 @ nstype2 to GDB.
UNRESOLVED: gdb.python/py-mi.exp: create nstype2 varobj
ERROR: Couldn't send -var-list-children  nstype2   to GDB.
UNRESOLVED: gdb.python/py-mi.exp: list children after setting exception flag
ERROR: Couldn't send -var-create me * me to GDB.
UNRESOLVED: gdb.python/py-mi.exp: create me varobj
ERROR: Couldn't send -var-evaluate-expression me to GDB.
UNRESOLVED: gdb.python/py-mi.exp: evaluate me varobj
ERROR: Couldn't send -var-create children_as_list @ children_as_list to GDB.
UNRESOLVED: gdb.python/py-mi.exp: printer whose children are returned as a list
ERROR: Couldn't send -break-insert -t 254 to GDB.
UNRESOLVED: gdb.python/py-mi.exp: run to 254 (set breakpoint)
FAIL: gdb.python/py-mi.exp: run to 254 (exec-continue)
FAIL: gdb.python/py-mi.exp: wait for stop (step to breakpoint for bug 14741)
ERROR: Couldn't send -var-create c @ c to GDB.
UNRESOLVED: gdb.python/py-mi.exp: create varobj for c
ERROR: Couldn't send -var-set-visualizer c ArrayPrinter to GDB.
UNRESOLVED: gdb.python/py-mi.exp: choose array visualizer for c
ERROR: Couldn't send -var-list-children  c   to GDB.
UNRESOLVED: gdb.python/py-mi.exp: list children of c
FAIL: gdb.python/py-mi.exp: next over change of array element
FAIL: gdb.python/py-mi.exp: next over change of array element (timeout)
ERROR: Couldn't send -var-update c to GDB.
UNRESOLVED: gdb.python/py-mi.exp: update varobj after element change
FAIL: gdb.python/py-objfile-script.exp: print ss
FAIL: gdb.python/py-pp-integral.exp: print *t
FAIL: gdb.python/py-pp-integral.exp: print /r *t
FAIL: gdb.python/py-pp-maint.exp: print flt enabled #1
FAIL: gdb.python/py-pp-maint.exp: print ss enabled #1
FAIL: gdb.python/py-pp-maint.exp: print flt disabled
FAIL: gdb.python/py-pp-maint.exp: print ss disabled
FAIL: gdb.python/py-pp-maint.exp: print flt re-enabled
FAIL: gdb.python/py-pp-maint.exp: print ss re-enabled
FAIL: gdb.python/py-pp-re-notag.exp: print *t
FAIL: gdb.python/py-pp-re-notag.exp: print /r *t
FAIL: gdb.python/py-prettyprint.exp: print ss
FAIL: gdb.python/py-prettyprint.exp: print ssa[1]
FAIL: gdb.python/py-prettyprint.exp: print ssa
FAIL: gdb.python/py-prettyprint.exp: print arraystruct
FAIL: gdb.python/py-prettyprint.exp: print ns2
FAIL: gdb.python/py-prettyprint.exp: print x
FAIL: gdb.python/py-prettyprint.exp: print cstring
FAIL: gdb.python/py-prettyprint.exp: print estring
FAIL: gdb.python/py-prettyprint.exp: print estring2
FAIL: gdb.python/py-prettyprint.exp: print hint_error
FAIL: gdb.python/py-prettyprint.exp: print c
FAIL: gdb.python/py-prettyprint.exp: print nstype
FAIL: gdb.python/py-prettyprint.exp: print nstype on one line
FAIL: gdb.python/py-prettyprint.exp: print ss
FAIL: gdb.python/py-prettyprint.exp: print ssa[1]
FAIL: gdb.python/py-prettyprint.exp: print ssa
FAIL: gdb.python/py-prettyprint.exp: print arraystruct
FAIL: gdb.python/py-prettyprint.exp: print cps
FAIL: gdb.python/py-prettyprint.exp: print cpss
FAIL: gdb.python/py-prettyprint.exp: print cpssa[0]
FAIL: gdb.python/py-prettyprint.exp: print cpssa[1]
FAIL: gdb.python/py-prettyprint.exp: print cpssa
FAIL: gdb.python/py-prettyprint.exp: print sss
FAIL: gdb.python/py-prettyprint.exp: print ref
FAIL: gdb.python/py-prettyprint.exp: print derived
FAIL: gdb.python/py-prettyprint.exp: print ns
FAIL: gdb.python/py-prettyprint.exp: print ns
FAIL: gdb.python/py-prettyprint.exp: print ns
FAIL: gdb.python/py-prettyprint.exp: print ns2
FAIL: gdb.python/py-prettyprint.exp: print x
FAIL: gdb.python/py-prettyprint.exp: print cstring
FAIL: gdb.python/py-prettyprint.exp: print estring
FAIL: gdb.python/py-prettyprint.exp: print estring2
FAIL: gdb.python/py-prettyprint.exp: print hint_error
FAIL: gdb.python/py-prettyprint.exp: print c
FAIL: gdb.python/py-prettyprint.exp: print nstype
FAIL: gdb.python/py-prettyprint.exp: print nstype on one line
FAIL: gdb.python/py-prettyprint.exp: info locals
FAIL: gdb.python/py-prettyprint.exp: print ss enabled #1
FAIL: gdb.python/py-prettyprint.exp: print ss disabled
FAIL: gdb.python/py-prettyprint.exp: print ss enabled #2
FAIL: gdb.python/py-section-script.exp: print ss
FAIL: gdb.python/py-strfns.exp: p arg
FAIL: gdb.python/py-strfns.exp: p /d {char[4]} arg
FAIL: gdb.python/py-symbol.exp: print value of a
FAIL: gdb.python/py-sync-interp.exp: attach and where (timeout)
FAIL: gdb.python/py-template.exp: python foo = gdb.history(0)
FAIL: gdb.python/py-template.exp: const int
FAIL: gdb.python/py-template.exp: python foo = gdb.history(0)
FAIL: gdb.python/py-template.exp: volatile int
FAIL: gdb.python/py-template.exp: python foo = gdb.history(0)
FAIL: gdb.python/py-template.exp: const int &
FAIL: gdb.python/py-template.exp: python foo = gdb.history(0)
FAIL: gdb.python/py-template.exp: volatile int &
FAIL: gdb.python/py-template.exp: python foo = gdb.history(0)
FAIL: gdb.python/py-template.exp: volatile int * const
FAIL: gdb.python/py-template.exp: python foo = gdb.history(0)
FAIL: gdb.python/py-template.exp: volatile int * const *
FAIL: gdb.python/py-template.exp: python foo = gdb.history(0)
FAIL: gdb.python/py-template.exp: const int * volatile
FAIL: gdb.python/py-template.exp: python foo = gdb.history(0)
FAIL: gdb.python/py-template.exp: const int * volatile * const * volatile *
FAIL: gdb.python/py-type.exp: lang_c: test_fields: get value (st) from history
FAIL: gdb.python/py-type.exp: lang_c: test_fields: get fields from st.type
FAIL: gdb.python/py-type.exp: lang_c: test_fields: Check number of fields (st)
FAIL: gdb.python/py-type.exp: lang_c: test_fields: Check structure field a name
FAIL: gdb.python/py-type.exp: lang_c: test_fields: Check structure field b name
FAIL: gdb.python/py-type.exp: lang_c: test_fields: init ss
FAIL: gdb.python/py-type.exp: lang_c: test_fields: get fields from ss.type
FAIL: gdb.python/py-type.exp: lang_c: test_fields: Check length of ss_fields
FAIL: gdb.python/py-type.exp: lang_c: test_fields: Check ss_fields[0].name
FAIL: gdb.python/py-type.exp: lang_c: test_fields: Check ss_fields[1].name
FAIL: gdb.python/py-type.exp: lang_c: test_fields: Check that dir includes name
FAIL: gdb.python/py-type.exp: lang_c: test_fields: Check number of fields (st.type)
FAIL: gdb.python/py-type.exp: lang_c: test_fields: Check fields lookup by name
FAIL: gdb.python/py-type.exp: lang_c: test_fields: Check fields iteration over values
FAIL: gdb.python/py-type.exp: lang_c: test_fields: Check fields items list
FAIL: gdb.python/py-type.exp: lang_c: test_fields: Check field name exists test
FAIL: gdb.python/py-type.exp: lang_c: test_fields: Check field name nonexists test
FAIL: gdb.python/py-type.exp: lang_c: test_fields: Check conversion to bool
FAIL: gdb.python/py-type.exp: lang_c: test_fields: python print (len (st.type['a'].type))
FAIL: gdb.python/py-type.exp: lang_c: test_fields: python print (st.type['a'].type.has_key ('x'))
FAIL: gdb.python/py-type.exp: lang_c: test_fields: python print (st.type['a'].type.keys ())
FAIL: gdb.python/py-type.exp: lang_c: test_fields: python print (st.type['a'].type['x'])
FAIL: gdb.python/py-type.exp: lang_c: test_fields: python print (not not st.type['a'].type)
FAIL: gdb.python/py-type.exp: lang_c: test_fields: get value (ar) from history
FAIL: gdb.python/py-type.exp: lang_c: test_fields: Check the number of fields
FAIL: gdb.python/py-type.exp: lang_c: test_fields: Check array field type
FAIL: gdb.python/py-type.exp: lang_c: test_fields: cast to array with one argument
FAIL: gdb.python/py-type.exp: lang_c: test_fields: cast to array with two arguments
FAIL: gdb.python/py-type.exp: lang_c: test_fields: python print (ar[0].type == ar[0].type)
FAIL: gdb.python/py-type.exp: lang_c: test_fields: set vec1
FAIL: gdb.python/py-type.exp: lang_c: test_fields: cast to vector with one argument
FAIL: gdb.python/py-type.exp: lang_c: test_fields: set vec2
FAIL: gdb.python/py-type.exp: lang_c: test_fields: cast to vector with two arguments
FAIL: gdb.python/py-type.exp: lang_c: test_fields: python print (vec1 == vec2)
FAIL: gdb.python/py-type.exp: lang_c: test_fields: set vec3
FAIL: gdb.python/py-type.exp: lang_c: test_fields: python print (vec1 == vec3)
FAIL: gdb.python/py-type.exp: lang_c: test_enum: Check the number of enum fields
FAIL: gdb.python/py-type.exp: lang_c: test_enum: Check enum field[0] name
FAIL: gdb.python/py-type.exp: lang_c: test_enum: Check enum field[1]name
FAIL: gdb.python/py-type.exp: lang_c: test_enum: Check the number of type fields
FAIL: gdb.python/py-type.exp: lang_c: test_enum: Check enum field lookup by name (v1)
FAIL: gdb.python/py-type.exp: lang_c: test_enum: Check enum field lookup by name (v3)
FAIL: gdb.python/py-type.exp: lang_c: test_enum: Check num fields iteration over values
FAIL: gdb.python/py-type.exp: lang_c: test_enum: Check enum fields items list
FAIL: gdb.python/py-type.exp: lang_cpp: test_fields: get value (c) from history
FAIL: gdb.python/py-type.exp: lang_cpp: test_fields: get fields from c.type
FAIL: gdb.python/py-type.exp: lang_cpp: test_fields: Check number of fields (c)
FAIL: gdb.python/py-type.exp: lang_cpp: test_fields: Check class field c name
FAIL: gdb.python/py-type.exp: lang_cpp: test_fields: Check class field d name
FAIL: gdb.python/py-type.exp: lang_cpp: test_fields: python print (c.type == gdb.parse_and_eval('d').type)
FAIL: gdb.python/py-type.exp: lang_cpp: test_fields: python print (c.type == gdb.parse_and_eval('d').type.fields()[0].type)
FAIL: gdb.python/py-type.exp: lang_cpp: test_fields: get value (st) from history
FAIL: gdb.python/py-type.exp: lang_cpp: test_fields: get fields from st.type
FAIL: gdb.python/py-type.exp: lang_cpp: test_fields: Check number of fields (st)
FAIL: gdb.python/py-type.exp: lang_cpp: test_fields: Check structure field a name
FAIL: gdb.python/py-type.exp: lang_cpp: test_fields: Check structure field b name
FAIL: gdb.python/py-type.exp: lang_cpp: test_fields: init ss
FAIL: gdb.python/py-type.exp: lang_cpp: test_fields: get fields from ss.type
FAIL: gdb.python/py-type.exp: lang_cpp: test_fields: Check length of ss_fields
FAIL: gdb.python/py-type.exp: lang_cpp: test_fields: Check ss_fields[0].name
FAIL: gdb.python/py-type.exp: lang_cpp: test_fields: Check ss_fields[1].name
FAIL: gdb.python/py-type.exp: lang_cpp: test_fields: Check that dir includes name
FAIL: gdb.python/py-type.exp: lang_cpp: test_fields: Check number of fields (st.type)
FAIL: gdb.python/py-type.exp: lang_cpp: test_fields: Check fields lookup by name
FAIL: gdb.python/py-type.exp: lang_cpp: test_fields: Check fields iteration over values
FAIL: gdb.python/py-type.exp: lang_cpp: test_fields: Check fields items list
FAIL: gdb.python/py-type.exp: lang_cpp: test_fields: Check field name exists test
FAIL: gdb.python/py-type.exp: lang_cpp: test_fields: Check field name nonexists test
FAIL: gdb.python/py-type.exp: lang_cpp: test_fields: Check conversion to bool
FAIL: gdb.python/py-type.exp: lang_cpp: test_fields: python print (len (st.type['a'].type))
FAIL: gdb.python/py-type.exp: lang_cpp: test_fields: python print (st.type['a'].type.has_key ('x'))
FAIL: gdb.python/py-type.exp: lang_cpp: test_fields: python print (st.type['a'].type.keys ())
FAIL: gdb.python/py-type.exp: lang_cpp: test_fields: python print (st.type['a'].type['x'])
FAIL: gdb.python/py-type.exp: lang_cpp: test_fields: python print (not not st.type['a'].type)
FAIL: gdb.python/py-type.exp: lang_cpp: test_fields: get value (ar) from history
FAIL: gdb.python/py-type.exp: lang_cpp: test_fields: Check the number of fields
FAIL: gdb.python/py-type.exp: lang_cpp: test_fields: Check array field type
FAIL: gdb.python/py-type.exp: lang_cpp: test_fields: cast to array with one argument
FAIL: gdb.python/py-type.exp: lang_cpp: test_fields: cast to array with two arguments
FAIL: gdb.python/py-type.exp: lang_cpp: test_fields: python print (ar[0].type == ar[0].type)
FAIL: gdb.python/py-type.exp: lang_cpp: test_fields: set vec1
FAIL: gdb.python/py-type.exp: lang_cpp: test_fields: cast to vector with one argument
FAIL: gdb.python/py-type.exp: lang_cpp: test_fields: set vec2
FAIL: gdb.python/py-type.exp: lang_cpp: test_fields: cast to vector with two arguments
FAIL: gdb.python/py-type.exp: lang_cpp: test_fields: python print (vec1 == vec2)
FAIL: gdb.python/py-type.exp: lang_cpp: test_fields: set vec3
FAIL: gdb.python/py-type.exp: lang_cpp: test_fields: python print (vec1 == vec3)
FAIL: gdb.python/py-type.exp: lang_cpp: test_base_class: Check the number of fields
FAIL: gdb.python/py-type.exp: lang_cpp: test_base_class: Check base class (fields[0])
FAIL: gdb.python/py-type.exp: lang_cpp: test_range: on ranged value: Check correct tuple length
FAIL: gdb.python/py-type.exp: lang_cpp: test_range: on ranged value: Check range low bound
FAIL: gdb.python/py-type.exp: lang_cpp: test_range: on ranged value: Check range high bound
FAIL: gdb.python/py-type.exp: lang_cpp: test_range: on ranged type: Check range low bound
FAIL: gdb.python/py-type.exp: lang_cpp: test_range: on ranged type: Check range high bound
FAIL: gdb.python/py-type.exp: lang_cpp: test_enum: Check the number of enum fields
FAIL: gdb.python/py-type.exp: lang_cpp: test_enum: Check enum field[0] name
FAIL: gdb.python/py-type.exp: lang_cpp: test_enum: Check enum field[1]name
FAIL: gdb.python/py-type.exp: lang_cpp: test_enum: Check the number of type fields
FAIL: gdb.python/py-type.exp: lang_cpp: test_enum: Check enum field lookup by name (v1)
FAIL: gdb.python/py-type.exp: lang_cpp: test_enum: Check enum field lookup by name (v3)
FAIL: gdb.python/py-type.exp: lang_cpp: test_enum: Check num fields iteration over values
FAIL: gdb.python/py-type.exp: lang_cpp: test_enum: Check enum fields items list
FAIL: gdb.python/py-value-cc.exp: python print (str(gdb.parse_and_eval("a").type))
FAIL: gdb.python/py-value-cc.exp: python print (str(gdb.parse_and_eval("a").referenced_value().type))
FAIL: gdb.python/py-value-cc.exp: python print (str(gdb.parse_and_eval("int_ref").type))
FAIL: gdb.python/py-value-cc.exp: python print (str(gdb.parse_and_eval("int_ref").referenced_value().type))
FAIL: gdb.python/py-value-cc.exp: python print (str(gdb.parse_and_eval("int_ref").referenced_value()))
FAIL: gdb.python/py-value-cc.exp: python print (str(gdb.parse_and_eval("int_ptr_ref").dereference().type))
FAIL: gdb.python/py-value-cc.exp: python print (str(gdb.parse_and_eval("int_ptr_ref").referenced_value().type))
FAIL: gdb.python/py-value-cc.exp: python print (str(gdb.parse_and_eval("int_ptr_ref").referenced_value().dereference()))
FAIL: gdb.python/py-value-cc.exp: python print (str(gdb.parse_and_eval("int_ptr_ref").referenced_value().referenced_value()))
FAIL: gdb.python/py-value-cc.exp: init b
FAIL: gdb.python/py-value-cc.exp: init b_fields
FAIL: gdb.python/py-value-cc.exp: init b_obj
FAIL: gdb.python/py-value-cc.exp: init b_ref
FAIL: gdb.python/py-value-cc.exp: init b_td
FAIL: gdb.python/py-value-cc.exp: init u
FAIL: gdb.python/py-value-cc.exp: init u_fields
FAIL: gdb.python/py-value-cc.exp: init x
FAIL: gdb.python/py-value-cc.exp: init x_fields
FAIL: gdb.python/py-value-cc.exp: init uu
FAIL: gdb.python/py-value-cc.exp: init uu_fields
FAIL: gdb.python/py-value-cc.exp: init x_ptr
FAIL: gdb.python/py-value-cc.exp: init xtd
FAIL: gdb.python/py-value-cc.exp: b.a via field
FAIL: gdb.python/py-value-cc.exp: b.a via field
FAIL: gdb.python/py-value-cc.exp: type of b's base class via field
FAIL: gdb.python/py-value-cc.exp: b.A::a via field
FAIL: gdb.python/py-value-cc.exp: b_obj->a via field
FAIL: gdb.python/py-value-cc.exp: type of b_obj's base class via field
FAIL: gdb.python/py-value-cc.exp: b_obj->A::a via field
FAIL: gdb.python/py-value-cc.exp: b_ref.a via field
FAIL: gdb.python/py-value-cc.exp: type of b_ref's base class via field
FAIL: gdb.python/py-value-cc.exp: b_ref.A::a via field
FAIL: gdb.python/py-value-cc.exp: b_td.a via field
FAIL: gdb.python/py-value-cc.exp: type of b_td's base class via field
FAIL: gdb.python/py-value-cc.exp: b_td.A::a via field
FAIL: gdb.python/py-value-cc.exp: u's first field via field
FAIL: gdb.python/py-value-cc.exp: u's second field via field
FAIL: gdb.python/py-value-cc.exp: number for fields in u
FAIL: gdb.python/py-value-cc.exp: x.x via field
FAIL: gdb.python/py-value-cc.exp: x.a via field
FAIL: gdb.python/py-value-cc.exp: x_ptr->x via field
FAIL: gdb.python/py-value-cc.exp: x_ptr->a via field
FAIL: gdb.python/py-value-cc.exp: xtd->x via field
FAIL: gdb.python/py-value-cc.exp: xtd->a via field
FAIL: gdb.python/py-value-cc.exp: number of fields in uu
FAIL: gdb.python/py-value-cc.exp: uu.x via field
FAIL: gdb.python/py-value-cc.exp: uu.a via field
FAIL: gdb.python/py-value-cc.exp: init a
FAIL: gdb.python/py-value-cc.exp: a + 5
FAIL: gdb.python/py-value.exp: print s
FAIL: gdb.python/py-value.exp: access element inside struct using 8-bit string name
FAIL: gdb.python/py-value.exp: access element inside struct using unicode name
FAIL: gdb.python/py-value.exp: print argv
FAIL: gdb.python/py-value.exp: dereference value
FAIL: gdb.python/py-value.exp: Test is_optimized_out attribute
FAIL: gdb.python/py-value.exp: Test address attribute
FAIL: gdb.python/py-value.exp: python print (argc_lazy.is_lazy)
FAIL: gdb.python/py-value.exp: python print (argc_notlazy.is_lazy)
FAIL: gdb.python/py-value.exp: sanity check argc
FAIL: gdb.python/py-value.exp: python print (argc_lazy.is_lazy)
FAIL: gdb.python/py-value.exp: set argc=2
FAIL: gdb.python/py-value.exp: python print (argc_notlazy)
FAIL: gdb.python/py-value.exp: python print (argc_lazy)
FAIL: gdb.python/py-value.exp: python print (argc_lazy.is_lazy)
FAIL: gdb.python/py-value.exp: print st
FAIL: gdb.python/py-value.exp: Test string with no length
FAIL: gdb.python/py-value.exp: Test string (length = -1) is all of the string
FAIL: gdb.python/py-value.exp: python print (st.string (length = 6))
FAIL: gdb.python/py-value.exp: Test string (length = 0) is empty
FAIL: gdb.python/py-value.exp: Test length is 0
FAIL: gdb.python/py-value.exp: print nullst
FAIL: gdb.python/py-value.exp: Test string to first null
FAIL: gdb.python/py-value.exp: get string beyond null
FAIL: gdb.python/py-value.exp: python print (repr(nullst))
FAIL: gdb.python/py-value.exp: get xstr
FAIL: gdb.python/py-value.exp: read string beyond declared size
FAIL: gdb.python/py-value.exp: p/x fp1
FAIL: gdb.python/py-value.exp: python print (result)
FAIL: gdb.python/py-value.exp: p/x fp2
FAIL: gdb.python/py-value.exp: python print (result2)
FAIL: gdb.python/py-value.exp: p i
FAIL: gdb.python/py-value.exp: p/x fp2
FAIL: gdb.python/py-value.exp: python result2 = fp3(10)
FAIL: gdb.python/py-value.exp: print sptr
FAIL: gdb.python/py-value.exp: Aquire lazy string
FAIL: gdb.python/py-value.exp: Test lazy-string type name equality
FAIL: gdb.python/py-value.exp: Test string type name equality
FAIL: gdb.python/py-value.exp: print sn
FAIL: gdb.python/py-value.exp: Test lazy string
FAIL: gdb.python/py-value.exp: Succesfully create a lazy string
FAIL: gdb.python/py-value.exp: Test lazy string length
FAIL: gdb.python/py-value.exp: Test lazy string address
FAIL: gdb.python/py-value.exp: cast arg0 to PTR
FAIL: gdb.python/py-value.exp: print value's type
FAIL: gdb.python/py-value.exp:
FAIL: gdb.python/py-value.exp: Access array via pointer with int subscript
FAIL: gdb.python/py-value.exp: Access array via pointer with value subscript
FAIL: gdb.python/py-value.exp: Attempt to access an integer with a subscript
FAIL: gdb.python/py-value.exp: c++: Obtains value from GDB
FAIL: gdb.python/py-value.exp: c++: Check pointer passed as reference
FAIL: gdb.python/py-value.exp: c++:
FAIL: gdb.python/py-value.exp: c++: Access array via pointer with int subscript
FAIL: gdb.python/py-value.exp: c++: Access array via pointer with value subscript
FAIL: gdb.python/py-value.exp: c++: Attempt to access an integer with a subscript
FAIL: gdb.python/python.exp: Test decode_line func1 line number
FAIL: gdb.server/ext-attach.exp: attach to remote program 1
FAIL: gdb.server/ext-attach.exp: detach
FAIL: gdb.server/ext-attach.exp: attach to remote program 2
FAIL: gdb.server/no-thread-db.exp: libthread-db is now unresolvable
FAIL: gdb.server/no-thread-db.exp: print foo
FAIL: gdb.server/server-kill.exp: tstatus
FAIL: gdb.server/wrapper.exp: continue to marker (the program is no longer running)
FAIL: gdb.server/wrapper.exp: print d
FAIL: gdb.stabs/gdb11479.exp: Inspect t in test2 natural_debug_format
FAIL: gdb.stabs/gdb11479.exp: Inspect t in test natural_debug_format
FAIL: gdb.trace/entry-values.exp: Find the call or branch instruction offset in bar
FAIL: gdb.trace/mi-traceframe-changed.exp: tfile: tfind 0 again
FAIL: gdb.trace/mi-traceframe-changed.exp: tfile: -trace-find frame-number 0
FAIL: gdb.trace/tfile.exp: tfind 0 on trace file

		=== gdb Summary ===

# of expected passes		14072
# of unexpected failures	1942
# of expected failures		30
# of known failures		28
# of unresolved testcases	41
# of untested testcases		74
# of unsupported tests		248
/home/uweigand/dailybuild/spu-tc-2014-04-07/gdb-build/gdb/testsuite/../../gdb/gdb version  7.7.50.20140407-cvs -nw -nx -data-directory /home/uweigand/dailybuild/spu-tc-2014-04-07/gdb-build/gdb/testsuite/../data-directory 


Platform: spu-unknown-elf
configure flags: --disable-binutils --disable-gas --disable-ld --disable-gprof --target=spu --with-expat --disable-nls --disable-install-libbfd --prefix=/home/uweigand/dailybuild/spu-tc-2014-04-07/spu-toolchain

############################################################
# PPU-GDB test suite results (gdb.cell only)               #
############################################################
Native configuration is powerpc64-unknown-linux-gnu

		=== gdb tests ===


Running target unix/-m32
FAIL: gdb.cell/ea-standalone.exp: p myarray[0]
FAIL: gdb.cell/ea-standalone.exp: p myarray[0]
FAIL: gdb.cell/ea-standalone.exp: p myarray[0]
FAIL: gdb.cell/gcore.exp: backtrace in thread 1
FAIL: gdb.cell/gcore.exp: backtrace in thread 2
FAIL: gdb.cell/gcore.exp: backtrace in thread 3
FAIL: gdb.cell/gcore.exp: backtrace in thread 4
FAIL: gdb.cell/gcore.exp: backtrace in thread 5
FAIL: gdb.cell/data.exp: check_var var_char = 'c'
FAIL: gdb.cell/data.exp: check_var var_short = 7
FAIL: gdb.cell/data.exp: check_var var_int = 1337
FAIL: gdb.cell/data.exp: check_var var_long = 123456
FAIL: gdb.cell/data.exp: check_var var_longlong = 123456789
FAIL: gdb.cell/core.exp: backtrace in thread 2
FAIL: gdb.cell/core.exp: backtrace in thread 3
FAIL: gdb.cell/core.exp: backtrace in thread 4
FAIL: gdb.cell/core.exp: backtrace in thread 5
FAIL: gdb.cell/core.exp: backtrace in thread 6

		=== gdb Summary for unix/-m32 ===

# of expected passes		8

Running target unix/-m64
FAIL: gdb.cell/bt.exp: backtrace
FAIL: gdb.cell/bt.exp: backtrace in thread 2
FAIL: gdb.cell/bt.exp: backtrace in thread 3
FAIL: gdb.cell/bt.exp: backtrace in thread 4
FAIL: gdb.cell/bt.exp: backtrace in thread 5
FAIL: gdb.cell/bt.exp: backtrace in thread 6
FAIL: gdb.cell/ea-standalone.exp: p myarray[0]
FAIL: gdb.cell/ea-standalone.exp: p myarray[0]
FAIL: gdb.cell/ea-standalone.exp: p myarray[0]
FAIL: gdb.cell/gcore.exp: backtrace in thread 1
FAIL: gdb.cell/gcore.exp: backtrace in thread 2
FAIL: gdb.cell/gcore.exp: backtrace in thread 3
FAIL: gdb.cell/gcore.exp: backtrace in thread 4
FAIL: gdb.cell/gcore.exp: backtrace in thread 5
FAIL: gdb.cell/data.exp: check_var var_char = 'c'
FAIL: gdb.cell/data.exp: check_var var_short = 7
FAIL: gdb.cell/data.exp: check_var var_int = 1337
FAIL: gdb.cell/data.exp: check_var var_long = 123456
FAIL: gdb.cell/data.exp: check_var var_longlong = 123456789
FAIL: gdb.cell/core.exp: backtrace in thread 2
FAIL: gdb.cell/core.exp: backtrace in thread 3
FAIL: gdb.cell/core.exp: backtrace in thread 4
FAIL: gdb.cell/core.exp: backtrace in thread 5
FAIL: gdb.cell/core.exp: backtrace in thread 6

		=== gdb Summary for unix/-m64 ===

# of expected passes		8

		=== gdb Summary ===

# of expected passes		2084
# of unexpected failures	42
# of expected failures		18
/home/uweigand/dailybuild/spu-tc-2014-04-07/ppu-gdb-build/gdb/testsuite/../../gdb/gdb version  7.7.50.20140407-cvs -nw -nx -data-directory /home/uweigand/dailybuild/spu-tc-2014-04-07/ppu-gdb-build/gdb/testsuite/../data-directory 


Platform: powerpc64-unknown-linux-gnu
configure flags: --disable-binutils --disable-gas --disable-ld --disable-gprof --enable-targets=spu --with-expat --disable-nls --disable-install-libbfd --prefix=/home/uweigand/dailybuild/spu-tc-2014-04-07/spu-toolchain


Index Nav: [Date Index] [Subject Index] [Author Index] [Thread Index]
Message Nav: [Date Prev] [Date Next] [Thread Prev] [Thread Next]