This is the mail archive of the
gcc-testresults@gcc.gnu.org
mailing list for the GCC project.
Results for 4.9.0 20140408 (experimental) (GCC) testsuite on i686-pc-linux-gnu
- From: CodeSourcery Automatic Testing System <gcc at codesourcery dot com>
- To: <gcc-testresults at gcc dot gnu dot org>
- Date: Tue, 8 Apr 2014 05:30:22 -0700
- Subject: Results for 4.9.0 20140408 (experimental) (GCC) testsuite on i686-pc-linux-gnu
- Authentication-results: sourceware.org; auth=none
LAST_UPDATED: Tue Apr 8 07:09:21 UTC 2014 (/trunk revision 209209)
Native configuration is i686-pc-linux-gnu
=== g++ tests ===
Running target localhost
UNRESOLVED: g++.dg/eh/anon2.C -std=c++98 scan-assembler \\\\*N12_GLOBAL__N_11AE
UNRESOLVED: g++.dg/eh/anon2.C -std=c++11 scan-assembler \\\\*N12_GLOBAL__N_11AE
UNRESOLVED: g++.dg/eh/anon2.C -std=c++1y scan-assembler \\\\*N12_GLOBAL__N_11AE
UNRESOLVED: g++.dg/eh/spec11.C -std=gnu++98 scan-assembler-not _ZSt9terminatev
UNRESOLVED: g++.dg/eh/spec11.C -std=gnu++98 scan-assembler-not EHB
UNRESOLVED: g++.dg/eh/spec11.C -std=gnu++98 scan-assembler LSDA
UNRESOLVED: g++.dg/eh/spec11.C -std=gnu++11 scan-assembler-not _ZSt9terminatev
UNRESOLVED: g++.dg/eh/spec11.C -std=gnu++11 scan-assembler-not EHB
UNRESOLVED: g++.dg/eh/spec11.C -std=gnu++11 scan-assembler LSDA
UNRESOLVED: g++.dg/eh/spec11.C -std=gnu++1y scan-assembler-not _ZSt9terminatev
UNRESOLVED: g++.dg/eh/spec11.C -std=gnu++1y scan-assembler-not EHB
UNRESOLVED: g++.dg/eh/spec11.C -std=gnu++1y scan-assembler LSDA
UNRESOLVED: g++.dg/eh/terminate1.C -std=c++98 scan-assembler-not _ZSt9terminatev
UNRESOLVED: g++.dg/eh/terminate1.C -std=c++98 scan-assembler-not LEHB2
UNRESOLVED: g++.dg/eh/terminate1.C -std=c++11 scan-assembler-not _ZSt9terminatev
UNRESOLVED: g++.dg/eh/terminate1.C -std=c++11 scan-assembler-not LEHB2
UNRESOLVED: g++.dg/eh/terminate1.C -std=c++1y scan-assembler-not _ZSt9terminatev
UNRESOLVED: g++.dg/eh/terminate1.C -std=c++1y scan-assembler-not LEHB2
UNRESOLVED: g++.dg/ext/asm1.C -std=c++98 scan-assembler foo on
UNRESOLVED: g++.dg/ext/asm1.C -std=c++98 scan-assembler bar on
UNRESOLVED: g++.dg/ext/asm1.C -std=c++98 scan-assembler frob on
UNRESOLVED: g++.dg/ext/asm1.C -std=c++11 scan-assembler foo on
UNRESOLVED: g++.dg/ext/asm1.C -std=c++11 scan-assembler bar on
UNRESOLVED: g++.dg/ext/asm1.C -std=c++11 scan-assembler frob on
UNRESOLVED: g++.dg/ext/asm1.C -std=c++1y scan-assembler foo on
UNRESOLVED: g++.dg/ext/asm1.C -std=c++1y scan-assembler bar on
UNRESOLVED: g++.dg/ext/asm1.C -std=c++1y scan-assembler frob on
UNRESOLVED: g++.dg/ext/attr-used-1.C -std=c++98 scan-assembler _ZN1AIiE1fEv
UNRESOLVED: g++.dg/ext/attr-used-1.C -std=c++98 scan-assembler _ZN1AIiE1tE
UNRESOLVED: g++.dg/ext/attr-used-1.C -std=c++11 scan-assembler _ZN1AIiE1fEv
UNRESOLVED: g++.dg/ext/attr-used-1.C -std=c++11 scan-assembler _ZN1AIiE1tE
UNRESOLVED: g++.dg/ext/attr-used-1.C -std=c++1y scan-assembler _ZN1AIiE1fEv
UNRESOLVED: g++.dg/ext/attr-used-1.C -std=c++1y scan-assembler _ZN1AIiE1tE
UNRESOLVED: g++.dg/ext/pragmaweak1.C -std=c++98 scan-assembler-not _Z3Foov
UNRESOLVED: g++.dg/ext/pragmaweak1.C -std=c++11 scan-assembler-not _Z3Foov
UNRESOLVED: g++.dg/ext/pragmaweak1.C -std=c++1y scan-assembler-not _Z3Foov
UNRESOLVED: g++.dg/ext/vector26.C -std=gnu++11 scan-assembler-not globl[ \\t]*_Z3bar
UNRESOLVED: g++.dg/ext/vector26.C -std=gnu++1y scan-assembler-not globl[ \\t]*_Z3bar
UNRESOLVED: g++.dg/ext/visibility/anon11.C -std=c++98 scan-assembler-not \\\\.local
UNRESOLVED: g++.dg/ext/visibility/anon11.C -std=c++11 scan-assembler-not \\\\.local
UNRESOLVED: g++.dg/ext/visibility/anon11.C -std=c++1y scan-assembler-not \\\\.local
UNRESOLVED: g++.dg/ext/visibility/anon6.C -std=c++98 scan-assembler 1BIiE1cE
UNRESOLVED: g++.dg/ext/visibility/anon6.C -std=c++98 scan-assembler-not globl.*1BIiE1cE
UNRESOLVED: g++.dg/ext/visibility/anon6.C -std=c++98 scan-assembler-not comdat
UNRESOLVED: g++.dg/ext/visibility/anon6.C -std=c++98 scan-assembler-not weak
UNRESOLVED: g++.dg/ext/visibility/anon6.C -std=c++98 scan-assembler-not 1AIiE1cE
UNRESOLVED: g++.dg/ext/visibility/anon6.C -std=c++11 scan-assembler 1BIiE1cE
UNRESOLVED: g++.dg/ext/visibility/anon6.C -std=c++11 scan-assembler-not globl.*1BIiE1cE
UNRESOLVED: g++.dg/ext/visibility/anon6.C -std=c++11 scan-assembler-not comdat
UNRESOLVED: g++.dg/ext/visibility/anon6.C -std=c++11 scan-assembler-not weak
UNRESOLVED: g++.dg/ext/visibility/anon6.C -std=c++11 scan-assembler-not 1AIiE1cE
UNRESOLVED: g++.dg/ext/visibility/anon6.C -std=c++1y scan-assembler 1BIiE1cE
UNRESOLVED: g++.dg/ext/visibility/anon6.C -std=c++1y scan-assembler-not globl.*1BIiE1cE
UNRESOLVED: g++.dg/ext/visibility/anon6.C -std=c++1y scan-assembler-not comdat
UNRESOLVED: g++.dg/ext/visibility/anon6.C -std=c++1y scan-assembler-not weak
UNRESOLVED: g++.dg/ext/visibility/anon6.C -std=c++1y scan-assembler-not 1AIiE1cE
UNRESOLVED: g++.dg/ext/visibility/guard1.C -std=gnu++98 scan-not-hidden hidden[ \\t_]*_ZGVZN5otherclEvE4s_cd
UNRESOLVED: g++.dg/ext/visibility/guard1.C -std=gnu++11 scan-not-hidden hidden[ \\t_]*_ZGVZN5otherclEvE4s_cd
UNRESOLVED: g++.dg/ext/visibility/guard1.C -std=gnu++1y scan-not-hidden hidden[ \\t_]*_ZGVZN5otherclEvE4s_cd
UNRESOLVED: g++.dg/ext/visibility/local1.C -std=c++98 scan-hidden hidden[ \\t_]*_Z1fv
UNRESOLVED: g++.dg/ext/visibility/local1.C -std=c++98 scan-hidden hidden[ \\t_]*_ZZ1fvE1i
UNRESOLVED: g++.dg/ext/visibility/local1.C -std=c++98 scan-hidden hidden[ \\t_]*_ZZ1fvEN1A1fEv
UNRESOLVED: g++.dg/ext/visibility/local1.C -std=c++11 scan-hidden hidden[ \\t_]*_Z1fv
UNRESOLVED: g++.dg/ext/visibility/local1.C -std=c++11 scan-hidden hidden[ \\t_]*_ZZ1fvE1i
UNRESOLVED: g++.dg/ext/visibility/local1.C -std=c++11 scan-hidden hidden[ \\t_]*_ZZ1fvEN1A1fEv
UNRESOLVED: g++.dg/ext/visibility/local1.C -std=c++1y scan-hidden hidden[ \\t_]*_Z1fv
UNRESOLVED: g++.dg/ext/visibility/local1.C -std=c++1y scan-hidden hidden[ \\t_]*_ZZ1fvE1i
UNRESOLVED: g++.dg/ext/visibility/local1.C -std=c++1y scan-hidden hidden[ \\t_]*_ZZ1fvEN1A1fEv
UNRESOLVED: g++.dg/ext/visibility/ms-compat-1.C -std=gnu++98 scan-not-hidden hidden[ \\t_]*_ZTI1S
UNRESOLVED: g++.dg/ext/visibility/ms-compat-1.C -std=gnu++98 scan-hidden hidden[ \\t_]*_ZTI1T
UNRESOLVED: g++.dg/ext/visibility/ms-compat-1.C -std=gnu++98 scan-not-hidden hidden[ \\t_]*_ZTI1U
UNRESOLVED: g++.dg/ext/visibility/ms-compat-1.C -std=gnu++98 scan-not-hidden hidden[ \\t_]*_ZN1U6hide_4Ev
UNRESOLVED: g++.dg/ext/visibility/ms-compat-1.C -std=gnu++11 scan-not-hidden hidden[ \\t_]*_ZTI1S
UNRESOLVED: g++.dg/ext/visibility/ms-compat-1.C -std=gnu++11 scan-hidden hidden[ \\t_]*_ZTI1T
UNRESOLVED: g++.dg/ext/visibility/ms-compat-1.C -std=gnu++11 scan-not-hidden hidden[ \\t_]*_ZTI1U
UNRESOLVED: g++.dg/ext/visibility/ms-compat-1.C -std=gnu++11 scan-not-hidden hidden[ \\t_]*_ZN1U6hide_4Ev
UNRESOLVED: g++.dg/ext/visibility/ms-compat-1.C -std=gnu++1y scan-not-hidden hidden[ \\t_]*_ZTI1S
UNRESOLVED: g++.dg/ext/visibility/ms-compat-1.C -std=gnu++1y scan-hidden hidden[ \\t_]*_ZTI1T
UNRESOLVED: g++.dg/ext/visibility/ms-compat-1.C -std=gnu++1y scan-not-hidden hidden[ \\t_]*_ZTI1U
UNRESOLVED: g++.dg/ext/visibility/ms-compat-1.C -std=gnu++1y scan-not-hidden hidden[ \\t_]*_ZN1U6hide_4Ev
UNRESOLVED: g++.dg/ext/visibility/namespace1.C -std=c++98 scan-hidden hidden[ \\t_]*_ZN3foo1fEv
UNRESOLVED: g++.dg/ext/visibility/namespace1.C -std=c++98 scan-hidden hidden[ \\t_]*_ZN3foo1gEv
UNRESOLVED: g++.dg/ext/visibility/namespace1.C -std=c++98 scan-hidden hidden[ \\t_]*_ZN3foo1A1mEv
UNRESOLVED: g++.dg/ext/visibility/namespace1.C -std=c++98 scan-hidden hidden[ \\t_]*_ZN3foo1tIiEEvv
UNRESOLVED: g++.dg/ext/visibility/namespace1.C -std=c++98 scan-not-hidden hidden[ \\t_]*_ZN3foo1hEv
UNRESOLVED: g++.dg/ext/visibility/namespace1.C -std=c++11 scan-hidden hidden[ \\t_]*_ZN3foo1fEv
UNRESOLVED: g++.dg/ext/visibility/namespace1.C -std=c++11 scan-hidden hidden[ \\t_]*_ZN3foo1gEv
UNRESOLVED: g++.dg/ext/visibility/namespace1.C -std=c++11 scan-hidden hidden[ \\t_]*_ZN3foo1A1mEv
UNRESOLVED: g++.dg/ext/visibility/namespace1.C -std=c++11 scan-hidden hidden[ \\t_]*_ZN3foo1tIiEEvv
UNRESOLVED: g++.dg/ext/visibility/namespace1.C -std=c++11 scan-not-hidden hidden[ \\t_]*_ZN3foo1hEv
UNRESOLVED: g++.dg/ext/visibility/namespace1.C -std=c++1y scan-hidden hidden[ \\t_]*_ZN3foo1fEv
UNRESOLVED: g++.dg/ext/visibility/namespace1.C -std=c++1y scan-hidden hidden[ \\t_]*_ZN3foo1gEv
UNRESOLVED: g++.dg/ext/visibility/namespace1.C -std=c++1y scan-hidden hidden[ \\t_]*_ZN3foo1A1mEv
UNRESOLVED: g++.dg/ext/visibility/namespace1.C -std=c++1y scan-hidden hidden[ \\t_]*_ZN3foo1tIiEEvv
UNRESOLVED: g++.dg/ext/visibility/namespace1.C -std=c++1y scan-not-hidden hidden[ \\t_]*_ZN3foo1hEv
UNRESOLVED: g++.dg/ext/visibility/namespace2.C -std=gnu++98 scan-hidden hidden[ \\t_]*_ZN4Test4testEv
UNRESOLVED: g++.dg/ext/visibility/namespace2.C -std=gnu++11 scan-hidden hidden[ \\t_]*_ZN4Test4testEv
UNRESOLVED: g++.dg/ext/visibility/namespace2.C -std=gnu++1y scan-hidden hidden[ \\t_]*_ZN4Test4testEv
UNRESOLVED: g++.dg/ext/visibility/new1.C -std=gnu++98 scan-not-hidden hidden[ \\t_]*_Znwj
UNRESOLVED: g++.dg/ext/visibility/new1.C -std=gnu++11 scan-not-hidden hidden[ \\t_]*_Znwj
UNRESOLVED: g++.dg/ext/visibility/new1.C -std=gnu++1y scan-not-hidden hidden[ \\t_]*_Znwj
UNRESOLVED: g++.dg/ext/visibility/overload-1.C -std=c++98 scan-hidden hidden[ \\t_]*_Z3fooP8a_struct
UNRESOLVED: g++.dg/ext/visibility/overload-1.C -std=c++11 scan-hidden hidden[ \\t_]*_Z3fooP8a_struct
UNRESOLVED: g++.dg/ext/visibility/overload-1.C -std=c++1y scan-hidden hidden[ \\t_]*_Z3fooP8a_struct
UNRESOLVED: g++.dg/ext/visibility/template1.C -std=gnu++98 scan-not-hidden hidden[ \\t_]*_ZN1AIiE3fooEv
UNRESOLVED: g++.dg/ext/visibility/template1.C -std=gnu++98 scan-not-hidden hidden[ \\t_]*_ZN1AIiE3barEv
UNRESOLVED: g++.dg/ext/visibility/template1.C -std=gnu++98 scan-hidden hidden[ \\t_]*_ZN1AIlE3fooEv
UNRESOLVED: g++.dg/ext/visibility/template1.C -std=gnu++98 scan-hidden hidden[ \\t_]*_ZN1AIlE3barEv
UNRESOLVED: g++.dg/ext/visibility/template1.C -std=gnu++98 scan-hidden hidden[ \\t_]*_ZN1AIcE3barEv
UNRESOLVED: g++.dg/ext/visibility/template1.C -std=gnu++11 scan-not-hidden hidden[ \\t_]*_ZN1AIiE3fooEv
UNRESOLVED: g++.dg/ext/visibility/template1.C -std=gnu++11 scan-not-hidden hidden[ \\t_]*_ZN1AIiE3barEv
UNRESOLVED: g++.dg/ext/visibility/template1.C -std=gnu++11 scan-hidden hidden[ \\t_]*_ZN1AIlE3fooEv
UNRESOLVED: g++.dg/ext/visibility/template1.C -std=gnu++11 scan-hidden hidden[ \\t_]*_ZN1AIlE3barEv
UNRESOLVED: g++.dg/ext/visibility/template1.C -std=gnu++11 scan-hidden hidden[ \\t_]*_ZN1AIcE3barEv
UNRESOLVED: g++.dg/ext/visibility/template1.C -std=gnu++1y scan-not-hidden hidden[ \\t_]*_ZN1AIiE3fooEv
UNRESOLVED: g++.dg/ext/visibility/template1.C -std=gnu++1y scan-not-hidden hidden[ \\t_]*_ZN1AIiE3barEv
UNRESOLVED: g++.dg/ext/visibility/template1.C -std=gnu++1y scan-hidden hidden[ \\t_]*_ZN1AIlE3fooEv
UNRESOLVED: g++.dg/ext/visibility/template1.C -std=gnu++1y scan-hidden hidden[ \\t_]*_ZN1AIlE3barEv
UNRESOLVED: g++.dg/ext/visibility/template1.C -std=gnu++1y scan-hidden hidden[ \\t_]*_ZN1AIcE3barEv
UNRESOLVED: g++.dg/ext/visibility/template10.C -std=gnu++98 scan-not-hidden hidden[ \\t_]*_Z8testfuncI3fooEvv
UNRESOLVED: g++.dg/ext/visibility/template10.C -std=gnu++11 scan-not-hidden hidden[ \\t_]*_Z8testfuncI3fooEvv
UNRESOLVED: g++.dg/ext/visibility/template10.C -std=gnu++1y scan-not-hidden hidden[ \\t_]*_Z8testfuncI3fooEvv
UNRESOLVED: g++.dg/ext/visibility/template11.C -std=gnu++98 scan-not-hidden hidden[ \\t_]*_ZN13template_testI4testE8functionEv
UNRESOLVED: g++.dg/ext/visibility/template11.C -std=gnu++11 scan-not-hidden hidden[ \\t_]*_ZN13template_testI4testE8functionEv
UNRESOLVED: g++.dg/ext/visibility/template11.C -std=gnu++1y scan-not-hidden hidden[ \\t_]*_ZN13template_testI4testE8functionEv
UNRESOLVED: g++.dg/ext/visibility/template12.C -std=gnu++98 scan-not-hidden hidden[ \\t_]*_ZN1aI1bE1cE
UNRESOLVED: g++.dg/ext/visibility/template12.C -std=gnu++11 scan-not-hidden hidden[ \\t_]*_ZN1aI1bE1cE
UNRESOLVED: g++.dg/ext/visibility/template12.C -std=gnu++1y scan-not-hidden hidden[ \\t_]*_ZN1aI1bE1cE
UNRESOLVED: g++.dg/ext/visibility/template3.C -std=c++98 scan-hidden hidden[ \\t_]*_ZN1AIlE1fEl
UNRESOLVED: g++.dg/ext/visibility/template3.C -std=c++98 scan-hidden hidden[ \\t_]*_ZN1AIiE1fEi
UNRESOLVED: g++.dg/ext/visibility/template3.C -std=c++98 scan-not-hidden hidden[ \\t_]*_ZN1AIcE1fEc
UNRESOLVED: g++.dg/ext/visibility/template3.C -std=c++98 scan-hidden hidden[ \\t_]*_Z8identityIdET_S0_
UNRESOLVED: g++.dg/ext/visibility/template3.C -std=c++98 scan-not-hidden hidden[ \\t_]*_Z8identityIiET_S0_
UNRESOLVED: g++.dg/ext/visibility/template3.C -std=c++11 scan-hidden hidden[ \\t_]*_ZN1AIlE1fEl
UNRESOLVED: g++.dg/ext/visibility/template3.C -std=c++11 scan-hidden hidden[ \\t_]*_ZN1AIiE1fEi
UNRESOLVED: g++.dg/ext/visibility/template3.C -std=c++11 scan-not-hidden hidden[ \\t_]*_ZN1AIcE1fEc
UNRESOLVED: g++.dg/ext/visibility/template3.C -std=c++11 scan-hidden hidden[ \\t_]*_Z8identityIdET_S0_
UNRESOLVED: g++.dg/ext/visibility/template3.C -std=c++11 scan-not-hidden hidden[ \\t_]*_Z8identityIiET_S0_
UNRESOLVED: g++.dg/ext/visibility/template3.C -std=c++1y scan-hidden hidden[ \\t_]*_ZN1AIlE1fEl
UNRESOLVED: g++.dg/ext/visibility/template3.C -std=c++1y scan-hidden hidden[ \\t_]*_ZN1AIiE1fEi
UNRESOLVED: g++.dg/ext/visibility/template3.C -std=c++1y scan-not-hidden hidden[ \\t_]*_ZN1AIcE1fEc
UNRESOLVED: g++.dg/ext/visibility/template3.C -std=c++1y scan-hidden hidden[ \\t_]*_Z8identityIdET_S0_
UNRESOLVED: g++.dg/ext/visibility/template3.C -std=c++1y scan-not-hidden hidden[ \\t_]*_Z8identityIiET_S0_
UNRESOLVED: g++.dg/ext/visibility/template4.C -std=c++98 scan-hidden hidden[ \\t_]*_Z3fooIdEvT_
UNRESOLVED: g++.dg/ext/visibility/template4.C -std=c++98 scan-hidden hidden[ \\t_]*_Z3fooIlEvT_
UNRESOLVED: g++.dg/ext/visibility/template4.C -std=c++98 scan-hidden hidden[ \\t_]*_Z3fooIcEvT_
UNRESOLVED: g++.dg/ext/visibility/template4.C -std=c++98 scan-hidden hidden[ \\t_]*_Z3fooIiEvT_
UNRESOLVED: g++.dg/ext/visibility/template4.C -std=c++98 scan-not-hidden hidden[ \\t_]*_Z3fooIfEvT_
UNRESOLVED: g++.dg/ext/visibility/template4.C -std=c++98 scan-not-hidden hidden[ \\t_]*_Z3fooIsEvT_
UNRESOLVED: g++.dg/ext/visibility/template4.C -std=c++98 scan-hidden hidden[ \\t_]*_Z3barIdEvT_
UNRESOLVED: g++.dg/ext/visibility/template4.C -std=c++98 scan-hidden hidden[ \\t_]*_Z3barIlEvT_
UNRESOLVED: g++.dg/ext/visibility/template4.C -std=c++98 scan-hidden hidden[ \\t_]*_Z3barIiEvT_
UNRESOLVED: g++.dg/ext/visibility/template4.C -std=c++98 scan-hidden hidden[ \\t_]*_Z3barIcEvT_
UNRESOLVED: g++.dg/ext/visibility/template4.C -std=c++98 scan-not-hidden hidden[ \\t_]*_Z3barIfEvT_
UNRESOLVED: g++.dg/ext/visibility/template4.C -std=c++98 scan-not-hidden hidden[ \\t_]*_Z3barIsEvT_
UNRESOLVED: g++.dg/ext/visibility/template4.C -std=c++11 scan-hidden hidden[ \\t_]*_Z3fooIdEvT_
UNRESOLVED: g++.dg/ext/visibility/template4.C -std=c++11 scan-hidden hidden[ \\t_]*_Z3fooIlEvT_
UNRESOLVED: g++.dg/ext/visibility/template4.C -std=c++11 scan-hidden hidden[ \\t_]*_Z3fooIcEvT_
UNRESOLVED: g++.dg/ext/visibility/template4.C -std=c++11 scan-hidden hidden[ \\t_]*_Z3fooIiEvT_
UNRESOLVED: g++.dg/ext/visibility/template4.C -std=c++11 scan-not-hidden hidden[ \\t_]*_Z3fooIfEvT_
UNRESOLVED: g++.dg/ext/visibility/template4.C -std=c++11 scan-not-hidden hidden[ \\t_]*_Z3fooIsEvT_
UNRESOLVED: g++.dg/ext/visibility/template4.C -std=c++11 scan-hidden hidden[ \\t_]*_Z3barIdEvT_
UNRESOLVED: g++.dg/ext/visibility/template4.C -std=c++11 scan-hidden hidden[ \\t_]*_Z3barIlEvT_
UNRESOLVED: g++.dg/ext/visibility/template4.C -std=c++11 scan-hidden hidden[ \\t_]*_Z3barIiEvT_
UNRESOLVED: g++.dg/ext/visibility/template4.C -std=c++11 scan-hidden hidden[ \\t_]*_Z3barIcEvT_
UNRESOLVED: g++.dg/ext/visibility/template4.C -std=c++11 scan-not-hidden hidden[ \\t_]*_Z3barIfEvT_
UNRESOLVED: g++.dg/ext/visibility/template4.C -std=c++11 scan-not-hidden hidden[ \\t_]*_Z3barIsEvT_
UNRESOLVED: g++.dg/ext/visibility/template4.C -std=c++1y scan-hidden hidden[ \\t_]*_Z3fooIdEvT_
UNRESOLVED: g++.dg/ext/visibility/template4.C -std=c++1y scan-hidden hidden[ \\t_]*_Z3fooIlEvT_
UNRESOLVED: g++.dg/ext/visibility/template4.C -std=c++1y scan-hidden hidden[ \\t_]*_Z3fooIcEvT_
UNRESOLVED: g++.dg/ext/visibility/template4.C -std=c++1y scan-hidden hidden[ \\t_]*_Z3fooIiEvT_
UNRESOLVED: g++.dg/ext/visibility/template4.C -std=c++1y scan-not-hidden hidden[ \\t_]*_Z3fooIfEvT_
UNRESOLVED: g++.dg/ext/visibility/template4.C -std=c++1y scan-not-hidden hidden[ \\t_]*_Z3fooIsEvT_
UNRESOLVED: g++.dg/ext/visibility/template4.C -std=c++1y scan-hidden hidden[ \\t_]*_Z3barIdEvT_
UNRESOLVED: g++.dg/ext/visibility/template4.C -std=c++1y scan-hidden hidden[ \\t_]*_Z3barIlEvT_
UNRESOLVED: g++.dg/ext/visibility/template4.C -std=c++1y scan-hidden hidden[ \\t_]*_Z3barIiEvT_
UNRESOLVED: g++.dg/ext/visibility/template4.C -std=c++1y scan-hidden hidden[ \\t_]*_Z3barIcEvT_
UNRESOLVED: g++.dg/ext/visibility/template4.C -std=c++1y scan-not-hidden hidden[ \\t_]*_Z3barIfEvT_
UNRESOLVED: g++.dg/ext/visibility/template4.C -std=c++1y scan-not-hidden hidden[ \\t_]*_Z3barIsEvT_
UNRESOLVED: g++.dg/ext/visibility/template6.C -std=c++98 scan-not-hidden hidden[ \\t_]*_ZN1AIiE1fEv
UNRESOLVED: g++.dg/ext/visibility/template6.C -std=c++11 scan-not-hidden hidden[ \\t_]*_ZN1AIiE1fEv
UNRESOLVED: g++.dg/ext/visibility/template6.C -std=c++1y scan-not-hidden hidden[ \\t_]*_ZN1AIiE1fEv
UNRESOLVED: g++.dg/ext/visibility/template7.C -std=gnu++98 scan-hidden hidden[ \\t_]*_ZN1s6vectorI1AEC1Ev
UNRESOLVED: g++.dg/ext/visibility/template7.C -std=gnu++98 scan-hidden hidden[ \\t_]*_ZN1s3fooI1AEEvT_
UNRESOLVED: g++.dg/ext/visibility/template7.C -std=gnu++11 scan-hidden hidden[ \\t_]*_ZN1s6vectorI1AEC1Ev
UNRESOLVED: g++.dg/ext/visibility/template7.C -std=gnu++11 scan-hidden hidden[ \\t_]*_ZN1s3fooI1AEEvT_
UNRESOLVED: g++.dg/ext/visibility/template7.C -std=gnu++1y scan-hidden hidden[ \\t_]*_ZN1s6vectorI1AEC1Ev
UNRESOLVED: g++.dg/ext/visibility/template7.C -std=gnu++1y scan-hidden hidden[ \\t_]*_ZN1s3fooI1AEEvT_
UNRESOLVED: g++.dg/ext/visibility/template8.C -std=gnu++98 scan-hidden hidden[ \\t_]*_Z1gI1BEvT_
UNRESOLVED: g++.dg/ext/visibility/template8.C -std=gnu++98 scan-hidden hidden[ \\t_]*_Z1gI1AI1BEEvT_
UNRESOLVED: g++.dg/ext/visibility/template8.C -std=gnu++11 scan-hidden hidden[ \\t_]*_Z1gI1BEvT_
UNRESOLVED: g++.dg/ext/visibility/template8.C -std=gnu++11 scan-hidden hidden[ \\t_]*_Z1gI1AI1BEEvT_
UNRESOLVED: g++.dg/ext/visibility/template8.C -std=gnu++1y scan-hidden hidden[ \\t_]*_Z1gI1BEvT_
UNRESOLVED: g++.dg/ext/visibility/template8.C -std=gnu++1y scan-hidden hidden[ \\t_]*_Z1gI1AI1BEEvT_
UNRESOLVED: g++.dg/ext/visibility/template9.C -std=gnu++98 scan-not-hidden hidden[ \\t_]*_ZN1N1fI1AEEvT
UNRESOLVED: g++.dg/ext/visibility/template9.C -std=gnu++11 scan-not-hidden hidden[ \\t_]*_ZN1N1fI1AEEvT
UNRESOLVED: g++.dg/ext/visibility/template9.C -std=gnu++1y scan-not-hidden hidden[ \\t_]*_ZN1N1fI1AEEvT
UNRESOLVED: g++.dg/ext/visibility/typeinfo1.C -std=gnu++98 scan-not-hidden hidden[ \\t_]*_ZTIPPi
UNRESOLVED: g++.dg/ext/visibility/typeinfo1.C -std=gnu++98 scan-not-hidden hidden[ \\t_]*_ZTSPPi
UNRESOLVED: g++.dg/ext/visibility/typeinfo1.C -std=gnu++98 scan-hidden hidden[ \\t_]*_ZTIP1A
UNRESOLVED: g++.dg/ext/visibility/typeinfo1.C -std=gnu++98 scan-hidden hidden[ \\t_]*_ZTSP1A
UNRESOLVED: g++.dg/ext/visibility/typeinfo1.C -std=gnu++11 scan-not-hidden hidden[ \\t_]*_ZTIPPi
UNRESOLVED: g++.dg/ext/visibility/typeinfo1.C -std=gnu++11 scan-not-hidden hidden[ \\t_]*_ZTSPPi
UNRESOLVED: g++.dg/ext/visibility/typeinfo1.C -std=gnu++11 scan-hidden hidden[ \\t_]*_ZTIP1A
UNRESOLVED: g++.dg/ext/visibility/typeinfo1.C -std=gnu++11 scan-hidden hidden[ \\t_]*_ZTSP1A
UNRESOLVED: g++.dg/ext/visibility/typeinfo1.C -std=gnu++1y scan-not-hidden hidden[ \\t_]*_ZTIPPi
UNRESOLVED: g++.dg/ext/visibility/typeinfo1.C -std=gnu++1y scan-not-hidden hidden[ \\t_]*_ZTSPPi
UNRESOLVED: g++.dg/ext/visibility/typeinfo1.C -std=gnu++1y scan-hidden hidden[ \\t_]*_ZTIP1A
UNRESOLVED: g++.dg/ext/visibility/typeinfo1.C -std=gnu++1y scan-hidden hidden[ \\t_]*_ZTSP1A
UNRESOLVED: g++.dg/ext/visibility/typeinfo2.C -std=c++98 scan-not-hidden hidden[ \\t_]*_ZTVN10__cxxabiv117__class_type_infoE
UNRESOLVED: g++.dg/ext/visibility/typeinfo2.C -std=c++98 scan-hidden hidden[ \\t_]*_ZTI1A
UNRESOLVED: g++.dg/ext/visibility/typeinfo2.C -std=c++98 scan-hidden hidden[ \\t_]*_ZTV1A
UNRESOLVED: g++.dg/ext/visibility/typeinfo2.C -std=c++11 scan-not-hidden hidden[ \\t_]*_ZTVN10__cxxabiv117__class_type_infoE
UNRESOLVED: g++.dg/ext/visibility/typeinfo2.C -std=c++11 scan-hidden hidden[ \\t_]*_ZTI1A
UNRESOLVED: g++.dg/ext/visibility/typeinfo2.C -std=c++11 scan-hidden hidden[ \\t_]*_ZTV1A
UNRESOLVED: g++.dg/ext/visibility/typeinfo2.C -std=c++1y scan-not-hidden hidden[ \\t_]*_ZTVN10__cxxabiv117__class_type_infoE
UNRESOLVED: g++.dg/ext/visibility/typeinfo2.C -std=c++1y scan-hidden hidden[ \\t_]*_ZTI1A
UNRESOLVED: g++.dg/ext/visibility/typeinfo2.C -std=c++1y scan-hidden hidden[ \\t_]*_ZTV1A
UNRESOLVED: g++.dg/ext/visibility/typeinfo3.C -std=c++98 scan-not-hidden hidden[ \\t_]*_ZTVN10__cxxabiv117__array_type_infoE
UNRESOLVED: g++.dg/ext/visibility/typeinfo3.C -std=c++98 scan-not-hidden hidden[ \\t_]*_ZTVN10__cxxabiv116__enum_type_infoE
UNRESOLVED: g++.dg/ext/visibility/typeinfo3.C -std=c++98 scan-hidden hidden[ \\t_]*_ZTI1S
UNRESOLVED: g++.dg/ext/visibility/typeinfo3.C -std=c++98 scan-hidden hidden[ \\t_]*_ZTS1S
UNRESOLVED: g++.dg/ext/visibility/typeinfo3.C -std=c++98 scan-hidden hidden[ \\t_]*info1
UNRESOLVED: g++.dg/ext/visibility/typeinfo3.C -std=c++98 scan-hidden hidden[ \\t_]*info2
UNRESOLVED: g++.dg/ext/visibility/typeinfo3.C -std=c++98 scan-hidden hidden[ \\t_]*info3
UNRESOLVED: g++.dg/ext/visibility/typeinfo3.C -std=c++98 scan-hidden hidden[ \\t_]*info4
UNRESOLVED: g++.dg/ext/visibility/typeinfo3.C -std=c++98 scan-hidden hidden[ \\t_]*info5
UNRESOLVED: g++.dg/ext/visibility/typeinfo3.C -std=c++11 scan-not-hidden hidden[ \\t_]*_ZTVN10__cxxabiv117__array_type_infoE
UNRESOLVED: g++.dg/ext/visibility/typeinfo3.C -std=c++11 scan-not-hidden hidden[ \\t_]*_ZTVN10__cxxabiv116__enum_type_infoE
UNRESOLVED: g++.dg/ext/visibility/typeinfo3.C -std=c++11 scan-hidden hidden[ \\t_]*_ZTI1S
UNRESOLVED: g++.dg/ext/visibility/typeinfo3.C -std=c++11 scan-hidden hidden[ \\t_]*_ZTS1S
UNRESOLVED: g++.dg/ext/visibility/typeinfo3.C -std=c++11 scan-hidden hidden[ \\t_]*info1
UNRESOLVED: g++.dg/ext/visibility/typeinfo3.C -std=c++11 scan-hidden hidden[ \\t_]*info2
UNRESOLVED: g++.dg/ext/visibility/typeinfo3.C -std=c++11 scan-hidden hidden[ \\t_]*info3
UNRESOLVED: g++.dg/ext/visibility/typeinfo3.C -std=c++11 scan-hidden hidden[ \\t_]*info4
UNRESOLVED: g++.dg/ext/visibility/typeinfo3.C -std=c++11 scan-hidden hidden[ \\t_]*info5
UNRESOLVED: g++.dg/ext/visibility/typeinfo3.C -std=c++1y scan-not-hidden hidden[ \\t_]*_ZTVN10__cxxabiv117__array_type_infoE
UNRESOLVED: g++.dg/ext/visibility/typeinfo3.C -std=c++1y scan-not-hidden hidden[ \\t_]*_ZTVN10__cxxabiv116__enum_type_infoE
UNRESOLVED: g++.dg/ext/visibility/typeinfo3.C -std=c++1y scan-hidden hidden[ \\t_]*_ZTI1S
UNRESOLVED: g++.dg/ext/visibility/typeinfo3.C -std=c++1y scan-hidden hidden[ \\t_]*_ZTS1S
UNRESOLVED: g++.dg/ext/visibility/typeinfo3.C -std=c++1y scan-hidden hidden[ \\t_]*info1
UNRESOLVED: g++.dg/ext/visibility/typeinfo3.C -std=c++1y scan-hidden hidden[ \\t_]*info2
UNRESOLVED: g++.dg/ext/visibility/typeinfo3.C -std=c++1y scan-hidden hidden[ \\t_]*info3
UNRESOLVED: g++.dg/ext/visibility/typeinfo3.C -std=c++1y scan-hidden hidden[ \\t_]*info4
UNRESOLVED: g++.dg/ext/visibility/typeinfo3.C -std=c++1y scan-hidden hidden[ \\t_]*info5
UNRESOLVED: g++.dg/ext/visibility/visibility-1.C -std=c++98 scan-hidden hidden[ \\t_]*_Z3foov
UNRESOLVED: g++.dg/ext/visibility/visibility-1.C -std=c++11 scan-hidden hidden[ \\t_]*_Z3foov
UNRESOLVED: g++.dg/ext/visibility/visibility-1.C -std=c++1y scan-hidden hidden[ \\t_]*_Z3foov
UNRESOLVED: g++.dg/ext/visibility/visibility-2.C -std=c++98 scan-hidden hidden[ \\t_]*_Z3foov
UNRESOLVED: g++.dg/ext/visibility/visibility-2.C -std=c++11 scan-hidden hidden[ \\t_]*_Z3foov
UNRESOLVED: g++.dg/ext/visibility/visibility-2.C -std=c++1y scan-hidden hidden[ \\t_]*_Z3foov
UNRESOLVED: g++.dg/ext/visibility/visibility-3.C -std=c++98 scan-hidden hidden[ \\t_]*xyzzy
UNRESOLVED: g++.dg/ext/visibility/visibility-3.C -std=c++11 scan-hidden hidden[ \\t_]*xyzzy
UNRESOLVED: g++.dg/ext/visibility/visibility-3.C -std=c++1y scan-hidden hidden[ \\t_]*xyzzy
UNRESOLVED: g++.dg/ext/visibility/visibility-4.C -std=c++98 scan-hidden hidden[ \\t_]*xyzzy
UNRESOLVED: g++.dg/ext/visibility/visibility-4.C -std=c++11 scan-hidden hidden[ \\t_]*xyzzy
UNRESOLVED: g++.dg/ext/visibility/visibility-4.C -std=c++1y scan-hidden hidden[ \\t_]*xyzzy
UNRESOLVED: g++.dg/ext/visibility/visibility-5.C -std=c++98 scan-hidden hidden[ \\t_]*_Z3foov
UNRESOLVED: g++.dg/ext/visibility/visibility-5.C -std=c++11 scan-hidden hidden[ \\t_]*_Z3foov
UNRESOLVED: g++.dg/ext/visibility/visibility-5.C -std=c++1y scan-hidden hidden[ \\t_]*_Z3foov
UNRESOLVED: g++.dg/ext/visibility/visibility-6.C -std=c++98 scan-hidden hidden[ \\t_]*xyzzy
UNRESOLVED: g++.dg/ext/visibility/visibility-6.C -std=c++11 scan-hidden hidden[ \\t_]*xyzzy
UNRESOLVED: g++.dg/ext/visibility/visibility-6.C -std=c++1y scan-hidden hidden[ \\t_]*xyzzy
UNRESOLVED: g++.dg/ext/visibility/visibility-7.C -std=c++98 scan-hidden hidden[ \\t_]*xyzzy
UNRESOLVED: g++.dg/ext/visibility/visibility-7.C -std=c++11 scan-hidden hidden[ \\t_]*xyzzy
UNRESOLVED: g++.dg/ext/visibility/visibility-7.C -std=c++1y scan-hidden hidden[ \\t_]*xyzzy
UNRESOLVED: g++.dg/ext/visibility/warn3.C -std=c++98 scan-not-hidden hidden[ \\t_]*_ZN1A1fEv
UNRESOLVED: g++.dg/ext/visibility/warn3.C -std=c++11 scan-not-hidden hidden[ \\t_]*_ZN1A1fEv
UNRESOLVED: g++.dg/ext/visibility/warn3.C -std=c++1y scan-not-hidden hidden[ \\t_]*_ZN1A1fEv
UNRESOLVED: g++.dg/init/cleanup3.C -std=c++98 scan-assembler-not _tcf
UNRESOLVED: g++.dg/init/cleanup3.C -std=c++11 scan-assembler-not _tcf
UNRESOLVED: g++.dg/init/cleanup3.C -std=c++1y scan-assembler-not _tcf
UNRESOLVED: g++.dg/init/const9.C -std=c++98 scan-assembler-not rodata
UNRESOLVED: g++.dg/init/const9.C -std=c++11 scan-assembler-not rodata
UNRESOLVED: g++.dg/init/const9.C -std=c++1y scan-assembler-not rodata
UNRESOLVED: g++.dg/init/dtor4.C -std=c++98 scan-assembler-not _ZN1AD2Ev
UNRESOLVED: g++.dg/init/dtor4.C -std=c++11 scan-assembler-not _ZN1AD2Ev
UNRESOLVED: g++.dg/init/dtor4.C -std=c++1y scan-assembler-not _ZN1AD2Ev
UNRESOLVED: g++.dg/init/mutable1.C -std=c++98 scan-assembler-not rodata
UNRESOLVED: g++.dg/init/mutable1.C -std=c++11 scan-assembler-not rodata
UNRESOLVED: g++.dg/init/mutable1.C -std=c++1y scan-assembler-not rodata
UNRESOLVED: g++.dg/init/static-init3.C -std=c++98 scan-assembler-not GLOBAL
UNRESOLVED: g++.dg/init/static-init3.C -std=c++11 scan-assembler-not GLOBAL
UNRESOLVED: g++.dg/init/static-init3.C -std=c++1y scan-assembler-not GLOBAL
UNRESOLVED: g++.dg/ipa/devirt-28.C -std=gnu++98 scan-assembler-not _ZN1AD2Ev
UNRESOLVED: g++.dg/ipa/devirt-28.C -std=gnu++98 scan-assembler-not _ZN1BD0Ev
UNRESOLVED: g++.dg/ipa/devirt-28.C -std=gnu++11 scan-assembler-not _ZN1AD2Ev
UNRESOLVED: g++.dg/ipa/devirt-28.C -std=gnu++11 scan-assembler-not _ZN1BD0Ev
UNRESOLVED: g++.dg/ipa/devirt-28.C -std=gnu++1y scan-assembler-not _ZN1AD2Ev
UNRESOLVED: g++.dg/ipa/devirt-28.C -std=gnu++1y scan-assembler-not _ZN1BD0Ev
UNRESOLVED: g++.dg/lookup/builtin5.C -std=c++98 scan-assembler _ZSt5atanhd
UNRESOLVED: g++.dg/lookup/builtin5.C -std=c++11 scan-assembler _ZSt5atanhd
UNRESOLVED: g++.dg/lookup/builtin5.C -std=c++1y scan-assembler _ZSt5atanhd
UNRESOLVED: g++.dg/opt/const6.C -std=gnu++98 scan-assembler _ZN1K1kE
UNRESOLVED: g++.dg/opt/const6.C -std=gnu++11 scan-assembler _ZN1K1kE
UNRESOLVED: g++.dg/opt/const6.C -std=gnu++1y scan-assembler _ZN1K1kE
UNRESOLVED: g++.dg/opt/devirt4.C -std=gnu++98 scan-assembler _ZN3fooD2Ev
UNRESOLVED: g++.dg/opt/devirt4.C -std=gnu++11 scan-assembler _ZN3fooD2Ev
UNRESOLVED: g++.dg/opt/devirt4.C -std=gnu++1y scan-assembler _ZN3fooD2Ev
UNRESOLVED: g++.dg/opt/inline16.C -std=gnu++98 scan-assembler-not _ZL9fromSlotBv
UNRESOLVED: g++.dg/opt/inline16.C -std=gnu++11 scan-assembler-not _ZL9fromSlotBv
UNRESOLVED: g++.dg/opt/inline16.C -std=gnu++1y scan-assembler-not _ZL9fromSlotBv
UNRESOLVED: g++.dg/opt/inline4.C -std=gnu++98 scan-assembler-not \\n_?_Z1gILi[0-9]+EEvv[: \\t\\n]
UNRESOLVED: g++.dg/opt/inline4.C -std=gnu++11 scan-assembler-not \\n_?_Z1gILi[0-9]+EEvv[: \\t\\n]
UNRESOLVED: g++.dg/opt/inline4.C -std=gnu++1y scan-assembler-not \\n_?_Z1gILi[0-9]+EEvv[: \\t\\n]
UNRESOLVED: g++.dg/opt/inline6.C -std=gnu++98 scan-assembler-not \\n_?_Z3fooIlET_S0_[: \\t\\n]
UNRESOLVED: g++.dg/opt/inline6.C -std=gnu++11 scan-assembler-not \\n_?_Z3fooIlET_S0_[: \\t\\n]
UNRESOLVED: g++.dg/opt/inline6.C -std=gnu++1y scan-assembler-not \\n_?_Z3fooIlET_S0_[: \\t\\n]
UNRESOLVED: g++.dg/opt/inline8.C -std=gnu++98 scan-assembler foo
UNRESOLVED: g++.dg/opt/inline8.C -std=gnu++11 scan-assembler foo
UNRESOLVED: g++.dg/opt/inline8.C -std=gnu++1y scan-assembler foo
UNRESOLVED: g++.dg/opt/template1.C -std=gnu++98 scan-assembler-not \\n_?_ZN1AILi0EE4foo1Ev[: \\t\\n]
UNRESOLVED: g++.dg/opt/template1.C -std=gnu++11 scan-assembler-not \\n_?_ZN1AILi0EE4foo1Ev[: \\t\\n]
UNRESOLVED: g++.dg/opt/template1.C -std=gnu++1y scan-assembler-not \\n_?_ZN1AILi0EE4foo1Ev[: \\t\\n]
UNRESOLVED: g++.dg/opt/vt2.C -std=gnu++98 scan-assembler-not mov[^\\n]*_ZTV
UNRESOLVED: g++.dg/opt/vt2.C -std=gnu++11 scan-assembler-not mov[^\\n]*_ZTV
UNRESOLVED: g++.dg/opt/vt2.C -std=gnu++1y scan-assembler-not mov[^\\n]*_ZTV
UNRESOLVED: g++.dg/other/pragma-re-1.C -std=c++98 scan-assembler bar
UNRESOLVED: g++.dg/other/pragma-re-1.C -std=c++98 scan-assembler-not foo
UNRESOLVED: g++.dg/other/pragma-re-1.C -std=c++98 scan-assembler _Z3bazv
UNRESOLVED: g++.dg/other/pragma-re-1.C -std=c++98 scan-assembler-not baq
UNRESOLVED: g++.dg/other/pragma-re-1.C -std=c++98 scan-assembler tut
UNRESOLVED: g++.dg/other/pragma-re-1.C -std=c++98 scan-assembler-not gee
UNRESOLVED: g++.dg/other/pragma-re-1.C -std=c++98 scan-assembler bang
UNRESOLVED: g++.dg/other/pragma-re-1.C -std=c++98 scan-assembler-not whiz
UNRESOLVED: g++.dg/other/pragma-re-1.C -std=c++98 scan-assembler eek
UNRESOLVED: g++.dg/other/pragma-re-1.C -std=c++98 scan-assembler-not boo
UNRESOLVED: g++.dg/other/pragma-re-1.C -std=c++11 scan-assembler bar
UNRESOLVED: g++.dg/other/pragma-re-1.C -std=c++11 scan-assembler-not foo
UNRESOLVED: g++.dg/other/pragma-re-1.C -std=c++11 scan-assembler _Z3bazv
UNRESOLVED: g++.dg/other/pragma-re-1.C -std=c++11 scan-assembler-not baq
UNRESOLVED: g++.dg/other/pragma-re-1.C -std=c++11 scan-assembler tut
UNRESOLVED: g++.dg/other/pragma-re-1.C -std=c++11 scan-assembler-not gee
UNRESOLVED: g++.dg/other/pragma-re-1.C -std=c++11 scan-assembler bang
UNRESOLVED: g++.dg/other/pragma-re-1.C -std=c++11 scan-assembler-not whiz
UNRESOLVED: g++.dg/other/pragma-re-1.C -std=c++11 scan-assembler eek
UNRESOLVED: g++.dg/other/pragma-re-1.C -std=c++11 scan-assembler-not boo
UNRESOLVED: g++.dg/other/pragma-re-1.C -std=c++1y scan-assembler bar
UNRESOLVED: g++.dg/other/pragma-re-1.C -std=c++1y scan-assembler-not foo
UNRESOLVED: g++.dg/other/pragma-re-1.C -std=c++1y scan-assembler _Z3bazv
UNRESOLVED: g++.dg/other/pragma-re-1.C -std=c++1y scan-assembler-not baq
UNRESOLVED: g++.dg/other/pragma-re-1.C -std=c++1y scan-assembler tut
UNRESOLVED: g++.dg/other/pragma-re-1.C -std=c++1y scan-assembler-not gee
UNRESOLVED: g++.dg/other/pragma-re-1.C -std=c++1y scan-assembler bang
UNRESOLVED: g++.dg/other/pragma-re-1.C -std=c++1y scan-assembler-not whiz
UNRESOLVED: g++.dg/other/pragma-re-1.C -std=c++1y scan-assembler eek
UNRESOLVED: g++.dg/other/pragma-re-1.C -std=c++1y scan-assembler-not boo
UNRESOLVED: g++.dg/other/pragma-re-2.C -std=c++98 scan-assembler new_name
UNRESOLVED: g++.dg/other/pragma-re-2.C -std=c++98 scan-assembler-not old_name
UNRESOLVED: g++.dg/other/pragma-re-2.C -std=c++11 scan-assembler new_name
UNRESOLVED: g++.dg/other/pragma-re-2.C -std=c++11 scan-assembler-not old_name
UNRESOLVED: g++.dg/other/pragma-re-2.C -std=c++1y scan-assembler new_name
UNRESOLVED: g++.dg/other/pragma-re-2.C -std=c++1y scan-assembler-not old_name
UNRESOLVED: g++.dg/rtti/anon-ns1.C -std=c++98 scan-assembler "*N[^"]+1AE
UNRESOLVED: g++.dg/rtti/anon-ns1.C -std=c++11 scan-assembler "*N[^"]+1AE
UNRESOLVED: g++.dg/rtti/anon-ns1.C -std=c++1y scan-assembler "*N[^"]+1AE
UNRESOLVED: g++.dg/template/dependent-name6.C -std=c++98 scan-assembler _ZN1YIiE1fIiEE1XILi1EEv
UNRESOLVED: g++.dg/template/dependent-name6.C -std=c++11 scan-assembler _ZN1YIiE1fIiEE1XILi1EEv
UNRESOLVED: g++.dg/template/dependent-name6.C -std=c++1y scan-assembler _ZN1YIiE1fIiEE1XILi1EEv
UNRESOLVED: g++.dg/template/explicit-instantiation2.C -std=c++98 scan-assembler _Z1fIiET_S0_
UNRESOLVED: g++.dg/template/explicit-instantiation2.C -std=c++11 scan-assembler _Z1fIiET_S0_
UNRESOLVED: g++.dg/template/explicit-instantiation2.C -std=c++1y scan-assembler _Z1fIiET_S0_
UNRESOLVED: g++.dg/template/linkage1.C -std=c++98 scan-assembler (weak|glob)[^\\n]*_Z3fooIXadL_Z13external_funcvEEEvv
UNRESOLVED: g++.dg/template/linkage1.C -std=c++98 scan-assembler-not (weak|glob)[^\\n]*_Z3fooIXadL_ZL11static_funcvEEEvv
UNRESOLVED: g++.dg/template/linkage1.C -std=c++11 scan-assembler (weak|glob)[^\\n]*_Z3fooIXadL_Z13external_funcvEEEvv
UNRESOLVED: g++.dg/template/linkage1.C -std=c++11 scan-assembler-not (weak|glob)[^\\n]*_Z3fooIXadL_ZL11static_funcvEEEvv
UNRESOLVED: g++.dg/template/linkage1.C -std=c++1y scan-assembler (weak|glob)[^\\n]*_Z3fooIXadL_Z13external_funcvEEEvv
UNRESOLVED: g++.dg/template/linkage1.C -std=c++1y scan-assembler-not (weak|glob)[^\\n]*_Z3fooIXadL_ZL11static_funcvEEEvv
UNRESOLVED: g++.dg/template/static26.C -std=c++98 scan-assembler-not computed
UNRESOLVED: g++.dg/template/static26.C -std=c++11 scan-assembler-not computed
UNRESOLVED: g++.dg/template/static26.C -std=c++1y scan-assembler-not computed
UNRESOLVED: g++.dg/gomp/tls-5.C -std=c++11 scan-assembler-not \\\\.data
UNRESOLVED: g++.dg/gomp/tls-5.C -std=c++1y scan-assembler-not \\\\.data
UNRESOLVED: g++.dg/gomp/tls-wrap1.C -std=c++98 scan-assembler-not _ZTW1i
UNRESOLVED: g++.dg/gomp/tls-wrap1.C -std=c++11 scan-assembler-not _ZTW1i
UNRESOLVED: g++.dg/gomp/tls-wrap1.C -std=c++1y scan-assembler-not _ZTW1i
UNRESOLVED: g++.dg/gomp/tls-wrap2.C -std=c++98 scan-assembler _ZTW1i
UNRESOLVED: g++.dg/gomp/tls-wrap2.C -std=c++98 scan-assembler-not _ZTH1i
UNRESOLVED: g++.dg/gomp/tls-wrap2.C -std=c++11 scan-assembler _ZTW1i
UNRESOLVED: g++.dg/gomp/tls-wrap2.C -std=c++11 scan-assembler-not _ZTH1i
UNRESOLVED: g++.dg/gomp/tls-wrap2.C -std=c++1y scan-assembler _ZTW1i
UNRESOLVED: g++.dg/gomp/tls-wrap2.C -std=c++1y scan-assembler-not _ZTH1i
UNRESOLVED: g++.dg/gomp/tls-wrap3.C -std=c++98 scan-assembler _ZTW1i
UNRESOLVED: g++.dg/gomp/tls-wrap3.C -std=c++98 scan-assembler _ZTH1i
UNRESOLVED: g++.dg/gomp/tls-wrap3.C -std=c++11 scan-assembler _ZTW1i
UNRESOLVED: g++.dg/gomp/tls-wrap3.C -std=c++11 scan-assembler _ZTH1i
UNRESOLVED: g++.dg/gomp/tls-wrap3.C -std=c++1y scan-assembler _ZTW1i
UNRESOLVED: g++.dg/gomp/tls-wrap3.C -std=c++1y scan-assembler _ZTH1i
UNRESOLVED: g++.dg/gomp/tls-wrapper-cse.C -std=gnu++98 scan-assembler-times call *_ZTW2ir 1
UNRESOLVED: g++.dg/gomp/tls-wrapper-cse.C -std=gnu++11 scan-assembler-times call *_ZTW2ir 1
UNRESOLVED: g++.dg/gomp/tls-wrapper-cse.C -std=gnu++1y scan-assembler-times call *_ZTW2ir 1
FAIL: g++.dg/guality/pr55665.C -O2 line 23 p == 40
FAIL: g++.dg/guality/pr55665.C -O3 -fomit-frame-pointer line 23 p == 40
FAIL: g++.dg/guality/pr55665.C -O3 -g line 23 p == 40
UNRESOLVED: g++.dg/tls/static2.C -std=c++98 scan-assembler-not _ZTHN1A1iE
UNRESOLVED: g++.dg/tls/static2.C -std=c++98 scan-assembler-not _ZTWN1A1iE
UNRESOLVED: g++.dg/tls/static2.C -std=c++11 scan-assembler-not _ZTHN1A1iE
UNRESOLVED: g++.dg/tls/static2.C -std=c++11 scan-assembler-not _ZTWN1A1iE
UNRESOLVED: g++.dg/tls/static2.C -std=c++1y scan-assembler-not _ZTHN1A1iE
UNRESOLVED: g++.dg/tls/static2.C -std=c++1y scan-assembler-not _ZTWN1A1iE
=== g++ Summary ===
# of expected passes 80562
# of unexpected failures 3
# of expected failures 442
# of unresolved testcases 397
# of unsupported tests 2587
/scratch/gcc/nightly-2014-04-08-mainline/i686-pc-linux-gnu/obj/test-mainline-0-i686-pc-linux-gnu/host-i686-pc-linux-gnu/fsf-mainline/bin/i686-pc-linux-gnu-g++ version 4.9.0 20140408 (experimental) (GCC)
=== Summary adjusted for local xfails ===
# of unexpected failures 3
# of expected passes 80562
# of expected failures 442
# of unresolved testcases 397
# of unsupported tests 2587
=== gcc tests ===
Running target localhost
FAIL: gcc.dg/builtin-bswap-6.c scan-rtl-dump-not combine "bswapsi"
FAIL: gcc.dg/cproj-fails-with-broken-glibc.c execution test
XPASS: gcc.dg/guality/example.c -O0 execution test
XPASS: gcc.dg/guality/example.c -O1 execution test
XPASS: gcc.dg/guality/guality.c -O0 execution test
XPASS: gcc.dg/guality/guality.c -O1 execution test
XPASS: gcc.dg/guality/guality.c -O2 execution test
XPASS: gcc.dg/guality/guality.c -O3 -fomit-frame-pointer execution test
XPASS: gcc.dg/guality/guality.c -O3 -g execution test
XPASS: gcc.dg/guality/guality.c -Os execution test
XPASS: gcc.dg/guality/guality.c -O2 -flto -fno-use-linker-plugin -flto-partition=none execution test
XPASS: gcc.dg/guality/guality.c -O2 -flto -fuse-linker-plugin -fno-fat-lto-objects execution test
XPASS: gcc.dg/guality/inline-params.c -O2 execution test
XPASS: gcc.dg/guality/inline-params.c -O3 -fomit-frame-pointer execution test
XPASS: gcc.dg/guality/inline-params.c -O3 -g execution test
XPASS: gcc.dg/guality/inline-params.c -Os execution test
XPASS: gcc.dg/guality/inline-params.c -O2 -flto -fno-use-linker-plugin -flto-partition=none execution test
XPASS: gcc.dg/guality/pr41353-1.c -O0 line 28 j == 28 + 37
XPASS: gcc.dg/guality/pr41353-1.c -O1 line 28 j == 28 + 37
XPASS: gcc.dg/guality/pr41353-1.c -O2 line 28 j == 28 + 37
XPASS: gcc.dg/guality/pr41353-1.c -O3 -fomit-frame-pointer line 28 j == 28 + 37
XPASS: gcc.dg/guality/pr41353-1.c -O3 -g line 28 j == 28 + 37
XPASS: gcc.dg/guality/pr41353-1.c -Os line 28 j == 28 + 37
XPASS: gcc.dg/guality/pr41353-1.c -O2 -flto -fno-use-linker-plugin -flto-partition=none line 28 j == 28 + 37
XPASS: gcc.dg/guality/pr41353-1.c -O2 -flto -fuse-linker-plugin -fno-fat-lto-objects line 28 j == 28 + 37
XPASS: gcc.dg/guality/pr41447-1.c -O0 execution test
XPASS: gcc.dg/guality/pr41447-1.c -O1 execution test
XPASS: gcc.dg/guality/pr41447-1.c -Os execution test
XPASS: gcc.dg/guality/pr41447-1.c -O2 -flto -fuse-linker-plugin -fno-fat-lto-objects execution test
XPASS: gcc.dg/guality/pr41616-1.c -O0 execution test
XPASS: gcc.dg/guality/pr41616-1.c -O1 execution test
XPASS: gcc.dg/guality/pr41616-1.c -O2 execution test
XPASS: gcc.dg/guality/pr41616-1.c -O3 -fomit-frame-pointer execution test
XPASS: gcc.dg/guality/pr41616-1.c -O3 -g execution test
XPASS: gcc.dg/guality/pr41616-1.c -Os execution test
XPASS: gcc.dg/guality/pr41616-1.c -O2 -flto -fno-use-linker-plugin -flto-partition=none execution test
FAIL: gcc.dg/guality/pr48437.c -O2 -flto -fno-use-linker-plugin -flto-partition=none line 14 i == 0
FAIL: gcc.dg/guality/pr48437.c -O2 -flto -fuse-linker-plugin -fno-fat-lto-objects line 14 i == 0
FAIL: gcc.dg/guality/pr54200.c -O2 -flto -fuse-linker-plugin -fno-fat-lto-objects line 20 z == 3
FAIL: gcc.dg/guality/pr54519-1.c -O2 line 20 y == 25
FAIL: gcc.dg/guality/pr54519-1.c -O2 line 20 z == 6
FAIL: gcc.dg/guality/pr54519-1.c -O2 line 23 y == 117
FAIL: gcc.dg/guality/pr54519-1.c -O2 line 23 z == 8
FAIL: gcc.dg/guality/pr54519-1.c -O3 -fomit-frame-pointer line 20 x == 36
FAIL: gcc.dg/guality/pr54519-1.c -O3 -fomit-frame-pointer line 20 y == 25
FAIL: gcc.dg/guality/pr54519-1.c -O3 -fomit-frame-pointer line 20 z == 6
FAIL: gcc.dg/guality/pr54519-1.c -O3 -g line 20 x == 36
FAIL: gcc.dg/guality/pr54519-1.c -O3 -g line 20 y == 25
FAIL: gcc.dg/guality/pr54519-1.c -O3 -g line 20 z == 6
FAIL: gcc.dg/guality/pr54519-1.c -O2 -flto -fno-use-linker-plugin -flto-partition=none line 20 y == 25
FAIL: gcc.dg/guality/pr54519-1.c -O2 -flto -fno-use-linker-plugin -flto-partition=none line 20 z == 6
FAIL: gcc.dg/guality/pr54519-1.c -O2 -flto -fno-use-linker-plugin -flto-partition=none line 23 y == 117
FAIL: gcc.dg/guality/pr54519-1.c -O2 -flto -fno-use-linker-plugin -flto-partition=none line 23 z == 8
FAIL: gcc.dg/guality/pr54519-2.c -O2 -flto -fno-use-linker-plugin -flto-partition=none line 17 y == 25
FAIL: gcc.dg/guality/pr54519-2.c -O2 -flto -fuse-linker-plugin -fno-fat-lto-objects line 17 y == 25
FAIL: gcc.dg/guality/pr54519-3.c -O2 line 20 x == 36
FAIL: gcc.dg/guality/pr54519-3.c -O2 line 20 y == 25
FAIL: gcc.dg/guality/pr54519-3.c -O2 line 20 z == 6
FAIL: gcc.dg/guality/pr54519-3.c -O2 line 23 x == 98
FAIL: gcc.dg/guality/pr54519-3.c -O2 line 23 y == 117
FAIL: gcc.dg/guality/pr54519-3.c -O2 line 23 z == 8
FAIL: gcc.dg/guality/pr54519-3.c -O3 -fomit-frame-pointer line 20 x == 36
FAIL: gcc.dg/guality/pr54519-3.c -O3 -fomit-frame-pointer line 20 y == 25
FAIL: gcc.dg/guality/pr54519-3.c -O3 -fomit-frame-pointer line 20 z == 6
FAIL: gcc.dg/guality/pr54519-3.c -O3 -fomit-frame-pointer line 23 x == 98
FAIL: gcc.dg/guality/pr54519-3.c -O3 -fomit-frame-pointer line 23 y == 117
FAIL: gcc.dg/guality/pr54519-3.c -O3 -fomit-frame-pointer line 23 z == 8
FAIL: gcc.dg/guality/pr54519-3.c -O3 -g line 20 x == 36
FAIL: gcc.dg/guality/pr54519-3.c -O3 -g line 20 y == 25
FAIL: gcc.dg/guality/pr54519-3.c -O3 -g line 20 z == 6
FAIL: gcc.dg/guality/pr54519-3.c -O3 -g line 23 x == 98
FAIL: gcc.dg/guality/pr54519-3.c -O3 -g line 23 y == 117
FAIL: gcc.dg/guality/pr54519-3.c -O3 -g line 23 z == 8
FAIL: gcc.dg/guality/pr54519-3.c -O2 -flto -fno-use-linker-plugin -flto-partition=none line 20 x == 36
FAIL: gcc.dg/guality/pr54519-3.c -O2 -flto -fno-use-linker-plugin -flto-partition=none line 20 y == 25
FAIL: gcc.dg/guality/pr54519-3.c -O2 -flto -fno-use-linker-plugin -flto-partition=none line 20 z == 6
FAIL: gcc.dg/guality/pr54519-3.c -O2 -flto -fno-use-linker-plugin -flto-partition=none line 23 x == 98
FAIL: gcc.dg/guality/pr54519-3.c -O2 -flto -fno-use-linker-plugin -flto-partition=none line 23 y == 117
FAIL: gcc.dg/guality/pr54519-3.c -O2 -flto -fno-use-linker-plugin -flto-partition=none line 23 z == 8
FAIL: gcc.dg/guality/pr54519-3.c -O2 -flto -fuse-linker-plugin -fno-fat-lto-objects line 20 y == 25
FAIL: gcc.dg/guality/pr54519-3.c -O2 -flto -fuse-linker-plugin -fno-fat-lto-objects line 20 z == 6
FAIL: gcc.dg/guality/pr54519-3.c -O2 -flto -fuse-linker-plugin -fno-fat-lto-objects line 23 y == 117
FAIL: gcc.dg/guality/pr54519-3.c -O2 -flto -fuse-linker-plugin -fno-fat-lto-objects line 23 z == 8
FAIL: gcc.dg/guality/pr54519-4.c -O2 -flto -fno-use-linker-plugin -flto-partition=none line 17 y == 25
FAIL: gcc.dg/guality/pr54519-4.c -O2 -flto -fuse-linker-plugin -fno-fat-lto-objects line 17 y == 25
FAIL: gcc.dg/guality/pr54519-5.c -O2 -flto -fno-use-linker-plugin -flto-partition=none line 17 y == 25
FAIL: gcc.dg/guality/pr54519-5.c -O2 -flto -fuse-linker-plugin -fno-fat-lto-objects line 17 y == 25
FAIL: gcc.dg/guality/pr54693-2.c -O3 -fomit-frame-pointer -funroll-loops line 21 i == v + 1
FAIL: gcc.dg/guality/pr54693-2.c -O3 -fomit-frame-pointer -funroll-all-loops -finline-functions line 21 i == v + 1
FAIL: gcc.dg/guality/pr54970.c -Os line 15 a[0] == 1
FAIL: gcc.dg/guality/pr54970.c -Os line 20 a[0] == 1
FAIL: gcc.dg/guality/pr54970.c -Os line 25 a[0] == 1
FAIL: gcc.dg/guality/pr54970.c -Os line 31 *p == 6
FAIL: gcc.dg/guality/pr54970.c -Os line 31 *q == 5
FAIL: gcc.dg/guality/pr54970.c -Os line 36 *p == 26
FAIL: gcc.dg/guality/pr54970.c -Os line 36 *q == 5
FAIL: gcc.dg/guality/pr54970.c -Os line 45 *p == 26
FAIL: gcc.dg/guality/pr54970.c -Os line 45 p[-1] == 25
FAIL: gcc.dg/guality/pr54970.c -Os line 45 p[-2] == 4
FAIL: gcc.dg/guality/pr54970.c -Os line 45 q[-1] == 4
FAIL: gcc.dg/guality/pr54970.c -Os line 45 q[1] == 26
FAIL: gcc.dg/guality/pr54970.c -Os line 45 *q == 25
FAIL: gcc.dg/guality/sra-1.c -O2 -flto -fuse-linker-plugin -fno-fat-lto-objects line 43 a.j == 14
FAIL: gcc.dg/guality/vla-1.c -O0 line 17 sizeof (a) == 6
FAIL: gcc.dg/guality/vla-1.c -O0 line 24 sizeof (a) == 17 * sizeof (short)
FAIL: gcc.dg/guality/vla-1.c -O1 line 17 sizeof (a) == 6
FAIL: gcc.dg/guality/vla-1.c -O1 line 24 sizeof (a) == 17 * sizeof (short)
FAIL: gcc.dg/guality/vla-1.c -O2 line 17 sizeof (a) == 6
FAIL: gcc.dg/guality/vla-1.c -O2 line 24 sizeof (a) == 17 * sizeof (short)
FAIL: gcc.dg/guality/vla-1.c -O3 -fomit-frame-pointer line 17 sizeof (a) == 6
FAIL: gcc.dg/guality/vla-1.c -O3 -fomit-frame-pointer line 24 sizeof (a) == 17 * sizeof (short)
FAIL: gcc.dg/guality/vla-1.c -O3 -g line 17 sizeof (a) == 6
FAIL: gcc.dg/guality/vla-1.c -O3 -g line 24 sizeof (a) == 17 * sizeof (short)
FAIL: gcc.dg/guality/vla-1.c -Os line 17 sizeof (a) == 6
FAIL: gcc.dg/guality/vla-1.c -Os line 24 sizeof (a) == 17 * sizeof (short)
FAIL: gcc.dg/guality/vla-1.c -O2 -flto -fno-use-linker-plugin -flto-partition=none line 17 sizeof (a) == 6
FAIL: gcc.dg/guality/vla-1.c -O2 -flto -fno-use-linker-plugin -flto-partition=none line 24 sizeof (a) == 17 * sizeof (short)
FAIL: gcc.dg/guality/vla-1.c -O2 -flto -fuse-linker-plugin -fno-fat-lto-objects line 17 sizeof (a) == 6
FAIL: gcc.dg/guality/vla-1.c -O2 -flto -fuse-linker-plugin -fno-fat-lto-objects line 24 sizeof (a) == 17 * sizeof (short)
FAIL: gcc.dg/guality/vla-2.c -O0 line 16 sizeof (a) == 5 * sizeof (int)
FAIL: gcc.dg/guality/vla-2.c -O0 line 25 sizeof (a) == 6 * sizeof (int)
FAIL: gcc.dg/guality/vla-2.c -O1 line 16 sizeof (a) == 5 * sizeof (int)
FAIL: gcc.dg/guality/vla-2.c -O1 line 25 sizeof (a) == 6 * sizeof (int)
FAIL: gcc.dg/guality/vla-2.c -O2 line 16 sizeof (a) == 5 * sizeof (int)
FAIL: gcc.dg/guality/vla-2.c -O2 line 25 sizeof (a) == 6 * sizeof (int)
FAIL: gcc.dg/guality/vla-2.c -O3 -fomit-frame-pointer line 16 sizeof (a) == 5 * sizeof (int)
FAIL: gcc.dg/guality/vla-2.c -O3 -fomit-frame-pointer line 25 sizeof (a) == 6 * sizeof (int)
FAIL: gcc.dg/guality/vla-2.c -O3 -g line 16 sizeof (a) == 5 * sizeof (int)
FAIL: gcc.dg/guality/vla-2.c -O3 -g line 25 sizeof (a) == 6 * sizeof (int)
FAIL: gcc.dg/guality/vla-2.c -Os line 16 sizeof (a) == 5 * sizeof (int)
FAIL: gcc.dg/guality/vla-2.c -Os line 25 sizeof (a) == 6 * sizeof (int)
FAIL: gcc.dg/guality/vla-2.c -O2 -flto -fno-use-linker-plugin -flto-partition=none line 16 sizeof (a) == 5 * sizeof (int)
FAIL: gcc.dg/guality/vla-2.c -O2 -flto -fno-use-linker-plugin -flto-partition=none line 25 sizeof (a) == 6 * sizeof (int)
FAIL: gcc.dg/guality/vla-2.c -O2 -flto -fuse-linker-plugin -fno-fat-lto-objects line 16 sizeof (a) == 5 * sizeof (int)
FAIL: gcc.dg/guality/vla-2.c -O2 -flto -fuse-linker-plugin -fno-fat-lto-objects line 25 sizeof (a) == 6 * sizeof (int)
=== gcc Summary ===
# of expected passes 103495
# of unexpected failures 101
# of unexpected successes 34
# of expected failures 266
# of unsupported tests 1249
/scratch/gcc/nightly-2014-04-08-mainline/i686-pc-linux-gnu/obj/test-mainline-0-i686-pc-linux-gnu/host-i686-pc-linux-gnu/fsf-mainline/bin/i686-pc-linux-gnu-gcc version 4.9.0 20140408 (experimental) (GCC)
=== Summary adjusted for local xfails ===
# of unexpected failures 101
# of expected passes 103495
# of unexpected successes 34
# of expected failures 266
# of unsupported tests 1249
=== gfortran tests ===
Running target localhost
=== gfortran Summary ===
# of expected passes 45282
# of expected failures 52
# of unsupported tests 214
/scratch/gcc/nightly-2014-04-08-mainline/i686-pc-linux-gnu/obj/test-mainline-0-i686-pc-linux-gnu/host-i686-pc-linux-gnu/fsf-mainline/bin/i686-pc-linux-gnu-gfortran version 4.9.0 20140408 (experimental) (GCC)
=== Summary adjusted for local xfails ===
# of expected passes 45282
# of expected failures 52
# of unsupported tests 214
=== libatomic tests ===
Running target localhost
=== libatomic Summary ===
# of expected passes 44
# of unsupported tests 5
=== Summary adjusted for local xfails ===
# of expected passes 44
# of unsupported tests 5
=== libgomp tests ===
Running target localhost
FAIL: libgomp.c/affinity-1.c (test for excess errors)
UNRESOLVED: libgomp.c/affinity-1.c compilation failed to produce executable
FAIL: libgomp.c++/affinity-1.C (test for excess errors)
UNRESOLVED: libgomp.c++/affinity-1.C compilation failed to produce executable
=== libgomp Summary ===
# of expected passes 2408
# of unexpected failures 2
# of unresolved testcases 2
=== Summary adjusted for local xfails ===
# of unexpected failures 2
# of expected passes 2408
# of unresolved testcases 2
=== libitm tests ===
Running target localhost
=== libitm Summary ===
# of expected passes 26
# of expected failures 3
# of unsupported tests 1
=== Summary adjusted for local xfails ===
# of expected passes 26
# of expected failures 3
# of unsupported tests 1
=== libstdc++ tests ===
Running target localhost
ERROR: tcl error sourcing /scratch/gcc/nightly-2014-04-08-mainline/src/gcc-mainline/libstdc++-v3/testsuite/libstdc++-abi/abi.exp.
ERROR: can't read "baseline_subdir_switch": no such variable
FAIL: 20_util/duration/cons/2.cc execution test
FAIL: 29_atomics/atomic_flag/test_and_set/explicit-hle.cc scan-assembler-times xacquire|.byte[^\\n\\r]*0xf2 14
FAIL: 29_atomics/atomic_flag/test_and_set/explicit-hle.cc scan-assembler-times xrelease|.byte[^\\n\\r]*0xf3 14
FAIL: ext/random/hypergeometric_distribution/operators/values.cc execution test
=== libstdc++ Summary ===
# of expected passes 9266
# of unexpected failures 4
# of expected failures 41
# of unsupported tests 536
=== Summary adjusted for local xfails ===
# of errors 2
# of unexpected failures 4
# of expected passes 9266
# of expected failures 41
# of unsupported tests 536
=== g++ tests ===
Running target localhost/-m64
UNRESOLVED: g++.dg/eh/anon2.C -std=c++98 scan-assembler \\\\*N12_GLOBAL__N_11AE
UNRESOLVED: g++.dg/eh/anon2.C -std=c++11 scan-assembler \\\\*N12_GLOBAL__N_11AE
UNRESOLVED: g++.dg/eh/anon2.C -std=c++1y scan-assembler \\\\*N12_GLOBAL__N_11AE
UNRESOLVED: g++.dg/eh/spec11.C -std=gnu++98 scan-assembler-not _ZSt9terminatev
UNRESOLVED: g++.dg/eh/spec11.C -std=gnu++98 scan-assembler-not EHB
UNRESOLVED: g++.dg/eh/spec11.C -std=gnu++98 scan-assembler LSDA
UNRESOLVED: g++.dg/eh/spec11.C -std=gnu++11 scan-assembler-not _ZSt9terminatev
UNRESOLVED: g++.dg/eh/spec11.C -std=gnu++11 scan-assembler-not EHB
UNRESOLVED: g++.dg/eh/spec11.C -std=gnu++11 scan-assembler LSDA
UNRESOLVED: g++.dg/eh/spec11.C -std=gnu++1y scan-assembler-not _ZSt9terminatev
UNRESOLVED: g++.dg/eh/spec11.C -std=gnu++1y scan-assembler-not EHB
UNRESOLVED: g++.dg/eh/spec11.C -std=gnu++1y scan-assembler LSDA
UNRESOLVED: g++.dg/eh/terminate1.C -std=c++98 scan-assembler-not _ZSt9terminatev
UNRESOLVED: g++.dg/eh/terminate1.C -std=c++98 scan-assembler-not LEHB2
UNRESOLVED: g++.dg/eh/terminate1.C -std=c++11 scan-assembler-not _ZSt9terminatev
UNRESOLVED: g++.dg/eh/terminate1.C -std=c++11 scan-assembler-not LEHB2
UNRESOLVED: g++.dg/eh/terminate1.C -std=c++1y scan-assembler-not _ZSt9terminatev
UNRESOLVED: g++.dg/eh/terminate1.C -std=c++1y scan-assembler-not LEHB2
UNRESOLVED: g++.dg/ext/asm1.C -std=c++98 scan-assembler foo on
UNRESOLVED: g++.dg/ext/asm1.C -std=c++98 scan-assembler bar on
UNRESOLVED: g++.dg/ext/asm1.C -std=c++98 scan-assembler frob on
UNRESOLVED: g++.dg/ext/asm1.C -std=c++11 scan-assembler foo on
UNRESOLVED: g++.dg/ext/asm1.C -std=c++11 scan-assembler bar on
UNRESOLVED: g++.dg/ext/asm1.C -std=c++11 scan-assembler frob on
UNRESOLVED: g++.dg/ext/asm1.C -std=c++1y scan-assembler foo on
UNRESOLVED: g++.dg/ext/asm1.C -std=c++1y scan-assembler bar on
UNRESOLVED: g++.dg/ext/asm1.C -std=c++1y scan-assembler frob on
UNRESOLVED: g++.dg/ext/attr-used-1.C -std=c++98 scan-assembler _ZN1AIiE1fEv
UNRESOLVED: g++.dg/ext/attr-used-1.C -std=c++98 scan-assembler _ZN1AIiE1tE
UNRESOLVED: g++.dg/ext/attr-used-1.C -std=c++11 scan-assembler _ZN1AIiE1fEv
UNRESOLVED: g++.dg/ext/attr-used-1.C -std=c++11 scan-assembler _ZN1AIiE1tE
UNRESOLVED: g++.dg/ext/attr-used-1.C -std=c++1y scan-assembler _ZN1AIiE1fEv
UNRESOLVED: g++.dg/ext/attr-used-1.C -std=c++1y scan-assembler _ZN1AIiE1tE
UNRESOLVED: g++.dg/ext/pragmaweak1.C -std=c++98 scan-assembler-not _Z3Foov
UNRESOLVED: g++.dg/ext/pragmaweak1.C -std=c++11 scan-assembler-not _Z3Foov
UNRESOLVED: g++.dg/ext/pragmaweak1.C -std=c++1y scan-assembler-not _Z3Foov
UNRESOLVED: g++.dg/ext/vector26.C -std=gnu++11 scan-assembler-not globl[ \\t]*_Z3bar
UNRESOLVED: g++.dg/ext/vector26.C -std=gnu++1y scan-assembler-not globl[ \\t]*_Z3bar
UNRESOLVED: g++.dg/ext/visibility/anon11.C -std=c++98 scan-assembler-not \\\\.local
UNRESOLVED: g++.dg/ext/visibility/anon11.C -std=c++11 scan-assembler-not \\\\.local
UNRESOLVED: g++.dg/ext/visibility/anon11.C -std=c++1y scan-assembler-not \\\\.local
UNRESOLVED: g++.dg/ext/visibility/anon6.C -std=c++98 scan-assembler 1BIiE1cE
UNRESOLVED: g++.dg/ext/visibility/anon6.C -std=c++98 scan-assembler-not globl.*1BIiE1cE
UNRESOLVED: g++.dg/ext/visibility/anon6.C -std=c++98 scan-assembler-not comdat
UNRESOLVED: g++.dg/ext/visibility/anon6.C -std=c++98 scan-assembler-not weak
UNRESOLVED: g++.dg/ext/visibility/anon6.C -std=c++98 scan-assembler-not 1AIiE1cE
UNRESOLVED: g++.dg/ext/visibility/anon6.C -std=c++11 scan-assembler 1BIiE1cE
UNRESOLVED: g++.dg/ext/visibility/anon6.C -std=c++11 scan-assembler-not globl.*1BIiE1cE
UNRESOLVED: g++.dg/ext/visibility/anon6.C -std=c++11 scan-assembler-not comdat
UNRESOLVED: g++.dg/ext/visibility/anon6.C -std=c++11 scan-assembler-not weak
UNRESOLVED: g++.dg/ext/visibility/anon6.C -std=c++11 scan-assembler-not 1AIiE1cE
UNRESOLVED: g++.dg/ext/visibility/anon6.C -std=c++1y scan-assembler 1BIiE1cE
UNRESOLVED: g++.dg/ext/visibility/anon6.C -std=c++1y scan-assembler-not globl.*1BIiE1cE
UNRESOLVED: g++.dg/ext/visibility/anon6.C -std=c++1y scan-assembler-not comdat
UNRESOLVED: g++.dg/ext/visibility/anon6.C -std=c++1y scan-assembler-not weak
UNRESOLVED: g++.dg/ext/visibility/anon6.C -std=c++1y scan-assembler-not 1AIiE1cE
UNRESOLVED: g++.dg/ext/visibility/guard1.C -std=gnu++98 scan-not-hidden hidden[ \\t_]*_ZGVZN5otherclEvE4s_cd
UNRESOLVED: g++.dg/ext/visibility/guard1.C -std=gnu++11 scan-not-hidden hidden[ \\t_]*_ZGVZN5otherclEvE4s_cd
UNRESOLVED: g++.dg/ext/visibility/guard1.C -std=gnu++1y scan-not-hidden hidden[ \\t_]*_ZGVZN5otherclEvE4s_cd
UNRESOLVED: g++.dg/ext/visibility/local1.C -std=c++98 scan-hidden hidden[ \\t_]*_Z1fv
UNRESOLVED: g++.dg/ext/visibility/local1.C -std=c++98 scan-hidden hidden[ \\t_]*_ZZ1fvE1i
UNRESOLVED: g++.dg/ext/visibility/local1.C -std=c++98 scan-hidden hidden[ \\t_]*_ZZ1fvEN1A1fEv
UNRESOLVED: g++.dg/ext/visibility/local1.C -std=c++11 scan-hidden hidden[ \\t_]*_Z1fv
UNRESOLVED: g++.dg/ext/visibility/local1.C -std=c++11 scan-hidden hidden[ \\t_]*_ZZ1fvE1i
UNRESOLVED: g++.dg/ext/visibility/local1.C -std=c++11 scan-hidden hidden[ \\t_]*_ZZ1fvEN1A1fEv
UNRESOLVED: g++.dg/ext/visibility/local1.C -std=c++1y scan-hidden hidden[ \\t_]*_Z1fv
UNRESOLVED: g++.dg/ext/visibility/local1.C -std=c++1y scan-hidden hidden[ \\t_]*_ZZ1fvE1i
UNRESOLVED: g++.dg/ext/visibility/local1.C -std=c++1y scan-hidden hidden[ \\t_]*_ZZ1fvEN1A1fEv
UNRESOLVED: g++.dg/ext/visibility/ms-compat-1.C -std=gnu++98 scan-not-hidden hidden[ \\t_]*_ZTI1S
UNRESOLVED: g++.dg/ext/visibility/ms-compat-1.C -std=gnu++98 scan-hidden hidden[ \\t_]*_ZTI1T
UNRESOLVED: g++.dg/ext/visibility/ms-compat-1.C -std=gnu++98 scan-not-hidden hidden[ \\t_]*_ZTI1U
UNRESOLVED: g++.dg/ext/visibility/ms-compat-1.C -std=gnu++98 scan-not-hidden hidden[ \\t_]*_ZN1U6hide_4Ev
UNRESOLVED: g++.dg/ext/visibility/ms-compat-1.C -std=gnu++11 scan-not-hidden hidden[ \\t_]*_ZTI1S
UNRESOLVED: g++.dg/ext/visibility/ms-compat-1.C -std=gnu++11 scan-hidden hidden[ \\t_]*_ZTI1T
UNRESOLVED: g++.dg/ext/visibility/ms-compat-1.C -std=gnu++11 scan-not-hidden hidden[ \\t_]*_ZTI1U
UNRESOLVED: g++.dg/ext/visibility/ms-compat-1.C -std=gnu++11 scan-not-hidden hidden[ \\t_]*_ZN1U6hide_4Ev
UNRESOLVED: g++.dg/ext/visibility/ms-compat-1.C -std=gnu++1y scan-not-hidden hidden[ \\t_]*_ZTI1S
UNRESOLVED: g++.dg/ext/visibility/ms-compat-1.C -std=gnu++1y scan-hidden hidden[ \\t_]*_ZTI1T
UNRESOLVED: g++.dg/ext/visibility/ms-compat-1.C -std=gnu++1y scan-not-hidden hidden[ \\t_]*_ZTI1U
UNRESOLVED: g++.dg/ext/visibility/ms-compat-1.C -std=gnu++1y scan-not-hidden hidden[ \\t_]*_ZN1U6hide_4Ev
UNRESOLVED: g++.dg/ext/visibility/namespace1.C -std=c++98 scan-hidden hidden[ \\t_]*_ZN3foo1fEv
UNRESOLVED: g++.dg/ext/visibility/namespace1.C -std=c++98 scan-hidden hidden[ \\t_]*_ZN3foo1gEv
UNRESOLVED: g++.dg/ext/visibility/namespace1.C -std=c++98 scan-hidden hidden[ \\t_]*_ZN3foo1A1mEv
UNRESOLVED: g++.dg/ext/visibility/namespace1.C -std=c++98 scan-hidden hidden[ \\t_]*_ZN3foo1tIiEEvv
UNRESOLVED: g++.dg/ext/visibility/namespace1.C -std=c++98 scan-not-hidden hidden[ \\t_]*_ZN3foo1hEv
UNRESOLVED: g++.dg/ext/visibility/namespace1.C -std=c++11 scan-hidden hidden[ \\t_]*_ZN3foo1fEv
UNRESOLVED: g++.dg/ext/visibility/namespace1.C -std=c++11 scan-hidden hidden[ \\t_]*_ZN3foo1gEv
UNRESOLVED: g++.dg/ext/visibility/namespace1.C -std=c++11 scan-hidden hidden[ \\t_]*_ZN3foo1A1mEv
UNRESOLVED: g++.dg/ext/visibility/namespace1.C -std=c++11 scan-hidden hidden[ \\t_]*_ZN3foo1tIiEEvv
UNRESOLVED: g++.dg/ext/visibility/namespace1.C -std=c++11 scan-not-hidden hidden[ \\t_]*_ZN3foo1hEv
UNRESOLVED: g++.dg/ext/visibility/namespace1.C -std=c++1y scan-hidden hidden[ \\t_]*_ZN3foo1fEv
UNRESOLVED: g++.dg/ext/visibility/namespace1.C -std=c++1y scan-hidden hidden[ \\t_]*_ZN3foo1gEv
UNRESOLVED: g++.dg/ext/visibility/namespace1.C -std=c++1y scan-hidden hidden[ \\t_]*_ZN3foo1A1mEv
UNRESOLVED: g++.dg/ext/visibility/namespace1.C -std=c++1y scan-hidden hidden[ \\t_]*_ZN3foo1tIiEEvv
UNRESOLVED: g++.dg/ext/visibility/namespace1.C -std=c++1y scan-not-hidden hidden[ \\t_]*_ZN3foo1hEv
UNRESOLVED: g++.dg/ext/visibility/namespace2.C -std=gnu++98 scan-hidden hidden[ \\t_]*_ZN4Test4testEv
UNRESOLVED: g++.dg/ext/visibility/namespace2.C -std=gnu++11 scan-hidden hidden[ \\t_]*_ZN4Test4testEv
UNRESOLVED: g++.dg/ext/visibility/namespace2.C -std=gnu++1y scan-hidden hidden[ \\t_]*_ZN4Test4testEv
UNRESOLVED: g++.dg/ext/visibility/new1.C -std=gnu++98 scan-not-hidden hidden[ \\t_]*_Znwj
UNRESOLVED: g++.dg/ext/visibility/new1.C -std=gnu++11 scan-not-hidden hidden[ \\t_]*_Znwj
UNRESOLVED: g++.dg/ext/visibility/new1.C -std=gnu++1y scan-not-hidden hidden[ \\t_]*_Znwj
UNRESOLVED: g++.dg/ext/visibility/overload-1.C -std=c++98 scan-hidden hidden[ \\t_]*_Z3fooP8a_struct
UNRESOLVED: g++.dg/ext/visibility/overload-1.C -std=c++11 scan-hidden hidden[ \\t_]*_Z3fooP8a_struct
UNRESOLVED: g++.dg/ext/visibility/overload-1.C -std=c++1y scan-hidden hidden[ \\t_]*_Z3fooP8a_struct
UNRESOLVED: g++.dg/ext/visibility/template1.C -std=gnu++98 scan-not-hidden hidden[ \\t_]*_ZN1AIiE3fooEv
UNRESOLVED: g++.dg/ext/visibility/template1.C -std=gnu++98 scan-not-hidden hidden[ \\t_]*_ZN1AIiE3barEv
UNRESOLVED: g++.dg/ext/visibility/template1.C -std=gnu++98 scan-hidden hidden[ \\t_]*_ZN1AIlE3fooEv
UNRESOLVED: g++.dg/ext/visibility/template1.C -std=gnu++98 scan-hidden hidden[ \\t_]*_ZN1AIlE3barEv
UNRESOLVED: g++.dg/ext/visibility/template1.C -std=gnu++98 scan-hidden hidden[ \\t_]*_ZN1AIcE3barEv
UNRESOLVED: g++.dg/ext/visibility/template1.C -std=gnu++11 scan-not-hidden hidden[ \\t_]*_ZN1AIiE3fooEv
UNRESOLVED: g++.dg/ext/visibility/template1.C -std=gnu++11 scan-not-hidden hidden[ \\t_]*_ZN1AIiE3barEv
UNRESOLVED: g++.dg/ext/visibility/template1.C -std=gnu++11 scan-hidden hidden[ \\t_]*_ZN1AIlE3fooEv
UNRESOLVED: g++.dg/ext/visibility/template1.C -std=gnu++11 scan-hidden hidden[ \\t_]*_ZN1AIlE3barEv
UNRESOLVED: g++.dg/ext/visibility/template1.C -std=gnu++11 scan-hidden hidden[ \\t_]*_ZN1AIcE3barEv
UNRESOLVED: g++.dg/ext/visibility/template1.C -std=gnu++1y scan-not-hidden hidden[ \\t_]*_ZN1AIiE3fooEv
UNRESOLVED: g++.dg/ext/visibility/template1.C -std=gnu++1y scan-not-hidden hidden[ \\t_]*_ZN1AIiE3barEv
UNRESOLVED: g++.dg/ext/visibility/template1.C -std=gnu++1y scan-hidden hidden[ \\t_]*_ZN1AIlE3fooEv
UNRESOLVED: g++.dg/ext/visibility/template1.C -std=gnu++1y scan-hidden hidden[ \\t_]*_ZN1AIlE3barEv
UNRESOLVED: g++.dg/ext/visibility/template1.C -std=gnu++1y scan-hidden hidden[ \\t_]*_ZN1AIcE3barEv
UNRESOLVED: g++.dg/ext/visibility/template10.C -std=gnu++98 scan-not-hidden hidden[ \\t_]*_Z8testfuncI3fooEvv
UNRESOLVED: g++.dg/ext/visibility/template10.C -std=gnu++11 scan-not-hidden hidden[ \\t_]*_Z8testfuncI3fooEvv
UNRESOLVED: g++.dg/ext/visibility/template10.C -std=gnu++1y scan-not-hidden hidden[ \\t_]*_Z8testfuncI3fooEvv
UNRESOLVED: g++.dg/ext/visibility/template11.C -std=gnu++98 scan-not-hidden hidden[ \\t_]*_ZN13template_testI4testE8functionEv
UNRESOLVED: g++.dg/ext/visibility/template11.C -std=gnu++11 scan-not-hidden hidden[ \\t_]*_ZN13template_testI4testE8functionEv
UNRESOLVED: g++.dg/ext/visibility/template11.C -std=gnu++1y scan-not-hidden hidden[ \\t_]*_ZN13template_testI4testE8functionEv
UNRESOLVED: g++.dg/ext/visibility/template12.C -std=gnu++98 scan-not-hidden hidden[ \\t_]*_ZN1aI1bE1cE
UNRESOLVED: g++.dg/ext/visibility/template12.C -std=gnu++11 scan-not-hidden hidden[ \\t_]*_ZN1aI1bE1cE
UNRESOLVED: g++.dg/ext/visibility/template12.C -std=gnu++1y scan-not-hidden hidden[ \\t_]*_ZN1aI1bE1cE
UNRESOLVED: g++.dg/ext/visibility/template3.C -std=c++98 scan-hidden hidden[ \\t_]*_ZN1AIlE1fEl
UNRESOLVED: g++.dg/ext/visibility/template3.C -std=c++98 scan-hidden hidden[ \\t_]*_ZN1AIiE1fEi
UNRESOLVED: g++.dg/ext/visibility/template3.C -std=c++98 scan-not-hidden hidden[ \\t_]*_ZN1AIcE1fEc
UNRESOLVED: g++.dg/ext/visibility/template3.C -std=c++98 scan-hidden hidden[ \\t_]*_Z8identityIdET_S0_
UNRESOLVED: g++.dg/ext/visibility/template3.C -std=c++98 scan-not-hidden hidden[ \\t_]*_Z8identityIiET_S0_
UNRESOLVED: g++.dg/ext/visibility/template3.C -std=c++11 scan-hidden hidden[ \\t_]*_ZN1AIlE1fEl
UNRESOLVED: g++.dg/ext/visibility/template3.C -std=c++11 scan-hidden hidden[ \\t_]*_ZN1AIiE1fEi
UNRESOLVED: g++.dg/ext/visibility/template3.C -std=c++11 scan-not-hidden hidden[ \\t_]*_ZN1AIcE1fEc
UNRESOLVED: g++.dg/ext/visibility/template3.C -std=c++11 scan-hidden hidden[ \\t_]*_Z8identityIdET_S0_
UNRESOLVED: g++.dg/ext/visibility/template3.C -std=c++11 scan-not-hidden hidden[ \\t_]*_Z8identityIiET_S0_
UNRESOLVED: g++.dg/ext/visibility/template3.C -std=c++1y scan-hidden hidden[ \\t_]*_ZN1AIlE1fEl
UNRESOLVED: g++.dg/ext/visibility/template3.C -std=c++1y scan-hidden hidden[ \\t_]*_ZN1AIiE1fEi
UNRESOLVED: g++.dg/ext/visibility/template3.C -std=c++1y scan-not-hidden hidden[ \\t_]*_ZN1AIcE1fEc
UNRESOLVED: g++.dg/ext/visibility/template3.C -std=c++1y scan-hidden hidden[ \\t_]*_Z8identityIdET_S0_
UNRESOLVED: g++.dg/ext/visibility/template3.C -std=c++1y scan-not-hidden hidden[ \\t_]*_Z8identityIiET_S0_
UNRESOLVED: g++.dg/ext/visibility/template4.C -std=c++98 scan-hidden hidden[ \\t_]*_Z3fooIdEvT_
UNRESOLVED: g++.dg/ext/visibility/template4.C -std=c++98 scan-hidden hidden[ \\t_]*_Z3fooIlEvT_
UNRESOLVED: g++.dg/ext/visibility/template4.C -std=c++98 scan-hidden hidden[ \\t_]*_Z3fooIcEvT_
UNRESOLVED: g++.dg/ext/visibility/template4.C -std=c++98 scan-hidden hidden[ \\t_]*_Z3fooIiEvT_
UNRESOLVED: g++.dg/ext/visibility/template4.C -std=c++98 scan-not-hidden hidden[ \\t_]*_Z3fooIfEvT_
UNRESOLVED: g++.dg/ext/visibility/template4.C -std=c++98 scan-not-hidden hidden[ \\t_]*_Z3fooIsEvT_
UNRESOLVED: g++.dg/ext/visibility/template4.C -std=c++98 scan-hidden hidden[ \\t_]*_Z3barIdEvT_
UNRESOLVED: g++.dg/ext/visibility/template4.C -std=c++98 scan-hidden hidden[ \\t_]*_Z3barIlEvT_
UNRESOLVED: g++.dg/ext/visibility/template4.C -std=c++98 scan-hidden hidden[ \\t_]*_Z3barIiEvT_
UNRESOLVED: g++.dg/ext/visibility/template4.C -std=c++98 scan-hidden hidden[ \\t_]*_Z3barIcEvT_
UNRESOLVED: g++.dg/ext/visibility/template4.C -std=c++98 scan-not-hidden hidden[ \\t_]*_Z3barIfEvT_
UNRESOLVED: g++.dg/ext/visibility/template4.C -std=c++98 scan-not-hidden hidden[ \\t_]*_Z3barIsEvT_
UNRESOLVED: g++.dg/ext/visibility/template4.C -std=c++11 scan-hidden hidden[ \\t_]*_Z3fooIdEvT_
UNRESOLVED: g++.dg/ext/visibility/template4.C -std=c++11 scan-hidden hidden[ \\t_]*_Z3fooIlEvT_
UNRESOLVED: g++.dg/ext/visibility/template4.C -std=c++11 scan-hidden hidden[ \\t_]*_Z3fooIcEvT_
UNRESOLVED: g++.dg/ext/visibility/template4.C -std=c++11 scan-hidden hidden[ \\t_]*_Z3fooIiEvT_
UNRESOLVED: g++.dg/ext/visibility/template4.C -std=c++11 scan-not-hidden hidden[ \\t_]*_Z3fooIfEvT_
UNRESOLVED: g++.dg/ext/visibility/template4.C -std=c++11 scan-not-hidden hidden[ \\t_]*_Z3fooIsEvT_
UNRESOLVED: g++.dg/ext/visibility/template4.C -std=c++11 scan-hidden hidden[ \\t_]*_Z3barIdEvT_
UNRESOLVED: g++.dg/ext/visibility/template4.C -std=c++11 scan-hidden hidden[ \\t_]*_Z3barIlEvT_
UNRESOLVED: g++.dg/ext/visibility/template4.C -std=c++11 scan-hidden hidden[ \\t_]*_Z3barIiEvT_
UNRESOLVED: g++.dg/ext/visibility/template4.C -std=c++11 scan-hidden hidden[ \\t_]*_Z3barIcEvT_
UNRESOLVED: g++.dg/ext/visibility/template4.C -std=c++11 scan-not-hidden hidden[ \\t_]*_Z3barIfEvT_
UNRESOLVED: g++.dg/ext/visibility/template4.C -std=c++11 scan-not-hidden hidden[ \\t_]*_Z3barIsEvT_
UNRESOLVED: g++.dg/ext/visibility/template4.C -std=c++1y scan-hidden hidden[ \\t_]*_Z3fooIdEvT_
UNRESOLVED: g++.dg/ext/visibility/template4.C -std=c++1y scan-hidden hidden[ \\t_]*_Z3fooIlEvT_
UNRESOLVED: g++.dg/ext/visibility/template4.C -std=c++1y scan-hidden hidden[ \\t_]*_Z3fooIcEvT_
UNRESOLVED: g++.dg/ext/visibility/template4.C -std=c++1y scan-hidden hidden[ \\t_]*_Z3fooIiEvT_
UNRESOLVED: g++.dg/ext/visibility/template4.C -std=c++1y scan-not-hidden hidden[ \\t_]*_Z3fooIfEvT_
UNRESOLVED: g++.dg/ext/visibility/template4.C -std=c++1y scan-not-hidden hidden[ \\t_]*_Z3fooIsEvT_
UNRESOLVED: g++.dg/ext/visibility/template4.C -std=c++1y scan-hidden hidden[ \\t_]*_Z3barIdEvT_
UNRESOLVED: g++.dg/ext/visibility/template4.C -std=c++1y scan-hidden hidden[ \\t_]*_Z3barIlEvT_
UNRESOLVED: g++.dg/ext/visibility/template4.C -std=c++1y scan-hidden hidden[ \\t_]*_Z3barIiEvT_
UNRESOLVED: g++.dg/ext/visibility/template4.C -std=c++1y scan-hidden hidden[ \\t_]*_Z3barIcEvT_
UNRESOLVED: g++.dg/ext/visibility/template4.C -std=c++1y scan-not-hidden hidden[ \\t_]*_Z3barIfEvT_
UNRESOLVED: g++.dg/ext/visibility/template4.C -std=c++1y scan-not-hidden hidden[ \\t_]*_Z3barIsEvT_
UNRESOLVED: g++.dg/ext/visibility/template6.C -std=c++98 scan-not-hidden hidden[ \\t_]*_ZN1AIiE1fEv
UNRESOLVED: g++.dg/ext/visibility/template6.C -std=c++11 scan-not-hidden hidden[ \\t_]*_ZN1AIiE1fEv
UNRESOLVED: g++.dg/ext/visibility/template6.C -std=c++1y scan-not-hidden hidden[ \\t_]*_ZN1AIiE1fEv
UNRESOLVED: g++.dg/ext/visibility/template7.C -std=gnu++98 scan-hidden hidden[ \\t_]*_ZN1s6vectorI1AEC1Ev
UNRESOLVED: g++.dg/ext/visibility/template7.C -std=gnu++98 scan-hidden hidden[ \\t_]*_ZN1s3fooI1AEEvT_
UNRESOLVED: g++.dg/ext/visibility/template7.C -std=gnu++11 scan-hidden hidden[ \\t_]*_ZN1s6vectorI1AEC1Ev
UNRESOLVED: g++.dg/ext/visibility/template7.C -std=gnu++11 scan-hidden hidden[ \\t_]*_ZN1s3fooI1AEEvT_
UNRESOLVED: g++.dg/ext/visibility/template7.C -std=gnu++1y scan-hidden hidden[ \\t_]*_ZN1s6vectorI1AEC1Ev
UNRESOLVED: g++.dg/ext/visibility/template7.C -std=gnu++1y scan-hidden hidden[ \\t_]*_ZN1s3fooI1AEEvT_
UNRESOLVED: g++.dg/ext/visibility/template8.C -std=gnu++98 scan-hidden hidden[ \\t_]*_Z1gI1BEvT_
UNRESOLVED: g++.dg/ext/visibility/template8.C -std=gnu++98 scan-hidden hidden[ \\t_]*_Z1gI1AI1BEEvT_
UNRESOLVED: g++.dg/ext/visibility/template8.C -std=gnu++11 scan-hidden hidden[ \\t_]*_Z1gI1BEvT_
UNRESOLVED: g++.dg/ext/visibility/template8.C -std=gnu++11 scan-hidden hidden[ \\t_]*_Z1gI1AI1BEEvT_
UNRESOLVED: g++.dg/ext/visibility/template8.C -std=gnu++1y scan-hidden hidden[ \\t_]*_Z1gI1BEvT_
UNRESOLVED: g++.dg/ext/visibility/template8.C -std=gnu++1y scan-hidden hidden[ \\t_]*_Z1gI1AI1BEEvT_
UNRESOLVED: g++.dg/ext/visibility/template9.C -std=gnu++98 scan-not-hidden hidden[ \\t_]*_ZN1N1fI1AEEvT
UNRESOLVED: g++.dg/ext/visibility/template9.C -std=gnu++11 scan-not-hidden hidden[ \\t_]*_ZN1N1fI1AEEvT
UNRESOLVED: g++.dg/ext/visibility/template9.C -std=gnu++1y scan-not-hidden hidden[ \\t_]*_ZN1N1fI1AEEvT
UNRESOLVED: g++.dg/ext/visibility/typeinfo1.C -std=gnu++98 scan-not-hidden hidden[ \\t_]*_ZTIPPi
UNRESOLVED: g++.dg/ext/visibility/typeinfo1.C -std=gnu++98 scan-not-hidden hidden[ \\t_]*_ZTSPPi
UNRESOLVED: g++.dg/ext/visibility/typeinfo1.C -std=gnu++98 scan-hidden hidden[ \\t_]*_ZTIP1A
UNRESOLVED: g++.dg/ext/visibility/typeinfo1.C -std=gnu++98 scan-hidden hidden[ \\t_]*_ZTSP1A
UNRESOLVED: g++.dg/ext/visibility/typeinfo1.C -std=gnu++11 scan-not-hidden hidden[ \\t_]*_ZTIPPi
UNRESOLVED: g++.dg/ext/visibility/typeinfo1.C -std=gnu++11 scan-not-hidden hidden[ \\t_]*_ZTSPPi
UNRESOLVED: g++.dg/ext/visibility/typeinfo1.C -std=gnu++11 scan-hidden hidden[ \\t_]*_ZTIP1A
UNRESOLVED: g++.dg/ext/visibility/typeinfo1.C -std=gnu++11 scan-hidden hidden[ \\t_]*_ZTSP1A
UNRESOLVED: g++.dg/ext/visibility/typeinfo1.C -std=gnu++1y scan-not-hidden hidden[ \\t_]*_ZTIPPi
UNRESOLVED: g++.dg/ext/visibility/typeinfo1.C -std=gnu++1y scan-not-hidden hidden[ \\t_]*_ZTSPPi
UNRESOLVED: g++.dg/ext/visibility/typeinfo1.C -std=gnu++1y scan-hidden hidden[ \\t_]*_ZTIP1A
UNRESOLVED: g++.dg/ext/visibility/typeinfo1.C -std=gnu++1y scan-hidden hidden[ \\t_]*_ZTSP1A
UNRESOLVED: g++.dg/ext/visibility/typeinfo2.C -std=c++98 scan-not-hidden hidden[ \\t_]*_ZTVN10__cxxabiv117__class_type_infoE
UNRESOLVED: g++.dg/ext/visibility/typeinfo2.C -std=c++98 scan-hidden hidden[ \\t_]*_ZTI1A
UNRESOLVED: g++.dg/ext/visibility/typeinfo2.C -std=c++98 scan-hidden hidden[ \\t_]*_ZTV1A
UNRESOLVED: g++.dg/ext/visibility/typeinfo2.C -std=c++11 scan-not-hidden hidden[ \\t_]*_ZTVN10__cxxabiv117__class_type_infoE
UNRESOLVED: g++.dg/ext/visibility/typeinfo2.C -std=c++11 scan-hidden hidden[ \\t_]*_ZTI1A
UNRESOLVED: g++.dg/ext/visibility/typeinfo2.C -std=c++11 scan-hidden hidden[ \\t_]*_ZTV1A
UNRESOLVED: g++.dg/ext/visibility/typeinfo2.C -std=c++1y scan-not-hidden hidden[ \\t_]*_ZTVN10__cxxabiv117__class_type_infoE
UNRESOLVED: g++.dg/ext/visibility/typeinfo2.C -std=c++1y scan-hidden hidden[ \\t_]*_ZTI1A
UNRESOLVED: g++.dg/ext/visibility/typeinfo2.C -std=c++1y scan-hidden hidden[ \\t_]*_ZTV1A
UNRESOLVED: g++.dg/ext/visibility/typeinfo3.C -std=c++98 scan-not-hidden hidden[ \\t_]*_ZTVN10__cxxabiv117__array_type_infoE
UNRESOLVED: g++.dg/ext/visibility/typeinfo3.C -std=c++98 scan-not-hidden hidden[ \\t_]*_ZTVN10__cxxabiv116__enum_type_infoE
UNRESOLVED: g++.dg/ext/visibility/typeinfo3.C -std=c++98 scan-hidden hidden[ \\t_]*_ZTI1S
UNRESOLVED: g++.dg/ext/visibility/typeinfo3.C -std=c++98 scan-hidden hidden[ \\t_]*_ZTS1S
UNRESOLVED: g++.dg/ext/visibility/typeinfo3.C -std=c++98 scan-hidden hidden[ \\t_]*info1
UNRESOLVED: g++.dg/ext/visibility/typeinfo3.C -std=c++98 scan-hidden hidden[ \\t_]*info2
UNRESOLVED: g++.dg/ext/visibility/typeinfo3.C -std=c++98 scan-hidden hidden[ \\t_]*info3
UNRESOLVED: g++.dg/ext/visibility/typeinfo3.C -std=c++98 scan-hidden hidden[ \\t_]*info4
UNRESOLVED: g++.dg/ext/visibility/typeinfo3.C -std=c++98 scan-hidden hidden[ \\t_]*info5
UNRESOLVED: g++.dg/ext/visibility/typeinfo3.C -std=c++11 scan-not-hidden hidden[ \\t_]*_ZTVN10__cxxabiv117__array_type_infoE
UNRESOLVED: g++.dg/ext/visibility/typeinfo3.C -std=c++11 scan-not-hidden hidden[ \\t_]*_ZTVN10__cxxabiv116__enum_type_infoE
UNRESOLVED: g++.dg/ext/visibility/typeinfo3.C -std=c++11 scan-hidden hidden[ \\t_]*_ZTI1S
UNRESOLVED: g++.dg/ext/visibility/typeinfo3.C -std=c++11 scan-hidden hidden[ \\t_]*_ZTS1S
UNRESOLVED: g++.dg/ext/visibility/typeinfo3.C -std=c++11 scan-hidden hidden[ \\t_]*info1
UNRESOLVED: g++.dg/ext/visibility/typeinfo3.C -std=c++11 scan-hidden hidden[ \\t_]*info2
UNRESOLVED: g++.dg/ext/visibility/typeinfo3.C -std=c++11 scan-hidden hidden[ \\t_]*info3
UNRESOLVED: g++.dg/ext/visibility/typeinfo3.C -std=c++11 scan-hidden hidden[ \\t_]*info4
UNRESOLVED: g++.dg/ext/visibility/typeinfo3.C -std=c++11 scan-hidden hidden[ \\t_]*info5
UNRESOLVED: g++.dg/ext/visibility/typeinfo3.C -std=c++1y scan-not-hidden hidden[ \\t_]*_ZTVN10__cxxabiv117__array_type_infoE
UNRESOLVED: g++.dg/ext/visibility/typeinfo3.C -std=c++1y scan-not-hidden hidden[ \\t_]*_ZTVN10__cxxabiv116__enum_type_infoE
UNRESOLVED: g++.dg/ext/visibility/typeinfo3.C -std=c++1y scan-hidden hidden[ \\t_]*_ZTI1S
UNRESOLVED: g++.dg/ext/visibility/typeinfo3.C -std=c++1y scan-hidden hidden[ \\t_]*_ZTS1S
UNRESOLVED: g++.dg/ext/visibility/typeinfo3.C -std=c++1y scan-hidden hidden[ \\t_]*info1
UNRESOLVED: g++.dg/ext/visibility/typeinfo3.C -std=c++1y scan-hidden hidden[ \\t_]*info2
UNRESOLVED: g++.dg/ext/visibility/typeinfo3.C -std=c++1y scan-hidden hidden[ \\t_]*info3
UNRESOLVED: g++.dg/ext/visibility/typeinfo3.C -std=c++1y scan-hidden hidden[ \\t_]*info4
UNRESOLVED: g++.dg/ext/visibility/typeinfo3.C -std=c++1y scan-hidden hidden[ \\t_]*info5
UNRESOLVED: g++.dg/ext/visibility/visibility-1.C -std=c++98 scan-hidden hidden[ \\t_]*_Z3foov
UNRESOLVED: g++.dg/ext/visibility/visibility-1.C -std=c++11 scan-hidden hidden[ \\t_]*_Z3foov
UNRESOLVED: g++.dg/ext/visibility/visibility-1.C -std=c++1y scan-hidden hidden[ \\t_]*_Z3foov
UNRESOLVED: g++.dg/ext/visibility/visibility-2.C -std=c++98 scan-hidden hidden[ \\t_]*_Z3foov
UNRESOLVED: g++.dg/ext/visibility/visibility-2.C -std=c++11 scan-hidden hidden[ \\t_]*_Z3foov
UNRESOLVED: g++.dg/ext/visibility/visibility-2.C -std=c++1y scan-hidden hidden[ \\t_]*_Z3foov
UNRESOLVED: g++.dg/ext/visibility/visibility-3.C -std=c++98 scan-hidden hidden[ \\t_]*xyzzy
UNRESOLVED: g++.dg/ext/visibility/visibility-3.C -std=c++11 scan-hidden hidden[ \\t_]*xyzzy
UNRESOLVED: g++.dg/ext/visibility/visibility-3.C -std=c++1y scan-hidden hidden[ \\t_]*xyzzy
UNRESOLVED: g++.dg/ext/visibility/visibility-4.C -std=c++98 scan-hidden hidden[ \\t_]*xyzzy
UNRESOLVED: g++.dg/ext/visibility/visibility-4.C -std=c++11 scan-hidden hidden[ \\t_]*xyzzy
UNRESOLVED: g++.dg/ext/visibility/visibility-4.C -std=c++1y scan-hidden hidden[ \\t_]*xyzzy
UNRESOLVED: g++.dg/ext/visibility/visibility-5.C -std=c++98 scan-hidden hidden[ \\t_]*_Z3foov
UNRESOLVED: g++.dg/ext/visibility/visibility-5.C -std=c++11 scan-hidden hidden[ \\t_]*_Z3foov
UNRESOLVED: g++.dg/ext/visibility/visibility-5.C -std=c++1y scan-hidden hidden[ \\t_]*_Z3foov
UNRESOLVED: g++.dg/ext/visibility/visibility-6.C -std=c++98 scan-hidden hidden[ \\t_]*xyzzy
UNRESOLVED: g++.dg/ext/visibility/visibility-6.C -std=c++11 scan-hidden hidden[ \\t_]*xyzzy
UNRESOLVED: g++.dg/ext/visibility/visibility-6.C -std=c++1y scan-hidden hidden[ \\t_]*xyzzy
UNRESOLVED: g++.dg/ext/visibility/visibility-7.C -std=c++98 scan-hidden hidden[ \\t_]*xyzzy
UNRESOLVED: g++.dg/ext/visibility/visibility-7.C -std=c++11 scan-hidden hidden[ \\t_]*xyzzy
UNRESOLVED: g++.dg/ext/visibility/visibility-7.C -std=c++1y scan-hidden hidden[ \\t_]*xyzzy
UNRESOLVED: g++.dg/ext/visibility/warn3.C -std=c++98 scan-not-hidden hidden[ \\t_]*_ZN1A1fEv
UNRESOLVED: g++.dg/ext/visibility/warn3.C -std=c++11 scan-not-hidden hidden[ \\t_]*_ZN1A1fEv
UNRESOLVED: g++.dg/ext/visibility/warn3.C -std=c++1y scan-not-hidden hidden[ \\t_]*_ZN1A1fEv
UNRESOLVED: g++.dg/init/cleanup3.C -std=c++98 scan-assembler-not _tcf
UNRESOLVED: g++.dg/init/cleanup3.C -std=c++11 scan-assembler-not _tcf
UNRESOLVED: g++.dg/init/cleanup3.C -std=c++1y scan-assembler-not _tcf
UNRESOLVED: g++.dg/init/const9.C -std=c++98 scan-assembler-not rodata
UNRESOLVED: g++.dg/init/const9.C -std=c++11 scan-assembler-not rodata
UNRESOLVED: g++.dg/init/const9.C -std=c++1y scan-assembler-not rodata
UNRESOLVED: g++.dg/init/dtor4.C -std=c++98 scan-assembler-not _ZN1AD2Ev
UNRESOLVED: g++.dg/init/dtor4.C -std=c++11 scan-assembler-not _ZN1AD2Ev
UNRESOLVED: g++.dg/init/dtor4.C -std=c++1y scan-assembler-not _ZN1AD2Ev
UNRESOLVED: g++.dg/init/mutable1.C -std=c++98 scan-assembler-not rodata
UNRESOLVED: g++.dg/init/mutable1.C -std=c++11 scan-assembler-not rodata
UNRESOLVED: g++.dg/init/mutable1.C -std=c++1y scan-assembler-not rodata
UNRESOLVED: g++.dg/init/static-init3.C -std=c++98 scan-assembler-not GLOBAL
UNRESOLVED: g++.dg/init/static-init3.C -std=c++11 scan-assembler-not GLOBAL
UNRESOLVED: g++.dg/init/static-init3.C -std=c++1y scan-assembler-not GLOBAL
UNRESOLVED: g++.dg/ipa/devirt-28.C -std=gnu++98 scan-assembler-not _ZN1AD2Ev
UNRESOLVED: g++.dg/ipa/devirt-28.C -std=gnu++98 scan-assembler-not _ZN1BD0Ev
UNRESOLVED: g++.dg/ipa/devirt-28.C -std=gnu++11 scan-assembler-not _ZN1AD2Ev
UNRESOLVED: g++.dg/ipa/devirt-28.C -std=gnu++11 scan-assembler-not _ZN1BD0Ev
UNRESOLVED: g++.dg/ipa/devirt-28.C -std=gnu++1y scan-assembler-not _ZN1AD2Ev
UNRESOLVED: g++.dg/ipa/devirt-28.C -std=gnu++1y scan-assembler-not _ZN1BD0Ev
UNRESOLVED: g++.dg/lookup/builtin5.C -std=c++98 scan-assembler _ZSt5atanhd
UNRESOLVED: g++.dg/lookup/builtin5.C -std=c++11 scan-assembler _ZSt5atanhd
UNRESOLVED: g++.dg/lookup/builtin5.C -std=c++1y scan-assembler _ZSt5atanhd
UNRESOLVED: g++.dg/opt/const6.C -std=gnu++98 scan-assembler _ZN1K1kE
UNRESOLVED: g++.dg/opt/const6.C -std=gnu++11 scan-assembler _ZN1K1kE
UNRESOLVED: g++.dg/opt/const6.C -std=gnu++1y scan-assembler _ZN1K1kE
UNRESOLVED: g++.dg/opt/devirt4.C -std=gnu++98 scan-assembler _ZN3fooD2Ev
UNRESOLVED: g++.dg/opt/devirt4.C -std=gnu++11 scan-assembler _ZN3fooD2Ev
UNRESOLVED: g++.dg/opt/devirt4.C -std=gnu++1y scan-assembler _ZN3fooD2Ev
UNRESOLVED: g++.dg/opt/inline16.C -std=gnu++98 scan-assembler-not _ZL9fromSlotBv
UNRESOLVED: g++.dg/opt/inline16.C -std=gnu++11 scan-assembler-not _ZL9fromSlotBv
UNRESOLVED: g++.dg/opt/inline16.C -std=gnu++1y scan-assembler-not _ZL9fromSlotBv
UNRESOLVED: g++.dg/opt/inline4.C -std=gnu++98 scan-assembler-not \\n_?_Z1gILi[0-9]+EEvv[: \\t\\n]
UNRESOLVED: g++.dg/opt/inline4.C -std=gnu++11 scan-assembler-not \\n_?_Z1gILi[0-9]+EEvv[: \\t\\n]
UNRESOLVED: g++.dg/opt/inline4.C -std=gnu++1y scan-assembler-not \\n_?_Z1gILi[0-9]+EEvv[: \\t\\n]
UNRESOLVED: g++.dg/opt/inline6.C -std=gnu++98 scan-assembler-not \\n_?_Z3fooIlET_S0_[: \\t\\n]
UNRESOLVED: g++.dg/opt/inline6.C -std=gnu++11 scan-assembler-not \\n_?_Z3fooIlET_S0_[: \\t\\n]
UNRESOLVED: g++.dg/opt/inline6.C -std=gnu++1y scan-assembler-not \\n_?_Z3fooIlET_S0_[: \\t\\n]
UNRESOLVED: g++.dg/opt/inline8.C -std=gnu++98 scan-assembler foo
UNRESOLVED: g++.dg/opt/inline8.C -std=gnu++11 scan-assembler foo
UNRESOLVED: g++.dg/opt/inline8.C -std=gnu++1y scan-assembler foo
UNRESOLVED: g++.dg/opt/template1.C -std=gnu++98 scan-assembler-not \\n_?_ZN1AILi0EE4foo1Ev[: \\t\\n]
UNRESOLVED: g++.dg/opt/template1.C -std=gnu++11 scan-assembler-not \\n_?_ZN1AILi0EE4foo1Ev[: \\t\\n]
UNRESOLVED: g++.dg/opt/template1.C -std=gnu++1y scan-assembler-not \\n_?_ZN1AILi0EE4foo1Ev[: \\t\\n]
UNRESOLVED: g++.dg/opt/vt2.C -std=gnu++98 scan-assembler-not mov[^\\n]*_ZTV
UNRESOLVED: g++.dg/opt/vt2.C -std=gnu++11 scan-assembler-not mov[^\\n]*_ZTV
UNRESOLVED: g++.dg/opt/vt2.C -std=gnu++1y scan-assembler-not mov[^\\n]*_ZTV
UNRESOLVED: g++.dg/other/pragma-re-1.C -std=c++98 scan-assembler bar
UNRESOLVED: g++.dg/other/pragma-re-1.C -std=c++98 scan-assembler-not foo
UNRESOLVED: g++.dg/other/pragma-re-1.C -std=c++98 scan-assembler _Z3bazv
UNRESOLVED: g++.dg/other/pragma-re-1.C -std=c++98 scan-assembler-not baq
UNRESOLVED: g++.dg/other/pragma-re-1.C -std=c++98 scan-assembler tut
UNRESOLVED: g++.dg/other/pragma-re-1.C -std=c++98 scan-assembler-not gee
UNRESOLVED: g++.dg/other/pragma-re-1.C -std=c++98 scan-assembler bang
UNRESOLVED: g++.dg/other/pragma-re-1.C -std=c++98 scan-assembler-not whiz
UNRESOLVED: g++.dg/other/pragma-re-1.C -std=c++98 scan-assembler eek
UNRESOLVED: g++.dg/other/pragma-re-1.C -std=c++98 scan-assembler-not boo
UNRESOLVED: g++.dg/other/pragma-re-1.C -std=c++11 scan-assembler bar
UNRESOLVED: g++.dg/other/pragma-re-1.C -std=c++11 scan-assembler-not foo
UNRESOLVED: g++.dg/other/pragma-re-1.C -std=c++11 scan-assembler _Z3bazv
UNRESOLVED: g++.dg/other/pragma-re-1.C -std=c++11 scan-assembler-not baq
UNRESOLVED: g++.dg/other/pragma-re-1.C -std=c++11 scan-assembler tut
UNRESOLVED: g++.dg/other/pragma-re-1.C -std=c++11 scan-assembler-not gee
UNRESOLVED: g++.dg/other/pragma-re-1.C -std=c++11 scan-assembler bang
UNRESOLVED: g++.dg/other/pragma-re-1.C -std=c++11 scan-assembler-not whiz
UNRESOLVED: g++.dg/other/pragma-re-1.C -std=c++11 scan-assembler eek
UNRESOLVED: g++.dg/other/pragma-re-1.C -std=c++11 scan-assembler-not boo
UNRESOLVED: g++.dg/other/pragma-re-1.C -std=c++1y scan-assembler bar
UNRESOLVED: g++.dg/other/pragma-re-1.C -std=c++1y scan-assembler-not foo
UNRESOLVED: g++.dg/other/pragma-re-1.C -std=c++1y scan-assembler _Z3bazv
UNRESOLVED: g++.dg/other/pragma-re-1.C -std=c++1y scan-assembler-not baq
UNRESOLVED: g++.dg/other/pragma-re-1.C -std=c++1y scan-assembler tut
UNRESOLVED: g++.dg/other/pragma-re-1.C -std=c++1y scan-assembler-not gee
UNRESOLVED: g++.dg/other/pragma-re-1.C -std=c++1y scan-assembler bang
UNRESOLVED: g++.dg/other/pragma-re-1.C -std=c++1y scan-assembler-not whiz
UNRESOLVED: g++.dg/other/pragma-re-1.C -std=c++1y scan-assembler eek
UNRESOLVED: g++.dg/other/pragma-re-1.C -std=c++1y scan-assembler-not boo
UNRESOLVED: g++.dg/other/pragma-re-2.C -std=c++98 scan-assembler new_name
UNRESOLVED: g++.dg/other/pragma-re-2.C -std=c++98 scan-assembler-not old_name
UNRESOLVED: g++.dg/other/pragma-re-2.C -std=c++11 scan-assembler new_name
UNRESOLVED: g++.dg/other/pragma-re-2.C -std=c++11 scan-assembler-not old_name
UNRESOLVED: g++.dg/other/pragma-re-2.C -std=c++1y scan-assembler new_name
UNRESOLVED: g++.dg/other/pragma-re-2.C -std=c++1y scan-assembler-not old_name
UNRESOLVED: g++.dg/rtti/anon-ns1.C -std=c++98 scan-assembler "*N[^"]+1AE
UNRESOLVED: g++.dg/rtti/anon-ns1.C -std=c++11 scan-assembler "*N[^"]+1AE
UNRESOLVED: g++.dg/rtti/anon-ns1.C -std=c++1y scan-assembler "*N[^"]+1AE
UNRESOLVED: g++.dg/template/dependent-name6.C -std=c++98 scan-assembler _ZN1YIiE1fIiEE1XILi1EEv
UNRESOLVED: g++.dg/template/dependent-name6.C -std=c++11 scan-assembler _ZN1YIiE1fIiEE1XILi1EEv
UNRESOLVED: g++.dg/template/dependent-name6.C -std=c++1y scan-assembler _ZN1YIiE1fIiEE1XILi1EEv
UNRESOLVED: g++.dg/template/explicit-instantiation2.C -std=c++98 scan-assembler _Z1fIiET_S0_
UNRESOLVED: g++.dg/template/explicit-instantiation2.C -std=c++11 scan-assembler _Z1fIiET_S0_
UNRESOLVED: g++.dg/template/explicit-instantiation2.C -std=c++1y scan-assembler _Z1fIiET_S0_
UNRESOLVED: g++.dg/template/linkage1.C -std=c++98 scan-assembler (weak|glob)[^\\n]*_Z3fooIXadL_Z13external_funcvEEEvv
UNRESOLVED: g++.dg/template/linkage1.C -std=c++98 scan-assembler-not (weak|glob)[^\\n]*_Z3fooIXadL_ZL11static_funcvEEEvv
UNRESOLVED: g++.dg/template/linkage1.C -std=c++11 scan-assembler (weak|glob)[^\\n]*_Z3fooIXadL_Z13external_funcvEEEvv
UNRESOLVED: g++.dg/template/linkage1.C -std=c++11 scan-assembler-not (weak|glob)[^\\n]*_Z3fooIXadL_ZL11static_funcvEEEvv
UNRESOLVED: g++.dg/template/linkage1.C -std=c++1y scan-assembler (weak|glob)[^\\n]*_Z3fooIXadL_Z13external_funcvEEEvv
UNRESOLVED: g++.dg/template/linkage1.C -std=c++1y scan-assembler-not (weak|glob)[^\\n]*_Z3fooIXadL_ZL11static_funcvEEEvv
UNRESOLVED: g++.dg/template/static26.C -std=c++98 scan-assembler-not computed
UNRESOLVED: g++.dg/template/static26.C -std=c++11 scan-assembler-not computed
UNRESOLVED: g++.dg/template/static26.C -std=c++1y scan-assembler-not computed
UNRESOLVED: g++.dg/gomp/tls-5.C -std=c++11 scan-assembler-not \\\\.data
UNRESOLVED: g++.dg/gomp/tls-5.C -std=c++1y scan-assembler-not \\\\.data
UNRESOLVED: g++.dg/gomp/tls-wrap1.C -std=c++98 scan-assembler-not _ZTW1i
UNRESOLVED: g++.dg/gomp/tls-wrap1.C -std=c++11 scan-assembler-not _ZTW1i
UNRESOLVED: g++.dg/gomp/tls-wrap1.C -std=c++1y scan-assembler-not _ZTW1i
UNRESOLVED: g++.dg/gomp/tls-wrap2.C -std=c++98 scan-assembler _ZTW1i
UNRESOLVED: g++.dg/gomp/tls-wrap2.C -std=c++98 scan-assembler-not _ZTH1i
UNRESOLVED: g++.dg/gomp/tls-wrap2.C -std=c++11 scan-assembler _ZTW1i
UNRESOLVED: g++.dg/gomp/tls-wrap2.C -std=c++11 scan-assembler-not _ZTH1i
UNRESOLVED: g++.dg/gomp/tls-wrap2.C -std=c++1y scan-assembler _ZTW1i
UNRESOLVED: g++.dg/gomp/tls-wrap2.C -std=c++1y scan-assembler-not _ZTH1i
UNRESOLVED: g++.dg/gomp/tls-wrap3.C -std=c++98 scan-assembler _ZTW1i
UNRESOLVED: g++.dg/gomp/tls-wrap3.C -std=c++98 scan-assembler _ZTH1i
UNRESOLVED: g++.dg/gomp/tls-wrap3.C -std=c++11 scan-assembler _ZTW1i
UNRESOLVED: g++.dg/gomp/tls-wrap3.C -std=c++11 scan-assembler _ZTH1i
UNRESOLVED: g++.dg/gomp/tls-wrap3.C -std=c++1y scan-assembler _ZTW1i
UNRESOLVED: g++.dg/gomp/tls-wrap3.C -std=c++1y scan-assembler _ZTH1i
UNRESOLVED: g++.dg/gomp/tls-wrapper-cse.C -std=gnu++98 scan-assembler-times call *_ZTW2ir 1
UNRESOLVED: g++.dg/gomp/tls-wrapper-cse.C -std=gnu++11 scan-assembler-times call *_ZTW2ir 1
UNRESOLVED: g++.dg/gomp/tls-wrapper-cse.C -std=gnu++1y scan-assembler-times call *_ZTW2ir 1
FAIL: g++.dg/guality/pr55665.C -O2 line 23 p == 40
FAIL: g++.dg/guality/pr55665.C -O3 -fomit-frame-pointer line 23 p == 40
FAIL: g++.dg/guality/pr55665.C -O3 -g line 23 p == 40
UNRESOLVED: g++.dg/tls/static2.C -std=c++98 scan-assembler-not _ZTHN1A1iE
UNRESOLVED: g++.dg/tls/static2.C -std=c++98 scan-assembler-not _ZTWN1A1iE
UNRESOLVED: g++.dg/tls/static2.C -std=c++11 scan-assembler-not _ZTHN1A1iE
UNRESOLVED: g++.dg/tls/static2.C -std=c++11 scan-assembler-not _ZTWN1A1iE
UNRESOLVED: g++.dg/tls/static2.C -std=c++1y scan-assembler-not _ZTHN1A1iE
UNRESOLVED: g++.dg/tls/static2.C -std=c++1y scan-assembler-not _ZTWN1A1iE
=== g++ Summary ===
# of expected passes 81813
# of unexpected failures 3
# of expected failures 442
# of unresolved testcases 397
# of unsupported tests 2890
/scratch/gcc/nightly-2014-04-08-mainline/i686-pc-linux-gnu/obj/test-mainline-0-i686-pc-linux-gnu/host-i686-pc-linux-gnu/fsf-mainline/bin/i686-pc-linux-gnu-g++ version 4.9.0 20140408 (experimental) (GCC)
=== Summary adjusted for local xfails ===
# of unexpected failures 3
# of expected passes 81813
# of expected failures 442
# of unresolved testcases 397
# of unsupported tests 2890
=== gcc tests ===
Running target localhost/-m64
FAIL: gcc.dg/builtin-bswap-6.c scan-rtl-dump-not combine "bswapsi"
FAIL: gcc.dg/cproj-fails-with-broken-glibc.c execution test
XPASS: gcc.dg/guality/example.c -O0 execution test
XPASS: gcc.dg/guality/example.c -O1 execution test
XPASS: gcc.dg/guality/example.c -O2 execution test
XPASS: gcc.dg/guality/example.c -O2 -flto -fno-use-linker-plugin -flto-partition=none execution test
XPASS: gcc.dg/guality/guality.c -O0 execution test
XPASS: gcc.dg/guality/guality.c -O1 execution test
XPASS: gcc.dg/guality/guality.c -O2 execution test
XPASS: gcc.dg/guality/guality.c -O3 -fomit-frame-pointer execution test
XPASS: gcc.dg/guality/guality.c -O3 -g execution test
XPASS: gcc.dg/guality/guality.c -Os execution test
XPASS: gcc.dg/guality/guality.c -O2 -flto -fno-use-linker-plugin -flto-partition=none execution test
XPASS: gcc.dg/guality/guality.c -O2 -flto -fuse-linker-plugin -fno-fat-lto-objects execution test
XPASS: gcc.dg/guality/inline-params.c -O2 execution test
XPASS: gcc.dg/guality/inline-params.c -O3 -fomit-frame-pointer execution test
XPASS: gcc.dg/guality/inline-params.c -O3 -g execution test
XPASS: gcc.dg/guality/inline-params.c -Os execution test
XPASS: gcc.dg/guality/inline-params.c -O2 -flto -fno-use-linker-plugin -flto-partition=none execution test
XPASS: gcc.dg/guality/pr41353-1.c -O0 line 28 j == 28 + 37
XPASS: gcc.dg/guality/pr41353-1.c -O1 line 28 j == 28 + 37
XPASS: gcc.dg/guality/pr41353-1.c -O2 line 28 j == 28 + 37
XPASS: gcc.dg/guality/pr41353-1.c -O3 -fomit-frame-pointer line 28 j == 28 + 37
XPASS: gcc.dg/guality/pr41353-1.c -O3 -g line 28 j == 28 + 37
XPASS: gcc.dg/guality/pr41353-1.c -Os line 28 j == 28 + 37
XPASS: gcc.dg/guality/pr41353-1.c -O2 -flto -fno-use-linker-plugin -flto-partition=none line 28 j == 28 + 37
XPASS: gcc.dg/guality/pr41353-1.c -O2 -flto -fuse-linker-plugin -fno-fat-lto-objects line 28 j == 28 + 37
XPASS: gcc.dg/guality/pr41447-1.c -O0 execution test
XPASS: gcc.dg/guality/pr41447-1.c -O1 execution test
XPASS: gcc.dg/guality/pr41447-1.c -O2 execution test
XPASS: gcc.dg/guality/pr41447-1.c -O3 -fomit-frame-pointer execution test
XPASS: gcc.dg/guality/pr41447-1.c -O3 -g execution test
XPASS: gcc.dg/guality/pr41447-1.c -Os execution test
XPASS: gcc.dg/guality/pr41447-1.c -O2 -flto -fno-use-linker-plugin -flto-partition=none execution test
XPASS: gcc.dg/guality/pr41447-1.c -O2 -flto -fuse-linker-plugin -fno-fat-lto-objects execution test
XPASS: gcc.dg/guality/pr41616-1.c -O0 execution test
XPASS: gcc.dg/guality/pr41616-1.c -O1 execution test
XPASS: gcc.dg/guality/pr41616-1.c -O2 execution test
XPASS: gcc.dg/guality/pr41616-1.c -O3 -fomit-frame-pointer execution test
XPASS: gcc.dg/guality/pr41616-1.c -O3 -g execution test
XPASS: gcc.dg/guality/pr41616-1.c -Os execution test
XPASS: gcc.dg/guality/pr41616-1.c -O2 -flto -fno-use-linker-plugin -flto-partition=none execution test
FAIL: gcc.dg/guality/pr48437.c -O2 -flto -fno-use-linker-plugin -flto-partition=none line 14 i == 0
FAIL: gcc.dg/guality/pr48437.c -O2 -flto -fuse-linker-plugin -fno-fat-lto-objects line 14 i == 0
FAIL: gcc.dg/guality/pr54200.c -Os line 20 z == 3
FAIL: gcc.dg/guality/pr54519-1.c -O2 -flto -fno-use-linker-plugin -flto-partition=none line 20 y == 25
FAIL: gcc.dg/guality/pr54519-1.c -O2 -flto -fno-use-linker-plugin -flto-partition=none line 20 z == 6
FAIL: gcc.dg/guality/pr54519-1.c -O2 -flto -fno-use-linker-plugin -flto-partition=none line 23 y == 117
FAIL: gcc.dg/guality/pr54519-1.c -O2 -flto -fno-use-linker-plugin -flto-partition=none line 23 z == 8
FAIL: gcc.dg/guality/pr54519-2.c -O2 -flto -fno-use-linker-plugin -flto-partition=none line 17 y == 25
FAIL: gcc.dg/guality/pr54519-2.c -O2 -flto -fuse-linker-plugin -fno-fat-lto-objects line 17 y == 25
FAIL: gcc.dg/guality/pr54519-3.c -O2 -flto -fno-use-linker-plugin -flto-partition=none line 20 y == 25
FAIL: gcc.dg/guality/pr54519-3.c -O2 -flto -fno-use-linker-plugin -flto-partition=none line 20 z == 6
FAIL: gcc.dg/guality/pr54519-3.c -O2 -flto -fno-use-linker-plugin -flto-partition=none line 23 y == 117
FAIL: gcc.dg/guality/pr54519-3.c -O2 -flto -fno-use-linker-plugin -flto-partition=none line 23 z == 8
FAIL: gcc.dg/guality/pr54519-3.c -O2 -flto -fuse-linker-plugin -fno-fat-lto-objects line 20 y == 25
FAIL: gcc.dg/guality/pr54519-3.c -O2 -flto -fuse-linker-plugin -fno-fat-lto-objects line 20 z == 6
FAIL: gcc.dg/guality/pr54519-3.c -O2 -flto -fuse-linker-plugin -fno-fat-lto-objects line 23 y == 117
FAIL: gcc.dg/guality/pr54519-3.c -O2 -flto -fuse-linker-plugin -fno-fat-lto-objects line 23 z == 8
FAIL: gcc.dg/guality/pr54519-4.c -O2 -flto -fno-use-linker-plugin -flto-partition=none line 17 y == 25
FAIL: gcc.dg/guality/pr54519-4.c -O2 -flto -fuse-linker-plugin -fno-fat-lto-objects line 17 y == 25
FAIL: gcc.dg/guality/pr54519-5.c -O2 -flto -fno-use-linker-plugin -flto-partition=none line 17 y == 25
FAIL: gcc.dg/guality/pr54519-5.c -O2 -flto -fuse-linker-plugin -fno-fat-lto-objects line 17 y == 25
FAIL: gcc.dg/guality/pr54693-2.c -O3 -fomit-frame-pointer -funroll-loops line 21 i == v + 1
FAIL: gcc.dg/guality/pr54693-2.c -O3 -fomit-frame-pointer -funroll-all-loops -finline-functions line 21 i == v + 1
FAIL: gcc.dg/guality/pr54693-2.c -Os line 21 x == 10 - i
FAIL: gcc.dg/guality/pr54693-2.c -Os line 21 y == 20 - 2 * i
FAIL: gcc.dg/guality/sra-1.c -O2 line 43 a.j == 14
FAIL: gcc.dg/guality/sra-1.c -O3 -fomit-frame-pointer line 43 a.j == 14
FAIL: gcc.dg/guality/sra-1.c -O3 -g line 43 a.j == 14
FAIL: gcc.dg/guality/sra-1.c -Os line 43 a.j == 14
FAIL: gcc.dg/guality/sra-1.c -O2 -flto -fno-use-linker-plugin -flto-partition=none line 43 a.j == 14
FAIL: gcc.dg/guality/sra-1.c -O2 -flto -fuse-linker-plugin -fno-fat-lto-objects line 43 a.j == 14
FAIL: gcc.dg/guality/vla-1.c -O0 line 17 sizeof (a) == 6
FAIL: gcc.dg/guality/vla-1.c -O0 line 24 sizeof (a) == 17 * sizeof (short)
FAIL: gcc.dg/guality/vla-1.c -O1 line 17 sizeof (a) == 6
FAIL: gcc.dg/guality/vla-1.c -O1 line 24 sizeof (a) == 17 * sizeof (short)
FAIL: gcc.dg/guality/vla-1.c -O2 line 17 sizeof (a) == 6
FAIL: gcc.dg/guality/vla-1.c -O2 line 24 sizeof (a) == 17 * sizeof (short)
FAIL: gcc.dg/guality/vla-1.c -O3 -fomit-frame-pointer line 17 sizeof (a) == 6
FAIL: gcc.dg/guality/vla-1.c -O3 -fomit-frame-pointer line 24 sizeof (a) == 17 * sizeof (short)
FAIL: gcc.dg/guality/vla-1.c -O3 -g line 17 sizeof (a) == 6
FAIL: gcc.dg/guality/vla-1.c -O3 -g line 24 sizeof (a) == 17 * sizeof (short)
FAIL: gcc.dg/guality/vla-1.c -Os line 17 sizeof (a) == 6
FAIL: gcc.dg/guality/vla-1.c -Os line 24 sizeof (a) == 17 * sizeof (short)
FAIL: gcc.dg/guality/vla-1.c -O2 -flto -fno-use-linker-plugin -flto-partition=none line 17 sizeof (a) == 6
FAIL: gcc.dg/guality/vla-1.c -O2 -flto -fno-use-linker-plugin -flto-partition=none line 24 sizeof (a) == 17 * sizeof (short)
FAIL: gcc.dg/guality/vla-1.c -O2 -flto -fuse-linker-plugin -fno-fat-lto-objects line 17 sizeof (a) == 6
FAIL: gcc.dg/guality/vla-1.c -O2 -flto -fuse-linker-plugin -fno-fat-lto-objects line 24 sizeof (a) == 17 * sizeof (short)
FAIL: gcc.dg/guality/vla-2.c -O0 line 16 sizeof (a) == 5 * sizeof (int)
FAIL: gcc.dg/guality/vla-2.c -O0 line 25 sizeof (a) == 6 * sizeof (int)
FAIL: gcc.dg/guality/vla-2.c -O1 line 16 sizeof (a) == 5 * sizeof (int)
FAIL: gcc.dg/guality/vla-2.c -O1 line 25 sizeof (a) == 6 * sizeof (int)
FAIL: gcc.dg/guality/vla-2.c -O2 line 16 sizeof (a) == 5 * sizeof (int)
FAIL: gcc.dg/guality/vla-2.c -O2 line 25 sizeof (a) == 6 * sizeof (int)
FAIL: gcc.dg/guality/vla-2.c -O3 -fomit-frame-pointer line 16 sizeof (a) == 5 * sizeof (int)
FAIL: gcc.dg/guality/vla-2.c -O3 -fomit-frame-pointer line 25 sizeof (a) == 6 * sizeof (int)
FAIL: gcc.dg/guality/vla-2.c -O3 -g line 16 sizeof (a) == 5 * sizeof (int)
FAIL: gcc.dg/guality/vla-2.c -O3 -g line 25 sizeof (a) == 6 * sizeof (int)
FAIL: gcc.dg/guality/vla-2.c -Os line 16 sizeof (a) == 5 * sizeof (int)
FAIL: gcc.dg/guality/vla-2.c -Os line 25 sizeof (a) == 6 * sizeof (int)
FAIL: gcc.dg/guality/vla-2.c -O2 -flto -fno-use-linker-plugin -flto-partition=none line 16 sizeof (a) == 5 * sizeof (int)
FAIL: gcc.dg/guality/vla-2.c -O2 -flto -fno-use-linker-plugin -flto-partition=none line 25 sizeof (a) == 6 * sizeof (int)
FAIL: gcc.dg/guality/vla-2.c -O2 -flto -fuse-linker-plugin -fno-fat-lto-objects line 16 sizeof (a) == 5 * sizeof (int)
FAIL: gcc.dg/guality/vla-2.c -O2 -flto -fuse-linker-plugin -fno-fat-lto-objects line 25 sizeof (a) == 6 * sizeof (int)
=== gcc Summary ===
# of expected passes 104455
# of unexpected failures 65
# of unexpected successes 40
# of expected failures 263
# of unsupported tests 1484
/scratch/gcc/nightly-2014-04-08-mainline/i686-pc-linux-gnu/obj/test-mainline-0-i686-pc-linux-gnu/host-i686-pc-linux-gnu/fsf-mainline/bin/i686-pc-linux-gnu-gcc version 4.9.0 20140408 (experimental) (GCC)
=== Summary adjusted for local xfails ===
# of unexpected failures 65
# of expected passes 104455
# of unexpected successes 40
# of expected failures 263
# of unsupported tests 1484
=== gfortran tests ===
Running target localhost/-m64
=== gfortran Summary ===
# of expected passes 45569
# of expected failures 52
# of unsupported tests 76
/scratch/gcc/nightly-2014-04-08-mainline/i686-pc-linux-gnu/obj/test-mainline-0-i686-pc-linux-gnu/host-i686-pc-linux-gnu/fsf-mainline/bin/i686-pc-linux-gnu-gfortran version 4.9.0 20140408 (experimental) (GCC)
=== Summary adjusted for local xfails ===
# of expected passes 45569
# of expected failures 52
# of unsupported tests 76
=== libatomic tests ===
Running target localhost/-m64
=== libatomic Summary ===
# of expected passes 54
=== Summary adjusted for local xfails ===
# of expected passes 54
=== libgomp tests ===
Running target localhost/-m64
FAIL: libgomp.c/affinity-1.c (test for excess errors)
UNRESOLVED: libgomp.c/affinity-1.c compilation failed to produce executable
FAIL: libgomp.c++/affinity-1.C (test for excess errors)
UNRESOLVED: libgomp.c++/affinity-1.C compilation failed to produce executable
=== libgomp Summary ===
# of expected passes 2408
# of unexpected failures 2
# of unresolved testcases 2
=== Summary adjusted for local xfails ===
# of unexpected failures 2
# of expected passes 2408
# of unresolved testcases 2
=== libitm tests ===
Running target localhost/-m64
=== libitm Summary ===
# of expected passes 26
# of expected failures 3
# of unsupported tests 1
=== Summary adjusted for local xfails ===
# of expected passes 26
# of expected failures 3
# of unsupported tests 1
=== libstdc++ tests ===
Running target localhost/-m64
ERROR: tcl error sourcing /scratch/gcc/nightly-2014-04-08-mainline/src/gcc-mainline/libstdc++-v3/testsuite/libstdc++-abi/abi.exp.
ERROR: can't read "baseline_subdir_switch": no such variable
FAIL: 29_atomics/atomic/cons/user_pod.cc (test for excess errors)
FAIL: 29_atomics/atomic_flag/test_and_set/explicit-hle.cc scan-assembler-times xacquire|.byte[^\\n\\r]*0xf2 14
FAIL: 29_atomics/atomic_flag/test_and_set/explicit-hle.cc scan-assembler-times xrelease|.byte[^\\n\\r]*0xf3 14
FAIL: ext/random/hypergeometric_distribution/operators/values.cc execution test
=== libstdc++ Summary ===
# of expected passes 9266
# of unexpected failures 4
# of expected failures 41
# of unsupported tests 536
=== Summary adjusted for local xfails ===
# of errors 2
# of unexpected failures 4
# of expected passes 9266
# of expected failures 41
# of unsupported tests 536
Compiler version: 4.9.0 20140408 (experimental) (GCC)
Platform: i686-pc-linux-gnu
configure flags: --build=i686-pc-linux-gnu --host=i686-pc-linux-gnu --target=i686-pc-linux-gnu --enable-threads --disable-libmudflap --disable-libssp --disable-libstdcxx-pch --enable-targets=all --with-gnu-as --with-gnu-ld --enable-languages=c,c++,fortran --enable-shared --enable-lto --disable-nls --prefix=/scratch/gcc/nightly-2014-04-08-mainline/i686-pc-linux-gnu/install --with-gmp=/scratch/gcc/nightly-2014-04-08-mainline/i686-pc-linux-gnu/obj/pkg-mainline-0-i686-pc-linux-gnu/fsf-mainline-0-i686-pc-linux-gnu.extras/host-libs-i686-pc-linux-gnu/usr --with-mpfr=/scratch/gcc/nightly-2014-04-08-mainline/i686-pc-linux-gnu/obj/pkg-mainline-0-i686-pc-linux-gnu/fsf-mainline-0-i686-pc-linux-gnu.extras/host-libs-i686-pc-linux-gnu/usr --with-mpc=/scratch/gcc/nightly-2014-04-08-mainline/i686-pc-linux-gnu/obj/pkg-mainline-0-i686-pc-linux-gnu/fsf-mainline-0-i686-pc-linux-gnu.extras/host-libs-i686-pc-linux-gnu/usr --with-host-libstdcxx='-L/usr/local/tools/gcc-4.7.3/i686-pc-linux-gnu/lib -st
atic-libgcc -Wl,-Bstatic,-lstdc++,-Bdynamic -lm' --with-isl=/scratch/gcc/nightly-2014-04-08-mainline/i686-pc-linux-gnu/obj/pkg-mainline-0-i686-pc-linux-gnu/fsf-mainline-0-i686-pc-linux-gnu.extras/host-libs-i686-pc-linux-gnu/usr --with-cloog=/scratch/gcc/nightly-2014-04-08-mainline/i686-pc-linux-gnu/obj/pkg-mainline-0-i686-pc-linux-gnu/fsf-mainline-0-i686-pc-linux-gnu.extras/host-libs-i686-pc-linux-gnu/usr --enable-libgomp --enable-libitm --enable-libatomic --disable-libssp --with-build-time-tools=/scratch/gcc/nightly-2014-04-08-mainline/i686-pc-linux-gnu/install/i686-pc-linux-gnu/bin --with-build-time-tools=/scratch/gcc/nightly-2014-04-08-mainline/i686-pc-linux-gnu/install/i686-pc-linux-gnu/bin SED=sed