This is the mail archive of the gcc-testresults@gcc.gnu.org mailing list for the GCC project.


Index Nav: [Date Index] [Subject Index] [Author Index] [Thread Index]
Message Nav: [Date Prev] [Date Next] [Thread Prev] [Thread Next]
Other format: [Raw text]

Results for 4.9.0 20140405 (experimental) [trunk revision 209137] (GCC) testsuite on hppa-unknown-linux-gnu


LAST_UPDATED: Sat Apr  5 00:46:54 UTC 2014 (revision 209137)

		=== acats tests ===

		=== acats Summary ===
# of expected passes		2320
# of unexpected failures	0
Native configuration is hppa-unknown-linux-gnu

		=== gcc tests ===


Running target unix
FAIL: gcc.dg/atomic/c11-atomic-exec-5.c  -O0  execution test
FAIL: gcc.dg/atomic/c11-atomic-exec-5.c  -O1  execution test
FAIL: gcc.dg/atomic/c11-atomic-exec-5.c  -O2  execution test
FAIL: gcc.dg/atomic/c11-atomic-exec-5.c  -O3 -fomit-frame-pointer  execution test
FAIL: gcc.dg/atomic/c11-atomic-exec-5.c  -O3 -fomit-frame-pointer -funroll-loops  execution test
FAIL: gcc.dg/atomic/c11-atomic-exec-5.c  -O3 -fomit-frame-pointer -funroll-all-loops -finline-functions  execution test
FAIL: gcc.dg/atomic/c11-atomic-exec-5.c  -O3 -g  execution test
FAIL: gcc.dg/atomic/c11-atomic-exec-5.c  -Os  execution test
FAIL: gcc.dg/atomic/c11-atomic-exec-5.c  -O2 -flto -fno-use-linker-plugin -flto-partition=none  execution test
FAIL: gcc.dg/atomic/c11-atomic-exec-5.c  -O2 -flto -fuse-linker-plugin -fno-fat-lto-objects  execution test
FAIL: gcc.dg/large-size-array-6.c (internal compiler error)
FAIL: gcc.dg/large-size-array-6.c  (test for errors, line 6)
FAIL: gcc.dg/large-size-array-6.c (test for excess errors)
XPASS: gcc.dg/tree-ssa/loop-1.c scan-assembler-times foo 5

		=== gcc Summary ===

# of expected passes		84960
# of unexpected failures	13
# of unexpected successes	1
# of expected failures		111
# of unsupported tests		1390
/home/dave/gnu/gcc/objdir/gcc/xgcc  version 4.9.0 20140405 (experimental) [trunk revision 209137] (GCC) 

		=== gfortran tests ===


Running target unix
FAIL: gfortran.dg/pr45636.f90  -O   scan-tree-dump-times forwprop2 "memset" 0
FAIL: gfortran.dg/warn_conversion_4.f90  -O   (test for warnings, line 14)
FAIL: gfortran.dg/warn_conversion_4.f90  -O   (test for warnings, line 15)
FAIL: gfortran.dg/warn_conversion_4.f90  -O   (test for warnings, line 16)
FAIL: gfortran.dg/warn_conversion_4.f90  -O  (test for excess errors)

		=== gfortran Summary ===

# of expected passes		44264
# of unexpected failures	5
# of expected failures		52
# of unsupported tests		410
/home/dave/gnu/gcc/objdir/gcc/testsuite/gfortran/../../gfortran  version 4.9.0 20140405 (experimental) [trunk revision 209137] (GCC) 

		=== g++ tests ===


Running target unix

		=== g++ Summary ===

# of expected passes		79076
# of expected failures		445
# of unsupported tests		3112
/home/dave/gnu/gcc/objdir/gcc/testsuite/g++/../../xg++  version 4.9.0 20140405 (experimental) [trunk revision 209137] (GCC) 

		=== gnat tests ===


Running target unix

		=== gnat Summary ===

# of expected passes		1209
# of expected failures		18
# of unsupported tests		10
/home/dave/gnu/gcc/objdir/gcc/gnatmake version 4.9.0 20140405 (experimental) [trunk revision 209137]

		=== obj-c++ tests ===


Running target unix

		=== obj-c++ Summary ===

# of expected passes		1449
# of expected failures		2
# of unsupported tests		86
/home/dave/gnu/gcc/objdir/gcc/testsuite/obj-c++/../../xg++  version 4.9.0 20140405 (experimental) [trunk revision 209137] (GCC) 

		=== objc tests ===


Running target unix

		=== objc Summary ===

# of expected passes		2994
# of unsupported tests		74
/home/dave/gnu/gcc/objdir/gcc/xgcc  version 4.9.0 20140405 (experimental) [trunk revision 209137] (GCC) 

		=== boehm-gc tests ===


Running target unix

		=== boehm-gc Summary ===

# of expected passes		12
# of unsupported tests		1
		=== libatomic tests ===


Running target unix

		=== libatomic Summary ===

# of expected passes		44
# of unsupported tests		5
		=== libffi tests ===


Running target unix

		=== libffi Summary ===

# of expected passes		1819
# of unsupported tests		55
		=== libgomp tests ===


Running target unix
WARNING: program timed out.
FAIL: libgomp.c/depend-3.c execution test
FAIL: libgomp.c/omp-loop03.c execution test
FAIL: libgomp.c++/loop-3.C execution test

		=== libgomp Summary ===

# of expected passes		2407
# of unexpected failures	3
# of unsupported tests		1
		=== libjava tests ===


Running target unix

		=== libjava Summary ===

# of expected passes		2582
# of expected failures		4
		=== libstdc++ tests ===


Running target unix
FAIL: 22_locale/time_get/get_date/wchar_t/4.cc execution test
FAIL: 30_threads/thread/native_handle/cancel.cc execution test
FAIL: ext/random/hypergeometric_distribution/operators/serialize.cc execution test

		=== libstdc++ Summary ===

# of expected passes		9487
# of unexpected failures	3
# of expected failures		41
# of unsupported tests		362

Compiler version: 4.9.0 20140405 (experimental) [trunk revision 209137] (GCC) 
Platform: hppa-unknown-linux-gnu
configure flags: --with-gnu-as --with-gnu-ld --enable-shared --enable-multiarch --enable-linker-build-id --build=hppa-linux-gnu --host=hppa-linux-gnu --target=hppa-linux-gnu --prefix=/home/dave/opt/gnu/gcc/gcc-4.9 --with-local-prefix=/home/dave/opt/gnu --enable-threads=posix --enable-__cxa_atexit --build=hppa-linux-gnu --enable-clocale=gnu --enable-java-gc=boehm --enable-languages=c,c++,objc,fortran,obj-c++,java,ada,lto


Index Nav: [Date Index] [Subject Index] [Author Index] [Thread Index]
Message Nav: [Date Prev] [Date Next] [Thread Prev] [Thread Next]