This is the mail archive of the gcc-testresults@gcc.gnu.org mailing list for the GCC project.


Index Nav: [Date Index] [Subject Index] [Author Index] [Thread Index]
Message Nav: [Date Prev] [Date Next] [Thread Prev] [Thread Next]
Other format: [Raw text]

Results for 4.9.0 20140407 (experimental) (GCC) (build config: lto; languages: fortran,objc; trunk revision 209202) testsuite on x86_64-unknown-linux-gnu


LAST_UPDATED: Mon Apr  7 22:45:08 UTC 2014 (revision 209202)

Native configuration is x86_64-unknown-linux-gnu

		=== gcc tests ===


Running target unix
FAIL: gcc.dg/builtin-bswap-6.c scan-rtl-dump-not combine "bswapsi"
FAIL: gcc.dg/builtin-bswap-7.c scan-rtl-dump-not combine "bswapdi"
XPASS: gcc.dg/guality/example.c  -O0  execution test
XPASS: gcc.dg/guality/example.c  -O1  execution test
XPASS: gcc.dg/guality/example.c  -O2  execution test
XPASS: gcc.dg/guality/example.c  -O2 -flto -fno-use-linker-plugin -flto-partition=none  execution test
XPASS: gcc.dg/guality/guality.c  -O0  execution test
XPASS: gcc.dg/guality/guality.c  -O1  execution test
XPASS: gcc.dg/guality/guality.c  -O2  execution test
XPASS: gcc.dg/guality/guality.c  -O3 -fomit-frame-pointer  execution test
XPASS: gcc.dg/guality/guality.c  -O3 -g  execution test
XPASS: gcc.dg/guality/guality.c  -Os  execution test
XPASS: gcc.dg/guality/guality.c  -O2 -flto -fno-use-linker-plugin -flto-partition=none  execution test
XPASS: gcc.dg/guality/guality.c  -O2 -flto -fuse-linker-plugin -fno-fat-lto-objects  execution test
XPASS: gcc.dg/guality/inline-params.c  -O2  execution test
XPASS: gcc.dg/guality/inline-params.c  -O3 -fomit-frame-pointer  execution test
XPASS: gcc.dg/guality/inline-params.c  -O3 -g  execution test
XPASS: gcc.dg/guality/inline-params.c  -Os  execution test
XPASS: gcc.dg/guality/inline-params.c  -O2 -flto -fno-use-linker-plugin -flto-partition=none  execution test
XPASS: gcc.dg/guality/pr41353-1.c  -O0  line 28 j == 28 + 37
XPASS: gcc.dg/guality/pr41353-1.c  -O1  line 28 j == 28 + 37
XPASS: gcc.dg/guality/pr41353-1.c  -O2  line 28 j == 28 + 37
XPASS: gcc.dg/guality/pr41353-1.c  -O3 -fomit-frame-pointer  line 28 j == 28 + 37
XPASS: gcc.dg/guality/pr41353-1.c  -O3 -g  line 28 j == 28 + 37
XPASS: gcc.dg/guality/pr41353-1.c  -Os  line 28 j == 28 + 37
XPASS: gcc.dg/guality/pr41353-1.c  -O2 -flto -fno-use-linker-plugin -flto-partition=none  line 28 j == 28 + 37
XPASS: gcc.dg/guality/pr41353-1.c  -O2 -flto -fuse-linker-plugin -fno-fat-lto-objects  line 28 j == 28 + 37
XPASS: gcc.dg/guality/pr41447-1.c  -O0  execution test
XPASS: gcc.dg/guality/pr41447-1.c  -O1  execution test
XPASS: gcc.dg/guality/pr41447-1.c  -O2  execution test
XPASS: gcc.dg/guality/pr41447-1.c  -O3 -fomit-frame-pointer  execution test
XPASS: gcc.dg/guality/pr41447-1.c  -O3 -g  execution test
XPASS: gcc.dg/guality/pr41447-1.c  -Os  execution test
XPASS: gcc.dg/guality/pr41447-1.c  -O2 -flto -fno-use-linker-plugin -flto-partition=none  execution test
XPASS: gcc.dg/guality/pr41447-1.c  -O2 -flto -fuse-linker-plugin -fno-fat-lto-objects  execution test
XPASS: gcc.dg/guality/pr41616-1.c  -O0  execution test
XPASS: gcc.dg/guality/pr41616-1.c  -O1  execution test
XPASS: gcc.dg/guality/pr41616-1.c  -O2  execution test
XPASS: gcc.dg/guality/pr41616-1.c  -O3 -fomit-frame-pointer  execution test
XPASS: gcc.dg/guality/pr41616-1.c  -O3 -g  execution test
XPASS: gcc.dg/guality/pr41616-1.c  -Os  execution test
XPASS: gcc.dg/guality/pr41616-1.c  -O2 -flto -fno-use-linker-plugin -flto-partition=none  execution test
FAIL: gcc.dg/guality/pr48437.c  -O2 -flto -fno-use-linker-plugin -flto-partition=none  line 14 i == 0
FAIL: gcc.dg/guality/pr48437.c  -O2 -flto -fuse-linker-plugin -fno-fat-lto-objects  line 14 i == 0
FAIL: gcc.dg/guality/pr54200.c  -Os  line 20 z == 3
FAIL: gcc.dg/guality/pr54519-1.c  -O2 -flto -fno-use-linker-plugin -flto-partition=none  line 20 y == 25
FAIL: gcc.dg/guality/pr54519-1.c  -O2 -flto -fno-use-linker-plugin -flto-partition=none  line 20 z == 6
FAIL: gcc.dg/guality/pr54519-1.c  -O2 -flto -fno-use-linker-plugin -flto-partition=none  line 23 y == 117
FAIL: gcc.dg/guality/pr54519-1.c  -O2 -flto -fno-use-linker-plugin -flto-partition=none  line 23 z == 8
FAIL: gcc.dg/guality/pr54519-2.c  -O2 -flto -fno-use-linker-plugin -flto-partition=none  line 17 y == 25
FAIL: gcc.dg/guality/pr54519-2.c  -O2 -flto -fuse-linker-plugin -fno-fat-lto-objects  line 17 y == 25
FAIL: gcc.dg/guality/pr54519-3.c  -O2 -flto -fno-use-linker-plugin -flto-partition=none  line 20 y == 25
FAIL: gcc.dg/guality/pr54519-3.c  -O2 -flto -fno-use-linker-plugin -flto-partition=none  line 20 z == 6
FAIL: gcc.dg/guality/pr54519-3.c  -O2 -flto -fno-use-linker-plugin -flto-partition=none  line 23 y == 117
FAIL: gcc.dg/guality/pr54519-3.c  -O2 -flto -fno-use-linker-plugin -flto-partition=none  line 23 z == 8
FAIL: gcc.dg/guality/pr54519-3.c  -O2 -flto -fuse-linker-plugin -fno-fat-lto-objects  line 20 y == 25
FAIL: gcc.dg/guality/pr54519-3.c  -O2 -flto -fuse-linker-plugin -fno-fat-lto-objects  line 20 z == 6
FAIL: gcc.dg/guality/pr54519-3.c  -O2 -flto -fuse-linker-plugin -fno-fat-lto-objects  line 23 y == 117
FAIL: gcc.dg/guality/pr54519-3.c  -O2 -flto -fuse-linker-plugin -fno-fat-lto-objects  line 23 z == 8
FAIL: gcc.dg/guality/pr54519-4.c  -O2 -flto -fno-use-linker-plugin -flto-partition=none  line 17 y == 25
FAIL: gcc.dg/guality/pr54519-4.c  -O2 -flto -fuse-linker-plugin -fno-fat-lto-objects  line 17 y == 25
FAIL: gcc.dg/guality/pr54519-5.c  -O2 -flto -fno-use-linker-plugin -flto-partition=none  line 17 y == 25
FAIL: gcc.dg/guality/pr54519-5.c  -O2 -flto -fuse-linker-plugin -fno-fat-lto-objects  line 17 y == 25
FAIL: gcc.dg/guality/pr54693-2.c  -O3 -fomit-frame-pointer -funroll-loops  line 21 i == v + 1
FAIL: gcc.dg/guality/pr54693-2.c  -O3 -fomit-frame-pointer -funroll-all-loops -finline-functions  line 21 i == v + 1
FAIL: gcc.dg/guality/pr54693-2.c  -Os  line 21 x == 10 - i
FAIL: gcc.dg/guality/pr54693-2.c  -Os  line 21 y == 20 - 2 * i
FAIL: gcc.dg/guality/sra-1.c  -O2  line 43 a.j == 14
FAIL: gcc.dg/guality/sra-1.c  -O3 -fomit-frame-pointer  line 43 a.j == 14
FAIL: gcc.dg/guality/sra-1.c  -O3 -g  line 43 a.j == 14
FAIL: gcc.dg/guality/sra-1.c  -Os  line 43 a.j == 14
FAIL: gcc.dg/guality/sra-1.c  -O2 -flto -fno-use-linker-plugin -flto-partition=none  line 43 a.j == 14
FAIL: gcc.dg/guality/sra-1.c  -O2 -flto -fuse-linker-plugin -fno-fat-lto-objects  line 43 a.j == 14
FAIL: gcc.dg/guality/vla-1.c  -O0  line 17 sizeof (a) == 6
FAIL: gcc.dg/guality/vla-1.c  -O0  line 24 sizeof (a) == 17 * sizeof (short)
FAIL: gcc.dg/guality/vla-1.c  -O1  line 17 sizeof (a) == 6
FAIL: gcc.dg/guality/vla-1.c  -O1  line 24 sizeof (a) == 17 * sizeof (short)
FAIL: gcc.dg/guality/vla-1.c  -O2  line 17 sizeof (a) == 6
FAIL: gcc.dg/guality/vla-1.c  -O2  line 24 sizeof (a) == 17 * sizeof (short)
FAIL: gcc.dg/guality/vla-1.c  -O3 -fomit-frame-pointer  line 17 sizeof (a) == 6
FAIL: gcc.dg/guality/vla-1.c  -O3 -fomit-frame-pointer  line 24 sizeof (a) == 17 * sizeof (short)
FAIL: gcc.dg/guality/vla-1.c  -O3 -g  line 17 sizeof (a) == 6
FAIL: gcc.dg/guality/vla-1.c  -O3 -g  line 24 sizeof (a) == 17 * sizeof (short)
FAIL: gcc.dg/guality/vla-1.c  -Os  line 17 sizeof (a) == 6
FAIL: gcc.dg/guality/vla-1.c  -Os  line 24 sizeof (a) == 17 * sizeof (short)
FAIL: gcc.dg/guality/vla-1.c  -O2 -flto -fno-use-linker-plugin -flto-partition=none  line 17 sizeof (a) == 6
FAIL: gcc.dg/guality/vla-1.c  -O2 -flto -fno-use-linker-plugin -flto-partition=none  line 24 sizeof (a) == 17 * sizeof (short)
FAIL: gcc.dg/guality/vla-1.c  -O2 -flto -fuse-linker-plugin -fno-fat-lto-objects  line 17 sizeof (a) == 6
FAIL: gcc.dg/guality/vla-1.c  -O2 -flto -fuse-linker-plugin -fno-fat-lto-objects  line 24 sizeof (a) == 17 * sizeof (short)
FAIL: gcc.dg/guality/vla-2.c  -O0  line 16 sizeof (a) == 5 * sizeof (int)
FAIL: gcc.dg/guality/vla-2.c  -O0  line 25 sizeof (a) == 6 * sizeof (int)
FAIL: gcc.dg/guality/vla-2.c  -O1  line 16 sizeof (a) == 5 * sizeof (int)
FAIL: gcc.dg/guality/vla-2.c  -O1  line 25 sizeof (a) == 6 * sizeof (int)
FAIL: gcc.dg/guality/vla-2.c  -O2  line 16 sizeof (a) == 5 * sizeof (int)
FAIL: gcc.dg/guality/vla-2.c  -O2  line 25 sizeof (a) == 6 * sizeof (int)
FAIL: gcc.dg/guality/vla-2.c  -O3 -fomit-frame-pointer  line 16 sizeof (a) == 5 * sizeof (int)
FAIL: gcc.dg/guality/vla-2.c  -O3 -fomit-frame-pointer  line 25 sizeof (a) == 6 * sizeof (int)
FAIL: gcc.dg/guality/vla-2.c  -O3 -g  line 16 sizeof (a) == 5 * sizeof (int)
FAIL: gcc.dg/guality/vla-2.c  -O3 -g  line 25 sizeof (a) == 6 * sizeof (int)
FAIL: gcc.dg/guality/vla-2.c  -Os  line 16 sizeof (a) == 5 * sizeof (int)
FAIL: gcc.dg/guality/vla-2.c  -Os  line 25 sizeof (a) == 6 * sizeof (int)
FAIL: gcc.dg/guality/vla-2.c  -O2 -flto -fno-use-linker-plugin -flto-partition=none  line 16 sizeof (a) == 5 * sizeof (int)
FAIL: gcc.dg/guality/vla-2.c  -O2 -flto -fno-use-linker-plugin -flto-partition=none  line 25 sizeof (a) == 6 * sizeof (int)
FAIL: gcc.dg/guality/vla-2.c  -O2 -flto -fuse-linker-plugin -fno-fat-lto-objects  line 16 sizeof (a) == 5 * sizeof (int)
FAIL: gcc.dg/guality/vla-2.c  -O2 -flto -fuse-linker-plugin -fno-fat-lto-objects  line 25 sizeof (a) == 6 * sizeof (int)
FAIL: gcc.dg/tree-ssa/cunroll-10.c scan-tree-dump-times cunroll "Forced statement unreachable" 2
FAIL: gcc.dg/vect/vect-cselim-2.c scan-tree-dump-times vect "vectorized 1 loops" 0
FAIL: gcc.dg/vect/bb-slp-pattern-1.c scan-tree-dump-times slp "vect_recog_widen_mult_pattern: detected" 8
FAIL: gcc.dg/vect/bb-slp-pattern-1.c scan-tree-dump-times slp "pattern recognized" 8
FAIL: gcc.dg/vect/vect-cselim-2.c -flto -ffat-lto-objects  scan-tree-dump-times vect "vectorized 1 loops" 0
FAIL: gcc.dg/vect/bb-slp-pattern-1.c -flto -ffat-lto-objects  scan-tree-dump-times slp "vect_recog_widen_mult_pattern: detected" 8
FAIL: gcc.dg/vect/bb-slp-pattern-1.c -flto -ffat-lto-objects  scan-tree-dump-times slp "pattern recognized" 8
FAIL: gcc.dg/vect/no-tree-sra-bb-slp-pr50730.c scan-tree-dump-times slp "not vectorized: more than one data ref in stmt" 0
FAIL: gcc.target/i386/xop-imul32widen-vector.c scan-assembler vpmacsdqh
FAIL: gcc.target/i386/xop-imul64-vector.c scan-assembler vpmulld
FAIL: gcc.target/i386/xop-imul64-vector.c scan-assembler vphadddq
FAIL: gcc.target/i386/xop-imul64-vector.c scan-assembler vpmacsdql
FAIL: gcc.target/i386/xop-rotate1-vector.c scan-assembler vprotd
FAIL: gcc.target/i386/xop-rotate2-vector.c scan-assembler vprot
FAIL: gcc.target/i386/xop-rotate3-vector.c scan-assembler vprotd
FAIL: gcc.target/i386/xop-shift1-vector.c scan-assembler vpshad
FAIL: gcc.target/i386/xop-shift2-vector.c scan-assembler vpshad
FAIL: gcc.target/i386/xop-shift3-vector.c scan-assembler vpshld

		=== gcc Summary ===

# of expected passes		108829
# of unexpected failures	83
# of unexpected successes	40
# of expected failures		272
# of unsupported tests		1454
/scratch/toon/bd16693/gcc/xgcc  version 4.9.0 20140407 (experimental) (GCC) 

		=== gfortran tests ===


Running target unix
FAIL: gfortran.dg/vect/fast-math-mgrid-resid.f scan-tree-dump-times pcom "Executing predictive commoning without unrolling" 1
FAIL: gfortran.dg/vect/fast-math-mgrid-resid.f scan-tree-dump-times pcom "Predictive commoning failed: no suitable chains" 0

		=== gfortran Summary ===

# of expected passes		45571
# of unexpected failures	2
# of expected failures		53
# of unsupported tests		72
/scratch/toon/bd16693/gcc/testsuite/gfortran/../../gfortran  version 4.9.0 20140407 (experimental) (GCC) 

		=== g++ tests ===


Running target unix
UNRESOLVED: g++.dg/eh/anon2.C -std=c++98  scan-assembler \\\\*N12_GLOBAL__N_11AE
UNRESOLVED: g++.dg/eh/anon2.C -std=c++11  scan-assembler \\\\*N12_GLOBAL__N_11AE
UNRESOLVED: g++.dg/eh/anon2.C -std=c++1y  scan-assembler \\\\*N12_GLOBAL__N_11AE
UNRESOLVED: g++.dg/eh/spec11.C -std=gnu++98  scan-assembler-not _ZSt9terminatev
UNRESOLVED: g++.dg/eh/spec11.C -std=gnu++98  scan-assembler-not EHB
UNRESOLVED: g++.dg/eh/spec11.C -std=gnu++98  scan-assembler LSDA
UNRESOLVED: g++.dg/eh/spec11.C -std=gnu++11  scan-assembler-not _ZSt9terminatev
UNRESOLVED: g++.dg/eh/spec11.C -std=gnu++11  scan-assembler-not EHB
UNRESOLVED: g++.dg/eh/spec11.C -std=gnu++11  scan-assembler LSDA
UNRESOLVED: g++.dg/eh/spec11.C -std=gnu++1y  scan-assembler-not _ZSt9terminatev
UNRESOLVED: g++.dg/eh/spec11.C -std=gnu++1y  scan-assembler-not EHB
UNRESOLVED: g++.dg/eh/spec11.C -std=gnu++1y  scan-assembler LSDA
UNRESOLVED: g++.dg/eh/terminate1.C -std=c++98  scan-assembler-not _ZSt9terminatev
UNRESOLVED: g++.dg/eh/terminate1.C -std=c++98  scan-assembler-not LEHB2
UNRESOLVED: g++.dg/eh/terminate1.C -std=c++11  scan-assembler-not _ZSt9terminatev
UNRESOLVED: g++.dg/eh/terminate1.C -std=c++11  scan-assembler-not LEHB2
UNRESOLVED: g++.dg/eh/terminate1.C -std=c++1y  scan-assembler-not _ZSt9terminatev
UNRESOLVED: g++.dg/eh/terminate1.C -std=c++1y  scan-assembler-not LEHB2
UNRESOLVED: g++.dg/ext/asm1.C -std=c++98  scan-assembler foo on
UNRESOLVED: g++.dg/ext/asm1.C -std=c++98  scan-assembler bar on
UNRESOLVED: g++.dg/ext/asm1.C -std=c++98  scan-assembler frob on
UNRESOLVED: g++.dg/ext/asm1.C -std=c++11  scan-assembler foo on
UNRESOLVED: g++.dg/ext/asm1.C -std=c++11  scan-assembler bar on
UNRESOLVED: g++.dg/ext/asm1.C -std=c++11  scan-assembler frob on
UNRESOLVED: g++.dg/ext/asm1.C -std=c++1y  scan-assembler foo on
UNRESOLVED: g++.dg/ext/asm1.C -std=c++1y  scan-assembler bar on
UNRESOLVED: g++.dg/ext/asm1.C -std=c++1y  scan-assembler frob on
UNRESOLVED: g++.dg/ext/attr-used-1.C -std=c++98  scan-assembler _ZN1AIiE1fEv
UNRESOLVED: g++.dg/ext/attr-used-1.C -std=c++98  scan-assembler _ZN1AIiE1tE
UNRESOLVED: g++.dg/ext/attr-used-1.C -std=c++11  scan-assembler _ZN1AIiE1fEv
UNRESOLVED: g++.dg/ext/attr-used-1.C -std=c++11  scan-assembler _ZN1AIiE1tE
UNRESOLVED: g++.dg/ext/attr-used-1.C -std=c++1y  scan-assembler _ZN1AIiE1fEv
UNRESOLVED: g++.dg/ext/attr-used-1.C -std=c++1y  scan-assembler _ZN1AIiE1tE
FAIL: g++.dg/ext/mv14.C -std=gnu++98 execution test
FAIL: g++.dg/ext/mv14.C -std=gnu++11 execution test
FAIL: g++.dg/ext/mv14.C -std=gnu++1y execution test
FAIL: g++.dg/ext/mv15.C -std=gnu++98 execution test
FAIL: g++.dg/ext/mv15.C -std=gnu++11 execution test
FAIL: g++.dg/ext/mv15.C -std=gnu++1y execution test
UNRESOLVED: g++.dg/ext/pragmaweak1.C -std=c++98  scan-assembler-not _Z3Foov
UNRESOLVED: g++.dg/ext/pragmaweak1.C -std=c++11  scan-assembler-not _Z3Foov
UNRESOLVED: g++.dg/ext/pragmaweak1.C -std=c++1y  scan-assembler-not _Z3Foov
UNRESOLVED: g++.dg/ext/vector26.C -std=gnu++11  scan-assembler-not globl[ \\t]*_Z3bar
UNRESOLVED: g++.dg/ext/vector26.C -std=gnu++1y  scan-assembler-not globl[ \\t]*_Z3bar
UNRESOLVED: g++.dg/ext/visibility/anon11.C -std=c++98  scan-assembler-not \\\\.local
UNRESOLVED: g++.dg/ext/visibility/anon11.C -std=c++11  scan-assembler-not \\\\.local
UNRESOLVED: g++.dg/ext/visibility/anon11.C -std=c++1y  scan-assembler-not \\\\.local
UNRESOLVED: g++.dg/ext/visibility/anon6.C -std=c++98  scan-assembler 1BIiE1cE
UNRESOLVED: g++.dg/ext/visibility/anon6.C -std=c++98  scan-assembler-not globl.*1BIiE1cE
UNRESOLVED: g++.dg/ext/visibility/anon6.C -std=c++98  scan-assembler-not comdat
UNRESOLVED: g++.dg/ext/visibility/anon6.C -std=c++98  scan-assembler-not weak
UNRESOLVED: g++.dg/ext/visibility/anon6.C -std=c++98  scan-assembler-not 1AIiE1cE
UNRESOLVED: g++.dg/ext/visibility/anon6.C -std=c++11  scan-assembler 1BIiE1cE
UNRESOLVED: g++.dg/ext/visibility/anon6.C -std=c++11  scan-assembler-not globl.*1BIiE1cE
UNRESOLVED: g++.dg/ext/visibility/anon6.C -std=c++11  scan-assembler-not comdat
UNRESOLVED: g++.dg/ext/visibility/anon6.C -std=c++11  scan-assembler-not weak
UNRESOLVED: g++.dg/ext/visibility/anon6.C -std=c++11  scan-assembler-not 1AIiE1cE
UNRESOLVED: g++.dg/ext/visibility/anon6.C -std=c++1y  scan-assembler 1BIiE1cE
UNRESOLVED: g++.dg/ext/visibility/anon6.C -std=c++1y  scan-assembler-not globl.*1BIiE1cE
UNRESOLVED: g++.dg/ext/visibility/anon6.C -std=c++1y  scan-assembler-not comdat
UNRESOLVED: g++.dg/ext/visibility/anon6.C -std=c++1y  scan-assembler-not weak
UNRESOLVED: g++.dg/ext/visibility/anon6.C -std=c++1y  scan-assembler-not 1AIiE1cE
UNRESOLVED: g++.dg/ext/visibility/guard1.C -std=gnu++98  scan-not-hidden hidden[ \\t_]*_ZGVZN5otherclEvE4s_cd
UNRESOLVED: g++.dg/ext/visibility/guard1.C -std=gnu++11  scan-not-hidden hidden[ \\t_]*_ZGVZN5otherclEvE4s_cd
UNRESOLVED: g++.dg/ext/visibility/guard1.C -std=gnu++1y  scan-not-hidden hidden[ \\t_]*_ZGVZN5otherclEvE4s_cd
UNRESOLVED: g++.dg/ext/visibility/local1.C -std=c++98  scan-hidden hidden[ \\t_]*_Z1fv
UNRESOLVED: g++.dg/ext/visibility/local1.C -std=c++98  scan-hidden hidden[ \\t_]*_ZZ1fvE1i
UNRESOLVED: g++.dg/ext/visibility/local1.C -std=c++98  scan-hidden hidden[ \\t_]*_ZZ1fvEN1A1fEv
UNRESOLVED: g++.dg/ext/visibility/local1.C -std=c++11  scan-hidden hidden[ \\t_]*_Z1fv
UNRESOLVED: g++.dg/ext/visibility/local1.C -std=c++11  scan-hidden hidden[ \\t_]*_ZZ1fvE1i
UNRESOLVED: g++.dg/ext/visibility/local1.C -std=c++11  scan-hidden hidden[ \\t_]*_ZZ1fvEN1A1fEv
UNRESOLVED: g++.dg/ext/visibility/local1.C -std=c++1y  scan-hidden hidden[ \\t_]*_Z1fv
UNRESOLVED: g++.dg/ext/visibility/local1.C -std=c++1y  scan-hidden hidden[ \\t_]*_ZZ1fvE1i
UNRESOLVED: g++.dg/ext/visibility/local1.C -std=c++1y  scan-hidden hidden[ \\t_]*_ZZ1fvEN1A1fEv
UNRESOLVED: g++.dg/ext/visibility/ms-compat-1.C -std=gnu++98  scan-not-hidden hidden[ \\t_]*_ZTI1S
UNRESOLVED: g++.dg/ext/visibility/ms-compat-1.C -std=gnu++98  scan-hidden hidden[ \\t_]*_ZTI1T
UNRESOLVED: g++.dg/ext/visibility/ms-compat-1.C -std=gnu++98  scan-not-hidden hidden[ \\t_]*_ZTI1U
UNRESOLVED: g++.dg/ext/visibility/ms-compat-1.C -std=gnu++98  scan-not-hidden hidden[ \\t_]*_ZN1U6hide_4Ev
UNRESOLVED: g++.dg/ext/visibility/ms-compat-1.C -std=gnu++11  scan-not-hidden hidden[ \\t_]*_ZTI1S
UNRESOLVED: g++.dg/ext/visibility/ms-compat-1.C -std=gnu++11  scan-hidden hidden[ \\t_]*_ZTI1T
UNRESOLVED: g++.dg/ext/visibility/ms-compat-1.C -std=gnu++11  scan-not-hidden hidden[ \\t_]*_ZTI1U
UNRESOLVED: g++.dg/ext/visibility/ms-compat-1.C -std=gnu++11  scan-not-hidden hidden[ \\t_]*_ZN1U6hide_4Ev
UNRESOLVED: g++.dg/ext/visibility/ms-compat-1.C -std=gnu++1y  scan-not-hidden hidden[ \\t_]*_ZTI1S
UNRESOLVED: g++.dg/ext/visibility/ms-compat-1.C -std=gnu++1y  scan-hidden hidden[ \\t_]*_ZTI1T
UNRESOLVED: g++.dg/ext/visibility/ms-compat-1.C -std=gnu++1y  scan-not-hidden hidden[ \\t_]*_ZTI1U
UNRESOLVED: g++.dg/ext/visibility/ms-compat-1.C -std=gnu++1y  scan-not-hidden hidden[ \\t_]*_ZN1U6hide_4Ev
UNRESOLVED: g++.dg/ext/visibility/namespace1.C -std=c++98  scan-hidden hidden[ \\t_]*_ZN3foo1fEv
UNRESOLVED: g++.dg/ext/visibility/namespace1.C -std=c++98  scan-hidden hidden[ \\t_]*_ZN3foo1gEv
UNRESOLVED: g++.dg/ext/visibility/namespace1.C -std=c++98  scan-hidden hidden[ \\t_]*_ZN3foo1A1mEv
UNRESOLVED: g++.dg/ext/visibility/namespace1.C -std=c++98  scan-hidden hidden[ \\t_]*_ZN3foo1tIiEEvv
UNRESOLVED: g++.dg/ext/visibility/namespace1.C -std=c++98  scan-not-hidden hidden[ \\t_]*_ZN3foo1hEv
UNRESOLVED: g++.dg/ext/visibility/namespace1.C -std=c++11  scan-hidden hidden[ \\t_]*_ZN3foo1fEv
UNRESOLVED: g++.dg/ext/visibility/namespace1.C -std=c++11  scan-hidden hidden[ \\t_]*_ZN3foo1gEv
UNRESOLVED: g++.dg/ext/visibility/namespace1.C -std=c++11  scan-hidden hidden[ \\t_]*_ZN3foo1A1mEv
UNRESOLVED: g++.dg/ext/visibility/namespace1.C -std=c++11  scan-hidden hidden[ \\t_]*_ZN3foo1tIiEEvv
UNRESOLVED: g++.dg/ext/visibility/namespace1.C -std=c++11  scan-not-hidden hidden[ \\t_]*_ZN3foo1hEv
UNRESOLVED: g++.dg/ext/visibility/namespace1.C -std=c++1y  scan-hidden hidden[ \\t_]*_ZN3foo1fEv
UNRESOLVED: g++.dg/ext/visibility/namespace1.C -std=c++1y  scan-hidden hidden[ \\t_]*_ZN3foo1gEv
UNRESOLVED: g++.dg/ext/visibility/namespace1.C -std=c++1y  scan-hidden hidden[ \\t_]*_ZN3foo1A1mEv
UNRESOLVED: g++.dg/ext/visibility/namespace1.C -std=c++1y  scan-hidden hidden[ \\t_]*_ZN3foo1tIiEEvv
UNRESOLVED: g++.dg/ext/visibility/namespace1.C -std=c++1y  scan-not-hidden hidden[ \\t_]*_ZN3foo1hEv
UNRESOLVED: g++.dg/ext/visibility/namespace2.C -std=gnu++98  scan-hidden hidden[ \\t_]*_ZN4Test4testEv
UNRESOLVED: g++.dg/ext/visibility/namespace2.C -std=gnu++11  scan-hidden hidden[ \\t_]*_ZN4Test4testEv
UNRESOLVED: g++.dg/ext/visibility/namespace2.C -std=gnu++1y  scan-hidden hidden[ \\t_]*_ZN4Test4testEv
UNRESOLVED: g++.dg/ext/visibility/new1.C -std=gnu++98  scan-not-hidden hidden[ \\t_]*_Znwj
UNRESOLVED: g++.dg/ext/visibility/new1.C -std=gnu++11  scan-not-hidden hidden[ \\t_]*_Znwj
UNRESOLVED: g++.dg/ext/visibility/new1.C -std=gnu++1y  scan-not-hidden hidden[ \\t_]*_Znwj
UNRESOLVED: g++.dg/ext/visibility/overload-1.C -std=c++98  scan-hidden hidden[ \\t_]*_Z3fooP8a_struct
UNRESOLVED: g++.dg/ext/visibility/overload-1.C -std=c++11  scan-hidden hidden[ \\t_]*_Z3fooP8a_struct
UNRESOLVED: g++.dg/ext/visibility/overload-1.C -std=c++1y  scan-hidden hidden[ \\t_]*_Z3fooP8a_struct
UNRESOLVED: g++.dg/ext/visibility/template1.C -std=gnu++98  scan-not-hidden hidden[ \\t_]*_ZN1AIiE3fooEv
UNRESOLVED: g++.dg/ext/visibility/template1.C -std=gnu++98  scan-not-hidden hidden[ \\t_]*_ZN1AIiE3barEv
UNRESOLVED: g++.dg/ext/visibility/template1.C -std=gnu++98  scan-hidden hidden[ \\t_]*_ZN1AIlE3fooEv
UNRESOLVED: g++.dg/ext/visibility/template1.C -std=gnu++98  scan-hidden hidden[ \\t_]*_ZN1AIlE3barEv
UNRESOLVED: g++.dg/ext/visibility/template1.C -std=gnu++98  scan-hidden hidden[ \\t_]*_ZN1AIcE3barEv
UNRESOLVED: g++.dg/ext/visibility/template1.C -std=gnu++11  scan-not-hidden hidden[ \\t_]*_ZN1AIiE3fooEv
UNRESOLVED: g++.dg/ext/visibility/template1.C -std=gnu++11  scan-not-hidden hidden[ \\t_]*_ZN1AIiE3barEv
UNRESOLVED: g++.dg/ext/visibility/template1.C -std=gnu++11  scan-hidden hidden[ \\t_]*_ZN1AIlE3fooEv
UNRESOLVED: g++.dg/ext/visibility/template1.C -std=gnu++11  scan-hidden hidden[ \\t_]*_ZN1AIlE3barEv
UNRESOLVED: g++.dg/ext/visibility/template1.C -std=gnu++11  scan-hidden hidden[ \\t_]*_ZN1AIcE3barEv
UNRESOLVED: g++.dg/ext/visibility/template1.C -std=gnu++1y  scan-not-hidden hidden[ \\t_]*_ZN1AIiE3fooEv
UNRESOLVED: g++.dg/ext/visibility/template1.C -std=gnu++1y  scan-not-hidden hidden[ \\t_]*_ZN1AIiE3barEv
UNRESOLVED: g++.dg/ext/visibility/template1.C -std=gnu++1y  scan-hidden hidden[ \\t_]*_ZN1AIlE3fooEv
UNRESOLVED: g++.dg/ext/visibility/template1.C -std=gnu++1y  scan-hidden hidden[ \\t_]*_ZN1AIlE3barEv
UNRESOLVED: g++.dg/ext/visibility/template1.C -std=gnu++1y  scan-hidden hidden[ \\t_]*_ZN1AIcE3barEv
UNRESOLVED: g++.dg/ext/visibility/template10.C -std=gnu++98  scan-not-hidden hidden[ \\t_]*_Z8testfuncI3fooEvv
UNRESOLVED: g++.dg/ext/visibility/template10.C -std=gnu++11  scan-not-hidden hidden[ \\t_]*_Z8testfuncI3fooEvv
UNRESOLVED: g++.dg/ext/visibility/template10.C -std=gnu++1y  scan-not-hidden hidden[ \\t_]*_Z8testfuncI3fooEvv
UNRESOLVED: g++.dg/ext/visibility/template11.C -std=gnu++98  scan-not-hidden hidden[ \\t_]*_ZN13template_testI4testE8functionEv
UNRESOLVED: g++.dg/ext/visibility/template11.C -std=gnu++11  scan-not-hidden hidden[ \\t_]*_ZN13template_testI4testE8functionEv
UNRESOLVED: g++.dg/ext/visibility/template11.C -std=gnu++1y  scan-not-hidden hidden[ \\t_]*_ZN13template_testI4testE8functionEv
UNRESOLVED: g++.dg/ext/visibility/template12.C -std=gnu++98  scan-not-hidden hidden[ \\t_]*_ZN1aI1bE1cE
UNRESOLVED: g++.dg/ext/visibility/template12.C -std=gnu++11  scan-not-hidden hidden[ \\t_]*_ZN1aI1bE1cE
UNRESOLVED: g++.dg/ext/visibility/template12.C -std=gnu++1y  scan-not-hidden hidden[ \\t_]*_ZN1aI1bE1cE
UNRESOLVED: g++.dg/ext/visibility/template3.C -std=c++98  scan-hidden hidden[ \\t_]*_ZN1AIlE1fEl
UNRESOLVED: g++.dg/ext/visibility/template3.C -std=c++98  scan-hidden hidden[ \\t_]*_ZN1AIiE1fEi
UNRESOLVED: g++.dg/ext/visibility/template3.C -std=c++98  scan-not-hidden hidden[ \\t_]*_ZN1AIcE1fEc
UNRESOLVED: g++.dg/ext/visibility/template3.C -std=c++98  scan-hidden hidden[ \\t_]*_Z8identityIdET_S0_
UNRESOLVED: g++.dg/ext/visibility/template3.C -std=c++98  scan-not-hidden hidden[ \\t_]*_Z8identityIiET_S0_
UNRESOLVED: g++.dg/ext/visibility/template3.C -std=c++11  scan-hidden hidden[ \\t_]*_ZN1AIlE1fEl
UNRESOLVED: g++.dg/ext/visibility/template3.C -std=c++11  scan-hidden hidden[ \\t_]*_ZN1AIiE1fEi
UNRESOLVED: g++.dg/ext/visibility/template3.C -std=c++11  scan-not-hidden hidden[ \\t_]*_ZN1AIcE1fEc
UNRESOLVED: g++.dg/ext/visibility/template3.C -std=c++11  scan-hidden hidden[ \\t_]*_Z8identityIdET_S0_
UNRESOLVED: g++.dg/ext/visibility/template3.C -std=c++11  scan-not-hidden hidden[ \\t_]*_Z8identityIiET_S0_
UNRESOLVED: g++.dg/ext/visibility/template3.C -std=c++1y  scan-hidden hidden[ \\t_]*_ZN1AIlE1fEl
UNRESOLVED: g++.dg/ext/visibility/template3.C -std=c++1y  scan-hidden hidden[ \\t_]*_ZN1AIiE1fEi
UNRESOLVED: g++.dg/ext/visibility/template3.C -std=c++1y  scan-not-hidden hidden[ \\t_]*_ZN1AIcE1fEc
UNRESOLVED: g++.dg/ext/visibility/template3.C -std=c++1y  scan-hidden hidden[ \\t_]*_Z8identityIdET_S0_
UNRESOLVED: g++.dg/ext/visibility/template3.C -std=c++1y  scan-not-hidden hidden[ \\t_]*_Z8identityIiET_S0_
UNRESOLVED: g++.dg/ext/visibility/template4.C -std=c++98  scan-hidden hidden[ \\t_]*_Z3fooIdEvT_
UNRESOLVED: g++.dg/ext/visibility/template4.C -std=c++98  scan-hidden hidden[ \\t_]*_Z3fooIlEvT_
UNRESOLVED: g++.dg/ext/visibility/template4.C -std=c++98  scan-hidden hidden[ \\t_]*_Z3fooIcEvT_
UNRESOLVED: g++.dg/ext/visibility/template4.C -std=c++98  scan-hidden hidden[ \\t_]*_Z3fooIiEvT_
UNRESOLVED: g++.dg/ext/visibility/template4.C -std=c++98  scan-not-hidden hidden[ \\t_]*_Z3fooIfEvT_
UNRESOLVED: g++.dg/ext/visibility/template4.C -std=c++98  scan-not-hidden hidden[ \\t_]*_Z3fooIsEvT_
UNRESOLVED: g++.dg/ext/visibility/template4.C -std=c++98  scan-hidden hidden[ \\t_]*_Z3barIdEvT_
UNRESOLVED: g++.dg/ext/visibility/template4.C -std=c++98  scan-hidden hidden[ \\t_]*_Z3barIlEvT_
UNRESOLVED: g++.dg/ext/visibility/template4.C -std=c++98  scan-hidden hidden[ \\t_]*_Z3barIiEvT_
UNRESOLVED: g++.dg/ext/visibility/template4.C -std=c++98  scan-hidden hidden[ \\t_]*_Z3barIcEvT_
UNRESOLVED: g++.dg/ext/visibility/template4.C -std=c++98  scan-not-hidden hidden[ \\t_]*_Z3barIfEvT_
UNRESOLVED: g++.dg/ext/visibility/template4.C -std=c++98  scan-not-hidden hidden[ \\t_]*_Z3barIsEvT_
UNRESOLVED: g++.dg/ext/visibility/template4.C -std=c++11  scan-hidden hidden[ \\t_]*_Z3fooIdEvT_
UNRESOLVED: g++.dg/ext/visibility/template4.C -std=c++11  scan-hidden hidden[ \\t_]*_Z3fooIlEvT_
UNRESOLVED: g++.dg/ext/visibility/template4.C -std=c++11  scan-hidden hidden[ \\t_]*_Z3fooIcEvT_
UNRESOLVED: g++.dg/ext/visibility/template4.C -std=c++11  scan-hidden hidden[ \\t_]*_Z3fooIiEvT_
UNRESOLVED: g++.dg/ext/visibility/template4.C -std=c++11  scan-not-hidden hidden[ \\t_]*_Z3fooIfEvT_
UNRESOLVED: g++.dg/ext/visibility/template4.C -std=c++11  scan-not-hidden hidden[ \\t_]*_Z3fooIsEvT_
UNRESOLVED: g++.dg/ext/visibility/template4.C -std=c++11  scan-hidden hidden[ \\t_]*_Z3barIdEvT_
UNRESOLVED: g++.dg/ext/visibility/template4.C -std=c++11  scan-hidden hidden[ \\t_]*_Z3barIlEvT_
UNRESOLVED: g++.dg/ext/visibility/template4.C -std=c++11  scan-hidden hidden[ \\t_]*_Z3barIiEvT_
UNRESOLVED: g++.dg/ext/visibility/template4.C -std=c++11  scan-hidden hidden[ \\t_]*_Z3barIcEvT_
UNRESOLVED: g++.dg/ext/visibility/template4.C -std=c++11  scan-not-hidden hidden[ \\t_]*_Z3barIfEvT_
UNRESOLVED: g++.dg/ext/visibility/template4.C -std=c++11  scan-not-hidden hidden[ \\t_]*_Z3barIsEvT_
UNRESOLVED: g++.dg/ext/visibility/template4.C -std=c++1y  scan-hidden hidden[ \\t_]*_Z3fooIdEvT_
UNRESOLVED: g++.dg/ext/visibility/template4.C -std=c++1y  scan-hidden hidden[ \\t_]*_Z3fooIlEvT_
UNRESOLVED: g++.dg/ext/visibility/template4.C -std=c++1y  scan-hidden hidden[ \\t_]*_Z3fooIcEvT_
UNRESOLVED: g++.dg/ext/visibility/template4.C -std=c++1y  scan-hidden hidden[ \\t_]*_Z3fooIiEvT_
UNRESOLVED: g++.dg/ext/visibility/template4.C -std=c++1y  scan-not-hidden hidden[ \\t_]*_Z3fooIfEvT_
UNRESOLVED: g++.dg/ext/visibility/template4.C -std=c++1y  scan-not-hidden hidden[ \\t_]*_Z3fooIsEvT_
UNRESOLVED: g++.dg/ext/visibility/template4.C -std=c++1y  scan-hidden hidden[ \\t_]*_Z3barIdEvT_
UNRESOLVED: g++.dg/ext/visibility/template4.C -std=c++1y  scan-hidden hidden[ \\t_]*_Z3barIlEvT_
UNRESOLVED: g++.dg/ext/visibility/template4.C -std=c++1y  scan-hidden hidden[ \\t_]*_Z3barIiEvT_
UNRESOLVED: g++.dg/ext/visibility/template4.C -std=c++1y  scan-hidden hidden[ \\t_]*_Z3barIcEvT_
UNRESOLVED: g++.dg/ext/visibility/template4.C -std=c++1y  scan-not-hidden hidden[ \\t_]*_Z3barIfEvT_
UNRESOLVED: g++.dg/ext/visibility/template4.C -std=c++1y  scan-not-hidden hidden[ \\t_]*_Z3barIsEvT_
UNRESOLVED: g++.dg/ext/visibility/template6.C -std=c++98  scan-not-hidden hidden[ \\t_]*_ZN1AIiE1fEv
UNRESOLVED: g++.dg/ext/visibility/template6.C -std=c++11  scan-not-hidden hidden[ \\t_]*_ZN1AIiE1fEv
UNRESOLVED: g++.dg/ext/visibility/template6.C -std=c++1y  scan-not-hidden hidden[ \\t_]*_ZN1AIiE1fEv
UNRESOLVED: g++.dg/ext/visibility/template7.C -std=gnu++98  scan-hidden hidden[ \\t_]*_ZN1s6vectorI1AEC1Ev
UNRESOLVED: g++.dg/ext/visibility/template7.C -std=gnu++98  scan-hidden hidden[ \\t_]*_ZN1s3fooI1AEEvT_
UNRESOLVED: g++.dg/ext/visibility/template7.C -std=gnu++11  scan-hidden hidden[ \\t_]*_ZN1s6vectorI1AEC1Ev
UNRESOLVED: g++.dg/ext/visibility/template7.C -std=gnu++11  scan-hidden hidden[ \\t_]*_ZN1s3fooI1AEEvT_
UNRESOLVED: g++.dg/ext/visibility/template7.C -std=gnu++1y  scan-hidden hidden[ \\t_]*_ZN1s6vectorI1AEC1Ev
UNRESOLVED: g++.dg/ext/visibility/template7.C -std=gnu++1y  scan-hidden hidden[ \\t_]*_ZN1s3fooI1AEEvT_
UNRESOLVED: g++.dg/ext/visibility/template8.C -std=gnu++98  scan-hidden hidden[ \\t_]*_Z1gI1BEvT_
UNRESOLVED: g++.dg/ext/visibility/template8.C -std=gnu++98  scan-hidden hidden[ \\t_]*_Z1gI1AI1BEEvT_
UNRESOLVED: g++.dg/ext/visibility/template8.C -std=gnu++11  scan-hidden hidden[ \\t_]*_Z1gI1BEvT_
UNRESOLVED: g++.dg/ext/visibility/template8.C -std=gnu++11  scan-hidden hidden[ \\t_]*_Z1gI1AI1BEEvT_
UNRESOLVED: g++.dg/ext/visibility/template8.C -std=gnu++1y  scan-hidden hidden[ \\t_]*_Z1gI1BEvT_
UNRESOLVED: g++.dg/ext/visibility/template8.C -std=gnu++1y  scan-hidden hidden[ \\t_]*_Z1gI1AI1BEEvT_
UNRESOLVED: g++.dg/ext/visibility/template9.C -std=gnu++98  scan-not-hidden hidden[ \\t_]*_ZN1N1fI1AEEvT
UNRESOLVED: g++.dg/ext/visibility/template9.C -std=gnu++11  scan-not-hidden hidden[ \\t_]*_ZN1N1fI1AEEvT
UNRESOLVED: g++.dg/ext/visibility/template9.C -std=gnu++1y  scan-not-hidden hidden[ \\t_]*_ZN1N1fI1AEEvT
UNRESOLVED: g++.dg/ext/visibility/typeinfo1.C -std=gnu++98  scan-not-hidden hidden[ \\t_]*_ZTIPPi
UNRESOLVED: g++.dg/ext/visibility/typeinfo1.C -std=gnu++98  scan-not-hidden hidden[ \\t_]*_ZTSPPi
UNRESOLVED: g++.dg/ext/visibility/typeinfo1.C -std=gnu++98  scan-hidden hidden[ \\t_]*_ZTIP1A
UNRESOLVED: g++.dg/ext/visibility/typeinfo1.C -std=gnu++98  scan-hidden hidden[ \\t_]*_ZTSP1A
UNRESOLVED: g++.dg/ext/visibility/typeinfo1.C -std=gnu++11  scan-not-hidden hidden[ \\t_]*_ZTIPPi
UNRESOLVED: g++.dg/ext/visibility/typeinfo1.C -std=gnu++11  scan-not-hidden hidden[ \\t_]*_ZTSPPi
UNRESOLVED: g++.dg/ext/visibility/typeinfo1.C -std=gnu++11  scan-hidden hidden[ \\t_]*_ZTIP1A
UNRESOLVED: g++.dg/ext/visibility/typeinfo1.C -std=gnu++11  scan-hidden hidden[ \\t_]*_ZTSP1A
UNRESOLVED: g++.dg/ext/visibility/typeinfo1.C -std=gnu++1y  scan-not-hidden hidden[ \\t_]*_ZTIPPi
UNRESOLVED: g++.dg/ext/visibility/typeinfo1.C -std=gnu++1y  scan-not-hidden hidden[ \\t_]*_ZTSPPi
UNRESOLVED: g++.dg/ext/visibility/typeinfo1.C -std=gnu++1y  scan-hidden hidden[ \\t_]*_ZTIP1A
UNRESOLVED: g++.dg/ext/visibility/typeinfo1.C -std=gnu++1y  scan-hidden hidden[ \\t_]*_ZTSP1A
UNRESOLVED: g++.dg/ext/visibility/typeinfo2.C -std=c++98  scan-not-hidden hidden[ \\t_]*_ZTVN10__cxxabiv117__class_type_infoE
UNRESOLVED: g++.dg/ext/visibility/typeinfo2.C -std=c++98  scan-hidden hidden[ \\t_]*_ZTI1A
UNRESOLVED: g++.dg/ext/visibility/typeinfo2.C -std=c++98  scan-hidden hidden[ \\t_]*_ZTV1A
UNRESOLVED: g++.dg/ext/visibility/typeinfo2.C -std=c++11  scan-not-hidden hidden[ \\t_]*_ZTVN10__cxxabiv117__class_type_infoE
UNRESOLVED: g++.dg/ext/visibility/typeinfo2.C -std=c++11  scan-hidden hidden[ \\t_]*_ZTI1A
UNRESOLVED: g++.dg/ext/visibility/typeinfo2.C -std=c++11  scan-hidden hidden[ \\t_]*_ZTV1A
UNRESOLVED: g++.dg/ext/visibility/typeinfo2.C -std=c++1y  scan-not-hidden hidden[ \\t_]*_ZTVN10__cxxabiv117__class_type_infoE
UNRESOLVED: g++.dg/ext/visibility/typeinfo2.C -std=c++1y  scan-hidden hidden[ \\t_]*_ZTI1A
UNRESOLVED: g++.dg/ext/visibility/typeinfo2.C -std=c++1y  scan-hidden hidden[ \\t_]*_ZTV1A
UNRESOLVED: g++.dg/ext/visibility/typeinfo3.C -std=c++98  scan-not-hidden hidden[ \\t_]*_ZTVN10__cxxabiv117__array_type_infoE
UNRESOLVED: g++.dg/ext/visibility/typeinfo3.C -std=c++98  scan-not-hidden hidden[ \\t_]*_ZTVN10__cxxabiv116__enum_type_infoE
UNRESOLVED: g++.dg/ext/visibility/typeinfo3.C -std=c++98  scan-hidden hidden[ \\t_]*_ZTI1S
UNRESOLVED: g++.dg/ext/visibility/typeinfo3.C -std=c++98  scan-hidden hidden[ \\t_]*_ZTS1S
UNRESOLVED: g++.dg/ext/visibility/typeinfo3.C -std=c++98  scan-hidden hidden[ \\t_]*info1
UNRESOLVED: g++.dg/ext/visibility/typeinfo3.C -std=c++98  scan-hidden hidden[ \\t_]*info2
UNRESOLVED: g++.dg/ext/visibility/typeinfo3.C -std=c++98  scan-hidden hidden[ \\t_]*info3
UNRESOLVED: g++.dg/ext/visibility/typeinfo3.C -std=c++98  scan-hidden hidden[ \\t_]*info4
UNRESOLVED: g++.dg/ext/visibility/typeinfo3.C -std=c++98  scan-hidden hidden[ \\t_]*info5
UNRESOLVED: g++.dg/ext/visibility/typeinfo3.C -std=c++11  scan-not-hidden hidden[ \\t_]*_ZTVN10__cxxabiv117__array_type_infoE
UNRESOLVED: g++.dg/ext/visibility/typeinfo3.C -std=c++11  scan-not-hidden hidden[ \\t_]*_ZTVN10__cxxabiv116__enum_type_infoE
UNRESOLVED: g++.dg/ext/visibility/typeinfo3.C -std=c++11  scan-hidden hidden[ \\t_]*_ZTI1S
UNRESOLVED: g++.dg/ext/visibility/typeinfo3.C -std=c++11  scan-hidden hidden[ \\t_]*_ZTS1S
UNRESOLVED: g++.dg/ext/visibility/typeinfo3.C -std=c++11  scan-hidden hidden[ \\t_]*info1
UNRESOLVED: g++.dg/ext/visibility/typeinfo3.C -std=c++11  scan-hidden hidden[ \\t_]*info2
UNRESOLVED: g++.dg/ext/visibility/typeinfo3.C -std=c++11  scan-hidden hidden[ \\t_]*info3
UNRESOLVED: g++.dg/ext/visibility/typeinfo3.C -std=c++11  scan-hidden hidden[ \\t_]*info4
UNRESOLVED: g++.dg/ext/visibility/typeinfo3.C -std=c++11  scan-hidden hidden[ \\t_]*info5
UNRESOLVED: g++.dg/ext/visibility/typeinfo3.C -std=c++1y  scan-not-hidden hidden[ \\t_]*_ZTVN10__cxxabiv117__array_type_infoE
UNRESOLVED: g++.dg/ext/visibility/typeinfo3.C -std=c++1y  scan-not-hidden hidden[ \\t_]*_ZTVN10__cxxabiv116__enum_type_infoE
UNRESOLVED: g++.dg/ext/visibility/typeinfo3.C -std=c++1y  scan-hidden hidden[ \\t_]*_ZTI1S
UNRESOLVED: g++.dg/ext/visibility/typeinfo3.C -std=c++1y  scan-hidden hidden[ \\t_]*_ZTS1S
UNRESOLVED: g++.dg/ext/visibility/typeinfo3.C -std=c++1y  scan-hidden hidden[ \\t_]*info1
UNRESOLVED: g++.dg/ext/visibility/typeinfo3.C -std=c++1y  scan-hidden hidden[ \\t_]*info2
UNRESOLVED: g++.dg/ext/visibility/typeinfo3.C -std=c++1y  scan-hidden hidden[ \\t_]*info3
UNRESOLVED: g++.dg/ext/visibility/typeinfo3.C -std=c++1y  scan-hidden hidden[ \\t_]*info4
UNRESOLVED: g++.dg/ext/visibility/typeinfo3.C -std=c++1y  scan-hidden hidden[ \\t_]*info5
UNRESOLVED: g++.dg/ext/visibility/visibility-1.C -std=c++98  scan-hidden hidden[ \\t_]*_Z3foov
UNRESOLVED: g++.dg/ext/visibility/visibility-1.C -std=c++11  scan-hidden hidden[ \\t_]*_Z3foov
UNRESOLVED: g++.dg/ext/visibility/visibility-1.C -std=c++1y  scan-hidden hidden[ \\t_]*_Z3foov
UNRESOLVED: g++.dg/ext/visibility/visibility-2.C -std=c++98  scan-hidden hidden[ \\t_]*_Z3foov
UNRESOLVED: g++.dg/ext/visibility/visibility-2.C -std=c++11  scan-hidden hidden[ \\t_]*_Z3foov
UNRESOLVED: g++.dg/ext/visibility/visibility-2.C -std=c++1y  scan-hidden hidden[ \\t_]*_Z3foov
UNRESOLVED: g++.dg/ext/visibility/visibility-3.C -std=c++98  scan-hidden hidden[ \\t_]*xyzzy
UNRESOLVED: g++.dg/ext/visibility/visibility-3.C -std=c++11  scan-hidden hidden[ \\t_]*xyzzy
UNRESOLVED: g++.dg/ext/visibility/visibility-3.C -std=c++1y  scan-hidden hidden[ \\t_]*xyzzy
UNRESOLVED: g++.dg/ext/visibility/visibility-4.C -std=c++98  scan-hidden hidden[ \\t_]*xyzzy
UNRESOLVED: g++.dg/ext/visibility/visibility-4.C -std=c++11  scan-hidden hidden[ \\t_]*xyzzy
UNRESOLVED: g++.dg/ext/visibility/visibility-4.C -std=c++1y  scan-hidden hidden[ \\t_]*xyzzy
UNRESOLVED: g++.dg/ext/visibility/visibility-5.C -std=c++98  scan-hidden hidden[ \\t_]*_Z3foov
UNRESOLVED: g++.dg/ext/visibility/visibility-5.C -std=c++11  scan-hidden hidden[ \\t_]*_Z3foov
UNRESOLVED: g++.dg/ext/visibility/visibility-5.C -std=c++1y  scan-hidden hidden[ \\t_]*_Z3foov
UNRESOLVED: g++.dg/ext/visibility/visibility-6.C -std=c++98  scan-hidden hidden[ \\t_]*xyzzy
UNRESOLVED: g++.dg/ext/visibility/visibility-6.C -std=c++11  scan-hidden hidden[ \\t_]*xyzzy
UNRESOLVED: g++.dg/ext/visibility/visibility-6.C -std=c++1y  scan-hidden hidden[ \\t_]*xyzzy
UNRESOLVED: g++.dg/ext/visibility/visibility-7.C -std=c++98  scan-hidden hidden[ \\t_]*xyzzy
UNRESOLVED: g++.dg/ext/visibility/visibility-7.C -std=c++11  scan-hidden hidden[ \\t_]*xyzzy
UNRESOLVED: g++.dg/ext/visibility/visibility-7.C -std=c++1y  scan-hidden hidden[ \\t_]*xyzzy
UNRESOLVED: g++.dg/ext/visibility/warn3.C -std=c++98  scan-not-hidden hidden[ \\t_]*_ZN1A1fEv
UNRESOLVED: g++.dg/ext/visibility/warn3.C -std=c++11  scan-not-hidden hidden[ \\t_]*_ZN1A1fEv
UNRESOLVED: g++.dg/ext/visibility/warn3.C -std=c++1y  scan-not-hidden hidden[ \\t_]*_ZN1A1fEv
UNRESOLVED: g++.dg/init/cleanup3.C -std=c++98  scan-assembler-not _tcf
UNRESOLVED: g++.dg/init/cleanup3.C -std=c++11  scan-assembler-not _tcf
UNRESOLVED: g++.dg/init/cleanup3.C -std=c++1y  scan-assembler-not _tcf
UNRESOLVED: g++.dg/init/const9.C -std=c++98  scan-assembler-not rodata
UNRESOLVED: g++.dg/init/const9.C -std=c++11  scan-assembler-not rodata
UNRESOLVED: g++.dg/init/const9.C -std=c++1y  scan-assembler-not rodata
UNRESOLVED: g++.dg/init/dtor4.C -std=c++98  scan-assembler-not _ZN1AD2Ev
UNRESOLVED: g++.dg/init/dtor4.C -std=c++11  scan-assembler-not _ZN1AD2Ev
UNRESOLVED: g++.dg/init/dtor4.C -std=c++1y  scan-assembler-not _ZN1AD2Ev
UNRESOLVED: g++.dg/init/mutable1.C -std=c++98  scan-assembler-not rodata
UNRESOLVED: g++.dg/init/mutable1.C -std=c++11  scan-assembler-not rodata
UNRESOLVED: g++.dg/init/mutable1.C -std=c++1y  scan-assembler-not rodata
UNRESOLVED: g++.dg/init/static-init3.C -std=c++98  scan-assembler-not GLOBAL
UNRESOLVED: g++.dg/init/static-init3.C -std=c++11  scan-assembler-not GLOBAL
UNRESOLVED: g++.dg/init/static-init3.C -std=c++1y  scan-assembler-not GLOBAL
UNRESOLVED: g++.dg/ipa/devirt-28.C -std=gnu++98  scan-assembler-not _ZN1AD2Ev
UNRESOLVED: g++.dg/ipa/devirt-28.C -std=gnu++98  scan-assembler-not _ZN1BD0Ev
UNRESOLVED: g++.dg/ipa/devirt-28.C -std=gnu++11  scan-assembler-not _ZN1AD2Ev
UNRESOLVED: g++.dg/ipa/devirt-28.C -std=gnu++11  scan-assembler-not _ZN1BD0Ev
UNRESOLVED: g++.dg/ipa/devirt-28.C -std=gnu++1y  scan-assembler-not _ZN1AD2Ev
UNRESOLVED: g++.dg/ipa/devirt-28.C -std=gnu++1y  scan-assembler-not _ZN1BD0Ev
UNRESOLVED: g++.dg/lookup/builtin5.C -std=c++98  scan-assembler _ZSt5atanhd
UNRESOLVED: g++.dg/lookup/builtin5.C -std=c++11  scan-assembler _ZSt5atanhd
UNRESOLVED: g++.dg/lookup/builtin5.C -std=c++1y  scan-assembler _ZSt5atanhd
UNRESOLVED: g++.dg/opt/const6.C -std=gnu++98  scan-assembler _ZN1K1kE
UNRESOLVED: g++.dg/opt/const6.C -std=gnu++11  scan-assembler _ZN1K1kE
UNRESOLVED: g++.dg/opt/const6.C -std=gnu++1y  scan-assembler _ZN1K1kE
UNRESOLVED: g++.dg/opt/devirt4.C -std=gnu++98  scan-assembler _ZN3fooD2Ev
UNRESOLVED: g++.dg/opt/devirt4.C -std=gnu++11  scan-assembler _ZN3fooD2Ev
UNRESOLVED: g++.dg/opt/devirt4.C -std=gnu++1y  scan-assembler _ZN3fooD2Ev
UNRESOLVED: g++.dg/opt/inline16.C -std=gnu++98  scan-assembler-not _ZL9fromSlotBv
UNRESOLVED: g++.dg/opt/inline16.C -std=gnu++11  scan-assembler-not _ZL9fromSlotBv
UNRESOLVED: g++.dg/opt/inline16.C -std=gnu++1y  scan-assembler-not _ZL9fromSlotBv
UNRESOLVED: g++.dg/opt/inline4.C -std=gnu++98  scan-assembler-not \\n_?_Z1gILi[0-9]+EEvv[: \\t\\n]
UNRESOLVED: g++.dg/opt/inline4.C -std=gnu++11  scan-assembler-not \\n_?_Z1gILi[0-9]+EEvv[: \\t\\n]
UNRESOLVED: g++.dg/opt/inline4.C -std=gnu++1y  scan-assembler-not \\n_?_Z1gILi[0-9]+EEvv[: \\t\\n]
UNRESOLVED: g++.dg/opt/inline6.C -std=gnu++98  scan-assembler-not \\n_?_Z3fooIlET_S0_[: \\t\\n]
UNRESOLVED: g++.dg/opt/inline6.C -std=gnu++11  scan-assembler-not \\n_?_Z3fooIlET_S0_[: \\t\\n]
UNRESOLVED: g++.dg/opt/inline6.C -std=gnu++1y  scan-assembler-not \\n_?_Z3fooIlET_S0_[: \\t\\n]
UNRESOLVED: g++.dg/opt/inline8.C -std=gnu++98  scan-assembler foo
UNRESOLVED: g++.dg/opt/inline8.C -std=gnu++11  scan-assembler foo
UNRESOLVED: g++.dg/opt/inline8.C -std=gnu++1y  scan-assembler foo
UNRESOLVED: g++.dg/opt/template1.C -std=gnu++98  scan-assembler-not \\n_?_ZN1AILi0EE4foo1Ev[: \\t\\n]
UNRESOLVED: g++.dg/opt/template1.C -std=gnu++11  scan-assembler-not \\n_?_ZN1AILi0EE4foo1Ev[: \\t\\n]
UNRESOLVED: g++.dg/opt/template1.C -std=gnu++1y  scan-assembler-not \\n_?_ZN1AILi0EE4foo1Ev[: \\t\\n]
UNRESOLVED: g++.dg/opt/vt2.C -std=gnu++98  scan-assembler-not mov[^\\n]*_ZTV
UNRESOLVED: g++.dg/opt/vt2.C -std=gnu++11  scan-assembler-not mov[^\\n]*_ZTV
UNRESOLVED: g++.dg/opt/vt2.C -std=gnu++1y  scan-assembler-not mov[^\\n]*_ZTV
UNRESOLVED: g++.dg/other/pragma-re-1.C -std=c++98  scan-assembler bar
UNRESOLVED: g++.dg/other/pragma-re-1.C -std=c++98  scan-assembler-not foo
UNRESOLVED: g++.dg/other/pragma-re-1.C -std=c++98  scan-assembler _Z3bazv
UNRESOLVED: g++.dg/other/pragma-re-1.C -std=c++98  scan-assembler-not baq
UNRESOLVED: g++.dg/other/pragma-re-1.C -std=c++98  scan-assembler tut
UNRESOLVED: g++.dg/other/pragma-re-1.C -std=c++98  scan-assembler-not gee
UNRESOLVED: g++.dg/other/pragma-re-1.C -std=c++98  scan-assembler bang
UNRESOLVED: g++.dg/other/pragma-re-1.C -std=c++98  scan-assembler-not whiz
UNRESOLVED: g++.dg/other/pragma-re-1.C -std=c++98  scan-assembler eek
UNRESOLVED: g++.dg/other/pragma-re-1.C -std=c++98  scan-assembler-not boo
UNRESOLVED: g++.dg/other/pragma-re-1.C -std=c++11  scan-assembler bar
UNRESOLVED: g++.dg/other/pragma-re-1.C -std=c++11  scan-assembler-not foo
UNRESOLVED: g++.dg/other/pragma-re-1.C -std=c++11  scan-assembler _Z3bazv
UNRESOLVED: g++.dg/other/pragma-re-1.C -std=c++11  scan-assembler-not baq
UNRESOLVED: g++.dg/other/pragma-re-1.C -std=c++11  scan-assembler tut
UNRESOLVED: g++.dg/other/pragma-re-1.C -std=c++11  scan-assembler-not gee
UNRESOLVED: g++.dg/other/pragma-re-1.C -std=c++11  scan-assembler bang
UNRESOLVED: g++.dg/other/pragma-re-1.C -std=c++11  scan-assembler-not whiz
UNRESOLVED: g++.dg/other/pragma-re-1.C -std=c++11  scan-assembler eek
UNRESOLVED: g++.dg/other/pragma-re-1.C -std=c++11  scan-assembler-not boo
UNRESOLVED: g++.dg/other/pragma-re-1.C -std=c++1y  scan-assembler bar
UNRESOLVED: g++.dg/other/pragma-re-1.C -std=c++1y  scan-assembler-not foo
UNRESOLVED: g++.dg/other/pragma-re-1.C -std=c++1y  scan-assembler _Z3bazv
UNRESOLVED: g++.dg/other/pragma-re-1.C -std=c++1y  scan-assembler-not baq
UNRESOLVED: g++.dg/other/pragma-re-1.C -std=c++1y  scan-assembler tut
UNRESOLVED: g++.dg/other/pragma-re-1.C -std=c++1y  scan-assembler-not gee
UNRESOLVED: g++.dg/other/pragma-re-1.C -std=c++1y  scan-assembler bang
UNRESOLVED: g++.dg/other/pragma-re-1.C -std=c++1y  scan-assembler-not whiz
UNRESOLVED: g++.dg/other/pragma-re-1.C -std=c++1y  scan-assembler eek
UNRESOLVED: g++.dg/other/pragma-re-1.C -std=c++1y  scan-assembler-not boo
UNRESOLVED: g++.dg/other/pragma-re-2.C -std=c++98  scan-assembler new_name
UNRESOLVED: g++.dg/other/pragma-re-2.C -std=c++98  scan-assembler-not old_name
UNRESOLVED: g++.dg/other/pragma-re-2.C -std=c++11  scan-assembler new_name
UNRESOLVED: g++.dg/other/pragma-re-2.C -std=c++11  scan-assembler-not old_name
UNRESOLVED: g++.dg/other/pragma-re-2.C -std=c++1y  scan-assembler new_name
UNRESOLVED: g++.dg/other/pragma-re-2.C -std=c++1y  scan-assembler-not old_name
UNRESOLVED: g++.dg/rtti/anon-ns1.C -std=c++98  scan-assembler "*N[^"]+1AE
UNRESOLVED: g++.dg/rtti/anon-ns1.C -std=c++11  scan-assembler "*N[^"]+1AE
UNRESOLVED: g++.dg/rtti/anon-ns1.C -std=c++1y  scan-assembler "*N[^"]+1AE
FAIL: g++.dg/guality/pr55665.C  -O2  line 23 p == 40
FAIL: g++.dg/guality/pr55665.C  -O3 -fomit-frame-pointer  line 23 p == 40
FAIL: g++.dg/guality/pr55665.C  -O3 -g  line 23 p == 40

		=== g++ Summary ===

# of expected passes		87377
# of unexpected failures	9
# of expected failures		445
# of unresolved testcases	356
# of unsupported tests		3020
/scratch/toon/bd16693/gcc/testsuite/g++/../../xg++  version 4.9.0 20140407 (experimental) (GCC) 

		=== objc tests ===


Running target unix

		=== objc Summary ===

# of expected passes		2988
# of expected failures		6
# of unsupported tests		74
/scratch/toon/bd16693/gcc/xgcc  version 4.9.0 20140407 (experimental) (GCC) 

		=== libatomic tests ===


Running target unix

		=== libatomic Summary ===

# of expected passes		54
		=== libgomp tests ===


Running target unix

		=== libgomp Summary ===

# of expected passes		2412
		=== libitm tests ===


Running target unix

		=== libitm Summary ===

# of expected passes		26
# of expected failures		3
# of unsupported tests		1
		=== libstdc++ tests ===


Running target unix

		=== libstdc++ Summary ===

# of expected passes		9405
# of expected failures		41
# of unsupported tests		532

Compiler version: 4.9.0 20140407 (experimental) (GCC) 
Platform: x86_64-unknown-linux-gnu
configure flags: --prefix=/home/toon/compilers/install --with-gnu-as --with-gnu-ld --with-build-config=bootstrap-lto --enable-languages=fortran,objc --disable-multilib --disable-nls --with-arch=core-avx2 --with-tune=core-avx2


Index Nav: [Date Index] [Subject Index] [Author Index] [Thread Index]
Message Nav: [Date Prev] [Date Next] [Thread Prev] [Thread Next]