This is the mail archive of the gcc-testresults@gcc.gnu.org mailing list for the GCC project.


Index Nav: [Date Index] [Subject Index] [Author Index] [Thread Index]
Message Nav: [Date Prev] [Date Next] [Thread Prev] [Thread Next]
Other format: [Raw text]

Results for 4.9.0 20140405 (experimental) [trunk revision 209157] (Debian 4.9-20140406-1) testsuite on powerpc-unknown-linux-gnu


LAST_UPDATED: Sun Apr  6 00:11:16 UTC 2014 (revision 209157)

Target: powerpc-linux-gnu
gcc version 4.9.0 20140405 (experimental) [trunk revision 209157] (Debian 4.9-20140406-1) 
Native configuration is powerpc-unknown-linux-gnu

		=== g++ tests ===


Running target unix
FAIL: c-c++-common/asan/null-deref-1.c  -O2  output pattern test, is ASAN:SIGSEGV
FAIL: c-c++-common/asan/null-deref-1.c  -O3 -fomit-frame-pointer  output pattern test, is ASAN:SIGSEGV
FAIL: c-c++-common/asan/null-deref-1.c  -O3 -g  output pattern test, is ASAN:SIGSEGV
FAIL: c-c++-common/asan/null-deref-1.c  -O2 -flto -fno-use-linker-plugin -flto-partition=none  output pattern test, is ASAN:SIGSEGV
FAIL: c-c++-common/asan/null-deref-1.c  -O2 -flto -fuse-linker-plugin -fno-fat-lto-objects  output pattern test, is ASAN:SIGSEGV
FAIL: c-c++-common/asan/pr59063-2.c  -O2 -flto -fuse-linker-plugin -fno-fat-lto-objects  (test for excess errors)
UNRESOLVED: c-c++-common/asan/pr59063-2.c  -O2 -flto -fuse-linker-plugin -fno-fat-lto-objects  compilation failed to produce executable

		=== g++ Summary for unix ===

# of expected passes		82238
# of unexpected failures	6
# of expected failures		445
# of unresolved testcases	1
# of unsupported tests		3128

Running target unix/-fstack-protector
FAIL: c-c++-common/asan/null-deref-1.c  -O2  output pattern test, is ASAN:SIGSEGV
FAIL: c-c++-common/asan/null-deref-1.c  -O3 -fomit-frame-pointer  output pattern test, is ASAN:SIGSEGV
FAIL: c-c++-common/asan/null-deref-1.c  -O3 -g  output pattern test, is ASAN:SIGSEGV
FAIL: c-c++-common/asan/null-deref-1.c  -O2 -flto -fno-use-linker-plugin -flto-partition=none  output pattern test, is ASAN:SIGSEGV
FAIL: c-c++-common/asan/null-deref-1.c  -O2 -flto -fuse-linker-plugin -fno-fat-lto-objects  output pattern test, is ASAN:SIGSEGV
FAIL: c-c++-common/asan/pr59063-2.c  -O2 -flto -fuse-linker-plugin -fno-fat-lto-objects  (test for excess errors)
UNRESOLVED: c-c++-common/asan/pr59063-2.c  -O2 -flto -fuse-linker-plugin -fno-fat-lto-objects  compilation failed to produce executable

		=== g++ Summary for unix/-fstack-protector ===

# of expected passes		82238
# of unexpected failures	6
# of expected failures		445
# of unresolved testcases	1
# of unsupported tests		3128

Running target unix/-m64
FAIL: c-c++-common/asan/null-deref-1.c  -O2  output pattern test, is ASAN:SIGSEGV
FAIL: c-c++-common/asan/null-deref-1.c  -O3 -fomit-frame-pointer  output pattern test, is ASAN:SIGSEGV
FAIL: c-c++-common/asan/null-deref-1.c  -O3 -g  output pattern test, is ASAN:SIGSEGV
FAIL: c-c++-common/asan/null-deref-1.c  -O2 -flto -fno-use-linker-plugin -flto-partition=none  output pattern test, is ASAN:SIGSEGV
FAIL: c-c++-common/asan/null-deref-1.c  -O2 -flto -fuse-linker-plugin -fno-fat-lto-objects  output pattern test, is ASAN:SIGSEGV
FAIL: c-c++-common/asan/pr59063-2.c  -O2 -flto -fuse-linker-plugin -fno-fat-lto-objects  (test for excess errors)
UNRESOLVED: c-c++-common/asan/pr59063-2.c  -O2 -flto -fuse-linker-plugin -fno-fat-lto-objects  compilation failed to produce executable
FAIL: c-c++-common/asan/swapcontext-test-1.c  -O0  execution test
FAIL: c-c++-common/asan/swapcontext-test-1.c  -O1  execution test
FAIL: c-c++-common/asan/swapcontext-test-1.c  -O2  execution test
FAIL: c-c++-common/asan/swapcontext-test-1.c  -O3 -fomit-frame-pointer  execution test
FAIL: c-c++-common/asan/swapcontext-test-1.c  -O3 -fomit-frame-pointer -funroll-loops  execution test
FAIL: c-c++-common/asan/swapcontext-test-1.c  -O3 -fomit-frame-pointer -funroll-all-loops -finline-functions  execution test
FAIL: c-c++-common/asan/swapcontext-test-1.c  -O3 -g  execution test
FAIL: c-c++-common/asan/swapcontext-test-1.c  -Os  execution test
FAIL: c-c++-common/asan/swapcontext-test-1.c  -O2 -flto -fno-use-linker-plugin -flto-partition=none  execution test
FAIL: c-c++-common/asan/swapcontext-test-1.c  -O2 -flto -fuse-linker-plugin -fno-fat-lto-objects  execution test

		=== g++ Summary for unix/-m64 ===

# of expected passes		84101
# of unexpected failures	16
# of expected failures		445
# of unresolved testcases	1
# of unsupported tests		3105

		=== g++ Summary ===

# of expected passes		248577
# of unexpected failures	28
# of expected failures		1335
# of unresolved testcases	3
# of unsupported tests		9361
/build/gcc-4.9-YV5iCY/gcc-4.9-4.9-20140406/build/gcc/testsuite/g++/../../xg++  version 4.9.0 20140405 (experimental) [trunk revision 209157] (Debian 4.9-20140406-1) 

		=== gcc tests ===


Running target unix
FAIL: c-c++-common/asan/null-deref-1.c  -O0  output pattern test, is ASAN:SIGSEGV
FAIL: c-c++-common/asan/null-deref-1.c  -O1  output pattern test, is ASAN:SIGSEGV
FAIL: c-c++-common/asan/null-deref-1.c  -O2  output pattern test, is ASAN:SIGSEGV
FAIL: c-c++-common/asan/null-deref-1.c  -O3 -fomit-frame-pointer  output pattern test, is ASAN:SIGSEGV
FAIL: c-c++-common/asan/null-deref-1.c  -O3 -g  output pattern test, is ASAN:SIGSEGV
FAIL: c-c++-common/asan/null-deref-1.c  -Os  output pattern test, is ASAN:SIGSEGV
FAIL: c-c++-common/asan/null-deref-1.c  -O2 -flto -fno-use-linker-plugin -flto-partition=none  output pattern test, is ASAN:SIGSEGV
FAIL: c-c++-common/asan/null-deref-1.c  -O2 -flto -fuse-linker-plugin -fno-fat-lto-objects  output pattern test, is ASAN:SIGSEGV
FAIL: c-c++-common/asan/pr59063-2.c  -O2 -flto -fuse-linker-plugin -fno-fat-lto-objects  (test for excess errors)
UNRESOLVED: c-c++-common/asan/pr59063-2.c  -O2 -flto -fuse-linker-plugin -fno-fat-lto-objects  compilation failed to produce executable
FAIL: gcc.dg/atomic/c11-atomic-exec-5.c  -O0  execution test
FAIL: gcc.dg/atomic/c11-atomic-exec-5.c  -O1  execution test
FAIL: gcc.dg/atomic/c11-atomic-exec-5.c  -O2  execution test
FAIL: gcc.dg/atomic/c11-atomic-exec-5.c  -O3 -fomit-frame-pointer  execution test
FAIL: gcc.dg/atomic/c11-atomic-exec-5.c  -O3 -fomit-frame-pointer -funroll-loops  execution test
FAIL: gcc.dg/atomic/c11-atomic-exec-5.c  -O3 -fomit-frame-pointer -funroll-all-loops -finline-functions  execution test
FAIL: gcc.dg/atomic/c11-atomic-exec-5.c  -O3 -g  execution test
FAIL: gcc.dg/atomic/c11-atomic-exec-5.c  -Os  execution test
FAIL: gcc.dg/atomic/c11-atomic-exec-5.c  -O2 -flto -fno-use-linker-plugin -flto-partition=none  execution test
FAIL: gcc.dg/atomic/c11-atomic-exec-5.c  -O2 -flto -fuse-linker-plugin -fno-fat-lto-objects  execution test
FAIL: gcc.dg/and-1.c scan-assembler-not nand
FAIL: gcc.dg/binop-xor1.c scan-tree-dump-times optimized "\\\\^" 1
FAIL: gcc.dg/tree-ssa/loop-19.c scan-tree-dump-times optimized "MEM.(base: &|symbol: )a," 2
FAIL: gcc.dg/tree-ssa/loop-19.c scan-tree-dump-times optimized "MEM.(base: &|symbol: )c," 2
FAIL: gcc.dg/tree-ssa/sra-12.c scan-tree-dump-times release_ssa "l;" 0
FAIL: gcc.dg/tree-ssa/ssa-dom-thread-4.c scan-tree-dump-times dom1 "Threaded" 3
FAIL: gcc.dg/tree-ssa/vrp47.c scan-tree-dump-times vrp1 "[xy][^ ]* !=" 0
FAIL: gcc.dg/vect/costmodel/ppc/costmodel-bb-slp-9a.c scan-tree-dump-times slp "basic block vectorized using SLP" 1
FAIL: gcc.dg/vect/no-vfa-vect-depend-2.c scan-tree-dump-times vect "vectorized 1 loops" 1
FAIL: gcc.dg/vect/no-vfa-vect-depend-3.c scan-tree-dump-times vect "vectorized 1 loops" 4
FAIL: gcc.dg/vmx/extract-vsx-be-order.c  -O0  execution test
FAIL: gcc.dg/vmx/extract-vsx.c  -O0  execution test
FAIL: gcc.dg/vmx/insert-vsx-be-order.c  -O0  execution test
FAIL: gcc.dg/vmx/insert-vsx-be-order.c  -O1  execution test
FAIL: gcc.dg/vmx/insert-vsx-be-order.c  -O2  execution test
FAIL: gcc.dg/vmx/insert-vsx-be-order.c  -O3 -fomit-frame-pointer  execution test
FAIL: gcc.dg/vmx/insert-vsx-be-order.c  -O3 -g  execution test
FAIL: gcc.dg/vmx/insert-vsx-be-order.c  -Os  execution test
FAIL: gcc.dg/vmx/insert-vsx-be-order.c  -O2 -flto -fno-use-linker-plugin -flto-partition=none  execution test
FAIL: gcc.dg/vmx/insert-vsx-be-order.c  -O2 -flto -fuse-linker-plugin -fno-fat-lto-objects  execution test
FAIL: gcc.dg/vmx/insert-vsx.c  -O0  execution test
FAIL: gcc.dg/vmx/insert-vsx.c  -O1  execution test
FAIL: gcc.dg/vmx/insert-vsx.c  -O2  execution test
FAIL: gcc.dg/vmx/insert-vsx.c  -O3 -fomit-frame-pointer  execution test
FAIL: gcc.dg/vmx/insert-vsx.c  -O3 -g  execution test
FAIL: gcc.dg/vmx/insert-vsx.c  -Os  execution test
FAIL: gcc.dg/vmx/insert-vsx.c  -O2 -flto -fno-use-linker-plugin -flto-partition=none  execution test
FAIL: gcc.dg/vmx/insert-vsx.c  -O2 -flto -fuse-linker-plugin -fno-fat-lto-objects  execution test
FAIL: gcc.dg/vmx/ld-vsx-be-order.c  -O0  execution test
FAIL: gcc.dg/vmx/ld-vsx-be-order.c  -O1  execution test
FAIL: gcc.dg/vmx/ld-vsx-be-order.c  -O2  execution test
FAIL: gcc.dg/vmx/ld-vsx-be-order.c  -O3 -fomit-frame-pointer  execution test
FAIL: gcc.dg/vmx/ld-vsx-be-order.c  -O3 -fomit-frame-pointer -funroll-loops  execution test
FAIL: gcc.dg/vmx/ld-vsx-be-order.c  -O3 -fomit-frame-pointer -funroll-all-loops -finline-functions  execution test
FAIL: gcc.dg/vmx/ld-vsx-be-order.c  -O3 -g  execution test
FAIL: gcc.dg/vmx/ld-vsx-be-order.c  -Os  execution test
FAIL: gcc.dg/vmx/ld-vsx-be-order.c  -O2 -flto -fno-use-linker-plugin -flto-partition=none  execution test
FAIL: gcc.dg/vmx/ld-vsx-be-order.c  -O2 -flto -fuse-linker-plugin -fno-fat-lto-objects  execution test
FAIL: gcc.dg/vmx/ld-vsx.c  -O0  execution test
FAIL: gcc.dg/vmx/ld-vsx.c  -O1  execution test
FAIL: gcc.dg/vmx/ld-vsx.c  -O2  execution test
FAIL: gcc.dg/vmx/ld-vsx.c  -O3 -fomit-frame-pointer  execution test
FAIL: gcc.dg/vmx/ld-vsx.c  -O3 -fomit-frame-pointer -funroll-loops  execution test
FAIL: gcc.dg/vmx/ld-vsx.c  -O3 -fomit-frame-pointer -funroll-all-loops -finline-functions  execution test
FAIL: gcc.dg/vmx/ld-vsx.c  -O3 -g  execution test
FAIL: gcc.dg/vmx/ld-vsx.c  -Os  execution test
FAIL: gcc.dg/vmx/ld-vsx.c  -O2 -flto -fno-use-linker-plugin -flto-partition=none  execution test
FAIL: gcc.dg/vmx/ld-vsx.c  -O2 -flto -fuse-linker-plugin -fno-fat-lto-objects  execution test
FAIL: gcc.dg/vmx/ldl-vsx-be-order.c  -O0  execution test
FAIL: gcc.dg/vmx/ldl-vsx-be-order.c  -O1  execution test
FAIL: gcc.dg/vmx/ldl-vsx-be-order.c  -O2  execution test
FAIL: gcc.dg/vmx/ldl-vsx-be-order.c  -O3 -fomit-frame-pointer  execution test
FAIL: gcc.dg/vmx/ldl-vsx-be-order.c  -O3 -fomit-frame-pointer -funroll-loops  execution test
FAIL: gcc.dg/vmx/ldl-vsx-be-order.c  -O3 -fomit-frame-pointer -funroll-all-loops -finline-functions  execution test
FAIL: gcc.dg/vmx/ldl-vsx-be-order.c  -O3 -g  execution test
FAIL: gcc.dg/vmx/ldl-vsx-be-order.c  -Os  execution test
FAIL: gcc.dg/vmx/ldl-vsx-be-order.c  -O2 -flto -fno-use-linker-plugin -flto-partition=none  execution test
FAIL: gcc.dg/vmx/ldl-vsx-be-order.c  -O2 -flto -fuse-linker-plugin -fno-fat-lto-objects  execution test
FAIL: gcc.dg/vmx/ldl-vsx.c  -O0  execution test
FAIL: gcc.dg/vmx/ldl-vsx.c  -O1  execution test
FAIL: gcc.dg/vmx/ldl-vsx.c  -O2  execution test
FAIL: gcc.dg/vmx/ldl-vsx.c  -O3 -fomit-frame-pointer  execution test
FAIL: gcc.dg/vmx/ldl-vsx.c  -O3 -fomit-frame-pointer -funroll-loops  execution test
FAIL: gcc.dg/vmx/ldl-vsx.c  -O3 -fomit-frame-pointer -funroll-all-loops -finline-functions  execution test
FAIL: gcc.dg/vmx/ldl-vsx.c  -O3 -g  execution test
FAIL: gcc.dg/vmx/ldl-vsx.c  -Os  execution test
FAIL: gcc.dg/vmx/ldl-vsx.c  -O2 -flto -fno-use-linker-plugin -flto-partition=none  execution test
FAIL: gcc.dg/vmx/ldl-vsx.c  -O2 -flto -fuse-linker-plugin -fno-fat-lto-objects  execution test
FAIL: gcc.dg/vmx/merge-vsx-be-order.c  -O0  execution test
FAIL: gcc.dg/vmx/merge-vsx-be-order.c  -O1  execution test
FAIL: gcc.dg/vmx/merge-vsx.c  -O0  execution test
FAIL: gcc.dg/vmx/merge-vsx.c  -O1  execution test
FAIL: gcc.dg/vmx/splat-vsx-be-order.c  -O0  execution test
FAIL: gcc.dg/vmx/splat-vsx-be-order.c  -O1  execution test
FAIL: gcc.dg/vmx/splat-vsx-be-order.c  -O2  execution test
FAIL: gcc.dg/vmx/splat-vsx-be-order.c  -O3 -fomit-frame-pointer  execution test
FAIL: gcc.dg/vmx/splat-vsx-be-order.c  -O3 -g  execution test
FAIL: gcc.dg/vmx/splat-vsx-be-order.c  -Os  execution test
FAIL: gcc.dg/vmx/splat-vsx-be-order.c  -O2 -flto -fno-use-linker-plugin -flto-partition=none  execution test
FAIL: gcc.dg/vmx/splat-vsx-be-order.c  -O2 -flto -fuse-linker-plugin -fno-fat-lto-objects  execution test
FAIL: gcc.dg/vmx/splat-vsx.c  -O0  execution test
FAIL: gcc.dg/vmx/splat-vsx.c  -O1  execution test
FAIL: gcc.dg/vmx/splat-vsx.c  -O2  execution test
FAIL: gcc.dg/vmx/splat-vsx.c  -O3 -fomit-frame-pointer  execution test
FAIL: gcc.dg/vmx/splat-vsx.c  -O3 -g  execution test
FAIL: gcc.dg/vmx/splat-vsx.c  -Os  execution test
FAIL: gcc.dg/vmx/splat-vsx.c  -O2 -flto -fno-use-linker-plugin -flto-partition=none  execution test
FAIL: gcc.dg/vmx/splat-vsx.c  -O2 -flto -fuse-linker-plugin -fno-fat-lto-objects  execution test
FAIL: gcc.dg/vmx/st-vsx-be-order.c  -O0  execution test
FAIL: gcc.dg/vmx/st-vsx-be-order.c  -O1  execution test
FAIL: gcc.dg/vmx/st-vsx-be-order.c  -O2  execution test
FAIL: gcc.dg/vmx/st-vsx-be-order.c  -O3 -fomit-frame-pointer  execution test
FAIL: gcc.dg/vmx/st-vsx-be-order.c  -O3 -fomit-frame-pointer -funroll-loops  execution test
FAIL: gcc.dg/vmx/st-vsx-be-order.c  -O3 -fomit-frame-pointer -funroll-all-loops -finline-functions  execution test
FAIL: gcc.dg/vmx/st-vsx-be-order.c  -O3 -g  execution test
FAIL: gcc.dg/vmx/st-vsx-be-order.c  -Os  execution test
FAIL: gcc.dg/vmx/st-vsx-be-order.c  -O2 -flto -fno-use-linker-plugin -flto-partition=none  execution test
FAIL: gcc.dg/vmx/st-vsx-be-order.c  -O2 -flto -fuse-linker-plugin -fno-fat-lto-objects  execution test
FAIL: gcc.dg/vmx/st-vsx.c  -O0  execution test
FAIL: gcc.dg/vmx/st-vsx.c  -O1  execution test
FAIL: gcc.dg/vmx/st-vsx.c  -O2  execution test
FAIL: gcc.dg/vmx/st-vsx.c  -O3 -fomit-frame-pointer  execution test
FAIL: gcc.dg/vmx/st-vsx.c  -O3 -fomit-frame-pointer -funroll-loops  execution test
FAIL: gcc.dg/vmx/st-vsx.c  -O3 -fomit-frame-pointer -funroll-all-loops -finline-functions  execution test
FAIL: gcc.dg/vmx/st-vsx.c  -O3 -g  execution test
FAIL: gcc.dg/vmx/st-vsx.c  -Os  execution test
FAIL: gcc.dg/vmx/st-vsx.c  -O2 -flto -fno-use-linker-plugin -flto-partition=none  execution test
FAIL: gcc.dg/vmx/st-vsx.c  -O2 -flto -fuse-linker-plugin -fno-fat-lto-objects  execution test
FAIL: gcc.dg/vmx/stl-vsx-be-order.c  -O0  execution test
FAIL: gcc.dg/vmx/stl-vsx-be-order.c  -O1  execution test
FAIL: gcc.dg/vmx/stl-vsx-be-order.c  -O2  execution test
FAIL: gcc.dg/vmx/stl-vsx-be-order.c  -O3 -fomit-frame-pointer  execution test
FAIL: gcc.dg/vmx/stl-vsx-be-order.c  -O3 -fomit-frame-pointer -funroll-loops  execution test
FAIL: gcc.dg/vmx/stl-vsx-be-order.c  -O3 -fomit-frame-pointer -funroll-all-loops -finline-functions  execution test
FAIL: gcc.dg/vmx/stl-vsx-be-order.c  -O3 -g  execution test
FAIL: gcc.dg/vmx/stl-vsx-be-order.c  -Os  execution test
FAIL: gcc.dg/vmx/stl-vsx-be-order.c  -O2 -flto -fno-use-linker-plugin -flto-partition=none  execution test
FAIL: gcc.dg/vmx/stl-vsx-be-order.c  -O2 -flto -fuse-linker-plugin -fno-fat-lto-objects  execution test
FAIL: gcc.dg/vmx/stl-vsx.c  -O0  execution test
FAIL: gcc.dg/vmx/stl-vsx.c  -O1  execution test
FAIL: gcc.dg/vmx/stl-vsx.c  -O2  execution test
FAIL: gcc.dg/vmx/stl-vsx.c  -O3 -fomit-frame-pointer  execution test
FAIL: gcc.dg/vmx/stl-vsx.c  -O3 -fomit-frame-pointer -funroll-loops  execution test
FAIL: gcc.dg/vmx/stl-vsx.c  -O3 -fomit-frame-pointer -funroll-all-loops -finline-functions  execution test
FAIL: gcc.dg/vmx/stl-vsx.c  -O3 -g  execution test
FAIL: gcc.dg/vmx/stl-vsx.c  -Os  execution test
FAIL: gcc.dg/vmx/stl-vsx.c  -O2 -flto -fno-use-linker-plugin -flto-partition=none  execution test
FAIL: gcc.dg/vmx/stl-vsx.c  -O2 -flto -fuse-linker-plugin -fno-fat-lto-objects  execution test
FAIL: gcc.target/powerpc/405-dlmzb-strlen-1.c scan-assembler dlmzb\\\\. 
FAIL: gcc.target/powerpc/440-dlmzb-strlen-1.c scan-assembler dlmzb\\\\. 
FAIL: gcc.target/powerpc/pr53199.c scan-assembler-times lwbrx 6
FAIL: gcc.target/powerpc/pr53199.c scan-assembler-times stwbrx 6

		=== gcc Summary for unix ===

# of expected passes		95411
# of unexpected failures	151
# of expected failures		220
# of unresolved testcases	1
# of unsupported tests		1598

Running target unix/-fstack-protector
FAIL: c-c++-common/asan/null-deref-1.c  -O0  output pattern test, is ASAN:SIGSEGV
FAIL: c-c++-common/asan/null-deref-1.c  -O1  output pattern test, is ASAN:SIGSEGV
FAIL: c-c++-common/asan/null-deref-1.c  -O2  output pattern test, is ASAN:SIGSEGV
FAIL: c-c++-common/asan/null-deref-1.c  -O3 -fomit-frame-pointer  output pattern test, is ASAN:SIGSEGV
FAIL: c-c++-common/asan/null-deref-1.c  -O3 -g  output pattern test, is ASAN:SIGSEGV
FAIL: c-c++-common/asan/null-deref-1.c  -Os  output pattern test, is ASAN:SIGSEGV
FAIL: c-c++-common/asan/null-deref-1.c  -O2 -flto -fno-use-linker-plugin -flto-partition=none  output pattern test, is ASAN:SIGSEGV
FAIL: c-c++-common/asan/null-deref-1.c  -O2 -flto -fuse-linker-plugin -fno-fat-lto-objects  output pattern test, is ASAN:SIGSEGV
FAIL: c-c++-common/asan/pr59063-2.c  -O2 -flto -fuse-linker-plugin -fno-fat-lto-objects  (test for excess errors)
UNRESOLVED: c-c++-common/asan/pr59063-2.c  -O2 -flto -fuse-linker-plugin -fno-fat-lto-objects  compilation failed to produce executable
FAIL: gcc.dg/atomic/c11-atomic-exec-5.c  -O0  execution test
FAIL: gcc.dg/atomic/c11-atomic-exec-5.c  -O1  execution test
FAIL: gcc.dg/atomic/c11-atomic-exec-5.c  -O2  execution test
FAIL: gcc.dg/atomic/c11-atomic-exec-5.c  -O3 -fomit-frame-pointer  execution test
FAIL: gcc.dg/atomic/c11-atomic-exec-5.c  -O3 -fomit-frame-pointer -funroll-loops  execution test
FAIL: gcc.dg/atomic/c11-atomic-exec-5.c  -O3 -fomit-frame-pointer -funroll-all-loops -finline-functions  execution test
FAIL: gcc.dg/atomic/c11-atomic-exec-5.c  -O3 -g  execution test
FAIL: gcc.dg/atomic/c11-atomic-exec-5.c  -Os  execution test
FAIL: gcc.dg/atomic/c11-atomic-exec-5.c  -O2 -flto -fno-use-linker-plugin -flto-partition=none  execution test
FAIL: gcc.dg/atomic/c11-atomic-exec-5.c  -O2 -flto -fuse-linker-plugin -fno-fat-lto-objects  execution test
FAIL: gcc.dg/and-1.c scan-assembler-not nand
FAIL: gcc.dg/binop-xor1.c scan-tree-dump-times optimized "\\\\^" 1
FAIL: gcc.dg/stack-usage-1.c scan-file foo\\t(256|264)\\tstatic
FAIL: gcc.dg/superblock.c scan-rtl-dump-times sched2 "ADVANCING TO" 2
FAIL: gcc.dg/tree-ssa/loop-19.c scan-tree-dump-times optimized "MEM.(base: &|symbol: )a," 2
FAIL: gcc.dg/tree-ssa/loop-19.c scan-tree-dump-times optimized "MEM.(base: &|symbol: )c," 2
FAIL: gcc.dg/tree-ssa/sra-12.c scan-tree-dump-times release_ssa "l;" 0
FAIL: gcc.dg/tree-ssa/ssa-dom-thread-4.c scan-tree-dump-times dom1 "Threaded" 3
FAIL: gcc.dg/tree-ssa/vrp47.c scan-tree-dump-times vrp1 "[xy][^ ]* !=" 0
FAIL: gcc.dg/vect/costmodel/ppc/costmodel-bb-slp-9a.c scan-tree-dump-times slp "basic block vectorized using SLP" 1
FAIL: gcc.dg/vect/no-vfa-vect-depend-2.c scan-tree-dump-times vect "vectorized 1 loops" 1
FAIL: gcc.dg/vect/no-vfa-vect-depend-3.c scan-tree-dump-times vect "vectorized 1 loops" 4
FAIL: gcc.dg/vmx/extract-vsx-be-order.c  -O0  execution test
FAIL: gcc.dg/vmx/extract-vsx.c  -O0  execution test
FAIL: gcc.dg/vmx/insert-vsx-be-order.c  -O0  execution test
FAIL: gcc.dg/vmx/insert-vsx-be-order.c  -O1  execution test
FAIL: gcc.dg/vmx/insert-vsx-be-order.c  -O2  execution test
FAIL: gcc.dg/vmx/insert-vsx-be-order.c  -O3 -fomit-frame-pointer  execution test
FAIL: gcc.dg/vmx/insert-vsx-be-order.c  -O3 -g  execution test
FAIL: gcc.dg/vmx/insert-vsx-be-order.c  -Os  execution test
FAIL: gcc.dg/vmx/insert-vsx-be-order.c  -O2 -flto -fno-use-linker-plugin -flto-partition=none  execution test
FAIL: gcc.dg/vmx/insert-vsx-be-order.c  -O2 -flto -fuse-linker-plugin -fno-fat-lto-objects  execution test
FAIL: gcc.dg/vmx/insert-vsx.c  -O0  execution test
FAIL: gcc.dg/vmx/insert-vsx.c  -O1  execution test
FAIL: gcc.dg/vmx/insert-vsx.c  -O2  execution test
FAIL: gcc.dg/vmx/insert-vsx.c  -O3 -fomit-frame-pointer  execution test
FAIL: gcc.dg/vmx/insert-vsx.c  -O3 -g  execution test
FAIL: gcc.dg/vmx/insert-vsx.c  -Os  execution test
FAIL: gcc.dg/vmx/insert-vsx.c  -O2 -flto -fno-use-linker-plugin -flto-partition=none  execution test
FAIL: gcc.dg/vmx/insert-vsx.c  -O2 -flto -fuse-linker-plugin -fno-fat-lto-objects  execution test
FAIL: gcc.dg/vmx/ld-vsx-be-order.c  -O0  execution test
FAIL: gcc.dg/vmx/ld-vsx-be-order.c  -O1  execution test
FAIL: gcc.dg/vmx/ld-vsx-be-order.c  -O2  execution test
FAIL: gcc.dg/vmx/ld-vsx-be-order.c  -O3 -fomit-frame-pointer  execution test
FAIL: gcc.dg/vmx/ld-vsx-be-order.c  -O3 -fomit-frame-pointer -funroll-loops  execution test
FAIL: gcc.dg/vmx/ld-vsx-be-order.c  -O3 -fomit-frame-pointer -funroll-all-loops -finline-functions  execution test
FAIL: gcc.dg/vmx/ld-vsx-be-order.c  -O3 -g  execution test
FAIL: gcc.dg/vmx/ld-vsx-be-order.c  -Os  execution test
FAIL: gcc.dg/vmx/ld-vsx-be-order.c  -O2 -flto -fno-use-linker-plugin -flto-partition=none  execution test
FAIL: gcc.dg/vmx/ld-vsx-be-order.c  -O2 -flto -fuse-linker-plugin -fno-fat-lto-objects  execution test
FAIL: gcc.dg/vmx/ld-vsx.c  -O0  execution test
FAIL: gcc.dg/vmx/ld-vsx.c  -O1  execution test
FAIL: gcc.dg/vmx/ld-vsx.c  -O2  execution test
FAIL: gcc.dg/vmx/ld-vsx.c  -O3 -fomit-frame-pointer  execution test
FAIL: gcc.dg/vmx/ld-vsx.c  -O3 -fomit-frame-pointer -funroll-loops  execution test
FAIL: gcc.dg/vmx/ld-vsx.c  -O3 -fomit-frame-pointer -funroll-all-loops -finline-functions  execution test
FAIL: gcc.dg/vmx/ld-vsx.c  -O3 -g  execution test
FAIL: gcc.dg/vmx/ld-vsx.c  -Os  execution test
FAIL: gcc.dg/vmx/ld-vsx.c  -O2 -flto -fno-use-linker-plugin -flto-partition=none  execution test
FAIL: gcc.dg/vmx/ld-vsx.c  -O2 -flto -fuse-linker-plugin -fno-fat-lto-objects  execution test
FAIL: gcc.dg/vmx/ldl-vsx-be-order.c  -O0  execution test
FAIL: gcc.dg/vmx/ldl-vsx-be-order.c  -O1  execution test
FAIL: gcc.dg/vmx/ldl-vsx-be-order.c  -O2  execution test
FAIL: gcc.dg/vmx/ldl-vsx-be-order.c  -O3 -fomit-frame-pointer  execution test
FAIL: gcc.dg/vmx/ldl-vsx-be-order.c  -O3 -fomit-frame-pointer -funroll-loops  execution test
FAIL: gcc.dg/vmx/ldl-vsx-be-order.c  -O3 -fomit-frame-pointer -funroll-all-loops -finline-functions  execution test
FAIL: gcc.dg/vmx/ldl-vsx-be-order.c  -O3 -g  execution test
FAIL: gcc.dg/vmx/ldl-vsx-be-order.c  -Os  execution test
FAIL: gcc.dg/vmx/ldl-vsx-be-order.c  -O2 -flto -fno-use-linker-plugin -flto-partition=none  execution test
FAIL: gcc.dg/vmx/ldl-vsx-be-order.c  -O2 -flto -fuse-linker-plugin -fno-fat-lto-objects  execution test
FAIL: gcc.dg/vmx/ldl-vsx.c  -O0  execution test
FAIL: gcc.dg/vmx/ldl-vsx.c  -O1  execution test
FAIL: gcc.dg/vmx/ldl-vsx.c  -O2  execution test
FAIL: gcc.dg/vmx/ldl-vsx.c  -O3 -fomit-frame-pointer  execution test
FAIL: gcc.dg/vmx/ldl-vsx.c  -O3 -fomit-frame-pointer -funroll-loops  execution test
FAIL: gcc.dg/vmx/ldl-vsx.c  -O3 -fomit-frame-pointer -funroll-all-loops -finline-functions  execution test
FAIL: gcc.dg/vmx/ldl-vsx.c  -O3 -g  execution test
FAIL: gcc.dg/vmx/ldl-vsx.c  -Os  execution test
FAIL: gcc.dg/vmx/ldl-vsx.c  -O2 -flto -fno-use-linker-plugin -flto-partition=none  execution test
FAIL: gcc.dg/vmx/ldl-vsx.c  -O2 -flto -fuse-linker-plugin -fno-fat-lto-objects  execution test
FAIL: gcc.dg/vmx/merge-vsx-be-order.c  -O0  execution test
FAIL: gcc.dg/vmx/merge-vsx-be-order.c  -O1  execution test
FAIL: gcc.dg/vmx/merge-vsx.c  -O0  execution test
FAIL: gcc.dg/vmx/merge-vsx.c  -O1  execution test
FAIL: gcc.dg/vmx/splat-vsx-be-order.c  -O0  execution test
FAIL: gcc.dg/vmx/splat-vsx-be-order.c  -O1  execution test
FAIL: gcc.dg/vmx/splat-vsx-be-order.c  -O2  execution test
FAIL: gcc.dg/vmx/splat-vsx-be-order.c  -O3 -fomit-frame-pointer  execution test
FAIL: gcc.dg/vmx/splat-vsx-be-order.c  -O3 -g  execution test
FAIL: gcc.dg/vmx/splat-vsx-be-order.c  -Os  execution test
FAIL: gcc.dg/vmx/splat-vsx-be-order.c  -O2 -flto -fno-use-linker-plugin -flto-partition=none  execution test
FAIL: gcc.dg/vmx/splat-vsx-be-order.c  -O2 -flto -fuse-linker-plugin -fno-fat-lto-objects  execution test
FAIL: gcc.dg/vmx/splat-vsx.c  -O0  execution test
FAIL: gcc.dg/vmx/splat-vsx.c  -O1  execution test
FAIL: gcc.dg/vmx/splat-vsx.c  -O2  execution test
FAIL: gcc.dg/vmx/splat-vsx.c  -O3 -fomit-frame-pointer  execution test
FAIL: gcc.dg/vmx/splat-vsx.c  -O3 -g  execution test
FAIL: gcc.dg/vmx/splat-vsx.c  -Os  execution test
FAIL: gcc.dg/vmx/splat-vsx.c  -O2 -flto -fno-use-linker-plugin -flto-partition=none  execution test
FAIL: gcc.dg/vmx/splat-vsx.c  -O2 -flto -fuse-linker-plugin -fno-fat-lto-objects  execution test
FAIL: gcc.dg/vmx/st-vsx-be-order.c  -O0  execution test
FAIL: gcc.dg/vmx/st-vsx-be-order.c  -O1  execution test
FAIL: gcc.dg/vmx/st-vsx-be-order.c  -O2  execution test
FAIL: gcc.dg/vmx/st-vsx-be-order.c  -O3 -fomit-frame-pointer  execution test
FAIL: gcc.dg/vmx/st-vsx-be-order.c  -O3 -fomit-frame-pointer -funroll-loops  execution test
FAIL: gcc.dg/vmx/st-vsx-be-order.c  -O3 -fomit-frame-pointer -funroll-all-loops -finline-functions  execution test
FAIL: gcc.dg/vmx/st-vsx-be-order.c  -O3 -g  execution test
FAIL: gcc.dg/vmx/st-vsx-be-order.c  -Os  execution test
FAIL: gcc.dg/vmx/st-vsx-be-order.c  -O2 -flto -fno-use-linker-plugin -flto-partition=none  execution test
FAIL: gcc.dg/vmx/st-vsx-be-order.c  -O2 -flto -fuse-linker-plugin -fno-fat-lto-objects  execution test
FAIL: gcc.dg/vmx/st-vsx.c  -O0  execution test
FAIL: gcc.dg/vmx/st-vsx.c  -O1  execution test
FAIL: gcc.dg/vmx/st-vsx.c  -O2  execution test
FAIL: gcc.dg/vmx/st-vsx.c  -O3 -fomit-frame-pointer  execution test
FAIL: gcc.dg/vmx/st-vsx.c  -O3 -fomit-frame-pointer -funroll-loops  execution test
FAIL: gcc.dg/vmx/st-vsx.c  -O3 -fomit-frame-pointer -funroll-all-loops -finline-functions  execution test
FAIL: gcc.dg/vmx/st-vsx.c  -O3 -g  execution test
FAIL: gcc.dg/vmx/st-vsx.c  -Os  execution test
FAIL: gcc.dg/vmx/st-vsx.c  -O2 -flto -fno-use-linker-plugin -flto-partition=none  execution test
FAIL: gcc.dg/vmx/st-vsx.c  -O2 -flto -fuse-linker-plugin -fno-fat-lto-objects  execution test
FAIL: gcc.dg/vmx/stl-vsx-be-order.c  -O0  execution test
FAIL: gcc.dg/vmx/stl-vsx-be-order.c  -O1  execution test
FAIL: gcc.dg/vmx/stl-vsx-be-order.c  -O2  execution test
FAIL: gcc.dg/vmx/stl-vsx-be-order.c  -O3 -fomit-frame-pointer  execution test
FAIL: gcc.dg/vmx/stl-vsx-be-order.c  -O3 -fomit-frame-pointer -funroll-loops  execution test
FAIL: gcc.dg/vmx/stl-vsx-be-order.c  -O3 -fomit-frame-pointer -funroll-all-loops -finline-functions  execution test
FAIL: gcc.dg/vmx/stl-vsx-be-order.c  -O3 -g  execution test
FAIL: gcc.dg/vmx/stl-vsx-be-order.c  -Os  execution test
FAIL: gcc.dg/vmx/stl-vsx-be-order.c  -O2 -flto -fno-use-linker-plugin -flto-partition=none  execution test
FAIL: gcc.dg/vmx/stl-vsx-be-order.c  -O2 -flto -fuse-linker-plugin -fno-fat-lto-objects  execution test
FAIL: gcc.dg/vmx/stl-vsx.c  -O0  execution test
FAIL: gcc.dg/vmx/stl-vsx.c  -O1  execution test
FAIL: gcc.dg/vmx/stl-vsx.c  -O2  execution test
FAIL: gcc.dg/vmx/stl-vsx.c  -O3 -fomit-frame-pointer  execution test
FAIL: gcc.dg/vmx/stl-vsx.c  -O3 -fomit-frame-pointer -funroll-loops  execution test
FAIL: gcc.dg/vmx/stl-vsx.c  -O3 -fomit-frame-pointer -funroll-all-loops -finline-functions  execution test
FAIL: gcc.dg/vmx/stl-vsx.c  -O3 -g  execution test
FAIL: gcc.dg/vmx/stl-vsx.c  -Os  execution test
FAIL: gcc.dg/vmx/stl-vsx.c  -O2 -flto -fno-use-linker-plugin -flto-partition=none  execution test
FAIL: gcc.dg/vmx/stl-vsx.c  -O2 -flto -fuse-linker-plugin -fno-fat-lto-objects  execution test
FAIL: gcc.target/powerpc/405-dlmzb-strlen-1.c scan-assembler dlmzb\\\\. 
FAIL: gcc.target/powerpc/440-dlmzb-strlen-1.c scan-assembler dlmzb\\\\. 
FAIL: gcc.target/powerpc/dfmode_off.c object-size text == 320
FAIL: gcc.target/powerpc/dimode_off.c object-size text <= 640
FAIL: gcc.target/powerpc/lhs-1.c scan-assembler-times nop 3
FAIL: gcc.target/powerpc/ppc-fpconv-9.c scan-assembler-not stw
FAIL: gcc.target/powerpc/pr48857.c scan-assembler-not stw
FAIL: gcc.target/powerpc/pr48857.c scan-assembler-not addi
FAIL: gcc.target/powerpc/pr53199.c scan-assembler-times lwbrx 6
FAIL: gcc.target/powerpc/pr53199.c scan-assembler-times stwbrx 6
FAIL: gcc.target/powerpc/tfmode_off.c object-size text == 544

		=== gcc Summary for unix/-fstack-protector ===

# of expected passes		95402
# of unexpected failures	160
# of expected failures		220
# of unresolved testcases	1
# of unsupported tests		1598

Running target unix/-m64
FAIL: gcc.c-torture/compile/pr60655-1.c  -O0  (test for excess errors)
FAIL: gcc.c-torture/compile/pr60655-1.c  -O1  (test for excess errors)
FAIL: gcc.c-torture/compile/pr60655-1.c  -O2  (test for excess errors)
FAIL: gcc.c-torture/compile/pr60655-1.c  -O3 -fomit-frame-pointer  (test for excess errors)
FAIL: gcc.c-torture/compile/pr60655-1.c  -O3 -fomit-frame-pointer -funroll-loops  (test for excess errors)
FAIL: gcc.c-torture/compile/pr60655-1.c  -O3 -fomit-frame-pointer -funroll-all-loops -finline-functions  (test for excess errors)
FAIL: gcc.c-torture/compile/pr60655-1.c  -O3 -g  (test for excess errors)
FAIL: gcc.c-torture/compile/pr60655-1.c  -Os  (test for excess errors)
FAIL: gcc.c-torture/compile/pr60655-1.c  -O2 -flto -fno-use-linker-plugin -flto-partition=none  (test for excess errors)
FAIL: gcc.c-torture/compile/pr60655-1.c  -O2 -flto -fuse-linker-plugin -fno-fat-lto-objects  (test for excess errors)
FAIL: c-c++-common/asan/null-deref-1.c  -O0  output pattern test, is ASAN:SIGSEGV
FAIL: c-c++-common/asan/null-deref-1.c  -O1  output pattern test, is ASAN:SIGSEGV
FAIL: c-c++-common/asan/null-deref-1.c  -O2  output pattern test, is ASAN:SIGSEGV
FAIL: c-c++-common/asan/null-deref-1.c  -O3 -fomit-frame-pointer  output pattern test, is ASAN:SIGSEGV
FAIL: c-c++-common/asan/null-deref-1.c  -O3 -g  output pattern test, is ASAN:SIGSEGV
FAIL: c-c++-common/asan/null-deref-1.c  -Os  output pattern test, is ASAN:SIGSEGV
FAIL: c-c++-common/asan/null-deref-1.c  -O2 -flto -fno-use-linker-plugin -flto-partition=none  output pattern test, is ASAN:SIGSEGV
FAIL: c-c++-common/asan/null-deref-1.c  -O2 -flto -fuse-linker-plugin -fno-fat-lto-objects  output pattern test, is ASAN:SIGSEGV
FAIL: c-c++-common/asan/pr59063-2.c  -O2 -flto -fuse-linker-plugin -fno-fat-lto-objects  (test for excess errors)
UNRESOLVED: c-c++-common/asan/pr59063-2.c  -O2 -flto -fuse-linker-plugin -fno-fat-lto-objects  compilation failed to produce executable
FAIL: c-c++-common/asan/swapcontext-test-1.c  -O0  execution test
FAIL: c-c++-common/asan/swapcontext-test-1.c  -O1  execution test
FAIL: c-c++-common/asan/swapcontext-test-1.c  -O2  execution test
FAIL: c-c++-common/asan/swapcontext-test-1.c  -O3 -fomit-frame-pointer  execution test
FAIL: c-c++-common/asan/swapcontext-test-1.c  -O3 -fomit-frame-pointer -funroll-loops  execution test
FAIL: c-c++-common/asan/swapcontext-test-1.c  -O3 -fomit-frame-pointer -funroll-all-loops -finline-functions  execution test
FAIL: c-c++-common/asan/swapcontext-test-1.c  -O3 -g  execution test
FAIL: c-c++-common/asan/swapcontext-test-1.c  -Os  execution test
FAIL: c-c++-common/asan/swapcontext-test-1.c  -O2 -flto -fno-use-linker-plugin -flto-partition=none  execution test
FAIL: c-c++-common/asan/swapcontext-test-1.c  -O2 -flto -fuse-linker-plugin -fno-fat-lto-objects  execution test
FAIL: gcc.dg/atomic/c11-atomic-exec-5.c  -O0  execution test
FAIL: gcc.dg/atomic/c11-atomic-exec-5.c  -O1  execution test
FAIL: gcc.dg/atomic/c11-atomic-exec-5.c  -O2  execution test
FAIL: gcc.dg/atomic/c11-atomic-exec-5.c  -O3 -fomit-frame-pointer  execution test
FAIL: gcc.dg/atomic/c11-atomic-exec-5.c  -O3 -fomit-frame-pointer -funroll-loops  execution test
FAIL: gcc.dg/atomic/c11-atomic-exec-5.c  -O3 -fomit-frame-pointer -funroll-all-loops -finline-functions  execution test
FAIL: gcc.dg/atomic/c11-atomic-exec-5.c  -O3 -g  execution test
FAIL: gcc.dg/atomic/c11-atomic-exec-5.c  -Os  execution test
FAIL: gcc.dg/atomic/c11-atomic-exec-5.c  -O2 -flto -fno-use-linker-plugin -flto-partition=none  execution test
FAIL: gcc.dg/atomic/c11-atomic-exec-5.c  -O2 -flto -fuse-linker-plugin -fno-fat-lto-objects  execution test
FAIL: gcc.dg/and-1.c scan-assembler-not nand
FAIL: gcc.dg/binop-xor1.c scan-tree-dump-times optimized "\\\\^" 1
FAIL: gcc.dg/pr44194-1.c scan-rtl-dump dse1 "global deletions = (2|3)"
FAIL: gcc.dg/sms-4.c scan-rtl-dump-times sms "SMS succeeded" 1
FAIL: gcc.dg/tree-ssa/loop-19.c scan-tree-dump-times optimized "MEM.(base: &|symbol: )a," 2
FAIL: gcc.dg/tree-ssa/loop-19.c scan-tree-dump-times optimized "MEM.(base: &|symbol: )c," 2
FAIL: gcc.dg/tree-ssa/ssa-dom-thread-4.c scan-tree-dump-times dom1 "Threaded" 3
FAIL: gcc.dg/tree-ssa/vrp47.c scan-tree-dump-times vrp1 "[xy][^ ]* !=" 0
FAIL: gcc.dg/vect/costmodel/ppc/costmodel-bb-slp-9a.c scan-tree-dump-times slp "basic block vectorized using SLP" 1
FAIL: gcc.dg/vect/pr60656.c scan-tree-dump-times vect "vectorized 1 loops" 1
FAIL: gcc.dg/vect/pr60656.c -flto -ffat-lto-objects  scan-tree-dump-times vect "vectorized 1 loops" 1
FAIL: gcc.dg/vect/no-vfa-vect-depend-2.c scan-tree-dump-times vect "vectorized 1 loops" 1
FAIL: gcc.dg/vect/no-vfa-vect-depend-3.c scan-tree-dump-times vect "vectorized 1 loops" 4
FAIL: gcc.dg/vmx/extract-vsx-be-order.c  -O0  execution test
FAIL: gcc.dg/vmx/extract-vsx.c  -O0  execution test
FAIL: gcc.dg/vmx/insert-vsx-be-order.c  -O0  execution test
FAIL: gcc.dg/vmx/insert-vsx-be-order.c  -O1  execution test
FAIL: gcc.dg/vmx/insert-vsx-be-order.c  -O2  execution test
FAIL: gcc.dg/vmx/insert-vsx-be-order.c  -O3 -fomit-frame-pointer  execution test
FAIL: gcc.dg/vmx/insert-vsx-be-order.c  -O3 -g  execution test
FAIL: gcc.dg/vmx/insert-vsx-be-order.c  -Os  execution test
FAIL: gcc.dg/vmx/insert-vsx-be-order.c  -O2 -flto -fno-use-linker-plugin -flto-partition=none  execution test
FAIL: gcc.dg/vmx/insert-vsx-be-order.c  -O2 -flto -fuse-linker-plugin -fno-fat-lto-objects  execution test
FAIL: gcc.dg/vmx/insert-vsx.c  -O0  execution test
FAIL: gcc.dg/vmx/insert-vsx.c  -O1  execution test
FAIL: gcc.dg/vmx/insert-vsx.c  -O2  execution test
FAIL: gcc.dg/vmx/insert-vsx.c  -O3 -fomit-frame-pointer  execution test
FAIL: gcc.dg/vmx/insert-vsx.c  -O3 -g  execution test
FAIL: gcc.dg/vmx/insert-vsx.c  -Os  execution test
FAIL: gcc.dg/vmx/insert-vsx.c  -O2 -flto -fno-use-linker-plugin -flto-partition=none  execution test
FAIL: gcc.dg/vmx/insert-vsx.c  -O2 -flto -fuse-linker-plugin -fno-fat-lto-objects  execution test
FAIL: gcc.dg/vmx/ld-vsx-be-order.c  -O0  execution test
FAIL: gcc.dg/vmx/ld-vsx-be-order.c  -O1  execution test
FAIL: gcc.dg/vmx/ld-vsx-be-order.c  -O2  execution test
FAIL: gcc.dg/vmx/ld-vsx-be-order.c  -O3 -fomit-frame-pointer  execution test
FAIL: gcc.dg/vmx/ld-vsx-be-order.c  -O3 -fomit-frame-pointer -funroll-loops  execution test
FAIL: gcc.dg/vmx/ld-vsx-be-order.c  -O3 -fomit-frame-pointer -funroll-all-loops -finline-functions  execution test
FAIL: gcc.dg/vmx/ld-vsx-be-order.c  -O3 -g  execution test
FAIL: gcc.dg/vmx/ld-vsx-be-order.c  -Os  execution test
FAIL: gcc.dg/vmx/ld-vsx-be-order.c  -O2 -flto -fno-use-linker-plugin -flto-partition=none  execution test
FAIL: gcc.dg/vmx/ld-vsx-be-order.c  -O2 -flto -fuse-linker-plugin -fno-fat-lto-objects  execution test
FAIL: gcc.dg/vmx/ld-vsx.c  -O0  execution test
FAIL: gcc.dg/vmx/ld-vsx.c  -O1  execution test
FAIL: gcc.dg/vmx/ld-vsx.c  -O2  execution test
FAIL: gcc.dg/vmx/ld-vsx.c  -O3 -fomit-frame-pointer  execution test
FAIL: gcc.dg/vmx/ld-vsx.c  -O3 -fomit-frame-pointer -funroll-loops  execution test
FAIL: gcc.dg/vmx/ld-vsx.c  -O3 -fomit-frame-pointer -funroll-all-loops -finline-functions  execution test
FAIL: gcc.dg/vmx/ld-vsx.c  -O3 -g  execution test
FAIL: gcc.dg/vmx/ld-vsx.c  -Os  execution test
FAIL: gcc.dg/vmx/ld-vsx.c  -O2 -flto -fno-use-linker-plugin -flto-partition=none  execution test
FAIL: gcc.dg/vmx/ld-vsx.c  -O2 -flto -fuse-linker-plugin -fno-fat-lto-objects  execution test
FAIL: gcc.dg/vmx/ldl-vsx-be-order.c  -O0  execution test
FAIL: gcc.dg/vmx/ldl-vsx-be-order.c  -O1  execution test
FAIL: gcc.dg/vmx/ldl-vsx-be-order.c  -O2  execution test
FAIL: gcc.dg/vmx/ldl-vsx-be-order.c  -O3 -fomit-frame-pointer  execution test
FAIL: gcc.dg/vmx/ldl-vsx-be-order.c  -O3 -fomit-frame-pointer -funroll-loops  execution test
FAIL: gcc.dg/vmx/ldl-vsx-be-order.c  -O3 -fomit-frame-pointer -funroll-all-loops -finline-functions  execution test
FAIL: gcc.dg/vmx/ldl-vsx-be-order.c  -O3 -g  execution test
FAIL: gcc.dg/vmx/ldl-vsx-be-order.c  -Os  execution test
FAIL: gcc.dg/vmx/ldl-vsx-be-order.c  -O2 -flto -fno-use-linker-plugin -flto-partition=none  execution test
FAIL: gcc.dg/vmx/ldl-vsx-be-order.c  -O2 -flto -fuse-linker-plugin -fno-fat-lto-objects  execution test
FAIL: gcc.dg/vmx/ldl-vsx.c  -O0  execution test
FAIL: gcc.dg/vmx/ldl-vsx.c  -O1  execution test
FAIL: gcc.dg/vmx/ldl-vsx.c  -O2  execution test
FAIL: gcc.dg/vmx/ldl-vsx.c  -O3 -fomit-frame-pointer  execution test
FAIL: gcc.dg/vmx/ldl-vsx.c  -O3 -fomit-frame-pointer -funroll-loops  execution test
FAIL: gcc.dg/vmx/ldl-vsx.c  -O3 -fomit-frame-pointer -funroll-all-loops -finline-functions  execution test
FAIL: gcc.dg/vmx/ldl-vsx.c  -O3 -g  execution test
FAIL: gcc.dg/vmx/ldl-vsx.c  -Os  execution test
FAIL: gcc.dg/vmx/ldl-vsx.c  -O2 -flto -fno-use-linker-plugin -flto-partition=none  execution test
FAIL: gcc.dg/vmx/ldl-vsx.c  -O2 -flto -fuse-linker-plugin -fno-fat-lto-objects  execution test
FAIL: gcc.dg/vmx/merge-vsx-be-order.c  -O0  execution test
FAIL: gcc.dg/vmx/merge-vsx-be-order.c  -O1  execution test
FAIL: gcc.dg/vmx/merge-vsx.c  -O0  execution test
FAIL: gcc.dg/vmx/merge-vsx.c  -O1  execution test
FAIL: gcc.dg/vmx/splat-vsx-be-order.c  -O0  execution test
FAIL: gcc.dg/vmx/splat-vsx-be-order.c  -O1  execution test
FAIL: gcc.dg/vmx/splat-vsx-be-order.c  -O2  execution test
FAIL: gcc.dg/vmx/splat-vsx-be-order.c  -O3 -fomit-frame-pointer  execution test
FAIL: gcc.dg/vmx/splat-vsx-be-order.c  -O3 -g  execution test
FAIL: gcc.dg/vmx/splat-vsx-be-order.c  -Os  execution test
FAIL: gcc.dg/vmx/splat-vsx-be-order.c  -O2 -flto -fno-use-linker-plugin -flto-partition=none  execution test
FAIL: gcc.dg/vmx/splat-vsx-be-order.c  -O2 -flto -fuse-linker-plugin -fno-fat-lto-objects  execution test
FAIL: gcc.dg/vmx/splat-vsx.c  -O0  execution test
FAIL: gcc.dg/vmx/splat-vsx.c  -O1  execution test
FAIL: gcc.dg/vmx/splat-vsx.c  -O2  execution test
FAIL: gcc.dg/vmx/splat-vsx.c  -O3 -fomit-frame-pointer  execution test
FAIL: gcc.dg/vmx/splat-vsx.c  -O3 -g  execution test
FAIL: gcc.dg/vmx/splat-vsx.c  -Os  execution test
FAIL: gcc.dg/vmx/splat-vsx.c  -O2 -flto -fno-use-linker-plugin -flto-partition=none  execution test
FAIL: gcc.dg/vmx/splat-vsx.c  -O2 -flto -fuse-linker-plugin -fno-fat-lto-objects  execution test
FAIL: gcc.dg/vmx/st-vsx-be-order.c  -O0  execution test
FAIL: gcc.dg/vmx/st-vsx-be-order.c  -O1  execution test
FAIL: gcc.dg/vmx/st-vsx-be-order.c  -O2  execution test
FAIL: gcc.dg/vmx/st-vsx-be-order.c  -O3 -fomit-frame-pointer  execution test
FAIL: gcc.dg/vmx/st-vsx-be-order.c  -O3 -fomit-frame-pointer -funroll-loops  execution test
FAIL: gcc.dg/vmx/st-vsx-be-order.c  -O3 -fomit-frame-pointer -funroll-all-loops -finline-functions  execution test
FAIL: gcc.dg/vmx/st-vsx-be-order.c  -O3 -g  execution test
FAIL: gcc.dg/vmx/st-vsx-be-order.c  -Os  execution test
FAIL: gcc.dg/vmx/st-vsx-be-order.c  -O2 -flto -fno-use-linker-plugin -flto-partition=none  execution test
FAIL: gcc.dg/vmx/st-vsx-be-order.c  -O2 -flto -fuse-linker-plugin -fno-fat-lto-objects  execution test
FAIL: gcc.dg/vmx/st-vsx.c  -O0  execution test
FAIL: gcc.dg/vmx/st-vsx.c  -O1  execution test
FAIL: gcc.dg/vmx/st-vsx.c  -O2  execution test
FAIL: gcc.dg/vmx/st-vsx.c  -O3 -fomit-frame-pointer  execution test
FAIL: gcc.dg/vmx/st-vsx.c  -O3 -fomit-frame-pointer -funroll-loops  execution test
FAIL: gcc.dg/vmx/st-vsx.c  -O3 -fomit-frame-pointer -funroll-all-loops -finline-functions  execution test
FAIL: gcc.dg/vmx/st-vsx.c  -O3 -g  execution test
FAIL: gcc.dg/vmx/st-vsx.c  -Os  execution test
FAIL: gcc.dg/vmx/st-vsx.c  -O2 -flto -fno-use-linker-plugin -flto-partition=none  execution test
FAIL: gcc.dg/vmx/st-vsx.c  -O2 -flto -fuse-linker-plugin -fno-fat-lto-objects  execution test
FAIL: gcc.dg/vmx/stl-vsx-be-order.c  -O0  execution test
FAIL: gcc.dg/vmx/stl-vsx-be-order.c  -O1  execution test
FAIL: gcc.dg/vmx/stl-vsx-be-order.c  -O2  execution test
FAIL: gcc.dg/vmx/stl-vsx-be-order.c  -O3 -fomit-frame-pointer  execution test
FAIL: gcc.dg/vmx/stl-vsx-be-order.c  -O3 -fomit-frame-pointer -funroll-loops  execution test
FAIL: gcc.dg/vmx/stl-vsx-be-order.c  -O3 -fomit-frame-pointer -funroll-all-loops -finline-functions  execution test
FAIL: gcc.dg/vmx/stl-vsx-be-order.c  -O3 -g  execution test
FAIL: gcc.dg/vmx/stl-vsx-be-order.c  -Os  execution test
FAIL: gcc.dg/vmx/stl-vsx-be-order.c  -O2 -flto -fno-use-linker-plugin -flto-partition=none  execution test
FAIL: gcc.dg/vmx/stl-vsx-be-order.c  -O2 -flto -fuse-linker-plugin -fno-fat-lto-objects  execution test
FAIL: gcc.dg/vmx/stl-vsx.c  -O0  execution test
FAIL: gcc.dg/vmx/stl-vsx.c  -O1  execution test
FAIL: gcc.dg/vmx/stl-vsx.c  -O2  execution test
FAIL: gcc.dg/vmx/stl-vsx.c  -O3 -fomit-frame-pointer  execution test
FAIL: gcc.dg/vmx/stl-vsx.c  -O3 -fomit-frame-pointer -funroll-loops  execution test
FAIL: gcc.dg/vmx/stl-vsx.c  -O3 -fomit-frame-pointer -funroll-all-loops -finline-functions  execution test
FAIL: gcc.dg/vmx/stl-vsx.c  -O3 -g  execution test
FAIL: gcc.dg/vmx/stl-vsx.c  -Os  execution test
FAIL: gcc.dg/vmx/stl-vsx.c  -O2 -flto -fno-use-linker-plugin -flto-partition=none  execution test
FAIL: gcc.dg/vmx/stl-vsx.c  -O2 -flto -fuse-linker-plugin -fno-fat-lto-objects  execution test
FAIL: gcc.target/powerpc/direct-move-float1.c (internal compiler error)
FAIL: gcc.target/powerpc/direct-move-float1.c (test for excess errors)
UNRESOLVED: gcc.target/powerpc/direct-move-float1.c scan-assembler mtvsrd
UNRESOLVED: gcc.target/powerpc/direct-move-float1.c scan-assembler mfvsrd
UNRESOLVED: gcc.target/powerpc/direct-move-float1.c scan-assembler xscvdpspn
UNRESOLVED: gcc.target/powerpc/direct-move-float1.c scan-assembler xscvspdpn

		=== gcc Summary for unix/-m64 ===

# of expected passes		96269
# of unexpected failures	172
# of expected failures		233
# of unresolved testcases	5
# of unsupported tests		1563

		=== gcc Summary ===

# of expected passes		287082
# of unexpected failures	483
# of expected failures		673
# of unresolved testcases	7
# of unsupported tests		4759
/build/gcc-4.9-YV5iCY/gcc-4.9-4.9-20140406/build/gcc/xgcc  version 4.9.0 20140405 (experimental) [trunk revision 209157] (Debian 4.9-20140406-1) 

		=== gfortran tests ===


Running target unix
FAIL: gfortran.dg/bessel_6.f90  -O0  execution test
FAIL: gfortran.dg/bessel_6.f90  -O1  execution test
FAIL: gfortran.dg/bessel_6.f90  -O2  execution test
FAIL: gfortran.dg/bessel_6.f90  -O3 -fomit-frame-pointer  execution test
FAIL: gfortran.dg/bessel_6.f90  -O3 -fomit-frame-pointer -funroll-loops  execution test
FAIL: gfortran.dg/bessel_6.f90  -O3 -fomit-frame-pointer -funroll-all-loops -finline-functions  execution test
FAIL: gfortran.dg/bessel_6.f90  -O3 -g  execution test
FAIL: gfortran.dg/bessel_6.f90  -Os  execution test
FAIL: gfortran.dg/erf_3.F90  -O0  execution test
FAIL: gfortran.dg/erf_3.F90  -O1  execution test
FAIL: gfortran.dg/erf_3.F90  -O2  execution test
FAIL: gfortran.dg/erf_3.F90  -O3 -fomit-frame-pointer  execution test
FAIL: gfortran.dg/erf_3.F90  -O3 -fomit-frame-pointer -funroll-loops  execution test
FAIL: gfortran.dg/erf_3.F90  -O3 -fomit-frame-pointer -funroll-all-loops -finline-functions  execution test
FAIL: gfortran.dg/erf_3.F90  -O3 -g  execution test
FAIL: gfortran.dg/erf_3.F90  -Os  execution test
XPASS: gfortran.dg/nint_2.f90  -O0  execution test
FAIL: gfortran.dg/round_4.f90  -O0  execution test
FAIL: gfortran.dg/round_4.f90  -O1  execution test
FAIL: gfortran.dg/round_4.f90  -O2  execution test
FAIL: gfortran.dg/round_4.f90  -O3 -fomit-frame-pointer  execution test
FAIL: gfortran.dg/round_4.f90  -O3 -fomit-frame-pointer -funroll-loops  execution test
FAIL: gfortran.dg/round_4.f90  -O3 -fomit-frame-pointer -funroll-all-loops -finline-functions  execution test
FAIL: gfortran.dg/round_4.f90  -O3 -g  execution test
FAIL: gfortran.dg/round_4.f90  -Os  execution test

		=== gfortran Summary for unix ===

# of expected passes		45172
# of unexpected failures	24
# of unexpected successes	1
# of expected failures		76
# of unsupported tests		249

Running target unix/-fstack-protector
FAIL: gfortran.dg/bessel_6.f90  -O0  execution test
FAIL: gfortran.dg/bessel_6.f90  -O1  execution test
FAIL: gfortran.dg/bessel_6.f90  -O2  execution test
FAIL: gfortran.dg/bessel_6.f90  -O3 -fomit-frame-pointer  execution test
FAIL: gfortran.dg/bessel_6.f90  -O3 -fomit-frame-pointer -funroll-loops  execution test
FAIL: gfortran.dg/bessel_6.f90  -O3 -fomit-frame-pointer -funroll-all-loops -finline-functions  execution test
FAIL: gfortran.dg/bessel_6.f90  -O3 -g  execution test
FAIL: gfortran.dg/bessel_6.f90  -Os  execution test
FAIL: gfortran.dg/erf_3.F90  -O0  execution test
FAIL: gfortran.dg/erf_3.F90  -O1  execution test
FAIL: gfortran.dg/erf_3.F90  -O2  execution test
FAIL: gfortran.dg/erf_3.F90  -O3 -fomit-frame-pointer  execution test
FAIL: gfortran.dg/erf_3.F90  -O3 -fomit-frame-pointer -funroll-loops  execution test
FAIL: gfortran.dg/erf_3.F90  -O3 -fomit-frame-pointer -funroll-all-loops -finline-functions  execution test
FAIL: gfortran.dg/erf_3.F90  -O3 -g  execution test
FAIL: gfortran.dg/erf_3.F90  -Os  execution test
XPASS: gfortran.dg/nint_2.f90  -O0  execution test
FAIL: gfortran.dg/round_4.f90  -O0  execution test
FAIL: gfortran.dg/round_4.f90  -O1  execution test
FAIL: gfortran.dg/round_4.f90  -O2  execution test
FAIL: gfortran.dg/round_4.f90  -O3 -fomit-frame-pointer  execution test
FAIL: gfortran.dg/round_4.f90  -O3 -fomit-frame-pointer -funroll-loops  execution test
FAIL: gfortran.dg/round_4.f90  -O3 -fomit-frame-pointer -funroll-all-loops -finline-functions  execution test
FAIL: gfortran.dg/round_4.f90  -O3 -g  execution test
FAIL: gfortran.dg/round_4.f90  -Os  execution test

		=== gfortran Summary for unix/-fstack-protector ===

# of expected passes		45172
# of unexpected failures	24
# of unexpected successes	1
# of expected failures		76
# of unsupported tests		249

Running target unix/-m64
FAIL: gfortran.dg/bessel_6.f90  -O0  execution test
FAIL: gfortran.dg/bessel_6.f90  -O1  execution test
FAIL: gfortran.dg/bessel_6.f90  -O2  execution test
FAIL: gfortran.dg/bessel_6.f90  -O3 -fomit-frame-pointer  execution test
FAIL: gfortran.dg/bessel_6.f90  -O3 -fomit-frame-pointer -funroll-loops  execution test
FAIL: gfortran.dg/bessel_6.f90  -O3 -fomit-frame-pointer -funroll-all-loops -finline-functions  execution test
FAIL: gfortran.dg/bessel_6.f90  -O3 -g  execution test
FAIL: gfortran.dg/bessel_6.f90  -Os  execution test
FAIL: gfortran.dg/erf_3.F90  -O0  execution test
FAIL: gfortran.dg/erf_3.F90  -O1  execution test
FAIL: gfortran.dg/erf_3.F90  -O2  execution test
FAIL: gfortran.dg/erf_3.F90  -O3 -fomit-frame-pointer  execution test
FAIL: gfortran.dg/erf_3.F90  -O3 -fomit-frame-pointer -funroll-loops  execution test
FAIL: gfortran.dg/erf_3.F90  -O3 -fomit-frame-pointer -funroll-all-loops -finline-functions  execution test
FAIL: gfortran.dg/erf_3.F90  -O3 -g  execution test
FAIL: gfortran.dg/erf_3.F90  -Os  execution test
XPASS: gfortran.dg/nint_2.f90  -O0  execution test
FAIL: gfortran.dg/round_4.f90  -O0  execution test
FAIL: gfortran.dg/round_4.f90  -O1  execution test
FAIL: gfortran.dg/round_4.f90  -O2  execution test
FAIL: gfortran.dg/round_4.f90  -O3 -fomit-frame-pointer  execution test
FAIL: gfortran.dg/round_4.f90  -O3 -fomit-frame-pointer -funroll-loops  execution test
FAIL: gfortran.dg/round_4.f90  -O3 -fomit-frame-pointer -funroll-all-loops -finline-functions  execution test
FAIL: gfortran.dg/round_4.f90  -O3 -g  execution test
FAIL: gfortran.dg/round_4.f90  -Os  execution test

		=== gfortran Summary for unix/-m64 ===

# of expected passes		45499
# of unexpected failures	24
# of unexpected successes	1
# of expected failures		76
# of unsupported tests		88

		=== gfortran Summary ===

# of expected passes		135843
# of unexpected failures	72
# of unexpected successes	3
# of expected failures		228
# of unsupported tests		586
/build/gcc-4.9-YV5iCY/gcc-4.9-4.9-20140406/build/gcc/testsuite/gfortran/../../gfortran  version 4.9.0 20140405 (experimental) [trunk revision 209157] (Debian 4.9-20140406-1) 

		=== go tests ===


Running target unix
FAIL: go.test/test/ken/cplx2.go execution,  -O2 -g 
FAIL: go.test/test/nilptr2.go execution,  -O2 -g 
FAIL: go.test/test/recover.go execution,  -O2 -g 

		=== go Summary for unix ===

# of expected passes		7365
# of unexpected failures	3
# of expected failures		1
# of untested testcases		10
# of unsupported tests		3

Running target unix/-fstack-protector
FAIL: go.test/test/ken/cplx2.go execution,  -O2 -g 
FAIL: go.test/test/nilptr2.go execution,  -O2 -g 
FAIL: go.test/test/recover.go execution,  -O2 -g 

		=== go Summary for unix/-fstack-protector ===

# of expected passes		7365
# of unexpected failures	3
# of expected failures		1
# of untested testcases		10
# of unsupported tests		3

Running target unix/-m64
FAIL: go.test/test/fixedbugs/issue4348.go  -O  (test for excess errors)
FAIL: go.test/test/ken/cplx2.go execution,  -O2 -g 
FAIL: go.test/test/recover.go execution,  -O2 -g 

		=== go Summary for unix/-m64 ===

# of expected passes		7245
# of unexpected failures	3
# of expected failures		1
# of untested testcases		10
# of unsupported tests		3

		=== go Summary ===

# of expected passes		21975
# of unexpected failures	9
# of expected failures		3
# of untested testcases		30
# of unsupported tests		9
/build/gcc-4.9-YV5iCY/gcc-4.9-4.9-20140406/build/gcc/testsuite/go/../../gccgo  version 4.9.0 20140405 (experimental) [trunk revision 209157] (Debian 4.9-20140406-1) 

		=== obj-c++ tests ===


Running target unix

		=== obj-c++ Summary for unix ===

# of expected passes		1449
# of expected failures		2
# of unsupported tests		86

Running target unix/-fstack-protector

		=== obj-c++ Summary for unix/-fstack-protector ===

# of expected passes		1449
# of expected failures		2
# of unsupported tests		86

Running target unix/-m64

		=== obj-c++ Summary for unix/-m64 ===

# of expected passes		1441
# of expected failures		10
# of unsupported tests		86

		=== obj-c++ Summary ===

# of expected passes		4339
# of expected failures		14
# of unsupported tests		258
/build/gcc-4.9-YV5iCY/gcc-4.9-4.9-20140406/build/gcc/testsuite/obj-c++/../../xg++  version 4.9.0 20140405 (experimental) [trunk revision 209157] (Debian 4.9-20140406-1) 

		=== objc tests ===


Running target unix

		=== objc Summary for unix ===

# of expected passes		2994
# of unsupported tests		74

Running target unix/-fstack-protector

		=== objc Summary for unix/-fstack-protector ===

# of expected passes		2994
# of unsupported tests		74

Running target unix/-m64

		=== objc Summary for unix/-m64 ===

# of expected passes		2994
# of unsupported tests		74

		=== objc Summary ===

# of expected passes		8982
# of unsupported tests		222
/build/gcc-4.9-YV5iCY/gcc-4.9-4.9-20140406/build/gcc/xgcc  version 4.9.0 20140405 (experimental) [trunk revision 209157] (Debian 4.9-20140406-1) 

		=== boehm-gc tests ===


Running target unix

		=== boehm-gc Summary for unix ===

# of expected passes		12
# of unsupported tests		1

Running target unix/-fstack-protector

		=== boehm-gc Summary for unix/-fstack-protector ===

# of expected passes		12
# of unsupported tests		1

Running target unix/-m64

		=== boehm-gc Summary for unix/-m64 ===

# of expected passes		12
# of unsupported tests		1

		=== boehm-gc Summary ===

# of expected passes		36
# of unsupported tests		3
		=== libatomic tests ===


Running target unix

		=== libatomic Summary for unix ===

# of expected passes		44
# of unsupported tests		5

Running target unix/-fstack-protector

		=== libatomic Summary for unix/-fstack-protector ===

# of expected passes		44
# of unsupported tests		5

Running target unix/-m64

		=== libatomic Summary for unix/-m64 ===

# of expected passes		54

		=== libatomic Summary ===

# of expected passes		142
# of unsupported tests		10
		=== libffi tests ===


Running target unix

		=== libffi Summary for unix ===

# of expected passes		1819
# of unsupported tests		55

Running target unix/-fstack-protector

		=== libffi Summary for unix/-fstack-protector ===

# of expected passes		1819
# of unsupported tests		55

Running target unix/-m64

		=== libffi Summary for unix/-m64 ===

# of expected passes		1819
# of unsupported tests		55

		=== libffi Summary ===

# of expected passes		5457
# of unsupported tests		165
		=== libgo tests ===


Running target unix
FAIL: math
FAIL: runtime
FAIL: crypto/tls
FAIL: crypto/x509
FAIL: sync/atomic

		=== libgo Summary for unix ===

# of expected passes		117
# of unexpected failures	5

Running target unix/-m64

		=== libgo Summary for unix/-m64 ===


		=== libgo Summary ===

/build/gcc-4.9-YV5iCY/gcc-4.9-4.9-20140406/build/./gcc/gccgo version 4.9.0 20140405 (experimental) [trunk revision 209157] (Debian 4.9-20140406-1)

		=== libgomp tests ===


Running target unix

		=== libgomp Summary for unix ===

# of expected passes		2410
# of unsupported tests		1

Running target unix/-fstack-protector

		=== libgomp Summary for unix/-fstack-protector ===

# of expected passes		2410
# of unsupported tests		1

Running target unix/-m64

		=== libgomp Summary for unix/-m64 ===

# of expected passes		2410
# of unsupported tests		1

		=== libgomp Summary ===

# of expected passes		7230
# of unsupported tests		3
		=== libjava tests ===


Running target unix

		=== libjava Summary for unix ===

# of expected passes		2582
# of expected failures		4

Running target unix/-fstack-protector

		=== libjava Summary for unix/-fstack-protector ===

# of expected passes		2582
# of expected failures		4

		=== libjava Summary ===

# of expected passes		5164
# of expected failures		8
		=== libstdc++ tests ===


Running target unix
FAIL: 22_locale/time_get/get_date/wchar_t/4.cc execution test

		=== libstdc++ Summary for unix ===

# of expected passes		9881
# of unexpected failures	1
# of expected failures		41
# of unsupported tests		239

Running target unix/-fstack-protector
FAIL: 22_locale/time_get/get_date/wchar_t/4.cc execution test

		=== libstdc++ Summary for unix/-fstack-protector ===

# of expected passes		9881
# of unexpected failures	1
# of expected failures		41
# of unsupported tests		239

Running target unix/-m64
FAIL: libstdc++-abi/abi_check
FAIL: 22_locale/time_get/get_date/wchar_t/4.cc execution test

		=== libstdc++ Summary for unix/-m64 ===

# of expected passes		9880
# of unexpected failures	2
# of expected failures		41
# of unsupported tests		239

		=== libstdc++ Summary ===

# of expected passes		29642
# of unexpected failures	4
# of expected failures		123
# of unsupported tests		717

Compiler version: 4.9.0 20140405 (experimental) [trunk revision 209157] (Debian 4.9-20140406-1) 
Platform: powerpc-unknown-linux-gnu
configure flags: -v --with-pkgversion='Debian 4.9-20140406-1' --with-bugurl=file:///usr/share/doc/gcc-4.9/README.Bugs --enable-languages=c,c++,java,go,fortran,objc,obj-c++ --prefix=/usr --program-suffix=-4.9 --enable-shared --enable-linker-build-id --libexecdir=/usr/lib --without-included-gettext --enable-threads=posix --with-gxx-include-dir=/usr/include/c++/4.9 --libdir=/usr/lib --enable-nls --with-sysroot=/ --enable-clocale=gnu --enable-libstdcxx-debug --enable-libstdcxx-time=yes --enable-gnu-unique-object --disable-libmudflap --disable-libitm --disable-libquadmath --enable-plugin --with-system-zlib --disable-browser-plugin --enable-java-awt=gtk --enable-gtk-cairo --with-java-home=/usr/lib/jvm/java-1.5.0-gcj-4.9-powerpc/jre --enable-java-home --with-jvm-root-dir=/usr/lib/jvm/java-1.5.0-gcj-4.9-powerpc --with-jvm-jar-dir=/usr/lib/jvm-exports/java-1.5.0-gcj-4.9-powerpc --with-arch-directory=ppc --with-ecj-jar=/usr/share/java/eclipse-ecj.jar --enable-objc-gc --enable-secureplt --disable-softfloat --with-cpu=default32 --disable-softfloat --enable-targets=powerpc-linux,powerpc64-linux --enable-multiarch --with-long-double-128 --enable-multilib --enable-checking=release --build=powerpc-linux-gnu --host=powerpc-linux-gnu --target=powerpc-linux-gnu
BOOT_CFLAGS=


Build Dependencies:
Desired=Unknown/Install/Remove/Purge/Hold
| Status=Not/Inst/Conf-files/Unpacked/halF-conf/Half-inst/trig-aWait/Trig-pend
|/ Err?=(none)/Reinst-required (Status,Err: uppercase=bad)
||/ Name                      Version        Architecture Description
+++-=========================-==============-============-===============================================================================
ii  binutils                  2.24-2         powerpc      GNU assembler, linker and binary utilities
ii  g++-4.8                   4.8.2-19       powerpc      GNU C++ compiler
ii  g++-4.8-multilib          4.8.2-19       powerpc      GNU C++ compiler (multilib files)
ii  g++-multilib              4:4.8.2-3      powerpc      GNU C++ compiler (multilib files)
ii  libc6:powerpc             2.18-4         powerpc      Embedded GNU C Library: Shared libraries
ii  libcloog-isl-dev:powerpc  0.18.2-1       powerpc      Chunky Loop Generator (development files)
ii  libgmp-dev:powerpc        2:6.0.0+dfsg-2 powerpc      Multiprecision arithmetic library developers tools
ii  libisl-dev:powerpc        0.12.2-1       powerpc      manipulating sets and relations of integer points bounded by linear constraints
ii  libmpc-dev:powerpc        1.0.1-1        powerpc      multiple precision complex floating-point library development package
ii  libmpfr-dev:powerpc       3.1.2-1        powerpc      multiple precision floating-point computation developers tools


gcc-gfdl-build:
  Build a dummy s-tm-texi without access to the texinfo sources

gcc-textdomain:
  Set gettext's domain and textdomain to the versioned package name.

gcc-driver-extra-langs:
  Add options and specs for languages that are not built from a source
  (but built from separate sources).

gcc-hash-style-gnu:
  Link using --hash-style=gnu (aarch64, alpha, amd64, armel, armhf, ia64,
  i386, powerpc, ppc64, s390, sparc)

libstdc++-pic:
  Build and install libstdc++_pic.a library.

libstdc++-doclink:
  adjust hrefs to point to the local documentation

libstdc++-man-3cxx:
  Install libstdc++ man pages with suffix .3cxx instead of .3

libstdc++-test-installed:
  Add support to run the libstdc++-v3 testsuite using the
  installed shared libraries.

libjava-stacktrace:
  libgcj: Lookup source file name and line number in separated
  debug files found in /usr/lib/debug

libjava-jnipath:
  - Add /usr/lib/jni and /usr/lib/<multiarch>/jni to java.library.path.
  - When running the i386 binaries on amd64, look in
  - /usr/lib32/gcj-x.y and /usr/lib32/jni instead.

libjava-sjlj:
  Don't try to use _Unwind_Backtrace on SJLJ targets.
  See bug #387875, #388505, GCC PR 29206.

libjava-disable-plugin:
  Don't build the gcjwebplugin, even when configured with --enable-plugin

alpha-no-ev4-directive:
  never emit .ev4 directive.

boehm-gc-getnprocs:
  boehm-gc/pthread_support.c (GC_get_nprocs): Use sysconf as fallback.

note-gnu-stack:
  Add .note.GNU-stack sections for gcc's crt files, libffi and boehm-gc
  Taken from FC.

libgomp-omp_h-multilib:
  Fix up omp.h for multilibs.

sparc-force-cpu:
  On sparc default to ultrasparc (v9a) in 32bit mode

gccgo-version:
  Omit the subminor number from the go libdir

pr47818:
  Fix PR ada/47818: Pragma Assert is rejected with No_Implementation_Pragmas restriction.

pr49944:
  apply proposed patch for PR ada/49444.

gcc-base-version:
  Set base version to 4.9, introduce full version 4.9.x.

libgo-testsuite:
  Only run the libgo testsuite for flags configured in RUNTESTFLAGS

gcc-target-include-asm:
  Search \$(builddir)/sys-include for the asm header files

libgo-revert-timeout-exp:

libgo-setcontext-config:
  libgo: Overwrite the setcontext_clobbers_tls check on mips*

gcc-auto-build:
  Fix cross building a native compiler.

kfreebsd-unwind:
  DWARF2 EH unwinding support for AMD x86-64 and x86 KFreeBSD.

kfreebsd-boehm-gc:
  boehm-gc: use mmap instead of brk also on kfreebsd-*.

libffi-m68k:
  Apply #660525 fix to in-tree libffi

libitm-no-fortify-source:
  Build libitm with -U_FORTIFY_SOURCE on x86 and x86_64.

gcc-d-lang:
  Add D options and specs for the gcc driver.

gcc-sysroot:
  Allow building --with-sysroot=/

ada-kfreebsd:
  add support for GNU/kFreeBSD.

sys-auxv-header:
  Check for the sys/auxv.h header file.

libcilkrts-targets:
  Disable libcilkrts on KFreeBSD and the Hurd. See #734973.

go-use-gold:
  Pass -fuse-ld=gold to gccgo on targets supporting -fsplit-stack

arm-multilib-soft:
  ARM hard/soft float multilib support

arm-multilib-defaults:
  Set MULTILIB_DEFAULTS for ARM multilib builds

gcc-ice-hack:
  Retry the build on an ice, save the calling options and preprocessed
  source when the ice is reproducible.

gcc-ice-apport:
  Report an ICE to apport (if apport is available
  and the environment variable GCC_NOAPPORT is not set)

libjava-fixed-symlinks:
  Remove unneed '..' elements from symlinks in JAVA_HOME

libstdc++-arm-wno-abi:
  Temporary work around:
  On arm-linux-gnueabi run the libstdc++v3 testsuite with -Wno-abi

ada-mips:
  Improve support for mips.

libffi-ro-eh_frame_sect:
  PR libffi/47248, force a read only eh frame section.

gcc-multiarch:
  - Remaining multiarch patches, not yet submitted upstream.
  - Add MULTIARCH_DIRNAME definitions for multilib configurations,
  which are used for the non-multilib builds.

libjava-multiarch:
  Install libjava libraries to multiarch location

libjava-nobiarch-check:
  For biarch builds, disable the testsuite for the non-default architecture
  for runtime libraries, which are not built by default (libjava).

config-ml:
  - Disable some biarch libraries for biarch builds.
  - Fix multilib builds on kernels which don't support all multilibs.

g++-multiarch-incdir:
  Use /usr/include/<multiarch>/c++/4.x as the include directory
  for host dependent c++ header files.

gcc-multilib-multiarch:
  Don't auto-detect multilib osdirnames.

mips-fix-loongson2f-nop:
  On mips, pass -mfix-loongson2f-nop to as, if -mno-fix-loongson2f-nop
  is not passed.

libgomp-kfreebsd-testsuite:
  Disable lock-2.c test on kfreebsd-*

go-testsuite:
  Skip Go testcase on AArch64 which hangs on the buildds.

libstdc++-link-pthread:
  Link libstdc++ tests requiring libpthread symbols with --no-as-needed.

fix-ffi_call_VFP-with-no-VFP-argument:
  armhf: Fix ffi_call_VFP with no VFP arguments.

ada-ppc64:

pr60609:
  Fix PR target/60609, proposed patch

Counting all warnings,
there are 0 warnings in stage3 of this bootstrap.

Number of warnings per file:

Number of warning types:


Index Nav: [Date Index] [Subject Index] [Author Index] [Thread Index]
Message Nav: [Date Prev] [Date Next] [Thread Prev] [Thread Next]