This is the mail archive of the gcc-testresults@gcc.gnu.org mailing list for the GCC project.


Index Nav: [Date Index] [Subject Index] [Author Index] [Thread Index]
Message Nav: [Date Prev] [Date Next] [Thread Prev] [Thread Next]
Other format: [Raw text]

Results for 4.9.0 20140404 (experimental) [trunk revision 209079] (GCC) testsuite on sparc-sun-solaris2.9


LAST_UPDATED: Fri Apr  4 12:04:00 UTC 2014 (revision 209079)

		=== acats tests ===

		=== acats Summary ===
# of expected passes		2320
# of unexpected failures	0
Native configuration is sparc-sun-solaris2.9

		=== g++ tests ===


Running target unix
WARNING: program timed out.
FAIL: g++.dg/bprob/g++-bprob-2.C compilation,  -O3 -g  -fprofile-arcs
UNRESOLVED: g++.dg/bprob/g++-bprob-2.C execution,    -O3 -g  -fprofile-arcs
UNRESOLVED: g++.dg/bprob/g++-bprob-2.C compilation,  -O3 -g  -fbranch-probabilities
UNRESOLVED: g++.dg/bprob/g++-bprob-2.C execution,    -O3 -g  -fbranch-probabilities
FAIL: g++.dg/abi/align1.C -std=c++98 (test for excess errors)
FAIL: g++.dg/conversion/bitfield1.C -std=gnu++98 (test for excess errors)
WARNING: program timed out.
WARNING: program timed out.
FAIL: g++.dg/torture/pr31863.C  -O2 -flto  (test for excess errors)
WARNING: program timed out.
FAIL: g++.old-deja/g++.abi/primary2.C -std=c++98 (test for excess errors)

		=== g++ Summary for unix ===

# of expected passes		78319
# of unexpected failures	5
# of expected failures		448
# of unresolved testcases	3
# of unsupported tests		3378

Running target unix/-m64
FAIL: g++.dg/torture/pr31863.C  -O2 -flto  (test for excess errors)

		=== g++ Summary for unix/-m64 ===

# of expected passes		80176
# of unexpected failures	1
# of expected failures		448
# of unsupported tests		3366

		=== g++ Summary ===

# of expected passes		158495
# of unexpected failures	6
# of expected failures		896
# of unresolved testcases	3
# of unsupported tests		6744
/var/gcc/regression/trunk/9-gcc/build/gcc/testsuite/g++/../../xg++  version 4.9.0 20140404 (experimental) [trunk revision 209079] (GCC) 

		=== gcc tests ===


Running target unix
FAIL: gcc.c-torture/compile/pr28865.c  -O0  (test for excess errors)
FAIL: gcc.c-torture/execute/20000205-1.c compilation,  -O2 -flto 
UNRESOLVED: gcc.c-torture/execute/20000205-1.c execution,  -O2 -flto 
FAIL: gcc.c-torture/execute/920202-1.c compilation,  -O2 -flto 
UNRESOLVED: gcc.c-torture/execute/920202-1.c execution,  -O2 -flto 
WARNING: program timed out.
WARNING: program timed out.
WARNING: program timed out.
FAIL: gcc.dg/atomic/c11-atomic-exec-1.c  -O3 -fomit-frame-pointer -funroll-all-loops -finline-functions  (test for excess errors)
FAIL: gcc.dg/atomic/c11-atomic-exec-1.c  -O2 -flto  (test for excess errors)
WARNING: program timed out.
FAIL: gcc.dg/atomic/c11-atomic-exec-2.c  -O3 -fomit-frame-pointer -funroll-loops  (test for excess errors)
WARNING: gcc.dg/atomic/c11-atomic-exec-2.c  -O3 -fomit-frame-pointer -funroll-loops  compilation failed to produce executable
WARNING: program timed out.
FAIL: gcc.dg/atomic/c11-atomic-exec-2.c  -O3 -fomit-frame-pointer -funroll-all-loops -finline-functions  (test for excess errors)
WARNING: gcc.dg/atomic/c11-atomic-exec-2.c  -O3 -fomit-frame-pointer -funroll-all-loops -finline-functions  compilation failed to produce executable
WARNING: program timed out.
FAIL: gcc.dg/atomic/c11-atomic-exec-2.c  -O3 -g  (test for excess errors)
WARNING: gcc.dg/atomic/c11-atomic-exec-2.c  -O3 -g  compilation failed to produce executable
WARNING: program timed out.
FAIL: gcc.dg/atomic/c11-atomic-exec-2.c  -O2 -flto -flto-partition=none  (test for excess errors)
WARNING: program timed out.
FAIL: gcc.dg/atomic/c11-atomic-exec-2.c  -O2 -flto  (test for excess errors)
WARNING: program timed out.
FAIL: gcc.dg/atomic/c11-atomic-exec-3.c  -O3 -fomit-frame-pointer -funroll-all-loops -finline-functions  (test for excess errors)
WARNING: gcc.dg/atomic/c11-atomic-exec-3.c  -O3 -fomit-frame-pointer -funroll-all-loops -finline-functions  compilation failed to produce executable
WARNING: program timed out.
FAIL: gcc.dg/atomic/c11-atomic-exec-3.c  -O3 -g  (test for excess errors)
WARNING: gcc.dg/atomic/c11-atomic-exec-3.c  -O3 -g  compilation failed to produce executable
FAIL: gcc.dg/atomic/c11-atomic-exec-3.c  -O2 -flto  (test for excess errors)
FAIL: gcc.dg/atomic/c11-atomic-exec-4.c  -O2 -flto  (test for excess errors)
WARNING: program timed out.
FAIL: gcc.dg/c11-atomic-2.c (test for excess errors)
FAIL: gcc.dg/simulate-thread/atomic-other-int.c  -O0 -g  thread simulation test
FAIL: gcc.dg/simulate-thread/atomic-other-int.c  -O2 -g  thread simulation test
FAIL: gcc.dg/simulate-thread/atomic-other-int.c  -O3 -g  thread simulation test
FAIL: gcc.dg/simulate-thread/speculative-store-4.c  -O0 -g  thread simulation test
FAIL: gcc.dg/simulate-thread/speculative-store-4.c  -O2 -g  thread simulation test
FAIL: gcc.dg/simulate-thread/speculative-store-4.c  -O3 -g  thread simulation test
FAIL: gcc.dg/simulate-thread/speculative-store.c  -O0 -g  thread simulation test

		=== gcc Summary for unix ===

# of expected passes		87259
# of unexpected failures	22
# of expected failures		321
# of unresolved testcases	2
# of unsupported tests		1911

Running target unix/-m64
FAIL: gcc.c-torture/compile/pr28865.c  -O0  (test for excess errors)
FAIL: gcc.dg/atomic/c11-atomic-exec-1.c  -O2 -flto  (test for excess errors)
WARNING: program timed out.
FAIL: gcc.dg/atomic/c11-atomic-exec-2.c  -O3 -fomit-frame-pointer -funroll-loops  (test for excess errors)
WARNING: gcc.dg/atomic/c11-atomic-exec-2.c  -O3 -fomit-frame-pointer -funroll-loops  compilation failed to produce executable
WARNING: program timed out.
FAIL: gcc.dg/atomic/c11-atomic-exec-2.c  -O3 -fomit-frame-pointer -funroll-all-loops -finline-functions  (test for excess errors)
WARNING: gcc.dg/atomic/c11-atomic-exec-2.c  -O3 -fomit-frame-pointer -funroll-all-loops -finline-functions  compilation failed to produce executable
WARNING: program timed out.
FAIL: gcc.dg/atomic/c11-atomic-exec-2.c  -O3 -g  (test for excess errors)
WARNING: program timed out.
FAIL: gcc.dg/atomic/c11-atomic-exec-2.c  -O2 -flto -flto-partition=none  (test for excess errors)
FAIL: gcc.dg/atomic/c11-atomic-exec-2.c  -O2 -flto  (test for excess errors)
WARNING: program timed out.
FAIL: gcc.dg/atomic/c11-atomic-exec-3.c  -O3 -g  (test for excess errors)
WARNING: gcc.dg/atomic/c11-atomic-exec-3.c  -O3 -g  compilation failed to produce executable
FAIL: gcc.dg/atomic/c11-atomic-exec-3.c  -O2 -flto  (test for excess errors)
FAIL: gcc.dg/atomic/c11-atomic-exec-4.c  -O2 -flto  (test for excess errors)

		=== gcc Summary for unix/-m64 ===

# of expected passes		88031
# of unexpected failures	10
# of expected failures		310
# of unsupported tests		1861

		=== gcc Summary ===

# of expected passes		175290
# of unexpected failures	32
# of expected failures		631
# of unresolved testcases	2
# of unsupported tests		3772
/var/gcc/regression/trunk/9-gcc/build/gcc/xgcc  version 4.9.0 20140404 (experimental) [trunk revision 209079] (GCC) 

		=== gfortran tests ===


Running target unix
WARNING: program timed out.
FAIL: gfortran.dg/coarray/registering_1.f90 -fcoarray=single  -O2  (test for excess errors)

		=== gfortran Summary for unix ===

# of expected passes		44765
# of unexpected failures	1
# of expected failures		54
# of unsupported tests		453

Running target unix/-m64

		=== gfortran Summary for unix/-m64 ===

# of expected passes		45045
# of expected failures		54
# of unsupported tests		316

		=== gfortran Summary ===

# of expected passes		89810
# of unexpected failures	1
# of expected failures		108
# of unsupported tests		769
/var/gcc/regression/trunk/9-gcc/build/gcc/testsuite/gfortran/../../gfortran  version 4.9.0 20140404 (experimental) [trunk revision 209079] (GCC) 

		=== gnat tests ===


Running target unix
WARNING: program timed out.
FAIL: gnat.dg/aggr3.adb (test for excess errors)

		=== gnat Summary for unix ===

# of expected passes		1203
# of unexpected failures	1
# of expected failures		18
# of unsupported tests		13

Running target unix/-m64

		=== gnat Summary for unix/-m64 ===

# of expected passes		1204
# of expected failures		18
# of unsupported tests		13

		=== gnat Summary ===

# of expected passes		2407
# of unexpected failures	1
# of expected failures		36
# of unsupported tests		26
/var/gcc/regression/trunk/9-gcc/build/gcc/gnatmake version 4.9.0 20140404 (experimental) [trunk revision 209079]

		=== go tests ===


Running target unix
WARNING: program timed out.
FAIL: ./64bit-out.go compilation,  -O0 -g -fno-var-tracking-assignments 
FAIL: ./bug449-out.go compilation,  -O0 -g -fno-var-tracking-assignments 
FAIL: ./index0-out.go compilation,  -O0 -g -fno-var-tracking-assignments 
FAIL: ./slice3-out.go compilation,  -O0 -g -fno-var-tracking-assignments 
FAIL: go.test/test/recover.go execution,  -O2 -g 
WARNING: program timed out.
WARNING: program timed out.
WARNING: program timed out.
WARNING: program timed out.
WARNING: program timed out.

		=== go Summary for unix ===

# of expected passes		7359
# of unexpected failures	5
# of expected failures		1
# of untested testcases		14
# of unsupported tests		3

Running target unix/-m64
FAIL: ./bug449-out.go compilation,  -O0 -g -fno-var-tracking-assignments 
FAIL: ./index0-out.go compilation,  -O0 -g -fno-var-tracking-assignments 
FAIL: ./slice3-out.go compilation,  -O0 -g -fno-var-tracking-assignments 
FAIL: go.test/test/fixedbugs/issue4348.go  -O  (test for excess errors)
FAIL: go.test/test/recover.go execution,  -O2 -g 
WARNING: program timed out.
WARNING: program timed out.
WARNING: program timed out.

		=== go Summary for unix/-m64 ===

# of expected passes		7240
# of unexpected failures	5
# of expected failures		1
# of untested testcases		13
# of unsupported tests		3

		=== go Summary ===

# of expected passes		14599
# of unexpected failures	10
# of expected failures		2
# of untested testcases		27
# of unsupported tests		6
/var/gcc/regression/trunk/9-gcc/build/gcc/testsuite/go/../../gccgo  version 4.9.0 20140404 (experimental) [trunk revision 209079] (GCC) 

		=== obj-c++ tests ===


Running target unix
WARNING: program timed out.
FAIL: obj-c++.dg/basic.mm -fgnu-runtime (test for excess errors)
WARNING: obj-c++.dg/basic.mm -fgnu-runtime compilation failed to produce executable

		=== obj-c++ Summary for unix ===

# of expected passes		1447
# of unexpected failures	1
# of expected failures		2
# of unsupported tests		86

Running target unix/-m64

		=== obj-c++ Summary for unix/-m64 ===

# of expected passes		1441
# of expected failures		10
# of unsupported tests		86

		=== obj-c++ Summary ===

# of expected passes		2888
# of unexpected failures	1
# of expected failures		12
# of unsupported tests		172
/var/gcc/regression/trunk/9-gcc/build/gcc/testsuite/obj-c++/../../xg++  version 4.9.0 20140404 (experimental) [trunk revision 209079] (GCC) 

		=== objc tests ===


Running target unix
WARNING: program timed out.
FAIL: objc.dg/bitfield-1.m -fgnu-runtime (test for excess errors)

		=== objc Summary for unix ===

# of expected passes		2993
# of unexpected failures	1
# of unsupported tests		74

Running target unix/-m64

		=== objc Summary for unix/-m64 ===

# of expected passes		2994
# of unsupported tests		74

		=== objc Summary ===

# of expected passes		5987
# of unexpected failures	1
# of unsupported tests		148
/var/gcc/regression/trunk/9-gcc/build/gcc/xgcc  version 4.9.0 20140404 (experimental) [trunk revision 209079] (GCC) 

		=== boehm-gc tests ===


Running target unix

		=== boehm-gc Summary for unix ===

# of expected passes		12
# of unsupported tests		1

Running target unix/-m64

		=== boehm-gc Summary for unix/-m64 ===

# of expected passes		12
# of unsupported tests		1

		=== boehm-gc Summary ===

# of expected passes		24
# of unsupported tests		2
		=== libatomic tests ===


Running target unix

		=== libatomic Summary for unix ===

# of expected passes		44
# of unsupported tests		5

Running target unix/-m64

		=== libatomic Summary for unix/-m64 ===

# of expected passes		54

		=== libatomic Summary ===

# of expected passes		98
# of unsupported tests		5
		=== libffi tests ===


Running target unix
WARNING: program timed out.
FAIL: libffi.call/cls_ushort.c -O0 -W -Wall (test for excess errors)

		=== libffi Summary for unix ===

# of expected passes		1818
# of unexpected failures	1
# of unsupported tests		55

Running target unix/-m64

		=== libffi Summary for unix/-m64 ===

# of expected passes		1819
# of unsupported tests		55

		=== libffi Summary ===

# of expected passes		3637
# of unexpected failures	1
# of unsupported tests		110
		=== libgo tests ===


Running target unix
FAIL: net
FAIL: runtime
FAIL: log/syslog
FAIL: os/exec
FAIL: runtime/pprof
FAIL: text/template
FAIL: testing/quick

		=== libgo Summary for unix ===

# of expected passes		115
# of unexpected failures	7

Running target unix/-m64
FAIL: net
FAIL: log/syslog
FAIL: runtime/pprof
FAIL: text/template

		=== libgo Summary for unix/-m64 ===

# of expected passes		118
# of unexpected failures	4

		=== libgo Summary ===

# of expected passes		233
# of unexpected failures	11
		=== libgomp tests ===


Running target unix
WARNING: program timed out.
FAIL: libgomp.c/for-1.c (test for excess errors)

		=== libgomp Summary for unix ===

# of expected passes		2405
# of unexpected failures	1
# of unsupported tests		3

Running target unix/-m64

		=== libgomp Summary for unix/-m64 ===

# of expected passes		2406
# of unsupported tests		3

		=== libgomp Summary ===

# of expected passes		4811
# of unexpected failures	1
# of unsupported tests		6
		=== libitm tests ===


Running target unix

		=== libitm Summary for unix ===

# of expected passes		26
# of expected failures		3
# of unsupported tests		1

Running target unix/-m64

		=== libitm Summary for unix/-m64 ===

# of expected passes		26
# of expected failures		3
# of unsupported tests		1

		=== libitm Summary ===

# of expected passes		52
# of expected failures		6
# of unsupported tests		2
		=== libjava tests ===


Running target unix
WARNING: program timed out.
FAIL: linking directbuffer
FAIL: InvokeInterface execution - source compiled test
FAIL: InvokeInterface -O3 execution - source compiled test

		=== libjava Summary for unix ===

# of expected passes		2574
# of unexpected failures	3
# of expected failures		5
# of untested testcases		2

Running target unix/-m64
FAIL: InvokeInterface execution - source compiled test
FAIL: InvokeInterface -O3 execution - source compiled test

		=== libjava Summary for unix/-m64 ===

# of expected passes		2578
# of unexpected failures	2
# of expected failures		4
# of untested testcases		2

		=== libjava Summary ===

# of expected passes		5152
# of unexpected failures	5
# of expected failures		9
# of untested testcases		4
		=== libstdc++ tests ===


Running target unix
WARNING: program timed out.
ERROR: tcl error sourcing /vol/gcc/src/hg/trunk/local/libstdc++-v3/testsuite/libstdc++-abi/abi.exp.
ERROR: could not compile testsuite_allocator.cc
ERROR: could not compile testsuite_allocator.cc
ERROR: could not compile testsuite_allocator.cc
ERROR: could not compile testsuite_allocator.cc
ERROR: could not compile testsuite_allocator.cc
ERROR: could not compile testsuite_allocator.cc
ERROR: could not compile testsuite_allocator.cc
ERROR: could not compile testsuite_allocator.cc
ERROR: could not compile testsuite_allocator.cc
ERROR: could not compile testsuite_allocator.cc
WARNING: program timed out.
WARNING: program timed out.
WARNING: program timed out.
WARNING: program timed out.
WARNING: program timed out.
WARNING: program timed out.
WARNING: program timed out.
WARNING: program timed out.
WARNING: program timed out.
ERROR: tcl error sourcing /vol/gcc/src/hg/trunk/local/libstdc++-v3/testsuite/libstdc++-dg/conformance.exp.
ERROR: tcl error sourcing /vol/gcc/src/hg/trunk/local/libstdc++-v3/testsuite/libstdc++-dg/conformance.exp.
ERROR: tcl error sourcing /vol/gcc/src/hg/trunk/local/libstdc++-v3/testsuite/libstdc++-dg/conformance.exp.
ERROR: tcl error sourcing /vol/gcc/src/hg/trunk/local/libstdc++-v3/testsuite/libstdc++-dg/conformance.exp.
ERROR: tcl error sourcing /vol/gcc/src/hg/trunk/local/libstdc++-v3/testsuite/libstdc++-dg/conformance.exp.
ERROR: tcl error sourcing /vol/gcc/src/hg/trunk/local/libstdc++-v3/testsuite/libstdc++-dg/conformance.exp.
ERROR: tcl error sourcing /vol/gcc/src/hg/trunk/local/libstdc++-v3/testsuite/libstdc++-dg/conformance.exp.
ERROR: tcl error sourcing /vol/gcc/src/hg/trunk/local/libstdc++-v3/testsuite/libstdc++-dg/conformance.exp.
ERROR: tcl error sourcing /vol/gcc/src/hg/trunk/local/libstdc++-v3/testsuite/libstdc++-dg/conformance.exp.

		=== libstdc++ Summary for unix ===

# of expected passes		1728
# of expected failures		6
# of unsupported tests		310

Running target unix/-m64

		=== libstdc++ Summary for unix/-m64 ===

# of expected passes		8266
# of expected failures		43
# of unsupported tests		940

		=== libstdc++ Summary ===

# of expected passes		9994
# of expected failures		49
# of unsupported tests		1250

Compiler version: 4.9.0 20140404 (experimental) [trunk revision 209079] (GCC) 
Platform: sparc-sun-solaris2.9
configure flags: --prefix=/vol/gcc --target=sparc-sun-solaris2.9 --enable-obsolete --enable-objc-gc --with-gmp-include=/vol/gcc/include --with-gmp-lib=/vol/gcc/lib --with-mpfr-include=/vol/gcc/include --with-mpfr-lib=/vol/gcc/lib --with-mpc-include=/vol/gcc/include --with-mpc-lib=/vol/gcc/lib --enable-languages=all,ada,obj-c++,go --with-isl-include=/vol/gcc/include --with-isl-lib=/vol/gcc/lib --with-cloog-include=/vol/gcc/include --with-cloog-lib=/vol/gcc/lib --enable-cloog-backend=isl
BOOT_CFLAGS=-g -O2


Index Nav: [Date Index] [Subject Index] [Author Index] [Thread Index]
Message Nav: [Date Prev] [Date Next] [Thread Prev] [Thread Next]