This is the mail archive of the gcc-testresults@gcc.gnu.org mailing list for the GCC project.


Index Nav: [Date Index] [Subject Index] [Author Index] [Thread Index]
Message Nav: [Date Prev] [Date Next] [Thread Prev] [Thread Next]
Other format: [Raw text]

Results for 4.9.0 20140330 (experimental) [trunk revision 208944] (Debian 4.9-20140330-1) testsuite on arm-unknown-linux-gnueabihf


LAST_UPDATED: Sun Mar 30 07:47:33 UTC 2014 (revision 208944)

Native configuration is arm-unknown-linux-gnueabihf

		=== boehm-gc tests ===


Running target unix

		=== boehm-gc Summary ===

# of expected passes		12
# of unsupported tests		1
		=== libatomic tests ===


Running target unix

		=== libatomic Summary ===

# of expected passes		44
# of unsupported tests		5
		=== libffi tests ===


Running target unix
XPASS: libffi.call/cls_longdouble.c -O0 -W -Wall execution test
XPASS: libffi.call/cls_longdouble.c -O2 execution test
XPASS: libffi.call/cls_longdouble.c -O3 execution test
XPASS: libffi.call/cls_longdouble.c -Os execution test
XPASS: libffi.call/cls_longdouble.c -O2 -fomit-frame-pointer execution test

		=== libffi Summary ===

# of expected passes		1814
# of unexpected successes	5
# of unsupported tests		55
		=== libgo tests ===


Running target unix
FAIL: bufio
FAIL: bytes
FAIL: fmt
FAIL: log
FAIL: net
FAIL: reflect
FAIL: runtime
FAIL: sync
FAIL: time
FAIL: crypto/cipher
FAIL: crypto/tls
FAIL: crypto/x509
FAIL: encoding/gob
FAIL: encoding/json
FAIL: html/template
FAIL: math/big
FAIL: net/http
FAIL: net/rpc
FAIL: old/regexp
FAIL: old/template
FAIL: sync/atomic
FAIL: text/template
FAIL: text/template/parse

		=== libgo Summary ===

# of expected passes		99
# of unexpected failures	23
/build/gcc-4.9-zTJeUs/gcc-4.9-4.9-20140330/build/./gcc/gccgo version 4.9.0 20140330 (experimental) [trunk revision 208944] (Debian 4.9-20140330-1)

		=== libgomp tests ===


Running target unix
WARNING: program timed out.
FAIL: libgomp.c/depend-3.c execution test

		=== libgomp Summary ===

# of expected passes		2409
# of unexpected failures	1
# of unsupported tests		1
		=== libjava tests ===


Running target unix
FAIL: Throw_2 execution - source compiled test
FAIL: Throw_2 -findirect-dispatch execution - source compiled test
FAIL: Throw_2 -O3 execution - source compiled test
FAIL: Throw_2 -O3 -findirect-dispatch execution - source compiled test

		=== libjava Summary ===

# of expected passes		2574
# of unexpected failures	4
# of expected failures		4
# of untested testcases		4
		=== libstdc++ tests ===


Running target unix
FAIL: 22_locale/time_get/get_date/wchar_t/4.cc execution test

		=== libstdc++ Summary ===

# of expected passes		9639
# of unexpected failures	1
# of expected failures		41
# of unsupported tests		253
Target: arm-linux-gnueabihf
gcc version 4.9.0 20140330 (experimental) [trunk revision 208944] (Debian 4.9-20140330-1) 

		=== g++ tests ===


Running target unix

		=== g++ Summary ===

# of expected passes		81387
# of expected failures		447
# of unsupported tests		3161
/build/gcc-4.9-zTJeUs/gcc-4.9-4.9-20140330/build/gcc/testsuite/g++/../../xg++  version 4.9.0 20140330 (experimental) [trunk revision 208944] (Debian 4.9-20140330-1) 

		=== gcc tests ===


Running target unix
FAIL: gcc.dg/atomic/c11-atomic-exec-5.c  -O2  execution test
FAIL: gcc.dg/atomic/c11-atomic-exec-5.c  -O3 -g  execution test
FAIL: gcc.dg/atomic/c11-atomic-exec-5.c  -Os  execution test
FAIL: gcc.dg/tree-ssa/sra-12.c scan-tree-dump-times release_ssa "l;" 0
FAIL: gcc.target/arm/builtin-bswap-1.c (test for excess errors)
UNRESOLVED: gcc.target/arm/builtin-bswap-1.c scan-assembler-not orr[ \\t]
UNRESOLVED: gcc.target/arm/builtin-bswap-1.c scan-assembler-times revsh\\\\t 2
UNRESOLVED: gcc.target/arm/builtin-bswap-1.c scan-assembler-times rev16\\\\t 2
UNRESOLVED: gcc.target/arm/builtin-bswap-1.c scan-assembler-times rev\\\\t 4
FAIL: gcc.target/arm/builtin-bswap16-1.c (test for excess errors)
UNRESOLVED: gcc.target/arm/builtin-bswap16-1.c scan-assembler-not orr[ \\t]
FAIL: gcc.target/arm/g2.c (test for excess errors)
UNRESOLVED: gcc.target/arm/g2.c scan-assembler mla[ \\t].*
FAIL: gcc.target/arm/pr40887.c (test for excess errors)
UNRESOLVED: gcc.target/arm/pr40887.c scan-assembler blx
FAIL: gcc.target/arm/pr60650.c (test for excess errors)
FAIL: gcc.target/arm/scd42-1.c (test for excess errors)
UNRESOLVED: gcc.target/arm/scd42-1.c scan-assembler mov[ \\t].*17
FAIL: gcc.target/arm/scd42-2.c (test for excess errors)
UNRESOLVED: gcc.target/arm/scd42-2.c scan-assembler mov[ \\t].*272
FAIL: gcc.target/arm/scd42-3.c (test for excess errors)
UNRESOLVED: gcc.target/arm/scd42-3.c scan-assembler ldr[ \\t].*
FAIL: gcc.target/arm/xor-and.c (test for excess errors)
UNRESOLVED: gcc.target/arm/xor-and.c scan-assembler orr
UNRESOLVED: gcc.target/arm/xor-and.c scan-assembler-not mvn
UNRESOLVED: gcc.target/arm/xor-and.c scan-assembler-not uxth

		=== gcc Summary ===

# of expected passes		97099
# of unexpected failures	13
# of expected failures		251
# of unresolved testcases	13
# of unsupported tests		1501
/build/gcc-4.9-zTJeUs/gcc-4.9-4.9-20140330/build/gcc/xgcc  version 4.9.0 20140330 (experimental) [trunk revision 208944] (Debian 4.9-20140330-1) 

		=== gfortran tests ===


Running target unix
FAIL: gfortran.dg/dynamic_dispatch_1.f03  -O0  execution test
FAIL: gfortran.dg/dynamic_dispatch_3.f03  -O0  execution test

		=== gfortran Summary ===

# of expected passes		44313
# of unexpected failures	2
# of expected failures		53
# of unsupported tests		431
/build/gcc-4.9-zTJeUs/gcc-4.9-4.9-20140330/build/gcc/testsuite/gfortran/../../gfortran  version 4.9.0 20140330 (experimental) [trunk revision 208944] (Debian 4.9-20140330-1) 

		=== go tests ===


Running target unix
FAIL: go.test/test/chan/select3.go execution,  -O2 -g 
FAIL: go.test/test/closedchan.go execution,  -O2 -g 
FAIL: go.test/test/cmp.go execution,  -O2 -g 
WARNING: program timed out.
FAIL: go.test/test/cmplxdivide.go
FAIL: go.test/test/divmod.go execution,  -O2 -g 
FAIL: go.test/test/fixedbugs/bug113.go execution,  -O2 -g 
FAIL: go.test/test/fixedbugs/bug148.go execution,  -O2 -g 
FAIL: go.test/test/fixedbugs/bug266.go execution,  -O2 -g 
FAIL: go.test/test/fixedbugs/bug272.go execution,  -O2 -g 
FAIL: go.test/test/fixedbugs/bug273.go execution,  -O2 -g 
FAIL: go.test/test/fixedbugs/bug324.dir/prog.go execution,  -O2 -g 
FAIL: go.test/test/fixedbugs/bug347.go execution,  -O0 -g 
FAIL: go.test/test/fixedbugs/bug348.go execution,  -O0 -g 
FAIL: go.test/test/fixedbugs/bug444.go execution,  -O2 -g 
FAIL: go.test/test/fixedbugs/issue4066.go execution,  -O2 -g 
FAIL: go.test/test/fixedbugs/issue4085b.go execution,  -O2 -g 
FAIL: go.test/test/fixedbugs/issue4353.go execution,  -O2 -g 
FAIL: go.test/test/fixedbugs/issue4562.go execution,  -O2 -g 
FAIL: go.test/test/fixedbugs/issue6055.go execution,  -O2 -g 
FAIL: ./index0-out.go execution,  -O0 -g -fno-var-tracking-assignments 
FAIL: go.test/test/interface/fail.go execution,  -O2 -g 
FAIL: go.test/test/interface/noeq.go execution,  -O2 -g 
FAIL: go.test/test/interface/returntype.go execution,  -O2 -g 
FAIL: go.test/test/method.go execution,  -O2 -g 
FAIL: go.test/test/method5.go execution,  -O2 -g 
FAIL: go.test/test/nil.go execution,  -O2 -g 
FAIL: go.test/test/nilptr.go execution,  -O2 -g 
FAIL: go.test/test/nilptr2.go execution,  -O2 -g 
FAIL: go.test/test/recover.go execution,  -O2 -g 
FAIL: go.test/test/recover1.go execution,  -O2 -g 
FAIL: go.test/test/recover2.go execution,  -O2 -g 
FAIL: go.test/test/recover3.go execution,  -O2 -g 
FAIL: ./slice3-out.go execution,  -O0 -g -fno-var-tracking-assignments 

		=== go Summary ===

# of expected passes		7338
# of unexpected failures	33
# of expected failures		1
# of untested testcases		9
# of unsupported tests		2
/build/gcc-4.9-zTJeUs/gcc-4.9-4.9-20140330/build/gcc/testsuite/go/../../gccgo  version 4.9.0 20140330 (experimental) [trunk revision 208944] (Debian 4.9-20140330-1) 

		=== obj-c++ tests ===


Running target unix

		=== obj-c++ Summary ===

# of expected passes		1449
# of expected failures		2
# of unsupported tests		86
/build/gcc-4.9-zTJeUs/gcc-4.9-4.9-20140330/build/gcc/testsuite/obj-c++/../../xg++  version 4.9.0 20140330 (experimental) [trunk revision 208944] (Debian 4.9-20140330-1) 

		=== objc tests ===


Running target unix

		=== objc Summary ===

# of expected passes		2994
# of unsupported tests		74
/build/gcc-4.9-zTJeUs/gcc-4.9-4.9-20140330/build/gcc/xgcc  version 4.9.0 20140330 (experimental) [trunk revision 208944] (Debian 4.9-20140330-1) 


Compiler version: 4.9.0 20140330 (experimental) [trunk revision 208944] (Debian 4.9-20140330-1) 
Platform: arm-unknown-linux-gnueabihf
configure flags: -v --with-pkgversion='Debian 4.9-20140330-1' --with-bugurl=file:///usr/share/doc/gcc-4.9/README.Bugs --enable-languages=c,c++,java,go,fortran,objc,obj-c++ --prefix=/usr --program-suffix=-4.9 --enable-shared --enable-linker-build-id --libexecdir=/usr/lib --without-included-gettext --enable-threads=posix --with-gxx-include-dir=/usr/include/c++/4.9 --libdir=/usr/lib --enable-nls --with-sysroot=/ --enable-clocale=gnu --enable-libstdcxx-debug --enable-libstdcxx-time=yes --enable-gnu-unique-object --disable-libmudflap --disable-libitm --disable-libquadmath --enable-plugin --with-system-zlib --disable-browser-plugin --enable-java-awt=gtk --enable-gtk-cairo --with-java-home=/usr/lib/jvm/java-1.5.0-gcj-4.9-armhf/jre --enable-java-home --with-jvm-root-dir=/usr/lib/jvm/java-1.5.0-gcj-4.9-armhf --with-jvm-jar-dir=/usr/lib/jvm-exports/java-1.5.0-gcj-4.9-armhf --with-arch-directory=arm --with-ecj-jar=/usr/share/java/eclipse-ecj.jar --enable-objc-gc --enable-multiarch --disable-sjlj-exceptions --with-arch=armv7-a --with-fpu=vfpv3-d16 --with-float=hard --with-mode=thumb --enable-checking=release --build=arm-linux-gnueabihf --host=arm-linux-gnueabihf --target=arm-linux-gnueabihf
BOOT_CFLAGS=


Build Dependencies:
Desired=Unknown/Install/Remove/Purge/Hold
| Status=Not/Inst/Conf-files/Unpacked/halF-conf/Half-inst/trig-aWait/Trig-pend
|/ Err?=(none)/Reinst-required (Status,Err: uppercase=bad)
||/ Name                      Version        Architecture Description
+++-=========================-==============-============-===============================================================================
ii  binutils                  2.24-3         armhf        GNU assembler, linker and binary utilities
ii  g++-4.8                   4.8.2-16       armhf        GNU C++ compiler
ii  libc6:armhf               2.18-4         armhf        Embedded GNU C Library: Shared libraries
ii  libcloog-isl-dev:armhf    0.18.2-1       armhf        Chunky Loop Generator (development files)
ii  libgmp-dev:armhf          2:5.1.3+dfsg-1 armhf        Multiprecision arithmetic library developers tools
ii  libisl-dev:armhf          0.12.2-1       armhf        manipulating sets and relations of integer points bounded by linear constraints
ii  libmpc-dev:armhf          1.0.1-1        armhf        multiple precision complex floating-point library development package
ii  libmpfr-dev:armhf         3.1.2-1        armhf        multiple precision floating-point computation developers tools


gcc-gfdl-build:
  Build a dummy s-tm-texi without access to the texinfo sources

gcc-textdomain:
  Set gettext's domain and textdomain to the versioned package name.

gcc-driver-extra-langs:
  Add options and specs for languages that are not built from a source
  (but built from separate sources).

gcc-hash-style-gnu:
  Link using --hash-style=gnu (aarch64, alpha, amd64, armel, armhf, ia64,
  i386, powerpc, ppc64, s390, sparc)

libstdc++-pic:
  Build and install libstdc++_pic.a library.

libstdc++-doclink:
  adjust hrefs to point to the local documentation

libstdc++-man-3cxx:
  Install libstdc++ man pages with suffix .3cxx instead of .3

libstdc++-test-installed:
  Add support to run the libstdc++-v3 testsuite using the
  installed shared libraries.

libjava-stacktrace:
  libgcj: Lookup source file name and line number in separated
  debug files found in /usr/lib/debug

libjava-jnipath:
  - Add /usr/lib/jni and /usr/lib/<multiarch>/jni to java.library.path.
  - When running the i386 binaries on amd64, look in
  - /usr/lib32/gcj-x.y and /usr/lib32/jni instead.

libjava-sjlj:
  Don't try to use _Unwind_Backtrace on SJLJ targets.
  See bug #387875, #388505, GCC PR 29206.

libjava-disable-plugin:
  Don't build the gcjwebplugin, even when configured with --enable-plugin

alpha-no-ev4-directive:
  never emit .ev4 directive.

boehm-gc-getnprocs:
  boehm-gc/pthread_support.c (GC_get_nprocs): Use sysconf as fallback.

note-gnu-stack:
  Add .note.GNU-stack sections for gcc's crt files, libffi and boehm-gc
  Taken from FC.

libgomp-omp_h-multilib:
  Fix up omp.h for multilibs.

sparc-force-cpu:
  On sparc default to ultrasparc (v9a) in 32bit mode

gccgo-version:
  Omit the subminor number from the go libdir

pr47818:
  Fix PR ada/47818: Pragma Assert is rejected with No_Implementation_Pragmas restriction.

pr49944:
  apply proposed patch for PR ada/49444.

gcc-base-version:
  Set base version to 4.9, introduce full version 4.9.x.

libgo-testsuite:
  Only run the libgo testsuite for flags configured in RUNTESTFLAGS

gcc-target-include-asm:
  Search \$(builddir)/sys-include for the asm header files

libgo-revert-timeout-exp:

libgo-setcontext-config:
  libgo: Overwrite the setcontext_clobbers_tls check on mips*

gcc-auto-build:
  Fix cross building a native compiler.

kfreebsd-unwind:
  DWARF2 EH unwinding support for AMD x86-64 and x86 KFreeBSD.

kfreebsd-boehm-gc:
  boehm-gc: use mmap instead of brk also on kfreebsd-*.

libffi-m68k:
  Apply #660525 fix to in-tree libffi

libitm-no-fortify-source:
  Build libitm with -U_FORTIFY_SOURCE on x86 and x86_64.

gcc-d-lang:
  Add D options and specs for the gcc driver.

libjava-armel-unwind:
  On armel, apply kludge to fix unwinder infinitely looping 'til it runs out
  of memory (http://gcc.gnu.org/ml/java/2008-06/msg00010.html).

gcj-arm-mode:
  For armhf, force arm mode instead of thumb mode

gcc-sysroot:
  Allow building --with-sysroot=/

ada-kfreebsd:
  add support for GNU/kFreeBSD.

sys-auxv-header:
  Check for the sys/auxv.h header file.

libcilkrts-targets:
  Disable libcilkrts on KFreeBSD and the Hurd. See #734973.

go-use-gold:
  Pass -fuse-ld=gold to gccgo on targets supporting -fsplit-stack

arm-multilib-defaults:
  Set MULTILIB_DEFAULTS for ARM multilib builds

gcc-ice-hack:
  Retry the build on an ice, save the calling options and preprocessed
  source when the ice is reproducible.

gcc-ice-apport:
  Report an ICE to apport (if apport is available
  and the environment variable GCC_NOAPPORT is not set)

libjava-fixed-symlinks:
  Remove unneed '..' elements from symlinks in JAVA_HOME

libstdc++-arm-wno-abi:
  Temporary work around:
  On arm-linux-gnueabi run the libstdc++v3 testsuite with -Wno-abi

ada-mips:
  Improve support for mips.

libffi-ro-eh_frame_sect:
  PR libffi/47248, force a read only eh frame section.

gcc-multiarch:
  - Remaining multiarch patches, not yet submitted upstream.
  - Add MULTIARCH_DIRNAME definitions for multilib configurations,
  which are used for the non-multilib builds.

libjava-multiarch:
  Install libjava libraries to multiarch location

libjava-nobiarch-check:
  For biarch builds, disable the testsuite for the non-default architecture
  for runtime libraries, which are not built by default (libjava).

config-ml:
  - Disable some biarch libraries for biarch builds.
  - Fix multilib builds on kernels which don't support all multilibs.

g++-multiarch-incdir:
  Use /usr/include/<multiarch>/c++/4.x as the include directory
  for host dependent c++ header files.

gcc-multilib-multiarch:
  Don't auto-detect multilib osdirnames.

mips-fix-loongson2f-nop:
  On mips, pass -mfix-loongson2f-nop to as, if -mno-fix-loongson2f-nop
  is not passed.

libgomp-kfreebsd-testsuite:
  Disable lock-2.c test on kfreebsd-*

go-testsuite:
  Skip Go testcase on AArch64 which hangs on the buildds.

libstdc++-link-pthread:
  Link libstdc++ tests requiring libpthread symbols with --no-as-needed.

fix-ffi_call_VFP-with-no-VFP-argument:
  armhf: Fix ffi_call_VFP with no VFP arguments.

Counting all warnings,
there are 0 warnings in stage3 of this bootstrap.

Number of warnings per file:

Number of warning types:


Index Nav: [Date Index] [Subject Index] [Author Index] [Thread Index]
Message Nav: [Date Prev] [Date Next] [Thread Prev] [Thread Next]