This is the mail archive of the
gcc-testresults@gcc.gnu.org
mailing list for the GCC project.
Results for 4.9.0 20140402 (experimental) (GCC) testsuite on spu-unknown-elf
- From: Ulrich Weigand <uweigand at de dot ibm dot com>
- To: gcc-testresults at gcc dot gnu dot org
- Date: Thu, 3 Apr 2014 15:28:09 +0200
- Subject: Results for 4.9.0 20140402 (experimental) (GCC) testsuite on spu-unknown-elf
- Authentication-results: sourceware.org; auth=none
GCC Version: 4.9.0, SVN revision: 209039
Newlib Version: 2014-04-02 22:05 UTC
Binutils Version: commit ae447ddd12cf05bc5bef90c4a3f53239b5bcf2f9
build host info:
$ uname -s -r -m -p -i -o
Linux 2.6.18-371.6.1.el5 ppc64 ppc64 ppc64 GNU/Linux
$ gcc -v
Using built-in specs.
Target: ppc64-redhat-linux
Configured with: ../configure --prefix=/usr --mandir=/usr/share/man --infodir=/usr/share/info --enable-shared --enable-threads=posix --enable-checking=release --with-system-zlib --enable-__cxa_atexit --disable-libunwind-exceptions --enable-libgcj-multifile --enable-languages=c,c++,objc,obj-c++,java,fortran --enable-java-awt=gtk --disable-dssi --disable-plugin --with-java-home=/usr/lib/jvm/java-1.4.2-gcj-1.4.2.0/jre --enable-secureplt --with-long-double-128 --host=ppc64-redhat-linux --build=ppc64-redhat-linux --target=ppc64-redhat-linux --with-cpu=default32
Thread model: posix
gcc version 4.1.2 20080704 (Red Hat 4.1.2-54)
$ ld -v
GNU ld version 2.17.50.0.6-26.el5 20061020
############################################################
# GCC test suite results #
############################################################
Target is spu-unknown-elf
=== g++ tests ===
Running target cell-native
FAIL: g++.dg/cpp1y/vla-initlist1.C -std=c++1y execution test
FAIL: g++.dg/pr49718.C -std=gnu++98 scan-assembler-times __cyg_profile_func_enter 1
FAIL: g++.dg/pr49718.C -std=gnu++11 scan-assembler-times __cyg_profile_func_enter 1
FAIL: g++.dg/pr49718.C -std=gnu++1y scan-assembler-times __cyg_profile_func_enter 1
FAIL: g++.dg/lto/20091022-2 cp_lto_20091022-2_0.o-cp_lto_20091022-2_0.o link, -O3 -flto -Winline
UNRESOLVED: g++.dg/lto/20091022-2 cp_lto_20091022-2_0.o-cp_lto_20091022-2_0.o execute -O3 -flto -Winline
FAIL: g++.dg/lto/20091219 cp_lto_20091219_0.o-cp_lto_20091219_0.o link, -O3 -flto
UNRESOLVED: g++.dg/lto/20091219 cp_lto_20091219_0.o-cp_lto_20091219_0.o execute -O3 -flto
FAIL: g++.old-deja/g++.mike/for3.C -std=gnu++98 (test for warnings, line 5)
FAIL: g++.old-deja/g++.mike/for3.C -std=gnu++11 (test for warnings, line 5)
FAIL: g++.old-deja/g++.mike/for3.C -std=gnu++1y (test for warnings, line 5)
=== g++ Summary ===
# of expected passes 76249
# of unexpected failures 9
# of expected failures 436
# of unresolved testcases 2
# of unsupported tests 3402
/home/uweigand/dailybuild/spu-tc-2014-04-02/gcc-build/gcc/testsuite/g++/../../xg++ version 4.9.0 20140402 (experimental) (GCC)
=== gcc tests ===
Running target cell-native
FAIL: tmpdir-gcc.dg-struct-layout-1/t028 c_compat_x_tst.o-c_compat_y_tst.o link
UNRESOLVED: tmpdir-gcc.dg-struct-layout-1/t028 c_compat_x_tst.o-c_compat_y_tst.o execute
FAIL: gcc.dg/builtins-1.c inf (test for warnings, line 147)
FAIL: gcc.dg/builtins-1.c (test for excess errors)
FAIL: gcc.dg/c11-complex-1.c execution test
FAIL: gcc.dg/pr23623.c scan-rtl-dump-times final "mem/v(/.)*:SI" 12
FAIL: gcc.dg/sms-7.c scan-rtl-dump-times sms "SMS succeeded" 1
FAIL: gcc.dg/lto/pr54709 c_lto_pr54709_0.o-c_lto_pr54709_1.o link, -fPIC -fvisibility=hidden -flto
UNRESOLVED: gcc.dg/lto/pr54709 c_lto_pr54709_0.o-c_lto_pr54709_1.o execute -fPIC -fvisibility=hidden -flto
FAIL: gcc.dg/torture/builtin-attr-1.c -O0 INF unsupported (test for warnings, line 342)
FAIL: gcc.dg/torture/builtin-attr-1.c -O0 (test for excess errors)
FAIL: gcc.dg/torture/builtin-attr-1.c -O1 INF unsupported (test for warnings, line 342)
FAIL: gcc.dg/torture/builtin-attr-1.c -O1 (test for excess errors)
FAIL: gcc.dg/torture/builtin-attr-1.c -O2 INF unsupported (test for warnings, line 342)
FAIL: gcc.dg/torture/builtin-attr-1.c -O2 (test for excess errors)
FAIL: gcc.dg/torture/builtin-attr-1.c -O3 -fomit-frame-pointer INF unsupported (test for warnings, line 342)
FAIL: gcc.dg/torture/builtin-attr-1.c -O3 -fomit-frame-pointer (test for excess errors)
FAIL: gcc.dg/torture/builtin-attr-1.c -O3 -g INF unsupported (test for warnings, line 342)
FAIL: gcc.dg/torture/builtin-attr-1.c -O3 -g (test for excess errors)
FAIL: gcc.dg/torture/builtin-attr-1.c -Os INF unsupported (test for warnings, line 342)
FAIL: gcc.dg/torture/builtin-attr-1.c -Os (test for excess errors)
FAIL: gcc.dg/torture/builtin-attr-1.c -O2 -flto -fno-use-linker-plugin -flto-partition=none INF unsupported (test for warnings, line 342)
FAIL: gcc.dg/torture/builtin-attr-1.c -O2 -flto -fno-use-linker-plugin -flto-partition=none (test for excess errors)
FAIL: gcc.dg/torture/builtin-attr-1.c -O2 -flto -fuse-linker-plugin -fno-fat-lto-objects INF unsupported (test for warnings, line 342)
FAIL: gcc.dg/torture/builtin-attr-1.c -O2 -flto -fuse-linker-plugin -fno-fat-lto-objects (test for excess errors)
FAIL: gcc.dg/torture/c99-contract-1.c -O0 execution test
FAIL: gcc.dg/torture/c99-contract-1.c -O1 execution test
FAIL: gcc.dg/torture/c99-contract-1.c -O2 execution test
FAIL: gcc.dg/torture/c99-contract-1.c -O3 -fomit-frame-pointer execution test
FAIL: gcc.dg/torture/c99-contract-1.c -O3 -g execution test
FAIL: gcc.dg/torture/c99-contract-1.c -Os execution test
FAIL: gcc.dg/torture/c99-contract-1.c -O2 -flto -fno-use-linker-plugin -flto-partition=none execution test
FAIL: gcc.dg/torture/c99-contract-1.c -O2 -flto -fuse-linker-plugin -fno-fat-lto-objects execution test
FAIL: gcc.dg/torture/pr56443.c -O0 execution test
FAIL: gcc.dg/torture/pr56443.c -Os execution test
FAIL: gcc.dg/tree-prof/time-profiler-2.c compilation, -fprofile-generate -D_PROFILE_GENERATE
UNRESOLVED: gcc.dg/tree-prof/time-profiler-2.c execution, -fprofile-generate -D_PROFILE_GENERATE
UNRESOLVED: gcc.dg/tree-prof/time-profiler-2.c compilation, -fprofile-use -D_PROFILE_USE
UNRESOLVED: gcc.dg/tree-prof/time-profiler-2.c execution, -fprofile-use -D_PROFILE_USE
FAIL: gcc.dg/tree-ssa/cunroll-5.c scan-tree-dump cunroll "loop with 6 iterations completely unrolled"
FAIL: gcc.dg/tree-ssa/cunroll-5.c scan-tree-dump cunroll "Exit condition of peeled iterations was eliminated."
FAIL: gcc.dg/tree-ssa/pr59597.c scan-tree-dump vrp1 "Cancelling"
FAIL: gcc.dg/tree-ssa/slsr-13.c scan-tree-dump-times optimized " \\\\* 4" 2
FAIL: gcc.dg/tree-ssa/slsr-13.c scan-tree-dump-times optimized " \\\\* 5" 0
FAIL: gcc.dg/vect/slp-10.c scan-tree-dump-times vect "vectorized 2 loops" 1
FAIL: gcc.dg/vect/slp-10.c scan-tree-dump-times vect "vectorizing stmts using SLP" 2
FAIL: gcc.dg/vect/slp-11c.c scan-tree-dump-times vect "vectorized 0 loops" 1
FAIL: gcc.dg/vect/slp-33.c scan-tree-dump-times vect "vectorized 2 loops" 1
FAIL: gcc.dg/vect/slp-33.c scan-tree-dump-times vect "vectorizing stmts using SLP" 2
FAIL: gcc.dg/vect/bb-slp-32.c scan-tree-dump slp "vectorization is not profitable"
FAIL: gcc.dg/vect/slp-10.c -flto -ffat-lto-objects scan-tree-dump-times vect "vectorized 2 loops" 1
FAIL: gcc.dg/vect/slp-10.c -flto -ffat-lto-objects scan-tree-dump-times vect "vectorizing stmts using SLP" 2
FAIL: gcc.dg/vect/slp-11c.c -flto -ffat-lto-objects scan-tree-dump-times vect "vectorized 0 loops" 1
FAIL: gcc.dg/vect/slp-33.c -flto -ffat-lto-objects scan-tree-dump-times vect "vectorized 2 loops" 1
FAIL: gcc.dg/vect/slp-33.c -flto -ffat-lto-objects scan-tree-dump-times vect "vectorizing stmts using SLP" 2
FAIL: gcc.dg/vect/bb-slp-32.c -flto -ffat-lto-objects scan-tree-dump slp "vectorization is not profitable"
FAIL: gcc.dg/vect/no-vfa-vect-depend-2.c scan-tree-dump-times vect "vectorized 1 loops" 1
FAIL: gcc.dg/vect/no-vfa-vect-depend-3.c scan-tree-dump-times vect "vectorized 1 loops" 4
FAIL: gcc.target/spu/intrinsics-1.c (test for errors, line 13)
FAIL: gcc.target/spu/intrinsics-1.c (test for warnings, line 13)
=== gcc Summary ===
# of expected passes 86321
# of unexpected failures 55
# of expected failures 237
# of unresolved testcases 5
# of unsupported tests 1682
/home/uweigand/dailybuild/spu-tc-2014-04-02/gcc-build/gcc/xgcc version 4.9.0 20140402 (experimental) (GCC)
=== gfortran tests ===
Running target cell-native
FAIL: gfortran.dg/array_constructor_45.f90 -O0 execution test
FAIL: gfortran.dg/bind_c_array_params_2.f90 -O scan-assembler-times myBindC 1
FAIL: gfortran.dg/char_result_13.f90 -O3 -fomit-frame-pointer execution test
FAIL: gfortran.dg/char_result_13.f90 -O3 -fomit-frame-pointer -funroll-all-loops -finline-functions execution test
FAIL: gfortran.dg/char_result_13.f90 -O3 -g execution test
XPASS: gfortran.dg/default_format_denormal_1.f90 -O0 execution test
XPASS: gfortran.dg/default_format_denormal_1.f90 -O1 execution test
XPASS: gfortran.dg/default_format_denormal_1.f90 -O2 execution test
XPASS: gfortran.dg/default_format_denormal_1.f90 -O3 -fomit-frame-pointer execution test
XPASS: gfortran.dg/default_format_denormal_1.f90 -O3 -fomit-frame-pointer -funroll-loops execution test
XPASS: gfortran.dg/default_format_denormal_1.f90 -O3 -fomit-frame-pointer -funroll-all-loops -finline-functions execution test
XPASS: gfortran.dg/default_format_denormal_1.f90 -O3 -g execution test
XPASS: gfortran.dg/default_format_denormal_1.f90 -Os execution test
FAIL: gfortran.dg/minlocval_3.f90 -O1 execution test
FAIL: gfortran.dg/minlocval_3.f90 -O2 execution test
FAIL: gfortran.dg/minlocval_3.f90 -O3 -fomit-frame-pointer execution test
FAIL: gfortran.dg/minlocval_3.f90 -O3 -fomit-frame-pointer -funroll-loops execution test
FAIL: gfortran.dg/minlocval_3.f90 -O3 -fomit-frame-pointer -funroll-all-loops -finline-functions execution test
FAIL: gfortran.dg/minlocval_3.f90 -O3 -g execution test
FAIL: gfortran.dg/minlocval_3.f90 -Os execution test
FAIL: gfortran.dg/vect/vect-8.f90 -O scan-tree-dump-times vect "vectorized 19 loops" 1
FAIL: gfortran.dg/vect/fast-math-rnflow-trs2a2.f90 scan-tree-dump-times vect "vectorized 1 loops" 1
FAIL: gfortran.fortran-torture/execute/forall_4.f90 execution, -O3 -g
=== gfortran Summary ===
# of expected passes 43781
# of unexpected failures 15
# of unexpected successes 8
# of expected failures 99
# of unsupported tests 581
/home/uweigand/dailybuild/spu-tc-2014-04-02/gcc-build/gcc/testsuite/gfortran/../../gfortran version 4.9.0 20140402 (experimental) (GCC)
Compiler version: 4.9.0 20140402 (experimental) (GCC)
Platform: spu-unknown-elf
configure flags: --target=spu --disable-nls --disable-libsanitizer --enable-languages=c,c++,fortran --with-headers --enable-version-specific-runtime-libs --with-gmp=/home/uweigand/dailybuild/prereqs/install --with-mpfr=/home/uweigand/dailybuild/prereqs/install --with-mpc=/home/uweigand/dailybuild/prereqs/install --prefix=/home/uweigand/dailybuild/spu-tc-2014-04-02/spu-toolchain
############################################################
# Binutils test suite results #
############################################################
Target is spu-unknown-elf
Host is powerpc64-unknown-linux-gnu
=== binutils tests ===
Running target unix
WARNING: Assuming target board is the local machine (which is probably wrong).
=== binutils Summary ===
# of expected passes 86
# of unsupported tests 6
Host is powerpc64-unknown-linux-gnu
=== gas tests ===
Running target unix
WARNING: Assuming target board is the local machine (which is probably wrong).
=== gas Summary ===
# of expected passes 132
Host is powerpc64-unknown-linux-gnu
=== ld tests ===
Running target unix
WARNING: Assuming target board is the local machine (which is probably wrong).
FAIL: --gc-sections with --defsym
=== ld Summary ===
# of expected passes 228
# of unexpected failures 1
# of expected failures 5
# of untested testcases 1
# of unsupported tests 3
Platform: spu-unknown-elf
configure flags: --disable-gdb --disable-libdecnumber --disable-readline --disable-sim --target=spu --prefix=/home/uweigand/dailybuild/spu-tc-2014-04-02/spu-toolchain
############################################################
# GDB test suite results #
############################################################
Native configuration is powerpc64-unknown-linux-gnu
=== gdb tests ===
Running target unix/-m32
FAIL: gdb.cell/ea-standalone.exp: p myarray[0]
FAIL: gdb.cell/ea-standalone.exp: p myarray[0]
FAIL: gdb.cell/ea-standalone.exp: p myarray[0]
FAIL: gdb.cell/gcore.exp: backtrace in thread 1
FAIL: gdb.cell/gcore.exp: backtrace in thread 2
FAIL: gdb.cell/gcore.exp: backtrace in thread 3
FAIL: gdb.cell/gcore.exp: backtrace in thread 4
FAIL: gdb.cell/gcore.exp: backtrace in thread 5
FAIL: gdb.cell/data.exp: check_var var_char = 'c'
FAIL: gdb.cell/data.exp: check_var var_short = 7
FAIL: gdb.cell/data.exp: check_var var_int = 1337
FAIL: gdb.cell/data.exp: check_var var_long = 123456
FAIL: gdb.cell/data.exp: check_var var_longlong = 123456789
FAIL: gdb.cell/core.exp: backtrace in thread 2
FAIL: gdb.cell/core.exp: backtrace in thread 3
FAIL: gdb.cell/core.exp: backtrace in thread 4
FAIL: gdb.cell/core.exp: backtrace in thread 5
FAIL: gdb.cell/core.exp: backtrace in thread 6
=== gdb Summary for unix/-m32 ===
# of expected passes 8
Running target unix/-m64
FAIL: gdb.cell/bt.exp: backtrace
FAIL: gdb.cell/bt.exp: backtrace in thread 2
FAIL: gdb.cell/bt.exp: backtrace in thread 3
FAIL: gdb.cell/bt.exp: backtrace in thread 4
FAIL: gdb.cell/bt.exp: backtrace in thread 5
FAIL: gdb.cell/bt.exp: backtrace in thread 6
FAIL: gdb.cell/ea-standalone.exp: p myarray[0]
FAIL: gdb.cell/ea-standalone.exp: p myarray[0]
FAIL: gdb.cell/ea-standalone.exp: p myarray[0]
FAIL: gdb.cell/gcore.exp: backtrace in thread 1
FAIL: gdb.cell/gcore.exp: backtrace in thread 2
FAIL: gdb.cell/gcore.exp: backtrace in thread 3
FAIL: gdb.cell/gcore.exp: backtrace in thread 4
FAIL: gdb.cell/gcore.exp: backtrace in thread 5
FAIL: gdb.cell/data.exp: check_var var_char = 'c'
FAIL: gdb.cell/data.exp: check_var var_short = 7
FAIL: gdb.cell/data.exp: check_var var_int = 1337
FAIL: gdb.cell/data.exp: check_var var_long = 123456
FAIL: gdb.cell/data.exp: check_var var_longlong = 123456789
FAIL: gdb.cell/core.exp: backtrace in thread 2
FAIL: gdb.cell/core.exp: backtrace in thread 3
FAIL: gdb.cell/core.exp: backtrace in thread 4
FAIL: gdb.cell/core.exp: backtrace in thread 5
FAIL: gdb.cell/core.exp: backtrace in thread 6
=== gdb Summary for unix/-m64 ===
# of expected passes 8
=== gdb Summary ===
# of expected passes 2084
# of unexpected failures 42
# of expected failures 18
/home/uweigand/dailybuild/spu-tc-2014-04-02/gdb-build/gdb/testsuite/../../gdb/gdb version 7.7.50.20140402-cvs -nw -nx -data-directory /home/uweigand/dailybuild/spu-tc-2014-04-02/gdb-build/gdb/testsuite/../data-directory
Platform: powerpc64-unknown-linux-gnu
configure flags: --disable-binutils --disable-gas --disable-ld --disable-gprof --enable-targets=spu --with-expat --disable-nls --disable-install-libbfd --prefix=/home/uweigand/dailybuild/spu-tc-2014-04-02/spu-toolchain