This is the mail archive of the
gcc-testresults@gcc.gnu.org
mailing list for the GCC project.
Results for 4.9.0 20140330 (experimental) [trunk revision 208944] (Debian 4.9-20140330-1) testsuite on i486-pc-kfreebsd-gnu
- From: Matthias Klose <doko at debian dot org>
- To: gcc-testresults at gcc dot gnu dot org
- Cc: debian-gcc at lists dot debian dot org
- Date: Mon, 31 Mar 2014 17:54:19 +0000
- Subject: Results for 4.9.0 20140330 (experimental) [trunk revision 208944] (Debian 4.9-20140330-1) testsuite on i486-pc-kfreebsd-gnu
- Authentication-results: sourceware.org; auth=none
- Reply-to: Matthias Klose <doko at debian dot org>
LAST_UPDATED: Sun Mar 30 07:47:33 UTC 2014 (revision 208944)
Target: i486-kfreebsd-gnu
gcc version 4.9.0 20140330 (experimental) [trunk revision 208944] (Debian 4.9-20140330-1)
Native configuration is i486-pc-kfreebsd-gnu
=== g++ tests ===
Running target unix
=== g++ Summary for unix ===
# of expected passes 80662
# of expected failures 445
# of unsupported tests 2608
Running target unix/-fstack-protector
FAIL: g++.dg/fstack-protector-strong.C -std=gnu++98 scan-assembler-times stack_chk_fail 2
FAIL: g++.dg/fstack-protector-strong.C -std=gnu++11 scan-assembler-times stack_chk_fail 2
FAIL: g++.dg/fstack-protector-strong.C -std=gnu++1y scan-assembler-times stack_chk_fail 2
=== g++ Summary for unix/-fstack-protector ===
# of expected passes 80659
# of unexpected failures 3
# of expected failures 445
# of unsupported tests 2608
=== g++ Summary ===
# of expected passes 161321
# of unexpected failures 3
# of expected failures 890
# of unsupported tests 5216
/build/gcc-4.9-bBBEim/gcc-4.9-4.9-20140330/build/gcc/testsuite/g++/../../xg++ version 4.9.0 20140330 (experimental) [trunk revision 208944] (Debian 4.9-20140330-1)
=== gcc tests ===
Running target unix
FAIL: largefile.c -O0 -g -I. -Dwith_PCH (internal compiler error)
FAIL: largefile.c -O0 -g -I. -Dwith_PCH (test for excess errors)
FAIL: gcc.dg/pch/largefile.c -O0 -g assembly comparison
FAIL: largefile.c -O0 -I. -Dwith_PCH (internal compiler error)
FAIL: largefile.c -O0 -I. -Dwith_PCH (test for excess errors)
FAIL: gcc.dg/pch/largefile.c -O0 assembly comparison
FAIL: largefile.c -O1 -I. -Dwith_PCH (test for excess errors)
FAIL: gcc.dg/pch/largefile.c -O1 assembly comparison
FAIL: largefile.c -O2 -I. -Dwith_PCH (test for excess errors)
FAIL: gcc.dg/pch/largefile.c -O2 assembly comparison
FAIL: largefile.c -O3 -fomit-frame-pointer -I. -Dwith_PCH (test for excess errors)
FAIL: gcc.dg/pch/largefile.c -O3 -fomit-frame-pointer assembly comparison
FAIL: largefile.c -O3 -g -I. -Dwith_PCH (test for excess errors)
FAIL: gcc.dg/pch/largefile.c -O3 -g assembly comparison
FAIL: largefile.c -Os -I. -Dwith_PCH (test for excess errors)
FAIL: gcc.dg/pch/largefile.c -Os assembly comparison
=== gcc Summary for unix ===
# of expected passes 100644
# of unexpected failures 16
# of expected failures 252
# of unsupported tests 1125
Running target unix/-fstack-protector
FAIL: gcc.dg/fstack-protector-strong.c scan-assembler-times stack_chk_fail 10
FAIL: gcc.dg/stack-usage-1.c scan-file foo\\t(256|264)\\tstatic
FAIL: gcc.dg/superblock.c scan-rtl-dump-times sched2 "ADVANCING TO" 2
FAIL: largefile.c -O0 -g -I. -Dwith_PCH (internal compiler error)
FAIL: largefile.c -O0 -g -I. -Dwith_PCH (test for excess errors)
FAIL: gcc.dg/pch/largefile.c -O0 -g assembly comparison
FAIL: largefile.c -O0 -I. -Dwith_PCH (internal compiler error)
FAIL: largefile.c -O0 -I. -Dwith_PCH (test for excess errors)
FAIL: gcc.dg/pch/largefile.c -O0 assembly comparison
FAIL: largefile.c -O1 -I. -Dwith_PCH (test for excess errors)
FAIL: gcc.dg/pch/largefile.c -O1 assembly comparison
FAIL: largefile.c -O2 -I. -Dwith_PCH (internal compiler error)
FAIL: largefile.c -O2 -I. -Dwith_PCH (test for excess errors)
FAIL: gcc.dg/pch/largefile.c -O2 assembly comparison
FAIL: largefile.c -O3 -fomit-frame-pointer -I. -Dwith_PCH (internal compiler error)
FAIL: largefile.c -O3 -fomit-frame-pointer -I. -Dwith_PCH (test for excess errors)
FAIL: gcc.dg/pch/largefile.c -O3 -fomit-frame-pointer assembly comparison
FAIL: largefile.c -O3 -g -I. -Dwith_PCH (test for excess errors)
FAIL: gcc.dg/pch/largefile.c -O3 -g assembly comparison
FAIL: largefile.c -Os -I. -Dwith_PCH (internal compiler error)
FAIL: largefile.c -Os -I. -Dwith_PCH (test for excess errors)
FAIL: gcc.dg/pch/largefile.c -Os assembly comparison
=== gcc Summary for unix/-fstack-protector ===
# of expected passes 100644
# of unexpected failures 22
# of expected failures 252
# of unsupported tests 1125
=== gcc Summary ===
# of expected passes 201288
# of unexpected failures 38
# of expected failures 504
# of unsupported tests 2250
/build/gcc-4.9-bBBEim/gcc-4.9-4.9-20140330/build/gcc/xgcc version 4.9.0 20140330 (experimental) [trunk revision 208944] (Debian 4.9-20140330-1)
=== gfortran tests ===
Running target unix
=== gfortran Summary for unix ===
# of expected passes 45257
# of expected failures 52
# of unsupported tests 231
Running target unix/-fstack-protector
=== gfortran Summary for unix/-fstack-protector ===
# of expected passes 45257
# of expected failures 52
# of unsupported tests 231
=== gfortran Summary ===
# of expected passes 90514
# of expected failures 104
# of unsupported tests 462
/build/gcc-4.9-bBBEim/gcc-4.9-4.9-20140330/build/gcc/testsuite/gfortran/../../gfortran version 4.9.0 20140330 (experimental) [trunk revision 208944] (Debian 4.9-20140330-1)
=== obj-c++ tests ===
Running target unix
=== obj-c++ Summary for unix ===
# of expected passes 1449
# of expected failures 2
# of unsupported tests 86
Running target unix/-fstack-protector
=== obj-c++ Summary for unix/-fstack-protector ===
# of expected passes 1449
# of expected failures 2
# of unsupported tests 86
=== obj-c++ Summary ===
# of expected passes 2898
# of expected failures 4
# of unsupported tests 172
/build/gcc-4.9-bBBEim/gcc-4.9-4.9-20140330/build/gcc/testsuite/obj-c++/../../xg++ version 4.9.0 20140330 (experimental) [trunk revision 208944] (Debian 4.9-20140330-1)
=== objc tests ===
Running target unix
=== objc Summary for unix ===
# of expected passes 2988
# of expected failures 6
# of unsupported tests 74
Running target unix/-fstack-protector
=== objc Summary for unix/-fstack-protector ===
# of expected passes 2988
# of expected failures 6
# of unsupported tests 74
=== objc Summary ===
# of expected passes 5976
# of expected failures 12
# of unsupported tests 148
/build/gcc-4.9-bBBEim/gcc-4.9-4.9-20140330/build/gcc/xgcc version 4.9.0 20140330 (experimental) [trunk revision 208944] (Debian 4.9-20140330-1)
=== boehm-gc tests ===
Running target unix
=== boehm-gc Summary for unix ===
# of expected passes 12
# of unsupported tests 1
Running target unix/-fstack-protector
=== boehm-gc Summary for unix/-fstack-protector ===
# of expected passes 12
# of unsupported tests 1
=== boehm-gc Summary ===
# of expected passes 24
# of unsupported tests 2
=== libatomic tests ===
Running target unix
=== libatomic Summary for unix ===
# of expected passes 44
# of unsupported tests 5
Running target unix/-fstack-protector
=== libatomic Summary for unix/-fstack-protector ===
# of expected passes 44
# of unsupported tests 5
=== libatomic Summary ===
# of expected passes 88
# of unsupported tests 10
=== libffi tests ===
Running target unix
=== libffi Summary for unix ===
# of expected passes 1819
# of unsupported tests 55
Running target unix/-fstack-protector
=== libffi Summary for unix/-fstack-protector ===
# of expected passes 1819
# of unsupported tests 55
=== libffi Summary ===
# of expected passes 3638
# of unsupported tests 110
=== libgomp tests ===
Running target unix
FAIL: libgomp.c/lock-2.c execution test
WARNING: program timed out.
FAIL: libgomp.c/lock-3.c execution test
FAIL: libgomp.c++/affinity-1.C (test for excess errors)
UNRESOLVED: libgomp.c++/affinity-1.C compilation failed to produce executable
=== libgomp Summary for unix ===
# of expected passes 2408
# of unexpected failures 3
# of unresolved testcases 1
Running target unix/-fstack-protector
FAIL: libgomp.c/lock-1.c execution test
FAIL: libgomp.c/lock-2.c execution test
WARNING: program timed out.
FAIL: libgomp.c/lock-3.c execution test
FAIL: libgomp.c++/affinity-1.C (test for excess errors)
UNRESOLVED: libgomp.c++/affinity-1.C compilation failed to produce executable
=== libgomp Summary for unix/-fstack-protector ===
# of expected passes 2407
# of unexpected failures 4
# of unresolved testcases 1
=== libgomp Summary ===
# of expected passes 4815
# of unexpected failures 7
# of unresolved testcases 2
=== libjava tests ===
Running target unix
FAIL: Throw_2 execution - source compiled test
FAIL: Throw_2 -findirect-dispatch execution - source compiled test
FAIL: Throw_2 -O3 execution - source compiled test
FAIL: Throw_2 -O3 -findirect-dispatch execution - source compiled test
=== libjava Summary for unix ===
# of expected passes 2574
# of unexpected failures 4
# of expected failures 4
# of untested testcases 4
Running target unix/-fstack-protector
FAIL: Throw_2 execution - source compiled test
FAIL: Throw_2 -findirect-dispatch execution - source compiled test
FAIL: Throw_2 -O3 execution - source compiled test
FAIL: Throw_2 -O3 -findirect-dispatch execution - source compiled test
=== libjava Summary for unix/-fstack-protector ===
# of expected passes 2574
# of unexpected failures 4
# of expected failures 4
# of untested testcases 4
=== libjava Summary ===
# of expected passes 5148
# of unexpected failures 8
# of expected failures 8
# of untested testcases 8
=== libstdc++ tests ===
Running target unix
FAIL: 22_locale/time_get/get_date/wchar_t/4.cc execution test
=== libstdc++ Summary for unix ===
# of expected passes 9875
# of unexpected failures 1
# of expected failures 41
# of unsupported tests 241
Running target unix/-fstack-protector
FAIL: 22_locale/time_get/get_date/wchar_t/4.cc execution test
=== libstdc++ Summary for unix/-fstack-protector ===
# of expected passes 9875
# of unexpected failures 1
# of expected failures 41
# of unsupported tests 241
=== libstdc++ Summary ===
# of expected passes 19750
# of unexpected failures 2
# of expected failures 82
# of unsupported tests 482
Compiler version: 4.9.0 20140330 (experimental) [trunk revision 208944] (Debian 4.9-20140330-1)
Platform: i486-pc-kfreebsd-gnu
configure flags: -v --with-pkgversion='Debian 4.9-20140330-1' --with-bugurl=file:///usr/share/doc/gcc-4.9/README.Bugs --enable-languages=c,c++,java,fortran,objc,obj-c++ --prefix=/usr --program-suffix=-4.9 --enable-shared --enable-linker-build-id --libexecdir=/usr/lib --without-included-gettext --enable-threads=posix --with-gxx-include-dir=/usr/include/c++/4.9 --libdir=/usr/lib --enable-nls --with-sysroot=/ --enable-clocale=gnu --enable-libstdcxx-debug --enable-libstdcxx-time=yes --disable-libmudflap --disable-libitm --disable-libsanitizer --enable-plugin --with-system-zlib --disable-browser-plugin --enable-java-awt=gtk --enable-gtk-cairo --with-java-home=/usr/lib/jvm/java-1.5.0-gcj-4.9-kfreebsd-i386/jre --enable-java-home --with-jvm-root-dir=/usr/lib/jvm/java-1.5.0-gcj-4.9-kfreebsd-i386 --with-jvm-jar-dir=/usr/lib/jvm-exports/java-1.5.0-gcj-4.9-kfreebsd-i386 --with-arch-directory=i386 --with-ecj-jar=/usr/share/java/eclipse-ecj.jar --enable-objc-gc --enable-multiarch --with-arch-32=i586 --with-tune=generic --enable-checking=release --build=i486-kfreebsd-gnu --host=i486-kfreebsd-gnu --target=i486-kfreebsd-gnu
BOOT_CFLAGS=
Build Dependencies:
Desired=Unknown/Install/Remove/Purge/Hold
| Status=Not/Inst/Conf-files/Unpacked/halF-conf/Half-inst/trig-aWait/Trig-pend
|/ Err?=(none)/Reinst-required (Status,Err: uppercase=bad)
||/ Name Version Architecture Description
+++-==============================-==============-=============-===============================================================================
ii binutils 2.24-3 kfreebsd-i386 GNU assembler, linker and binary utilities
ii g++-4.8 4.8.2-16 kfreebsd-i386 GNU C++ compiler
ii libc0.1:kfreebsd-i386 2.18-4 kfreebsd-i386 Embedded GNU C Library: Shared libraries
ii libcloog-isl-dev:kfreebsd-i386 0.18.2-1 kfreebsd-i386 Chunky Loop Generator (development files)
ii libgmp-dev:kfreebsd-i386 2:6.0.0+dfsg-1 kfreebsd-i386 Multiprecision arithmetic library developers tools
ii libisl-dev:kfreebsd-i386 0.12.2-1 kfreebsd-i386 manipulating sets and relations of integer points bounded by linear constraints
ii libmpc-dev:kfreebsd-i386 1.0.1-1 kfreebsd-i386 multiple precision complex floating-point library development package
ii libmpfr-dev:kfreebsd-i386 3.1.2-1 kfreebsd-i386 multiple precision floating-point computation developers tools
gcc-gfdl-build:
Build a dummy s-tm-texi without access to the texinfo sources
gcc-textdomain:
Set gettext's domain and textdomain to the versioned package name.
gcc-driver-extra-langs:
Add options and specs for languages that are not built from a source
(but built from separate sources).
gcc-hash-style-gnu:
Link using --hash-style=gnu (aarch64, alpha, amd64, armel, armhf, ia64,
i386, powerpc, ppc64, s390, sparc)
libstdc++-pic:
Build and install libstdc++_pic.a library.
libstdc++-doclink:
adjust hrefs to point to the local documentation
libstdc++-man-3cxx:
Install libstdc++ man pages with suffix .3cxx instead of .3
libstdc++-test-installed:
Add support to run the libstdc++-v3 testsuite using the
installed shared libraries.
libjava-stacktrace:
libgcj: Lookup source file name and line number in separated
debug files found in /usr/lib/debug
libjava-jnipath:
- Add /usr/lib/jni and /usr/lib/<multiarch>/jni to java.library.path.
- When running the i386 binaries on amd64, look in
- /usr/lib32/gcj-x.y and /usr/lib32/jni instead.
libjava-sjlj:
Don't try to use _Unwind_Backtrace on SJLJ targets.
See bug #387875, #388505, GCC PR 29206.
libjava-disable-plugin:
Don't build the gcjwebplugin, even when configured with --enable-plugin
alpha-no-ev4-directive:
never emit .ev4 directive.
boehm-gc-getnprocs:
boehm-gc/pthread_support.c (GC_get_nprocs): Use sysconf as fallback.
note-gnu-stack:
Add .note.GNU-stack sections for gcc's crt files, libffi and boehm-gc
Taken from FC.
libgomp-omp_h-multilib:
Fix up omp.h for multilibs.
sparc-force-cpu:
On sparc default to ultrasparc (v9a) in 32bit mode
gccgo-version:
Omit the subminor number from the go libdir
pr47818:
Fix PR ada/47818: Pragma Assert is rejected with No_Implementation_Pragmas restriction.
pr49944:
apply proposed patch for PR ada/49444.
gcc-base-version:
Set base version to 4.9, introduce full version 4.9.x.
libgo-testsuite:
Only run the libgo testsuite for flags configured in RUNTESTFLAGS
gcc-target-include-asm:
Search \$(builddir)/sys-include for the asm header files
libgo-revert-timeout-exp:
libgo-setcontext-config:
libgo: Overwrite the setcontext_clobbers_tls check on mips*
gcc-auto-build:
Fix cross building a native compiler.
kfreebsd-unwind:
DWARF2 EH unwinding support for AMD x86-64 and x86 KFreeBSD.
kfreebsd-boehm-gc:
boehm-gc: use mmap instead of brk also on kfreebsd-*.
libffi-m68k:
Apply #660525 fix to in-tree libffi
libitm-no-fortify-source:
Build libitm with -U_FORTIFY_SOURCE on x86 and x86_64.
gcc-d-lang:
Add D options and specs for the gcc driver.
gcc-sysroot:
Allow building --with-sysroot=/
ada-kfreebsd:
add support for GNU/kFreeBSD.
sys-auxv-header:
Check for the sys/auxv.h header file.
libcilkrts-targets:
Disable libcilkrts on KFreeBSD and the Hurd. See #734973.
go-use-gold:
Pass -fuse-ld=gold to gccgo on targets supporting -fsplit-stack
arm-multilib-defaults:
Set MULTILIB_DEFAULTS for ARM multilib builds
gcc-ice-hack:
Retry the build on an ice, save the calling options and preprocessed
source when the ice is reproducible.
gcc-ice-apport:
Report an ICE to apport (if apport is available
and the environment variable GCC_NOAPPORT is not set)
libjava-fixed-symlinks:
Remove unneed '..' elements from symlinks in JAVA_HOME
libstdc++-arm-wno-abi:
Temporary work around:
On arm-linux-gnueabi run the libstdc++v3 testsuite with -Wno-abi
ada-mips:
Improve support for mips.
libffi-ro-eh_frame_sect:
PR libffi/47248, force a read only eh frame section.
gcc-multiarch:
- Remaining multiarch patches, not yet submitted upstream.
- Add MULTIARCH_DIRNAME definitions for multilib configurations,
which are used for the non-multilib builds.
libjava-multiarch:
Install libjava libraries to multiarch location
libjava-nobiarch-check:
For biarch builds, disable the testsuite for the non-default architecture
for runtime libraries, which are not built by default (libjava).
config-ml:
- Disable some biarch libraries for biarch builds.
- Fix multilib builds on kernels which don't support all multilibs.
g++-multiarch-incdir:
Use /usr/include/<multiarch>/c++/4.x as the include directory
for host dependent c++ header files.
gcc-multilib-multiarch:
Don't auto-detect multilib osdirnames.
mips-fix-loongson2f-nop:
On mips, pass -mfix-loongson2f-nop to as, if -mno-fix-loongson2f-nop
is not passed.
libgomp-kfreebsd-testsuite:
Disable lock-2.c test on kfreebsd-*
go-testsuite:
Skip Go testcase on AArch64 which hangs on the buildds.
libstdc++-link-pthread:
Link libstdc++ tests requiring libpthread symbols with --no-as-needed.
fix-ffi_call_VFP-with-no-VFP-argument:
armhf: Fix ffi_call_VFP with no VFP arguments.
Counting all warnings,
there are 0 warnings in stage3 of this bootstrap.
Number of warnings per file:
Number of warning types: