This is the mail archive of the
gcc-testresults@gcc.gnu.org
mailing list for the GCC project.
Results for 4.8.3 20140328 (prerelease) [gcc-4_8-branch revision 208911] (GCC) testsuite on hppa64-hp-hpux11.11
- From: John David Anglin <dave at hiauly3 dot hia dot nrc dot ca>
- To: dave at hiauly3 dot hia dot nrc dot ca, gcc-testresults at gcc dot gnu dot org
- Date: Sat, 29 Mar 2014 19:54:24 -0400 (EDT)
- Subject: Results for 4.8.3 20140328 (prerelease) [gcc-4_8-branch revision 208911] (GCC) testsuite on hppa64-hp-hpux11.11
- Authentication-results: sourceware.org; auth=none
Native configuration is hppa64-hp-hpux11.11
=== g++ tests ===
Running target unix
FAIL: g++.dg/debug/dwarf2/non-virtual-thunk.C -std=gnu++98 scan-assembler thunk.C:30
FAIL: g++.dg/debug/dwarf2/non-virtual-thunk.C -std=gnu++11 scan-assembler thunk.C:30
FAIL: g++.dg/opt/pr56999.C -std=gnu++98 (test for excess errors)
FAIL: g++.dg/opt/pr56999.C -std=gnu++11 (test for excess errors)
WARNING: program timed out.
FAIL: g++.dg/simulate-thread/atomics-1.C -O0 -g thread simulation test
FAIL: g++.dg/simulate-thread/atomics-2.C -O0 -g thread simulation test
FAIL: g++.dg/tree-prof/pr59255.C compilation, -fprofile-generate
UNRESOLVED: g++.dg/tree-prof/pr59255.C execution, -fprofile-generate
UNRESOLVED: g++.dg/tree-prof/pr59255.C compilation, -fprofile-use
UNRESOLVED: g++.dg/tree-prof/pr59255.C execution, -fprofile-use
=== g++ Summary ===
# of expected passes 48661
# of unexpected failures 7
# of expected failures 292
# of unresolved testcases 3
# of unsupported tests 1226
/mnt/gnu/gcc/objdir-test/gcc/testsuite/g++/../../xg++ version 4.8.3 20140328 (prerelease) [gcc-4_8-branch revision 208911] (GCC)
=== gcc tests ===
Running target unix
FAIL: gcc.c-torture/compile/pr55921.c -O0 (internal compiler error)
FAIL: gcc.c-torture/compile/pr55921.c -O0 (test for excess errors)
FAIL: gcc.c-torture/compile/pr55921.c -O1 (internal compiler error)
FAIL: gcc.c-torture/compile/pr55921.c -O1 (test for excess errors)
FAIL: gcc.c-torture/compile/pr55921.c -O2 (internal compiler error)
FAIL: gcc.c-torture/compile/pr55921.c -O2 (test for excess errors)
FAIL: gcc.c-torture/compile/pr55921.c -O3 -fomit-frame-pointer (internal compiler error)
FAIL: gcc.c-torture/compile/pr55921.c -O3 -fomit-frame-pointer (test for excess errors)
FAIL: gcc.c-torture/compile/pr55921.c -O3 -g (internal compiler error)
FAIL: gcc.c-torture/compile/pr55921.c -O3 -g (test for excess errors)
FAIL: gcc.c-torture/compile/pr55921.c -Os (internal compiler error)
FAIL: gcc.c-torture/compile/pr55921.c -Os (test for excess errors)
FAIL: gcc.c-torture/compile/pr55921.c -O2 -flto -flto-partition=none (internal compiler error)
FAIL: gcc.c-torture/compile/pr55921.c -O2 -flto -flto-partition=none (test for excess errors)
FAIL: gcc.c-torture/compile/pr55921.c -O2 -flto (internal compiler error)
FAIL: gcc.c-torture/compile/pr55921.c -O2 -flto (test for excess errors)
WARNING: program timed out.
=== gcc Summary ===
# of expected passes 78987
# of unexpected failures 16
# of expected failures 126
# of unsupported tests 1561
/mnt/gnu/gcc/objdir-test/gcc/xgcc version 4.8.3 20140328 (prerelease) [gcc-4_8-branch revision 208911] (GCC)
=== gfortran tests ===
Running target unix
FAIL: gfortran.dg/fmt_en.f90 -O0 execution test
FAIL: gfortran.dg/fmt_en.f90 -O1 execution test
FAIL: gfortran.dg/fmt_en.f90 -O2 execution test
FAIL: gfortran.dg/fmt_en.f90 -O3 -fomit-frame-pointer execution test
FAIL: gfortran.dg/fmt_en.f90 -O3 -fomit-frame-pointer -funroll-loops execution test
FAIL: gfortran.dg/fmt_en.f90 -O3 -fomit-frame-pointer -funroll-all-loops -finline-functions execution test
FAIL: gfortran.dg/fmt_en.f90 -O3 -g execution test
FAIL: gfortran.dg/fmt_en.f90 -Os execution test
=== gfortran Summary ===
# of expected passes 42456
# of unexpected failures 8
# of expected failures 42
# of unsupported tests 377
/mnt/gnu/gcc/objdir-test/gcc/testsuite/gfortran/../../gfortran version 4.8.3 20140328 (prerelease) [gcc-4_8-branch revision 208911] (GCC)
=== obj-c++ tests ===
Running target unix
=== obj-c++ Summary ===
# of expected passes 1442
# of expected failures 10
# of unsupported tests 86
/mnt/gnu/gcc/objdir-test/gcc/testsuite/obj-c++/../../xg++ version 4.8.3 20140328 (prerelease) [gcc-4_8-branch revision 208911] (GCC)
=== objc tests ===
Running target unix
=== objc Summary ===
# of expected passes 2992
# of unsupported tests 75
/mnt/gnu/gcc/objdir-test/gcc/xgcc version 4.8.3 20140328 (prerelease) [gcc-4_8-branch revision 208911] (GCC)
=== libatomic tests ===
Running target unix
=== libatomic Summary ===
# of expected passes 4
# of unsupported tests 25
=== libgomp tests ===
Running target unix
=== libgomp Summary ===
# of expected passes 2987
# of unsupported tests 10
=== libstdc++ tests ===
Running target unix
FAIL: 23_containers/bitset/45713.cc (test for excess errors)
=== libstdc++ Summary ===
# of expected passes 7654
# of unexpected failures 1
# of expected failures 45
# of unsupported tests 893
Compiler version: 4.8.3 20140328 (prerelease) [gcc-4_8-branch revision 208911] (GCC)
Platform: hppa64-hp-hpux11.11
configure flags:Test Run By dave on Sat Mar 29 05:37:44 2014