This is the mail archive of the
gcc-testresults@gcc.gnu.org
mailing list for the GCC project.
Results for 4.9.0 20140328 (experimental) [trunk revision 208895] (GCC) testsuite on x86_64-pc-solaris2.10
- From: Rainer Orth <ro at CeBiTec dot Uni-Bielefeld dot DE>
- To: gcc-testresults at gcc dot gnu dot org
- Date: Sat, 29 Mar 2014 23:22:07 +0100 (MET)
- Subject: Results for 4.9.0 20140328 (experimental) [trunk revision 208895] (GCC) testsuite on x86_64-pc-solaris2.10
- Authentication-results: sourceware.org; auth=none
LAST_UPDATED: Fri Mar 28 13:24:07 UTC 2014 (revision 208895)
Native configuration is x86_64-pc-solaris2.10
=== boehm-gc tests ===
Running target unix/-m32
=== boehm-gc Summary for unix/-m32 ===
# of expected passes 12
# of unsupported tests 1
Running target unix
=== boehm-gc Summary for unix ===
# of expected passes 12
# of unsupported tests 1
=== boehm-gc Summary ===
# of expected passes 24
# of unsupported tests 2
=== libatomic tests ===
Running target unix/-m32
=== libatomic Summary for unix/-m32 ===
# of expected passes 44
# of unsupported tests 5
Running target unix
=== libatomic Summary for unix ===
# of expected passes 54
=== libatomic Summary ===
# of expected passes 98
# of unsupported tests 5
=== libffi tests ===
Running target unix/-m32
=== libffi Summary for unix/-m32 ===
# of expected passes 1819
# of unsupported tests 55
Running target unix
=== libffi Summary for unix ===
# of expected passes 1819
# of unsupported tests 55
=== libffi Summary ===
# of expected passes 3638
# of unsupported tests 110
=== libgo tests ===
Running target unix
FAIL: net
=== libgo Summary for unix ===
# of expected passes 121
# of unexpected failures 1
Running target unix/-m32
FAIL: net
FAIL: runtime
FAIL: net/http
FAIL: sync/atomic
=== libgo Summary for unix/-m32 ===
# of expected passes 118
# of unexpected failures 4
=== libgo Summary ===
# of expected passes 239
# of unexpected failures 5
/var/gcc/regression/trunk/10-gcc-gas-64/build/./gcc/gccgo version 4.9.0 20140328 (experimental) [trunk revision 208895] (GCC)
=== libgomp tests ===
Running target unix/-m32
=== libgomp Summary for unix/-m32 ===
# of expected passes 2406
# of unsupported tests 3
Running target unix
=== libgomp Summary for unix ===
# of expected passes 2406
# of unsupported tests 3
=== libgomp Summary ===
# of expected passes 4812
# of unsupported tests 6
=== libitm tests ===
Running target unix/-m32
=== libitm Summary for unix/-m32 ===
# of expected passes 26
# of expected failures 3
# of unsupported tests 1
Running target unix
=== libitm Summary for unix ===
# of expected passes 26
# of expected failures 3
# of unsupported tests 1
=== libitm Summary ===
# of expected passes 52
# of expected failures 6
# of unsupported tests 2
=== libjava tests ===
Running target unix/-m32
=== libjava Summary for unix/-m32 ===
# of expected passes 2582
# of expected failures 4
Running target unix
=== libjava Summary for unix ===
# of expected passes 2582
# of expected failures 4
=== libjava Summary ===
# of expected passes 5164
# of expected failures 8
=== libstdc++ tests ===
Running target unix
FAIL: ext/random/hypergeometric_distribution/operators/values.cc execution test
=== libstdc++ Summary for unix ===
# of expected passes 8973
# of unexpected failures 1
# of expected failures 42
# of unsupported tests 593
Running target unix/-m32
FAIL: ext/random/hypergeometric_distribution/operators/values.cc execution test
=== libstdc++ Summary for unix/-m32 ===
# of expected passes 8973
# of unexpected failures 1
# of expected failures 42
# of unsupported tests 593
=== libstdc++ Summary ===
# of expected passes 17946
# of unexpected failures 2
# of expected failures 84
# of unsupported tests 1186
=== acats tests ===
FAIL: c34007d
FAIL: c34007g
FAIL: c34007s
FAIL: c37213j
FAIL: c37213k
FAIL: c37213l
FAIL: ce2201g
FAIL: cxa5a03
FAIL: cxa5a04
FAIL: cxa5a06
FAIL: cxg2013
FAIL: cxg2015
=== acats Summary ===
# of expected passes 2308
# of unexpected failures 12
=== g++ tests ===
Running target unix
FAIL: g++.dg/cpp0x/udlit-general.C -std=c++1y (test for excess errors)
WARNING: g++.dg/cpp0x/udlit-general.C -std=c++1y compilation failed to produce executable
WARNING: program timed out.
=== g++ Summary for unix ===
# of expected passes 82925
# of unexpected failures 1
# of expected failures 448
# of unsupported tests 3034
Running target unix/-m32
FAIL: g++.dg/cilk-plus/CK/catch_exc.cc -O1 -fcilkplus execution test
FAIL: g++.dg/cilk-plus/CK/catch_exc.cc -O3 -fcilkplus execution test
FAIL: g++.dg/cilk-plus/CK/catch_exc.cc -g -fcilkplus execution test
FAIL: g++.dg/cilk-plus/CK/catch_exc.cc -g -O2 -fcilkplus execution test
=== g++ Summary for unix/-m32 ===
# of expected passes 81591
# of unexpected failures 4
# of expected failures 448
# of unsupported tests 2774
=== g++ Summary ===
# of expected passes 164516
# of unexpected failures 5
# of expected failures 896
# of unsupported tests 5808
/var/gcc/regression/trunk/10-gcc-gas-64/build/gcc/testsuite/g++/../../xg++ version 4.9.0 20140328 (experimental) [trunk revision 208895] (GCC)
=== gcc tests ===
Running target unix
FAIL: gcc.c-torture/execute/20020614-1.c compilation, -O2 -flto -flto-partition=none
UNRESOLVED: gcc.c-torture/execute/20020614-1.c execution, -O2 -flto -flto-partition=none
FAIL: gcc.c-torture/execute/990604-1.c compilation, -O2
UNRESOLVED: gcc.c-torture/execute/990604-1.c execution, -O2
WARNING: program timed out.
WARNING: program timed out.
WARNING: program timed out.
FAIL: tmpdir-gcc.dg-struct-layout-1/t025 c_compat_x_tst.o-c_compat_y_tst.o link
UNRESOLVED: tmpdir-gcc.dg-struct-layout-1/t025 c_compat_x_tst.o-c_compat_y_tst.o execute
=== gcc Summary for unix ===
# of expected passes 101999
# of unexpected failures 3
# of expected failures 255
# of unresolved testcases 3
# of unsupported tests 1451
Running target unix/-m32
WARNING: program timed out.
FAIL: gcc.dg/atomic/c11-atomic-exec-3.c -O3 -fomit-frame-pointer -funroll-all-loops -finline-functions (test for excess errors)
WARNING: gcc.dg/atomic/c11-atomic-exec-3.c -O3 -fomit-frame-pointer -funroll-all-loops -finline-functions compilation failed to produce executable
WARNING: program timed out.
FAIL: gcc.dg/pr43419.c (test for excess errors)
FAIL: gcc.dg/lto/pr55113 c_lto_pr55113_0.o assemble, -flto -fshort-double -O0 (internal compiler error)
UNRESOLVED: gcc.dg/lto/pr55113 c_lto_pr55113_0.o-c_lto_pr55113_0.o link -flto -fshort-double -O0
UNRESOLVED: gcc.dg/lto/pr55113 c_lto_pr55113_0.o-c_lto_pr55113_0.o execute -flto -fshort-double -O0
WARNING: program timed out.
FAIL: gcc.dg/vect/no-scevccp-noreassoc-outer-4.c (test for excess errors)
WARNING: gcc.dg/vect/no-scevccp-noreassoc-outer-4.c compilation failed to produce executable
WARNING: program timed out.
FAIL: gcc.target/i386/bitfield1.c (test for excess errors)
=== gcc Summary for unix/-m32 ===
# of expected passes 101332
# of unexpected failures 5
# of expected failures 252
# of unresolved testcases 2
# of unsupported tests 1230
=== gcc Summary ===
# of expected passes 203331
# of unexpected failures 8
# of expected failures 507
# of unresolved testcases 5
# of unsupported tests 2681
/var/gcc/regression/trunk/10-gcc-gas-64/build/gcc/xgcc version 4.9.0 20140328 (experimental) [trunk revision 208895] (GCC)
=== gfortran tests ===
Running target unix
WARNING: program timed out.
=== gfortran Summary for unix ===
# of expected passes 45557
# of expected failures 52
# of unsupported tests 80
Running target unix/-m32
FAIL: gfortran.dg/class_array_3.f03 -O3 -fomit-frame-pointer -funroll-loops (test for excess errors)
WARNING: gfortran.dg/class_array_3.f03 -O3 -fomit-frame-pointer -funroll-loops compilation failed to produce executable
FAIL: gfortran.dg/dependency_40.f90 -O2 (test for excess errors)
FAIL: gfortran.dg/itime_idate_2.f -Os (test for excess errors)
WARNING: gfortran.dg/itime_idate_2.f -Os compilation failed to produce executable
FAIL: gfortran.dg/maxlocval_4.f90 -O3 -fomit-frame-pointer -funroll-all-loops -finline-functions (test for excess errors)
WARNING: gfortran.dg/maxlocval_4.f90 -O3 -fomit-frame-pointer -funroll-all-loops -finline-functions compilation failed to produce executable
FAIL: gfortran.dg/power_4.f90 -O0 (test for excess errors)
WARNING: gfortran.dg/power_4.f90 -O0 compilation failed to produce executable
WARNING: program timed out.
WARNING: program timed out.
WARNING: program timed out.
WARNING: program timed out.
WARNING: program timed out.
=== gfortran Summary for unix/-m32 ===
# of expected passes 45261
# of unexpected failures 5
# of expected failures 52
# of unsupported tests 218
=== gfortran Summary ===
# of expected passes 90818
# of unexpected failures 5
# of expected failures 104
# of unsupported tests 298
/var/gcc/regression/trunk/10-gcc-gas-64/build/gcc/testsuite/gfortran/../../gfortran version 4.9.0 20140328 (experimental) [trunk revision 208895] (GCC)
=== gnat tests ===
Running target unix/-m32
=== gnat Summary for unix/-m32 ===
# of expected passes 1219
# of expected failures 18
# of unsupported tests 6
Running target unix
=== gnat Summary for unix ===
# of expected passes 1219
# of expected failures 18
# of unsupported tests 6
=== gnat Summary ===
# of expected passes 2438
# of expected failures 36
# of unsupported tests 12
/var/gcc/regression/trunk/10-gcc-gas-64/build/gcc/gnatmake version 4.9.0 20140328 (experimental) [trunk revision 208895]
=== go tests ===
Running target unix
=== go Summary for unix ===
# of expected passes 7252
# of expected failures 1
# of untested testcases 9
# of unsupported tests 1
Running target unix/-m32
=== go Summary for unix/-m32 ===
# of expected passes 7371
# of expected failures 1
# of untested testcases 9
# of unsupported tests 2
=== go Summary ===
# of expected passes 14623
# of expected failures 2
# of untested testcases 18
# of unsupported tests 3
/var/gcc/regression/trunk/10-gcc-gas-64/build/gcc/testsuite/go/../../gccgo version 4.9.0 20140328 (experimental) [trunk revision 208895] (GCC)
=== obj-c++ tests ===
Running target unix/-m32
=== obj-c++ Summary for unix/-m32 ===
# of expected passes 1449
# of expected failures 2
# of unsupported tests 86
Running target unix
=== obj-c++ Summary for unix ===
# of expected passes 1441
# of expected failures 10
# of unsupported tests 86
=== obj-c++ Summary ===
# of expected passes 2890
# of expected failures 12
# of unsupported tests 172
/var/gcc/regression/trunk/10-gcc-gas-64/build/gcc/testsuite/obj-c++/../../xg++ version 4.9.0 20140328 (experimental) [trunk revision 208895] (GCC)
=== objc tests ===
Running target unix
=== objc Summary for unix ===
# of expected passes 2988
# of expected failures 6
# of unsupported tests 74
Running target unix/-m32
=== objc Summary for unix/-m32 ===
# of expected passes 2988
# of expected failures 6
# of unsupported tests 74
=== objc Summary ===
# of expected passes 5976
# of expected failures 12
# of unsupported tests 148
/var/gcc/regression/trunk/10-gcc-gas-64/build/gcc/xgcc version 4.9.0 20140328 (experimental) [trunk revision 208895] (GCC)
Compiler version: 4.9.0 20140328 (experimental) [trunk revision 208895] (GCC)
Platform: x86_64-pc-solaris2.10
configure flags: --prefix=/vol/gcc --target=amd64-pc-solaris2.10 --enable-objc-gc --with-as=/vol/gcc/bin/gas-2.24 --with-gnu-as --with-gmp-include=/vol/gcc/include --with-gmp-lib=/vol/gcc/lib/amd64 --with-mpfr-include=/vol/gcc/include --with-mpfr-lib=/vol/gcc/lib/amd64 --with-mpc-include=/vol/gcc/include --with-mpc-lib=/vol/gcc/lib/amd64 --enable-languages=all,ada,obj-c++,go --with-isl-include=/vol/gcc/include --with-isl-lib=/vol/gcc/lib/amd64 --with-cloog-include=/vol/gcc/include --with-cloog-lib=/vol/gcc/lib/amd64 --enable-cloog-backend=isl --build=amd64-pc-solaris2.10 --host=amd64-pc-solaris2.10
BOOT_CFLAGS=-g -O2