This is the mail archive of the
gcc-testresults@gcc.gnu.org
mailing list for the GCC project.
Results for 4.9.0 20140327 (experimental) [trunk revision 208870] (GCC) testsuite on i686-pc-linux-gnu
- From: ia32corei7 at gnu-34 dot sc dot intel dot com (H.J. Lu (ia32 Core i7))
- To: gcc-testresults at gcc dot gnu dot org
- Date: Thu, 27 Mar 2014 10:38:59 -0700
- Subject: Results for 4.9.0 20140327 (experimental) [trunk revision 208870] (GCC) testsuite on i686-pc-linux-gnu
- Authentication-results: sourceware.org; auth=none
Native configuration is i686-pc-linux-gnu
=== gcc tests ===
Running target unix
FAIL: c-c++-common/cilk-plus/PS/reduction-1.c -ftree-vectorize -fcilkplus -std=c99 (test for excess errors)
UNRESOLVED: c-c++-common/cilk-plus/PS/reduction-1.c -ftree-vectorize -fcilkplus -std=c99 compilation failed to produce executable
FAIL: c-c++-common/cilk-plus/PS/reduction-2.c -ftree-vectorize -fcilkplus -std=c99 (test for excess errors)
UNRESOLVED: c-c++-common/cilk-plus/PS/reduction-2.c -ftree-vectorize -fcilkplus -std=c99 compilation failed to produce executable
FAIL: c-c++-common/cilk-plus/PS/reduction-3.c -ftree-vectorize -fcilkplus -std=c99 (test for excess errors)
UNRESOLVED: c-c++-common/cilk-plus/PS/reduction-3.c -ftree-vectorize -fcilkplus -std=c99 compilation failed to produce executable
FAIL: c-c++-common/cilk-plus/PS/run-1.c -ftree-vectorize -fcilkplus -std=c99 (test for excess errors)
UNRESOLVED: c-c++-common/cilk-plus/PS/run-1.c -ftree-vectorize -fcilkplus -std=c99 compilation failed to produce executable
FAIL: c-c++-common/cilk-plus/AN/an-if.c -fcilkplus (test for excess errors)
UNRESOLVED: c-c++-common/cilk-plus/AN/an-if.c -fcilkplus compilation failed to produce executable
FAIL: c-c++-common/cilk-plus/AN/array_test1.c -fcilkplus (test for excess errors)
UNRESOLVED: c-c++-common/cilk-plus/AN/array_test1.c -fcilkplus compilation failed to produce executable
FAIL: c-c++-common/cilk-plus/AN/array_test2.c -fcilkplus (test for excess errors)
UNRESOLVED: c-c++-common/cilk-plus/AN/array_test2.c -fcilkplus compilation failed to produce executable
FAIL: c-c++-common/cilk-plus/AN/array_test_ND.c -fcilkplus (test for excess errors)
UNRESOLVED: c-c++-common/cilk-plus/AN/array_test_ND.c -fcilkplus compilation failed to produce executable
FAIL: c-c++-common/cilk-plus/AN/builtin_fn_custom.c -fcilkplus (test for excess errors)
UNRESOLVED: c-c++-common/cilk-plus/AN/builtin_fn_custom.c -fcilkplus compilation failed to produce executable
FAIL: c-c++-common/cilk-plus/AN/builtin_fn_mutating.c -fcilkplus (test for excess errors)
UNRESOLVED: c-c++-common/cilk-plus/AN/builtin_fn_mutating.c -fcilkplus compilation failed to produce executable
FAIL: c-c++-common/cilk-plus/AN/builtin_func_double2.c -fcilkplus (test for excess errors)
UNRESOLVED: c-c++-common/cilk-plus/AN/builtin_func_double2.c -fcilkplus compilation failed to produce executable
FAIL: c-c++-common/cilk-plus/AN/comma_exp.c -fcilkplus (test for excess errors)
UNRESOLVED: c-c++-common/cilk-plus/AN/comma_exp.c -fcilkplus compilation failed to produce executable
FAIL: c-c++-common/cilk-plus/AN/conditional.c -fcilkplus (test for excess errors)
UNRESOLVED: c-c++-common/cilk-plus/AN/conditional.c -fcilkplus compilation failed to produce executable
FAIL: c-c++-common/cilk-plus/AN/exec-once.c -fcilkplus (test for excess errors)
UNRESOLVED: c-c++-common/cilk-plus/AN/exec-once.c -fcilkplus compilation failed to produce executable
FAIL: c-c++-common/cilk-plus/AN/exec-once2.c -fcilkplus (test for excess errors)
UNRESOLVED: c-c++-common/cilk-plus/AN/exec-once2.c -fcilkplus compilation failed to produce executable
FAIL: c-c++-common/cilk-plus/AN/gather_scatter.c -fcilkplus (test for excess errors)
UNRESOLVED: c-c++-common/cilk-plus/AN/gather_scatter.c -fcilkplus compilation failed to produce executable
FAIL: c-c++-common/cilk-plus/AN/if_test.c -fcilkplus (test for excess errors)
UNRESOLVED: c-c++-common/cilk-plus/AN/if_test.c -fcilkplus compilation failed to produce executable
FAIL: c-c++-common/cilk-plus/AN/n-ptr-test.c -fcilkplus (test for excess errors)
UNRESOLVED: c-c++-common/cilk-plus/AN/n-ptr-test.c -fcilkplus compilation failed to produce executable
FAIL: c-c++-common/cilk-plus/AN/pr57490.c -fcilkplus (test for excess errors)
UNRESOLVED: c-c++-common/cilk-plus/AN/pr57490.c -fcilkplus compilation failed to produce executable
FAIL: c-c++-common/cilk-plus/AN/sec_implicit_ex.c -fcilkplus (test for excess errors)
UNRESOLVED: c-c++-common/cilk-plus/AN/sec_implicit_ex.c -fcilkplus compilation failed to produce executable
FAIL: c-c++-common/cilk-plus/AN/sec_reduce_ind_same_value.c -fcilkplus (test for excess errors)
UNRESOLVED: c-c++-common/cilk-plus/AN/sec_reduce_ind_same_value.c -fcilkplus compilation failed to produce executable
FAIL: c-c++-common/cilk-plus/AN/sec_reduce_return.c -fcilkplus (test for excess errors)
UNRESOLVED: c-c++-common/cilk-plus/AN/sec_reduce_return.c -fcilkplus compilation failed to produce executable
FAIL: c-c++-common/cilk-plus/AN/side-effects-1.c -fcilkplus (test for excess errors)
UNRESOLVED: c-c++-common/cilk-plus/AN/side-effects-1.c -fcilkplus compilation failed to produce executable
FAIL: c-c++-common/cilk-plus/AN/test_builtin_return.c -fcilkplus (test for excess errors)
UNRESOLVED: c-c++-common/cilk-plus/AN/test_builtin_return.c -fcilkplus compilation failed to produce executable
FAIL: c-c++-common/cilk-plus/AN/test_sec_limits.c -fcilkplus (test for excess errors)
UNRESOLVED: c-c++-common/cilk-plus/AN/test_sec_limits.c -fcilkplus compilation failed to produce executable
FAIL: c-c++-common/cilk-plus/AN/an-if.c -O1 -fcilkplus (test for excess errors)
UNRESOLVED: c-c++-common/cilk-plus/AN/an-if.c -O1 -fcilkplus compilation failed to produce executable
FAIL: c-c++-common/cilk-plus/AN/array_test1.c -O1 -fcilkplus (test for excess errors)
UNRESOLVED: c-c++-common/cilk-plus/AN/array_test1.c -O1 -fcilkplus compilation failed to produce executable
FAIL: c-c++-common/cilk-plus/AN/array_test2.c -O1 -fcilkplus (test for excess errors)
UNRESOLVED: c-c++-common/cilk-plus/AN/array_test2.c -O1 -fcilkplus compilation failed to produce executable
FAIL: c-c++-common/cilk-plus/AN/array_test_ND.c -O1 -fcilkplus (test for excess errors)
UNRESOLVED: c-c++-common/cilk-plus/AN/array_test_ND.c -O1 -fcilkplus compilation failed to produce executable
FAIL: c-c++-common/cilk-plus/AN/builtin_fn_custom.c -O1 -fcilkplus (test for excess errors)
UNRESOLVED: c-c++-common/cilk-plus/AN/builtin_fn_custom.c -O1 -fcilkplus compilation failed to produce executable
FAIL: c-c++-common/cilk-plus/AN/builtin_fn_mutating.c -O1 -fcilkplus (test for excess errors)
UNRESOLVED: c-c++-common/cilk-plus/AN/builtin_fn_mutating.c -O1 -fcilkplus compilation failed to produce executable
FAIL: c-c++-common/cilk-plus/AN/builtin_func_double2.c -O1 -fcilkplus (test for excess errors)
UNRESOLVED: c-c++-common/cilk-plus/AN/builtin_func_double2.c -O1 -fcilkplus compilation failed to produce executable
FAIL: c-c++-common/cilk-plus/AN/comma_exp.c -O1 -fcilkplus (test for excess errors)
UNRESOLVED: c-c++-common/cilk-plus/AN/comma_exp.c -O1 -fcilkplus compilation failed to produce executable
FAIL: c-c++-common/cilk-plus/AN/conditional.c -O1 -fcilkplus (test for excess errors)
UNRESOLVED: c-c++-common/cilk-plus/AN/conditional.c -O1 -fcilkplus compilation failed to produce executable
FAIL: c-c++-common/cilk-plus/AN/exec-once.c -O1 -fcilkplus (test for excess errors)
UNRESOLVED: c-c++-common/cilk-plus/AN/exec-once.c -O1 -fcilkplus compilation failed to produce executable
FAIL: c-c++-common/cilk-plus/AN/exec-once2.c -O1 -fcilkplus (test for excess errors)
UNRESOLVED: c-c++-common/cilk-plus/AN/exec-once2.c -O1 -fcilkplus compilation failed to produce executable
FAIL: c-c++-common/cilk-plus/AN/gather_scatter.c -O1 -fcilkplus (test for excess errors)
UNRESOLVED: c-c++-common/cilk-plus/AN/gather_scatter.c -O1 -fcilkplus compilation failed to produce executable
FAIL: c-c++-common/cilk-plus/AN/if_test.c -O1 -fcilkplus (test for excess errors)
UNRESOLVED: c-c++-common/cilk-plus/AN/if_test.c -O1 -fcilkplus compilation failed to produce executable
FAIL: c-c++-common/cilk-plus/AN/n-ptr-test.c -O1 -fcilkplus (test for excess errors)
UNRESOLVED: c-c++-common/cilk-plus/AN/n-ptr-test.c -O1 -fcilkplus compilation failed to produce executable
FAIL: c-c++-common/cilk-plus/AN/pr57490.c -O1 -fcilkplus (test for excess errors)
UNRESOLVED: c-c++-common/cilk-plus/AN/pr57490.c -O1 -fcilkplus compilation failed to produce executable
FAIL: c-c++-common/cilk-plus/AN/sec_implicit_ex.c -O1 -fcilkplus (test for excess errors)
UNRESOLVED: c-c++-common/cilk-plus/AN/sec_implicit_ex.c -O1 -fcilkplus compilation failed to produce executable
FAIL: c-c++-common/cilk-plus/AN/sec_reduce_ind_same_value.c -O1 -fcilkplus (test for excess errors)
UNRESOLVED: c-c++-common/cilk-plus/AN/sec_reduce_ind_same_value.c -O1 -fcilkplus compilation failed to produce executable
FAIL: c-c++-common/cilk-plus/AN/sec_reduce_return.c -O1 -fcilkplus (test for excess errors)
UNRESOLVED: c-c++-common/cilk-plus/AN/sec_reduce_return.c -O1 -fcilkplus compilation failed to produce executable
FAIL: c-c++-common/cilk-plus/AN/side-effects-1.c -O1 -fcilkplus (test for excess errors)
UNRESOLVED: c-c++-common/cilk-plus/AN/side-effects-1.c -O1 -fcilkplus compilation failed to produce executable
FAIL: c-c++-common/cilk-plus/AN/test_builtin_return.c -O1 -fcilkplus (test for excess errors)
UNRESOLVED: c-c++-common/cilk-plus/AN/test_builtin_return.c -O1 -fcilkplus compilation failed to produce executable
FAIL: c-c++-common/cilk-plus/AN/test_sec_limits.c -O1 -fcilkplus (test for excess errors)
UNRESOLVED: c-c++-common/cilk-plus/AN/test_sec_limits.c -O1 -fcilkplus compilation failed to produce executable
FAIL: c-c++-common/cilk-plus/AN/an-if.c -O2 -fcilkplus (test for excess errors)
UNRESOLVED: c-c++-common/cilk-plus/AN/an-if.c -O2 -fcilkplus compilation failed to produce executable
FAIL: c-c++-common/cilk-plus/AN/array_test1.c -O2 -fcilkplus (test for excess errors)
UNRESOLVED: c-c++-common/cilk-plus/AN/array_test1.c -O2 -fcilkplus compilation failed to produce executable
FAIL: c-c++-common/cilk-plus/AN/array_test2.c -O2 -fcilkplus (test for excess errors)
UNRESOLVED: c-c++-common/cilk-plus/AN/array_test2.c -O2 -fcilkplus compilation failed to produce executable
FAIL: c-c++-common/cilk-plus/AN/array_test_ND.c -O2 -fcilkplus (test for excess errors)
UNRESOLVED: c-c++-common/cilk-plus/AN/array_test_ND.c -O2 -fcilkplus compilation failed to produce executable
FAIL: c-c++-common/cilk-plus/AN/builtin_fn_custom.c -O2 -fcilkplus (test for excess errors)
UNRESOLVED: c-c++-common/cilk-plus/AN/builtin_fn_custom.c -O2 -fcilkplus compilation failed to produce executable
FAIL: c-c++-common/cilk-plus/AN/builtin_fn_mutating.c -O2 -fcilkplus (test for excess errors)
UNRESOLVED: c-c++-common/cilk-plus/AN/builtin_fn_mutating.c -O2 -fcilkplus compilation failed to produce executable
FAIL: c-c++-common/cilk-plus/AN/builtin_func_double2.c -O2 -fcilkplus (test for excess errors)
UNRESOLVED: c-c++-common/cilk-plus/AN/builtin_func_double2.c -O2 -fcilkplus compilation failed to produce executable
FAIL: c-c++-common/cilk-plus/AN/comma_exp.c -O2 -fcilkplus (test for excess errors)
UNRESOLVED: c-c++-common/cilk-plus/AN/comma_exp.c -O2 -fcilkplus compilation failed to produce executable
FAIL: c-c++-common/cilk-plus/AN/conditional.c -O2 -fcilkplus (test for excess errors)
UNRESOLVED: c-c++-common/cilk-plus/AN/conditional.c -O2 -fcilkplus compilation failed to produce executable
FAIL: c-c++-common/cilk-plus/AN/exec-once.c -O2 -fcilkplus (test for excess errors)
UNRESOLVED: c-c++-common/cilk-plus/AN/exec-once.c -O2 -fcilkplus compilation failed to produce executable
FAIL: c-c++-common/cilk-plus/AN/exec-once2.c -O2 -fcilkplus (test for excess errors)
UNRESOLVED: c-c++-common/cilk-plus/AN/exec-once2.c -O2 -fcilkplus compilation failed to produce executable
FAIL: c-c++-common/cilk-plus/AN/gather_scatter.c -O2 -fcilkplus (test for excess errors)
UNRESOLVED: c-c++-common/cilk-plus/AN/gather_scatter.c -O2 -fcilkplus compilation failed to produce executable
FAIL: c-c++-common/cilk-plus/AN/if_test.c -O2 -fcilkplus (test for excess errors)
UNRESOLVED: c-c++-common/cilk-plus/AN/if_test.c -O2 -fcilkplus compilation failed to produce executable
FAIL: c-c++-common/cilk-plus/AN/n-ptr-test.c -O2 -fcilkplus (test for excess errors)
UNRESOLVED: c-c++-common/cilk-plus/AN/n-ptr-test.c -O2 -fcilkplus compilation failed to produce executable
FAIL: c-c++-common/cilk-plus/AN/pr57490.c -O2 -fcilkplus (test for excess errors)
UNRESOLVED: c-c++-common/cilk-plus/AN/pr57490.c -O2 -fcilkplus compilation failed to produce executable
FAIL: c-c++-common/cilk-plus/AN/sec_implicit_ex.c -O2 -fcilkplus (test for excess errors)
UNRESOLVED: c-c++-common/cilk-plus/AN/sec_implicit_ex.c -O2 -fcilkplus compilation failed to produce executable
FAIL: c-c++-common/cilk-plus/AN/sec_reduce_ind_same_value.c -O2 -fcilkplus (test for excess errors)
UNRESOLVED: c-c++-common/cilk-plus/AN/sec_reduce_ind_same_value.c -O2 -fcilkplus compilation failed to produce executable
FAIL: c-c++-common/cilk-plus/AN/sec_reduce_return.c -O2 -fcilkplus (test for excess errors)
UNRESOLVED: c-c++-common/cilk-plus/AN/sec_reduce_return.c -O2 -fcilkplus compilation failed to produce executable
FAIL: c-c++-common/cilk-plus/AN/side-effects-1.c -O2 -fcilkplus (test for excess errors)
UNRESOLVED: c-c++-common/cilk-plus/AN/side-effects-1.c -O2 -fcilkplus compilation failed to produce executable
FAIL: c-c++-common/cilk-plus/AN/test_builtin_return.c -O2 -fcilkplus (test for excess errors)
UNRESOLVED: c-c++-common/cilk-plus/AN/test_builtin_return.c -O2 -fcilkplus compilation failed to produce executable
FAIL: c-c++-common/cilk-plus/AN/test_sec_limits.c -O2 -fcilkplus (test for excess errors)
UNRESOLVED: c-c++-common/cilk-plus/AN/test_sec_limits.c -O2 -fcilkplus compilation failed to produce executable
FAIL: c-c++-common/cilk-plus/AN/an-if.c -O3 -fcilkplus (test for excess errors)
UNRESOLVED: c-c++-common/cilk-plus/AN/an-if.c -O3 -fcilkplus compilation failed to produce executable
FAIL: c-c++-common/cilk-plus/AN/array_test1.c -O3 -fcilkplus (test for excess errors)
UNRESOLVED: c-c++-common/cilk-plus/AN/array_test1.c -O3 -fcilkplus compilation failed to produce executable
FAIL: c-c++-common/cilk-plus/AN/array_test2.c -O3 -fcilkplus (test for excess errors)
UNRESOLVED: c-c++-common/cilk-plus/AN/array_test2.c -O3 -fcilkplus compilation failed to produce executable
FAIL: c-c++-common/cilk-plus/AN/array_test_ND.c -O3 -fcilkplus (test for excess errors)
UNRESOLVED: c-c++-common/cilk-plus/AN/array_test_ND.c -O3 -fcilkplus compilation failed to produce executable
FAIL: c-c++-common/cilk-plus/AN/builtin_fn_custom.c -O3 -fcilkplus (test for excess errors)
UNRESOLVED: c-c++-common/cilk-plus/AN/builtin_fn_custom.c -O3 -fcilkplus compilation failed to produce executable
FAIL: c-c++-common/cilk-plus/AN/builtin_fn_mutating.c -O3 -fcilkplus (test for excess errors)
UNRESOLVED: c-c++-common/cilk-plus/AN/builtin_fn_mutating.c -O3 -fcilkplus compilation failed to produce executable
FAIL: c-c++-common/cilk-plus/AN/builtin_func_double2.c -O3 -fcilkplus (test for excess errors)
UNRESOLVED: c-c++-common/cilk-plus/AN/builtin_func_double2.c -O3 -fcilkplus compilation failed to produce executable
FAIL: c-c++-common/cilk-plus/AN/comma_exp.c -O3 -fcilkplus (test for excess errors)
UNRESOLVED: c-c++-common/cilk-plus/AN/comma_exp.c -O3 -fcilkplus compilation failed to produce executable
FAIL: c-c++-common/cilk-plus/AN/conditional.c -O3 -fcilkplus (test for excess errors)
UNRESOLVED: c-c++-common/cilk-plus/AN/conditional.c -O3 -fcilkplus compilation failed to produce executable
FAIL: c-c++-common/cilk-plus/AN/exec-once.c -O3 -fcilkplus (test for excess errors)
UNRESOLVED: c-c++-common/cilk-plus/AN/exec-once.c -O3 -fcilkplus compilation failed to produce executable
FAIL: c-c++-common/cilk-plus/AN/exec-once2.c -O3 -fcilkplus (test for excess errors)
UNRESOLVED: c-c++-common/cilk-plus/AN/exec-once2.c -O3 -fcilkplus compilation failed to produce executable
FAIL: c-c++-common/cilk-plus/AN/gather_scatter.c -O3 -fcilkplus (test for excess errors)
UNRESOLVED: c-c++-common/cilk-plus/AN/gather_scatter.c -O3 -fcilkplus compilation failed to produce executable
FAIL: c-c++-common/cilk-plus/AN/if_test.c -O3 -fcilkplus (test for excess errors)
UNRESOLVED: c-c++-common/cilk-plus/AN/if_test.c -O3 -fcilkplus compilation failed to produce executable
FAIL: c-c++-common/cilk-plus/AN/n-ptr-test.c -O3 -fcilkplus (test for excess errors)
UNRESOLVED: c-c++-common/cilk-plus/AN/n-ptr-test.c -O3 -fcilkplus compilation failed to produce executable
FAIL: c-c++-common/cilk-plus/AN/pr57490.c -O3 -fcilkplus (test for excess errors)
UNRESOLVED: c-c++-common/cilk-plus/AN/pr57490.c -O3 -fcilkplus compilation failed to produce executable
FAIL: c-c++-common/cilk-plus/AN/sec_implicit_ex.c -O3 -fcilkplus (test for excess errors)
UNRESOLVED: c-c++-common/cilk-plus/AN/sec_implicit_ex.c -O3 -fcilkplus compilation failed to produce executable
FAIL: c-c++-common/cilk-plus/AN/sec_reduce_ind_same_value.c -O3 -fcilkplus (test for excess errors)
UNRESOLVED: c-c++-common/cilk-plus/AN/sec_reduce_ind_same_value.c -O3 -fcilkplus compilation failed to produce executable
FAIL: c-c++-common/cilk-plus/AN/sec_reduce_return.c -O3 -fcilkplus (test for excess errors)
UNRESOLVED: c-c++-common/cilk-plus/AN/sec_reduce_return.c -O3 -fcilkplus compilation failed to produce executable
FAIL: c-c++-common/cilk-plus/AN/side-effects-1.c -O3 -fcilkplus (test for excess errors)
UNRESOLVED: c-c++-common/cilk-plus/AN/side-effects-1.c -O3 -fcilkplus compilation failed to produce executable
FAIL: c-c++-common/cilk-plus/AN/test_builtin_return.c -O3 -fcilkplus (test for excess errors)
UNRESOLVED: c-c++-common/cilk-plus/AN/test_builtin_return.c -O3 -fcilkplus compilation failed to produce executable
FAIL: c-c++-common/cilk-plus/AN/test_sec_limits.c -O3 -fcilkplus (test for excess errors)
UNRESOLVED: c-c++-common/cilk-plus/AN/test_sec_limits.c -O3 -fcilkplus compilation failed to produce executable
FAIL: c-c++-common/cilk-plus/AN/an-if.c -g -fcilkplus (test for excess errors)
UNRESOLVED: c-c++-common/cilk-plus/AN/an-if.c -g -fcilkplus compilation failed to produce executable
FAIL: c-c++-common/cilk-plus/AN/array_test1.c -g -fcilkplus (test for excess errors)
UNRESOLVED: c-c++-common/cilk-plus/AN/array_test1.c -g -fcilkplus compilation failed to produce executable
FAIL: c-c++-common/cilk-plus/AN/array_test2.c -g -fcilkplus (test for excess errors)
UNRESOLVED: c-c++-common/cilk-plus/AN/array_test2.c -g -fcilkplus compilation failed to produce executable
FAIL: c-c++-common/cilk-plus/AN/array_test_ND.c -g -fcilkplus (test for excess errors)
UNRESOLVED: c-c++-common/cilk-plus/AN/array_test_ND.c -g -fcilkplus compilation failed to produce executable
FAIL: c-c++-common/cilk-plus/AN/builtin_fn_custom.c -g -fcilkplus (test for excess errors)
UNRESOLVED: c-c++-common/cilk-plus/AN/builtin_fn_custom.c -g -fcilkplus compilation failed to produce executable
FAIL: c-c++-common/cilk-plus/AN/builtin_fn_mutating.c -g -fcilkplus (test for excess errors)
UNRESOLVED: c-c++-common/cilk-plus/AN/builtin_fn_mutating.c -g -fcilkplus compilation failed to produce executable
FAIL: c-c++-common/cilk-plus/AN/builtin_func_double2.c -g -fcilkplus (test for excess errors)
UNRESOLVED: c-c++-common/cilk-plus/AN/builtin_func_double2.c -g -fcilkplus compilation failed to produce executable
FAIL: c-c++-common/cilk-plus/AN/comma_exp.c -g -fcilkplus (test for excess errors)
UNRESOLVED: c-c++-common/cilk-plus/AN/comma_exp.c -g -fcilkplus compilation failed to produce executable
FAIL: c-c++-common/cilk-plus/AN/conditional.c -g -fcilkplus (test for excess errors)
UNRESOLVED: c-c++-common/cilk-plus/AN/conditional.c -g -fcilkplus compilation failed to produce executable
FAIL: c-c++-common/cilk-plus/AN/exec-once.c -g -fcilkplus (test for excess errors)
UNRESOLVED: c-c++-common/cilk-plus/AN/exec-once.c -g -fcilkplus compilation failed to produce executable
FAIL: c-c++-common/cilk-plus/AN/exec-once2.c -g -fcilkplus (test for excess errors)
UNRESOLVED: c-c++-common/cilk-plus/AN/exec-once2.c -g -fcilkplus compilation failed to produce executable
FAIL: c-c++-common/cilk-plus/AN/gather_scatter.c -g -fcilkplus (test for excess errors)
UNRESOLVED: c-c++-common/cilk-plus/AN/gather_scatter.c -g -fcilkplus compilation failed to produce executable
FAIL: c-c++-common/cilk-plus/AN/if_test.c -g -fcilkplus (test for excess errors)
UNRESOLVED: c-c++-common/cilk-plus/AN/if_test.c -g -fcilkplus compilation failed to produce executable
FAIL: c-c++-common/cilk-plus/AN/n-ptr-test.c -g -fcilkplus (test for excess errors)
UNRESOLVED: c-c++-common/cilk-plus/AN/n-ptr-test.c -g -fcilkplus compilation failed to produce executable
FAIL: c-c++-common/cilk-plus/AN/pr57490.c -g -fcilkplus (test for excess errors)
UNRESOLVED: c-c++-common/cilk-plus/AN/pr57490.c -g -fcilkplus compilation failed to produce executable
FAIL: c-c++-common/cilk-plus/AN/sec_implicit_ex.c -g -fcilkplus (test for excess errors)
UNRESOLVED: c-c++-common/cilk-plus/AN/sec_implicit_ex.c -g -fcilkplus compilation failed to produce executable
FAIL: c-c++-common/cilk-plus/AN/sec_reduce_ind_same_value.c -g -fcilkplus (test for excess errors)
UNRESOLVED: c-c++-common/cilk-plus/AN/sec_reduce_ind_same_value.c -g -fcilkplus compilation failed to produce executable
FAIL: c-c++-common/cilk-plus/AN/sec_reduce_return.c -g -fcilkplus (test for excess errors)
UNRESOLVED: c-c++-common/cilk-plus/AN/sec_reduce_return.c -g -fcilkplus compilation failed to produce executable
FAIL: c-c++-common/cilk-plus/AN/side-effects-1.c -g -fcilkplus (test for excess errors)
UNRESOLVED: c-c++-common/cilk-plus/AN/side-effects-1.c -g -fcilkplus compilation failed to produce executable
FAIL: c-c++-common/cilk-plus/AN/test_builtin_return.c -g -fcilkplus (test for excess errors)
UNRESOLVED: c-c++-common/cilk-plus/AN/test_builtin_return.c -g -fcilkplus compilation failed to produce executable
FAIL: c-c++-common/cilk-plus/AN/test_sec_limits.c -g -fcilkplus (test for excess errors)
UNRESOLVED: c-c++-common/cilk-plus/AN/test_sec_limits.c -g -fcilkplus compilation failed to produce executable
FAIL: c-c++-common/cilk-plus/AN/an-if.c -g -O2 -ftree-vectorize -fcilkplus (test for excess errors)
UNRESOLVED: c-c++-common/cilk-plus/AN/an-if.c -g -O2 -ftree-vectorize -fcilkplus compilation failed to produce executable
FAIL: c-c++-common/cilk-plus/AN/array_test1.c -g -O2 -ftree-vectorize -fcilkplus (test for excess errors)
UNRESOLVED: c-c++-common/cilk-plus/AN/array_test1.c -g -O2 -ftree-vectorize -fcilkplus compilation failed to produce executable
FAIL: c-c++-common/cilk-plus/AN/array_test2.c -g -O2 -ftree-vectorize -fcilkplus (test for excess errors)
UNRESOLVED: c-c++-common/cilk-plus/AN/array_test2.c -g -O2 -ftree-vectorize -fcilkplus compilation failed to produce executable
FAIL: c-c++-common/cilk-plus/AN/array_test_ND.c -g -O2 -ftree-vectorize -fcilkplus (test for excess errors)
UNRESOLVED: c-c++-common/cilk-plus/AN/array_test_ND.c -g -O2 -ftree-vectorize -fcilkplus compilation failed to produce executable
FAIL: c-c++-common/cilk-plus/AN/builtin_fn_custom.c -g -O2 -ftree-vectorize -fcilkplus (test for excess errors)
UNRESOLVED: c-c++-common/cilk-plus/AN/builtin_fn_custom.c -g -O2 -ftree-vectorize -fcilkplus compilation failed to produce executable
FAIL: c-c++-common/cilk-plus/AN/builtin_fn_mutating.c -g -O2 -ftree-vectorize -fcilkplus (test for excess errors)
UNRESOLVED: c-c++-common/cilk-plus/AN/builtin_fn_mutating.c -g -O2 -ftree-vectorize -fcilkplus compilation failed to produce executable
FAIL: c-c++-common/cilk-plus/AN/builtin_func_double2.c -g -O2 -ftree-vectorize -fcilkplus (test for excess errors)
UNRESOLVED: c-c++-common/cilk-plus/AN/builtin_func_double2.c -g -O2 -ftree-vectorize -fcilkplus compilation failed to produce executable
FAIL: c-c++-common/cilk-plus/AN/comma_exp.c -g -O2 -ftree-vectorize -fcilkplus (test for excess errors)
UNRESOLVED: c-c++-common/cilk-plus/AN/comma_exp.c -g -O2 -ftree-vectorize -fcilkplus compilation failed to produce executable
FAIL: c-c++-common/cilk-plus/AN/conditional.c -g -O2 -ftree-vectorize -fcilkplus (test for excess errors)
UNRESOLVED: c-c++-common/cilk-plus/AN/conditional.c -g -O2 -ftree-vectorize -fcilkplus compilation failed to produce executable
FAIL: c-c++-common/cilk-plus/AN/exec-once.c -g -O2 -ftree-vectorize -fcilkplus (test for excess errors)
UNRESOLVED: c-c++-common/cilk-plus/AN/exec-once.c -g -O2 -ftree-vectorize -fcilkplus compilation failed to produce executable
FAIL: c-c++-common/cilk-plus/AN/exec-once2.c -g -O2 -ftree-vectorize -fcilkplus (test for excess errors)
UNRESOLVED: c-c++-common/cilk-plus/AN/exec-once2.c -g -O2 -ftree-vectorize -fcilkplus compilation failed to produce executable
FAIL: c-c++-common/cilk-plus/AN/gather_scatter.c -g -O2 -ftree-vectorize -fcilkplus (test for excess errors)
UNRESOLVED: c-c++-common/cilk-plus/AN/gather_scatter.c -g -O2 -ftree-vectorize -fcilkplus compilation failed to produce executable
FAIL: c-c++-common/cilk-plus/AN/if_test.c -g -O2 -ftree-vectorize -fcilkplus (test for excess errors)
UNRESOLVED: c-c++-common/cilk-plus/AN/if_test.c -g -O2 -ftree-vectorize -fcilkplus compilation failed to produce executable
FAIL: c-c++-common/cilk-plus/AN/n-ptr-test.c -g -O2 -ftree-vectorize -fcilkplus (test for excess errors)
UNRESOLVED: c-c++-common/cilk-plus/AN/n-ptr-test.c -g -O2 -ftree-vectorize -fcilkplus compilation failed to produce executable
FAIL: c-c++-common/cilk-plus/AN/pr57490.c -g -O2 -ftree-vectorize -fcilkplus (test for excess errors)
UNRESOLVED: c-c++-common/cilk-plus/AN/pr57490.c -g -O2 -ftree-vectorize -fcilkplus compilation failed to produce executable
FAIL: c-c++-common/cilk-plus/AN/sec_implicit_ex.c -g -O2 -ftree-vectorize -fcilkplus (test for excess errors)
UNRESOLVED: c-c++-common/cilk-plus/AN/sec_implicit_ex.c -g -O2 -ftree-vectorize -fcilkplus compilation failed to produce executable
FAIL: c-c++-common/cilk-plus/AN/sec_reduce_ind_same_value.c -g -O2 -ftree-vectorize -fcilkplus (test for excess errors)
UNRESOLVED: c-c++-common/cilk-plus/AN/sec_reduce_ind_same_value.c -g -O2 -ftree-vectorize -fcilkplus compilation failed to produce executable
FAIL: c-c++-common/cilk-plus/AN/sec_reduce_return.c -g -O2 -ftree-vectorize -fcilkplus (test for excess errors)
UNRESOLVED: c-c++-common/cilk-plus/AN/sec_reduce_return.c -g -O2 -ftree-vectorize -fcilkplus compilation failed to produce executable
FAIL: c-c++-common/cilk-plus/AN/side-effects-1.c -g -O2 -ftree-vectorize -fcilkplus (test for excess errors)
UNRESOLVED: c-c++-common/cilk-plus/AN/side-effects-1.c -g -O2 -ftree-vectorize -fcilkplus compilation failed to produce executable
FAIL: c-c++-common/cilk-plus/AN/test_builtin_return.c -g -O2 -ftree-vectorize -fcilkplus (test for excess errors)
UNRESOLVED: c-c++-common/cilk-plus/AN/test_builtin_return.c -g -O2 -ftree-vectorize -fcilkplus compilation failed to produce executable
FAIL: c-c++-common/cilk-plus/AN/test_sec_limits.c -g -O2 -ftree-vectorize -fcilkplus (test for excess errors)
UNRESOLVED: c-c++-common/cilk-plus/AN/test_sec_limits.c -g -O2 -ftree-vectorize -fcilkplus compilation failed to produce executable
FAIL: c-c++-common/cilk-plus/AN/an-if.c -fcilkplus -std=c99 (test for excess errors)
UNRESOLVED: c-c++-common/cilk-plus/AN/an-if.c -fcilkplus -std=c99 compilation failed to produce executable
FAIL: c-c++-common/cilk-plus/AN/array_test1.c -fcilkplus -std=c99 (test for excess errors)
UNRESOLVED: c-c++-common/cilk-plus/AN/array_test1.c -fcilkplus -std=c99 compilation failed to produce executable
FAIL: c-c++-common/cilk-plus/AN/array_test2.c -fcilkplus -std=c99 (test for excess errors)
UNRESOLVED: c-c++-common/cilk-plus/AN/array_test2.c -fcilkplus -std=c99 compilation failed to produce executable
FAIL: c-c++-common/cilk-plus/AN/array_test_ND.c -fcilkplus -std=c99 (test for excess errors)
UNRESOLVED: c-c++-common/cilk-plus/AN/array_test_ND.c -fcilkplus -std=c99 compilation failed to produce executable
FAIL: c-c++-common/cilk-plus/AN/builtin_fn_custom.c -fcilkplus -std=c99 (test for excess errors)
UNRESOLVED: c-c++-common/cilk-plus/AN/builtin_fn_custom.c -fcilkplus -std=c99 compilation failed to produce executable
FAIL: c-c++-common/cilk-plus/AN/builtin_fn_mutating.c -fcilkplus -std=c99 (test for excess errors)
UNRESOLVED: c-c++-common/cilk-plus/AN/builtin_fn_mutating.c -fcilkplus -std=c99 compilation failed to produce executable
FAIL: c-c++-common/cilk-plus/AN/builtin_func_double2.c -fcilkplus -std=c99 (test for excess errors)
UNRESOLVED: c-c++-common/cilk-plus/AN/builtin_func_double2.c -fcilkplus -std=c99 compilation failed to produce executable
FAIL: c-c++-common/cilk-plus/AN/comma_exp.c -fcilkplus -std=c99 (test for excess errors)
UNRESOLVED: c-c++-common/cilk-plus/AN/comma_exp.c -fcilkplus -std=c99 compilation failed to produce executable
FAIL: c-c++-common/cilk-plus/AN/conditional.c -fcilkplus -std=c99 (test for excess errors)
UNRESOLVED: c-c++-common/cilk-plus/AN/conditional.c -fcilkplus -std=c99 compilation failed to produce executable
FAIL: c-c++-common/cilk-plus/AN/exec-once.c -fcilkplus -std=c99 (test for excess errors)
UNRESOLVED: c-c++-common/cilk-plus/AN/exec-once.c -fcilkplus -std=c99 compilation failed to produce executable
FAIL: c-c++-common/cilk-plus/AN/exec-once2.c -fcilkplus -std=c99 (test for excess errors)
UNRESOLVED: c-c++-common/cilk-plus/AN/exec-once2.c -fcilkplus -std=c99 compilation failed to produce executable
FAIL: c-c++-common/cilk-plus/AN/gather_scatter.c -fcilkplus -std=c99 (test for excess errors)
UNRESOLVED: c-c++-common/cilk-plus/AN/gather_scatter.c -fcilkplus -std=c99 compilation failed to produce executable
FAIL: c-c++-common/cilk-plus/AN/if_test.c -fcilkplus -std=c99 (test for excess errors)
UNRESOLVED: c-c++-common/cilk-plus/AN/if_test.c -fcilkplus -std=c99 compilation failed to produce executable
FAIL: c-c++-common/cilk-plus/AN/n-ptr-test.c -fcilkplus -std=c99 (test for excess errors)
UNRESOLVED: c-c++-common/cilk-plus/AN/n-ptr-test.c -fcilkplus -std=c99 compilation failed to produce executable
FAIL: c-c++-common/cilk-plus/AN/pr57490.c -fcilkplus -std=c99 (test for excess errors)
UNRESOLVED: c-c++-common/cilk-plus/AN/pr57490.c -fcilkplus -std=c99 compilation failed to produce executable
FAIL: c-c++-common/cilk-plus/AN/sec_implicit_ex.c -fcilkplus -std=c99 (test for excess errors)
UNRESOLVED: c-c++-common/cilk-plus/AN/sec_implicit_ex.c -fcilkplus -std=c99 compilation failed to produce executable
FAIL: c-c++-common/cilk-plus/AN/sec_reduce_ind_same_value.c -fcilkplus -std=c99 (test for excess errors)
UNRESOLVED: c-c++-common/cilk-plus/AN/sec_reduce_ind_same_value.c -fcilkplus -std=c99 compilation failed to produce executable
FAIL: c-c++-common/cilk-plus/AN/sec_reduce_return.c -fcilkplus -std=c99 (test for excess errors)
UNRESOLVED: c-c++-common/cilk-plus/AN/sec_reduce_return.c -fcilkplus -std=c99 compilation failed to produce executable
FAIL: c-c++-common/cilk-plus/AN/side-effects-1.c -fcilkplus -std=c99 (test for excess errors)
UNRESOLVED: c-c++-common/cilk-plus/AN/side-effects-1.c -fcilkplus -std=c99 compilation failed to produce executable
FAIL: c-c++-common/cilk-plus/AN/test_builtin_return.c -fcilkplus -std=c99 (test for excess errors)
UNRESOLVED: c-c++-common/cilk-plus/AN/test_builtin_return.c -fcilkplus -std=c99 compilation failed to produce executable
FAIL: c-c++-common/cilk-plus/AN/test_sec_limits.c -fcilkplus -std=c99 (test for excess errors)
UNRESOLVED: c-c++-common/cilk-plus/AN/test_sec_limits.c -fcilkplus -std=c99 compilation failed to produce executable
FAIL: c-c++-common/cilk-plus/AN/an-if.c -fcilkplus -O2 -std=c99 (test for excess errors)
UNRESOLVED: c-c++-common/cilk-plus/AN/an-if.c -fcilkplus -O2 -std=c99 compilation failed to produce executable
FAIL: c-c++-common/cilk-plus/AN/array_test1.c -fcilkplus -O2 -std=c99 (test for excess errors)
UNRESOLVED: c-c++-common/cilk-plus/AN/array_test1.c -fcilkplus -O2 -std=c99 compilation failed to produce executable
FAIL: c-c++-common/cilk-plus/AN/array_test2.c -fcilkplus -O2 -std=c99 (test for excess errors)
UNRESOLVED: c-c++-common/cilk-plus/AN/array_test2.c -fcilkplus -O2 -std=c99 compilation failed to produce executable
FAIL: c-c++-common/cilk-plus/AN/array_test_ND.c -fcilkplus -O2 -std=c99 (test for excess errors)
UNRESOLVED: c-c++-common/cilk-plus/AN/array_test_ND.c -fcilkplus -O2 -std=c99 compilation failed to produce executable
FAIL: c-c++-common/cilk-plus/AN/builtin_fn_custom.c -fcilkplus -O2 -std=c99 (test for excess errors)
UNRESOLVED: c-c++-common/cilk-plus/AN/builtin_fn_custom.c -fcilkplus -O2 -std=c99 compilation failed to produce executable
FAIL: c-c++-common/cilk-plus/AN/builtin_fn_mutating.c -fcilkplus -O2 -std=c99 (test for excess errors)
UNRESOLVED: c-c++-common/cilk-plus/AN/builtin_fn_mutating.c -fcilkplus -O2 -std=c99 compilation failed to produce executable
FAIL: c-c++-common/cilk-plus/AN/builtin_func_double2.c -fcilkplus -O2 -std=c99 (test for excess errors)
UNRESOLVED: c-c++-common/cilk-plus/AN/builtin_func_double2.c -fcilkplus -O2 -std=c99 compilation failed to produce executable
FAIL: c-c++-common/cilk-plus/AN/comma_exp.c -fcilkplus -O2 -std=c99 (test for excess errors)
UNRESOLVED: c-c++-common/cilk-plus/AN/comma_exp.c -fcilkplus -O2 -std=c99 compilation failed to produce executable
FAIL: c-c++-common/cilk-plus/AN/conditional.c -fcilkplus -O2 -std=c99 (test for excess errors)
UNRESOLVED: c-c++-common/cilk-plus/AN/conditional.c -fcilkplus -O2 -std=c99 compilation failed to produce executable
FAIL: c-c++-common/cilk-plus/AN/exec-once.c -fcilkplus -O2 -std=c99 (test for excess errors)
UNRESOLVED: c-c++-common/cilk-plus/AN/exec-once.c -fcilkplus -O2 -std=c99 compilation failed to produce executable
FAIL: c-c++-common/cilk-plus/AN/exec-once2.c -fcilkplus -O2 -std=c99 (test for excess errors)
UNRESOLVED: c-c++-common/cilk-plus/AN/exec-once2.c -fcilkplus -O2 -std=c99 compilation failed to produce executable
FAIL: c-c++-common/cilk-plus/AN/gather_scatter.c -fcilkplus -O2 -std=c99 (test for excess errors)
UNRESOLVED: c-c++-common/cilk-plus/AN/gather_scatter.c -fcilkplus -O2 -std=c99 compilation failed to produce executable
FAIL: c-c++-common/cilk-plus/AN/if_test.c -fcilkplus -O2 -std=c99 (test for excess errors)
UNRESOLVED: c-c++-common/cilk-plus/AN/if_test.c -fcilkplus -O2 -std=c99 compilation failed to produce executable
FAIL: c-c++-common/cilk-plus/AN/n-ptr-test.c -fcilkplus -O2 -std=c99 (test for excess errors)
UNRESOLVED: c-c++-common/cilk-plus/AN/n-ptr-test.c -fcilkplus -O2 -std=c99 compilation failed to produce executable
FAIL: c-c++-common/cilk-plus/AN/pr57490.c -fcilkplus -O2 -std=c99 (test for excess errors)
UNRESOLVED: c-c++-common/cilk-plus/AN/pr57490.c -fcilkplus -O2 -std=c99 compilation failed to produce executable
FAIL: c-c++-common/cilk-plus/AN/sec_implicit_ex.c -fcilkplus -O2 -std=c99 (test for excess errors)
UNRESOLVED: c-c++-common/cilk-plus/AN/sec_implicit_ex.c -fcilkplus -O2 -std=c99 compilation failed to produce executable
FAIL: c-c++-common/cilk-plus/AN/sec_reduce_ind_same_value.c -fcilkplus -O2 -std=c99 (test for excess errors)
UNRESOLVED: c-c++-common/cilk-plus/AN/sec_reduce_ind_same_value.c -fcilkplus -O2 -std=c99 compilation failed to produce executable
FAIL: c-c++-common/cilk-plus/AN/sec_reduce_return.c -fcilkplus -O2 -std=c99 (test for excess errors)
UNRESOLVED: c-c++-common/cilk-plus/AN/sec_reduce_return.c -fcilkplus -O2 -std=c99 compilation failed to produce executable
FAIL: c-c++-common/cilk-plus/AN/side-effects-1.c -fcilkplus -O2 -std=c99 (test for excess errors)
UNRESOLVED: c-c++-common/cilk-plus/AN/side-effects-1.c -fcilkplus -O2 -std=c99 compilation failed to produce executable
FAIL: c-c++-common/cilk-plus/AN/test_builtin_return.c -fcilkplus -O2 -std=c99 (test for excess errors)
UNRESOLVED: c-c++-common/cilk-plus/AN/test_builtin_return.c -fcilkplus -O2 -std=c99 compilation failed to produce executable
FAIL: c-c++-common/cilk-plus/AN/test_sec_limits.c -fcilkplus -O2 -std=c99 (test for excess errors)
UNRESOLVED: c-c++-common/cilk-plus/AN/test_sec_limits.c -fcilkplus -O2 -std=c99 compilation failed to produce executable
FAIL: c-c++-common/cilk-plus/AN/an-if.c -fcilkplus -O3 -std=c99 (test for excess errors)
UNRESOLVED: c-c++-common/cilk-plus/AN/an-if.c -fcilkplus -O3 -std=c99 compilation failed to produce executable
FAIL: c-c++-common/cilk-plus/AN/array_test1.c -fcilkplus -O3 -std=c99 (test for excess errors)
UNRESOLVED: c-c++-common/cilk-plus/AN/array_test1.c -fcilkplus -O3 -std=c99 compilation failed to produce executable
FAIL: c-c++-common/cilk-plus/AN/array_test2.c -fcilkplus -O3 -std=c99 (test for excess errors)
UNRESOLVED: c-c++-common/cilk-plus/AN/array_test2.c -fcilkplus -O3 -std=c99 compilation failed to produce executable
FAIL: c-c++-common/cilk-plus/AN/array_test_ND.c -fcilkplus -O3 -std=c99 (test for excess errors)
UNRESOLVED: c-c++-common/cilk-plus/AN/array_test_ND.c -fcilkplus -O3 -std=c99 compilation failed to produce executable
FAIL: c-c++-common/cilk-plus/AN/builtin_fn_custom.c -fcilkplus -O3 -std=c99 (test for excess errors)
UNRESOLVED: c-c++-common/cilk-plus/AN/builtin_fn_custom.c -fcilkplus -O3 -std=c99 compilation failed to produce executable
FAIL: c-c++-common/cilk-plus/AN/builtin_fn_mutating.c -fcilkplus -O3 -std=c99 (test for excess errors)
UNRESOLVED: c-c++-common/cilk-plus/AN/builtin_fn_mutating.c -fcilkplus -O3 -std=c99 compilation failed to produce executable
FAIL: c-c++-common/cilk-plus/AN/builtin_func_double2.c -fcilkplus -O3 -std=c99 (test for excess errors)
UNRESOLVED: c-c++-common/cilk-plus/AN/builtin_func_double2.c -fcilkplus -O3 -std=c99 compilation failed to produce executable
FAIL: c-c++-common/cilk-plus/AN/comma_exp.c -fcilkplus -O3 -std=c99 (test for excess errors)
UNRESOLVED: c-c++-common/cilk-plus/AN/comma_exp.c -fcilkplus -O3 -std=c99 compilation failed to produce executable
FAIL: c-c++-common/cilk-plus/AN/conditional.c -fcilkplus -O3 -std=c99 (test for excess errors)
UNRESOLVED: c-c++-common/cilk-plus/AN/conditional.c -fcilkplus -O3 -std=c99 compilation failed to produce executable
FAIL: c-c++-common/cilk-plus/AN/exec-once.c -fcilkplus -O3 -std=c99 (test for excess errors)
UNRESOLVED: c-c++-common/cilk-plus/AN/exec-once.c -fcilkplus -O3 -std=c99 compilation failed to produce executable
FAIL: c-c++-common/cilk-plus/AN/exec-once2.c -fcilkplus -O3 -std=c99 (test for excess errors)
UNRESOLVED: c-c++-common/cilk-plus/AN/exec-once2.c -fcilkplus -O3 -std=c99 compilation failed to produce executable
FAIL: c-c++-common/cilk-plus/AN/gather_scatter.c -fcilkplus -O3 -std=c99 (test for excess errors)
UNRESOLVED: c-c++-common/cilk-plus/AN/gather_scatter.c -fcilkplus -O3 -std=c99 compilation failed to produce executable
FAIL: c-c++-common/cilk-plus/AN/if_test.c -fcilkplus -O3 -std=c99 (test for excess errors)
UNRESOLVED: c-c++-common/cilk-plus/AN/if_test.c -fcilkplus -O3 -std=c99 compilation failed to produce executable
FAIL: c-c++-common/cilk-plus/AN/n-ptr-test.c -fcilkplus -O3 -std=c99 (test for excess errors)
UNRESOLVED: c-c++-common/cilk-plus/AN/n-ptr-test.c -fcilkplus -O3 -std=c99 compilation failed to produce executable
FAIL: c-c++-common/cilk-plus/AN/pr57490.c -fcilkplus -O3 -std=c99 (test for excess errors)
UNRESOLVED: c-c++-common/cilk-plus/AN/pr57490.c -fcilkplus -O3 -std=c99 compilation failed to produce executable
FAIL: c-c++-common/cilk-plus/AN/sec_implicit_ex.c -fcilkplus -O3 -std=c99 (test for excess errors)
UNRESOLVED: c-c++-common/cilk-plus/AN/sec_implicit_ex.c -fcilkplus -O3 -std=c99 compilation failed to produce executable
FAIL: c-c++-common/cilk-plus/AN/sec_reduce_ind_same_value.c -fcilkplus -O3 -std=c99 (test for excess errors)
UNRESOLVED: c-c++-common/cilk-plus/AN/sec_reduce_ind_same_value.c -fcilkplus -O3 -std=c99 compilation failed to produce executable
FAIL: c-c++-common/cilk-plus/AN/sec_reduce_return.c -fcilkplus -O3 -std=c99 (test for excess errors)
UNRESOLVED: c-c++-common/cilk-plus/AN/sec_reduce_return.c -fcilkplus -O3 -std=c99 compilation failed to produce executable
FAIL: c-c++-common/cilk-plus/AN/side-effects-1.c -fcilkplus -O3 -std=c99 (test for excess errors)
UNRESOLVED: c-c++-common/cilk-plus/AN/side-effects-1.c -fcilkplus -O3 -std=c99 compilation failed to produce executable
FAIL: c-c++-common/cilk-plus/AN/test_builtin_return.c -fcilkplus -O3 -std=c99 (test for excess errors)
UNRESOLVED: c-c++-common/cilk-plus/AN/test_builtin_return.c -fcilkplus -O3 -std=c99 compilation failed to produce executable
FAIL: c-c++-common/cilk-plus/AN/test_sec_limits.c -fcilkplus -O3 -std=c99 (test for excess errors)
UNRESOLVED: c-c++-common/cilk-plus/AN/test_sec_limits.c -fcilkplus -O3 -std=c99 compilation failed to produce executable
FAIL: c-c++-common/cilk-plus/AN/an-if.c -fcilkplus -g -O0 -std=c99 (test for excess errors)
UNRESOLVED: c-c++-common/cilk-plus/AN/an-if.c -fcilkplus -g -O0 -std=c99 compilation failed to produce executable
FAIL: c-c++-common/cilk-plus/AN/array_test1.c -fcilkplus -g -O0 -std=c99 (test for excess errors)
UNRESOLVED: c-c++-common/cilk-plus/AN/array_test1.c -fcilkplus -g -O0 -std=c99 compilation failed to produce executable
FAIL: c-c++-common/cilk-plus/AN/array_test2.c -fcilkplus -g -O0 -std=c99 (test for excess errors)
UNRESOLVED: c-c++-common/cilk-plus/AN/array_test2.c -fcilkplus -g -O0 -std=c99 compilation failed to produce executable
FAIL: c-c++-common/cilk-plus/AN/array_test_ND.c -fcilkplus -g -O0 -std=c99 (test for excess errors)
UNRESOLVED: c-c++-common/cilk-plus/AN/array_test_ND.c -fcilkplus -g -O0 -std=c99 compilation failed to produce executable
FAIL: c-c++-common/cilk-plus/AN/builtin_fn_custom.c -fcilkplus -g -O0 -std=c99 (test for excess errors)
UNRESOLVED: c-c++-common/cilk-plus/AN/builtin_fn_custom.c -fcilkplus -g -O0 -std=c99 compilation failed to produce executable
FAIL: c-c++-common/cilk-plus/AN/builtin_fn_mutating.c -fcilkplus -g -O0 -std=c99 (test for excess errors)
UNRESOLVED: c-c++-common/cilk-plus/AN/builtin_fn_mutating.c -fcilkplus -g -O0 -std=c99 compilation failed to produce executable
FAIL: c-c++-common/cilk-plus/AN/builtin_func_double2.c -fcilkplus -g -O0 -std=c99 (test for excess errors)
UNRESOLVED: c-c++-common/cilk-plus/AN/builtin_func_double2.c -fcilkplus -g -O0 -std=c99 compilation failed to produce executable
FAIL: c-c++-common/cilk-plus/AN/comma_exp.c -fcilkplus -g -O0 -std=c99 (test for excess errors)
UNRESOLVED: c-c++-common/cilk-plus/AN/comma_exp.c -fcilkplus -g -O0 -std=c99 compilation failed to produce executable
FAIL: c-c++-common/cilk-plus/AN/conditional.c -fcilkplus -g -O0 -std=c99 (test for excess errors)
UNRESOLVED: c-c++-common/cilk-plus/AN/conditional.c -fcilkplus -g -O0 -std=c99 compilation failed to produce executable
FAIL: c-c++-common/cilk-plus/AN/exec-once.c -fcilkplus -g -O0 -std=c99 (test for excess errors)
UNRESOLVED: c-c++-common/cilk-plus/AN/exec-once.c -fcilkplus -g -O0 -std=c99 compilation failed to produce executable
FAIL: c-c++-common/cilk-plus/AN/exec-once2.c -fcilkplus -g -O0 -std=c99 (test for excess errors)
UNRESOLVED: c-c++-common/cilk-plus/AN/exec-once2.c -fcilkplus -g -O0 -std=c99 compilation failed to produce executable
FAIL: c-c++-common/cilk-plus/AN/gather_scatter.c -fcilkplus -g -O0 -std=c99 (test for excess errors)
UNRESOLVED: c-c++-common/cilk-plus/AN/gather_scatter.c -fcilkplus -g -O0 -std=c99 compilation failed to produce executable
FAIL: c-c++-common/cilk-plus/AN/if_test.c -fcilkplus -g -O0 -std=c99 (test for excess errors)
UNRESOLVED: c-c++-common/cilk-plus/AN/if_test.c -fcilkplus -g -O0 -std=c99 compilation failed to produce executable
FAIL: c-c++-common/cilk-plus/AN/n-ptr-test.c -fcilkplus -g -O0 -std=c99 (test for excess errors)
UNRESOLVED: c-c++-common/cilk-plus/AN/n-ptr-test.c -fcilkplus -g -O0 -std=c99 compilation failed to produce executable
FAIL: c-c++-common/cilk-plus/AN/pr57490.c -fcilkplus -g -O0 -std=c99 (test for excess errors)
UNRESOLVED: c-c++-common/cilk-plus/AN/pr57490.c -fcilkplus -g -O0 -std=c99 compilation failed to produce executable
FAIL: c-c++-common/cilk-plus/AN/sec_implicit_ex.c -fcilkplus -g -O0 -std=c99 (test for excess errors)
UNRESOLVED: c-c++-common/cilk-plus/AN/sec_implicit_ex.c -fcilkplus -g -O0 -std=c99 compilation failed to produce executable
FAIL: c-c++-common/cilk-plus/AN/sec_reduce_ind_same_value.c -fcilkplus -g -O0 -std=c99 (test for excess errors)
UNRESOLVED: c-c++-common/cilk-plus/AN/sec_reduce_ind_same_value.c -fcilkplus -g -O0 -std=c99 compilation failed to produce executable
FAIL: c-c++-common/cilk-plus/AN/sec_reduce_return.c -fcilkplus -g -O0 -std=c99 (test for excess errors)
UNRESOLVED: c-c++-common/cilk-plus/AN/sec_reduce_return.c -fcilkplus -g -O0 -std=c99 compilation failed to produce executable
FAIL: c-c++-common/cilk-plus/AN/side-effects-1.c -fcilkplus -g -O0 -std=c99 (test for excess errors)
UNRESOLVED: c-c++-common/cilk-plus/AN/side-effects-1.c -fcilkplus -g -O0 -std=c99 compilation failed to produce executable
FAIL: c-c++-common/cilk-plus/AN/test_builtin_return.c -fcilkplus -g -O0 -std=c99 (test for excess errors)
UNRESOLVED: c-c++-common/cilk-plus/AN/test_builtin_return.c -fcilkplus -g -O0 -std=c99 compilation failed to produce executable
FAIL: c-c++-common/cilk-plus/AN/test_sec_limits.c -fcilkplus -g -O0 -std=c99 (test for excess errors)
UNRESOLVED: c-c++-common/cilk-plus/AN/test_sec_limits.c -fcilkplus -g -O0 -std=c99 compilation failed to produce executable
XPASS: gcc.dg/guality/example.c -O0 execution test
XPASS: gcc.dg/guality/example.c -O1 execution test
XPASS: gcc.dg/guality/guality.c -O0 execution test
XPASS: gcc.dg/guality/guality.c -O1 execution test
XPASS: gcc.dg/guality/guality.c -O2 execution test
XPASS: gcc.dg/guality/guality.c -O3 -fomit-frame-pointer execution test
XPASS: gcc.dg/guality/guality.c -O3 -g execution test
XPASS: gcc.dg/guality/guality.c -Os execution test
XPASS: gcc.dg/guality/guality.c -O2 -flto -fno-use-linker-plugin -flto-partition=none execution test
XPASS: gcc.dg/guality/guality.c -O2 -flto -fuse-linker-plugin -fno-fat-lto-objects execution test
XPASS: gcc.dg/guality/inline-params.c -O2 execution test
XPASS: gcc.dg/guality/inline-params.c -O3 -fomit-frame-pointer execution test
XPASS: gcc.dg/guality/inline-params.c -O3 -g execution test
XPASS: gcc.dg/guality/inline-params.c -Os execution test
XPASS: gcc.dg/guality/inline-params.c -O2 -flto -fno-use-linker-plugin -flto-partition=none execution test
XPASS: gcc.dg/guality/pr41353-1.c -O0 line 28 j == 28 + 37
XPASS: gcc.dg/guality/pr41353-1.c -O1 line 28 j == 28 + 37
XPASS: gcc.dg/guality/pr41353-1.c -O2 line 28 j == 28 + 37
XPASS: gcc.dg/guality/pr41353-1.c -O3 -fomit-frame-pointer line 28 j == 28 + 37
XPASS: gcc.dg/guality/pr41353-1.c -O3 -g line 28 j == 28 + 37
XPASS: gcc.dg/guality/pr41353-1.c -Os line 28 j == 28 + 37
XPASS: gcc.dg/guality/pr41353-1.c -O2 -flto -fno-use-linker-plugin -flto-partition=none line 28 j == 28 + 37
XPASS: gcc.dg/guality/pr41353-1.c -O2 -flto -fuse-linker-plugin -fno-fat-lto-objects line 28 j == 28 + 37
XPASS: gcc.dg/guality/pr41447-1.c -O0 execution test
XPASS: gcc.dg/guality/pr41447-1.c -O1 execution test
XPASS: gcc.dg/guality/pr41447-1.c -Os execution test
XPASS: gcc.dg/guality/pr41447-1.c -O2 -flto -fuse-linker-plugin -fno-fat-lto-objects execution test
XPASS: gcc.dg/guality/pr41616-1.c -O0 execution test
XPASS: gcc.dg/guality/pr41616-1.c -O1 execution test
XPASS: gcc.dg/guality/pr41616-1.c -O2 execution test
XPASS: gcc.dg/guality/pr41616-1.c -O3 -fomit-frame-pointer execution test
XPASS: gcc.dg/guality/pr41616-1.c -O3 -g execution test
XPASS: gcc.dg/guality/pr41616-1.c -Os execution test
XPASS: gcc.dg/guality/pr41616-1.c -O2 -flto -fno-use-linker-plugin -flto-partition=none execution test
FAIL: gcc.dg/guality/pr48437.c -O2 -flto -fno-use-linker-plugin -flto-partition=none line 14 i == 0
FAIL: gcc.dg/guality/pr48437.c -O2 -flto -fuse-linker-plugin -fno-fat-lto-objects line 14 i == 0
FAIL: gcc.dg/guality/pr54200.c -O2 -flto -fuse-linker-plugin -fno-fat-lto-objects line 20 z == 3
FAIL: gcc.dg/guality/pr54519-1.c -O2 line 20 y == 25
FAIL: gcc.dg/guality/pr54519-1.c -O2 line 20 z == 6
FAIL: gcc.dg/guality/pr54519-1.c -O2 line 23 y == 117
FAIL: gcc.dg/guality/pr54519-1.c -O2 line 23 z == 8
FAIL: gcc.dg/guality/pr54519-1.c -O3 -fomit-frame-pointer line 20 x == 36
FAIL: gcc.dg/guality/pr54519-1.c -O3 -fomit-frame-pointer line 20 y == 25
FAIL: gcc.dg/guality/pr54519-1.c -O3 -fomit-frame-pointer line 20 z == 6
FAIL: gcc.dg/guality/pr54519-1.c -O3 -g line 20 x == 36
FAIL: gcc.dg/guality/pr54519-1.c -O3 -g line 20 y == 25
FAIL: gcc.dg/guality/pr54519-1.c -O3 -g line 20 z == 6
FAIL: gcc.dg/guality/pr54519-1.c -O2 -flto -fno-use-linker-plugin -flto-partition=none line 20 y == 25
FAIL: gcc.dg/guality/pr54519-1.c -O2 -flto -fno-use-linker-plugin -flto-partition=none line 20 z == 6
FAIL: gcc.dg/guality/pr54519-1.c -O2 -flto -fno-use-linker-plugin -flto-partition=none line 23 y == 117
FAIL: gcc.dg/guality/pr54519-1.c -O2 -flto -fno-use-linker-plugin -flto-partition=none line 23 z == 8
FAIL: gcc.dg/guality/pr54519-2.c -O2 -flto -fno-use-linker-plugin -flto-partition=none line 17 y == 25
FAIL: gcc.dg/guality/pr54519-2.c -O2 -flto -fuse-linker-plugin -fno-fat-lto-objects line 17 y == 25
FAIL: gcc.dg/guality/pr54519-3.c -O2 line 20 x == 36
FAIL: gcc.dg/guality/pr54519-3.c -O2 line 20 y == 25
FAIL: gcc.dg/guality/pr54519-3.c -O2 line 20 z == 6
FAIL: gcc.dg/guality/pr54519-3.c -O2 line 23 x == 98
FAIL: gcc.dg/guality/pr54519-3.c -O2 line 23 y == 117
FAIL: gcc.dg/guality/pr54519-3.c -O2 line 23 z == 8
FAIL: gcc.dg/guality/pr54519-3.c -O3 -fomit-frame-pointer line 20 x == 36
FAIL: gcc.dg/guality/pr54519-3.c -O3 -fomit-frame-pointer line 20 y == 25
FAIL: gcc.dg/guality/pr54519-3.c -O3 -fomit-frame-pointer line 20 z == 6
FAIL: gcc.dg/guality/pr54519-3.c -O3 -fomit-frame-pointer line 23 x == 98
FAIL: gcc.dg/guality/pr54519-3.c -O3 -fomit-frame-pointer line 23 y == 117
FAIL: gcc.dg/guality/pr54519-3.c -O3 -fomit-frame-pointer line 23 z == 8
FAIL: gcc.dg/guality/pr54519-3.c -O3 -g line 20 x == 36
FAIL: gcc.dg/guality/pr54519-3.c -O3 -g line 20 y == 25
FAIL: gcc.dg/guality/pr54519-3.c -O3 -g line 20 z == 6
FAIL: gcc.dg/guality/pr54519-3.c -O3 -g line 23 x == 98
FAIL: gcc.dg/guality/pr54519-3.c -O3 -g line 23 y == 117
FAIL: gcc.dg/guality/pr54519-3.c -O3 -g line 23 z == 8
FAIL: gcc.dg/guality/pr54519-3.c -O2 -flto -fno-use-linker-plugin -flto-partition=none line 20 x == 36
FAIL: gcc.dg/guality/pr54519-3.c -O2 -flto -fno-use-linker-plugin -flto-partition=none line 20 y == 25
FAIL: gcc.dg/guality/pr54519-3.c -O2 -flto -fno-use-linker-plugin -flto-partition=none line 20 z == 6
FAIL: gcc.dg/guality/pr54519-3.c -O2 -flto -fno-use-linker-plugin -flto-partition=none line 23 x == 98
FAIL: gcc.dg/guality/pr54519-3.c -O2 -flto -fno-use-linker-plugin -flto-partition=none line 23 y == 117
FAIL: gcc.dg/guality/pr54519-3.c -O2 -flto -fno-use-linker-plugin -flto-partition=none line 23 z == 8
FAIL: gcc.dg/guality/pr54519-3.c -O2 -flto -fuse-linker-plugin -fno-fat-lto-objects line 20 y == 25
FAIL: gcc.dg/guality/pr54519-3.c -O2 -flto -fuse-linker-plugin -fno-fat-lto-objects line 20 z == 6
FAIL: gcc.dg/guality/pr54519-3.c -O2 -flto -fuse-linker-plugin -fno-fat-lto-objects line 23 y == 117
FAIL: gcc.dg/guality/pr54519-3.c -O2 -flto -fuse-linker-plugin -fno-fat-lto-objects line 23 z == 8
FAIL: gcc.dg/guality/pr54519-4.c -O2 -flto -fno-use-linker-plugin -flto-partition=none line 17 y == 25
FAIL: gcc.dg/guality/pr54519-4.c -O2 -flto -fuse-linker-plugin -fno-fat-lto-objects line 17 y == 25
FAIL: gcc.dg/guality/pr54519-5.c -O2 -flto -fno-use-linker-plugin -flto-partition=none line 17 y == 25
FAIL: gcc.dg/guality/pr54519-5.c -O2 -flto -fuse-linker-plugin -fno-fat-lto-objects line 17 y == 25
FAIL: gcc.dg/guality/pr54693-2.c -O3 -fomit-frame-pointer -funroll-loops line 21 i == v + 1
FAIL: gcc.dg/guality/pr54693-2.c -O3 -fomit-frame-pointer -funroll-all-loops -finline-functions line 21 i == v + 1
FAIL: gcc.dg/guality/pr54970.c -Os line 15 a[0] == 1
FAIL: gcc.dg/guality/pr54970.c -Os line 20 a[0] == 1
FAIL: gcc.dg/guality/pr54970.c -Os line 25 a[0] == 1
FAIL: gcc.dg/guality/pr54970.c -Os line 31 *p == 6
FAIL: gcc.dg/guality/pr54970.c -Os line 31 *q == 5
FAIL: gcc.dg/guality/pr54970.c -Os line 36 *p == 26
FAIL: gcc.dg/guality/pr54970.c -Os line 36 *q == 5
FAIL: gcc.dg/guality/pr54970.c -Os line 45 *p == 26
FAIL: gcc.dg/guality/pr54970.c -Os line 45 p[-1] == 25
FAIL: gcc.dg/guality/pr54970.c -Os line 45 p[-2] == 4
FAIL: gcc.dg/guality/pr54970.c -Os line 45 q[-1] == 4
FAIL: gcc.dg/guality/pr54970.c -Os line 45 q[1] == 26
FAIL: gcc.dg/guality/pr54970.c -Os line 45 *q == 25
FAIL: gcc.dg/guality/sra-1.c -O2 -flto -fuse-linker-plugin -fno-fat-lto-objects line 43 a.j == 14
FAIL: gcc.dg/lto/pr55113 c_lto_pr55113_0.o assemble, -flto -fshort-double -O0 (internal compiler error)
UNRESOLVED: gcc.dg/lto/pr55113 c_lto_pr55113_0.o-c_lto_pr55113_0.o link -flto -fshort-double -O0
UNRESOLVED: gcc.dg/lto/pr55113 c_lto_pr55113_0.o-c_lto_pr55113_0.o execute -flto -fshort-double -O0
=== gcc Summary ===
# of expected passes 106263
# of unexpected failures 282
# of unexpected successes 34
# of expected failures 262
# of unresolved testcases 216
# of unsupported tests 1359
/export/gnu/import/git/gcc-test-ia32corei7/bld/gcc/xgcc version 4.9.0 20140327 (experimental) [trunk revision 208870] (GCC)
=== gfortran tests ===
Running target unix
=== gfortran Summary ===
# of expected passes 45177
# of expected failures 38
# of unsupported tests 207
/export/gnu/import/git/gcc-test-ia32corei7/bld/gcc/testsuite/gfortran/../../gfortran version 4.9.0 20140327 (experimental) [trunk revision 208870] (GCC)
=== g++ tests ===
Running target unix
FAIL: c-c++-common/cilk-plus/PS/reduction-1.c -std=gnu++98 (test for excess errors)
UNRESOLVED: c-c++-common/cilk-plus/PS/reduction-1.c -std=gnu++98 compilation failed to produce executable
FAIL: c-c++-common/cilk-plus/PS/reduction-1.c -std=gnu++11 (test for excess errors)
UNRESOLVED: c-c++-common/cilk-plus/PS/reduction-1.c -std=gnu++11 compilation failed to produce executable
FAIL: c-c++-common/cilk-plus/PS/reduction-1.c -std=gnu++1y (test for excess errors)
UNRESOLVED: c-c++-common/cilk-plus/PS/reduction-1.c -std=gnu++1y compilation failed to produce executable
FAIL: c-c++-common/cilk-plus/PS/reduction-2.c -std=gnu++98 (test for excess errors)
UNRESOLVED: c-c++-common/cilk-plus/PS/reduction-2.c -std=gnu++98 compilation failed to produce executable
FAIL: c-c++-common/cilk-plus/PS/reduction-2.c -std=gnu++11 (test for excess errors)
UNRESOLVED: c-c++-common/cilk-plus/PS/reduction-2.c -std=gnu++11 compilation failed to produce executable
FAIL: c-c++-common/cilk-plus/PS/reduction-2.c -std=gnu++1y (test for excess errors)
UNRESOLVED: c-c++-common/cilk-plus/PS/reduction-2.c -std=gnu++1y compilation failed to produce executable
FAIL: c-c++-common/cilk-plus/PS/reduction-3.c -std=gnu++98 (test for excess errors)
UNRESOLVED: c-c++-common/cilk-plus/PS/reduction-3.c -std=gnu++98 compilation failed to produce executable
FAIL: c-c++-common/cilk-plus/PS/reduction-3.c -std=gnu++11 (test for excess errors)
UNRESOLVED: c-c++-common/cilk-plus/PS/reduction-3.c -std=gnu++11 compilation failed to produce executable
FAIL: c-c++-common/cilk-plus/PS/reduction-3.c -std=gnu++1y (test for excess errors)
UNRESOLVED: c-c++-common/cilk-plus/PS/reduction-3.c -std=gnu++1y compilation failed to produce executable
FAIL: c-c++-common/cilk-plus/PS/run-1.c -std=gnu++98 (test for excess errors)
UNRESOLVED: c-c++-common/cilk-plus/PS/run-1.c -std=gnu++98 compilation failed to produce executable
FAIL: c-c++-common/cilk-plus/PS/run-1.c -std=gnu++11 (test for excess errors)
UNRESOLVED: c-c++-common/cilk-plus/PS/run-1.c -std=gnu++11 compilation failed to produce executable
FAIL: c-c++-common/cilk-plus/PS/run-1.c -std=gnu++1y (test for excess errors)
UNRESOLVED: c-c++-common/cilk-plus/PS/run-1.c -std=gnu++1y compilation failed to produce executable
FAIL: g++.dg/cilk-plus/ef_test.C -std=gnu++98 (test for excess errors)
UNRESOLVED: g++.dg/cilk-plus/ef_test.C -std=gnu++98 compilation failed to produce executable
FAIL: g++.dg/cilk-plus/ef_test.C -std=gnu++11 (test for excess errors)
UNRESOLVED: g++.dg/cilk-plus/ef_test.C -std=gnu++11 compilation failed to produce executable
FAIL: g++.dg/cilk-plus/ef_test.C -std=gnu++1y (test for excess errors)
UNRESOLVED: g++.dg/cilk-plus/ef_test.C -std=gnu++1y compilation failed to produce executable
FAIL: c-c++-common/cilk-plus/AN/an-if.c -fcilkplus (test for excess errors)
UNRESOLVED: c-c++-common/cilk-plus/AN/an-if.c -fcilkplus compilation failed to produce executable
FAIL: c-c++-common/cilk-plus/AN/array_test1.c -fcilkplus (test for excess errors)
UNRESOLVED: c-c++-common/cilk-plus/AN/array_test1.c -fcilkplus compilation failed to produce executable
FAIL: c-c++-common/cilk-plus/AN/array_test2.c -fcilkplus (test for excess errors)
UNRESOLVED: c-c++-common/cilk-plus/AN/array_test2.c -fcilkplus compilation failed to produce executable
FAIL: c-c++-common/cilk-plus/AN/array_test_ND.c -fcilkplus (test for excess errors)
UNRESOLVED: c-c++-common/cilk-plus/AN/array_test_ND.c -fcilkplus compilation failed to produce executable
FAIL: c-c++-common/cilk-plus/AN/builtin_fn_custom.c -fcilkplus (test for excess errors)
UNRESOLVED: c-c++-common/cilk-plus/AN/builtin_fn_custom.c -fcilkplus compilation failed to produce executable
FAIL: c-c++-common/cilk-plus/AN/builtin_fn_mutating.c -fcilkplus (test for excess errors)
UNRESOLVED: c-c++-common/cilk-plus/AN/builtin_fn_mutating.c -fcilkplus compilation failed to produce executable
FAIL: c-c++-common/cilk-plus/AN/builtin_func_double2.c -fcilkplus (test for excess errors)
UNRESOLVED: c-c++-common/cilk-plus/AN/builtin_func_double2.c -fcilkplus compilation failed to produce executable
FAIL: c-c++-common/cilk-plus/AN/comma_exp.c -fcilkplus (test for excess errors)
UNRESOLVED: c-c++-common/cilk-plus/AN/comma_exp.c -fcilkplus compilation failed to produce executable
FAIL: c-c++-common/cilk-plus/AN/conditional.c -fcilkplus (test for excess errors)
UNRESOLVED: c-c++-common/cilk-plus/AN/conditional.c -fcilkplus compilation failed to produce executable
FAIL: c-c++-common/cilk-plus/AN/exec-once.c -fcilkplus (test for excess errors)
UNRESOLVED: c-c++-common/cilk-plus/AN/exec-once.c -fcilkplus compilation failed to produce executable
FAIL: c-c++-common/cilk-plus/AN/exec-once2.c -fcilkplus (test for excess errors)
UNRESOLVED: c-c++-common/cilk-plus/AN/exec-once2.c -fcilkplus compilation failed to produce executable
FAIL: c-c++-common/cilk-plus/AN/gather_scatter.c -fcilkplus (test for excess errors)
UNRESOLVED: c-c++-common/cilk-plus/AN/gather_scatter.c -fcilkplus compilation failed to produce executable
FAIL: c-c++-common/cilk-plus/AN/if_test.c -fcilkplus (test for excess errors)
UNRESOLVED: c-c++-common/cilk-plus/AN/if_test.c -fcilkplus compilation failed to produce executable
FAIL: c-c++-common/cilk-plus/AN/n-ptr-test.c -fcilkplus (test for excess errors)
UNRESOLVED: c-c++-common/cilk-plus/AN/n-ptr-test.c -fcilkplus compilation failed to produce executable
FAIL: c-c++-common/cilk-plus/AN/pr57490.c -fcilkplus (test for excess errors)
UNRESOLVED: c-c++-common/cilk-plus/AN/pr57490.c -fcilkplus compilation failed to produce executable
FAIL: c-c++-common/cilk-plus/AN/sec_implicit_ex.c -fcilkplus (test for excess errors)
UNRESOLVED: c-c++-common/cilk-plus/AN/sec_implicit_ex.c -fcilkplus compilation failed to produce executable
FAIL: c-c++-common/cilk-plus/AN/sec_reduce_ind_same_value.c -fcilkplus (test for excess errors)
UNRESOLVED: c-c++-common/cilk-plus/AN/sec_reduce_ind_same_value.c -fcilkplus compilation failed to produce executable
FAIL: c-c++-common/cilk-plus/AN/sec_reduce_return.c -fcilkplus (test for excess errors)
UNRESOLVED: c-c++-common/cilk-plus/AN/sec_reduce_return.c -fcilkplus compilation failed to produce executable
FAIL: c-c++-common/cilk-plus/AN/side-effects-1.c -fcilkplus (test for excess errors)
UNRESOLVED: c-c++-common/cilk-plus/AN/side-effects-1.c -fcilkplus compilation failed to produce executable
FAIL: c-c++-common/cilk-plus/AN/test_builtin_return.c -fcilkplus (test for excess errors)
UNRESOLVED: c-c++-common/cilk-plus/AN/test_builtin_return.c -fcilkplus compilation failed to produce executable
FAIL: c-c++-common/cilk-plus/AN/test_sec_limits.c -fcilkplus (test for excess errors)
UNRESOLVED: c-c++-common/cilk-plus/AN/test_sec_limits.c -fcilkplus compilation failed to produce executable
FAIL: c-c++-common/cilk-plus/AN/an-if.c -O1 -fcilkplus (test for excess errors)
UNRESOLVED: c-c++-common/cilk-plus/AN/an-if.c -O1 -fcilkplus compilation failed to produce executable
FAIL: c-c++-common/cilk-plus/AN/array_test1.c -O1 -fcilkplus (test for excess errors)
UNRESOLVED: c-c++-common/cilk-plus/AN/array_test1.c -O1 -fcilkplus compilation failed to produce executable
FAIL: c-c++-common/cilk-plus/AN/array_test2.c -O1 -fcilkplus (test for excess errors)
UNRESOLVED: c-c++-common/cilk-plus/AN/array_test2.c -O1 -fcilkplus compilation failed to produce executable
FAIL: c-c++-common/cilk-plus/AN/array_test_ND.c -O1 -fcilkplus (test for excess errors)
UNRESOLVED: c-c++-common/cilk-plus/AN/array_test_ND.c -O1 -fcilkplus compilation failed to produce executable
FAIL: c-c++-common/cilk-plus/AN/builtin_fn_custom.c -O1 -fcilkplus (test for excess errors)
UNRESOLVED: c-c++-common/cilk-plus/AN/builtin_fn_custom.c -O1 -fcilkplus compilation failed to produce executable
FAIL: c-c++-common/cilk-plus/AN/builtin_fn_mutating.c -O1 -fcilkplus (test for excess errors)
UNRESOLVED: c-c++-common/cilk-plus/AN/builtin_fn_mutating.c -O1 -fcilkplus compilation failed to produce executable
FAIL: c-c++-common/cilk-plus/AN/builtin_func_double2.c -O1 -fcilkplus (test for excess errors)
UNRESOLVED: c-c++-common/cilk-plus/AN/builtin_func_double2.c -O1 -fcilkplus compilation failed to produce executable
FAIL: c-c++-common/cilk-plus/AN/comma_exp.c -O1 -fcilkplus (test for excess errors)
UNRESOLVED: c-c++-common/cilk-plus/AN/comma_exp.c -O1 -fcilkplus compilation failed to produce executable
FAIL: c-c++-common/cilk-plus/AN/conditional.c -O1 -fcilkplus (test for excess errors)
UNRESOLVED: c-c++-common/cilk-plus/AN/conditional.c -O1 -fcilkplus compilation failed to produce executable
FAIL: c-c++-common/cilk-plus/AN/exec-once.c -O1 -fcilkplus (test for excess errors)
UNRESOLVED: c-c++-common/cilk-plus/AN/exec-once.c -O1 -fcilkplus compilation failed to produce executable
FAIL: c-c++-common/cilk-plus/AN/exec-once2.c -O1 -fcilkplus (test for excess errors)
UNRESOLVED: c-c++-common/cilk-plus/AN/exec-once2.c -O1 -fcilkplus compilation failed to produce executable
FAIL: c-c++-common/cilk-plus/AN/gather_scatter.c -O1 -fcilkplus (test for excess errors)
UNRESOLVED: c-c++-common/cilk-plus/AN/gather_scatter.c -O1 -fcilkplus compilation failed to produce executable
FAIL: c-c++-common/cilk-plus/AN/if_test.c -O1 -fcilkplus (test for excess errors)
UNRESOLVED: c-c++-common/cilk-plus/AN/if_test.c -O1 -fcilkplus compilation failed to produce executable
FAIL: c-c++-common/cilk-plus/AN/n-ptr-test.c -O1 -fcilkplus (test for excess errors)
UNRESOLVED: c-c++-common/cilk-plus/AN/n-ptr-test.c -O1 -fcilkplus compilation failed to produce executable
FAIL: c-c++-common/cilk-plus/AN/pr57490.c -O1 -fcilkplus (test for excess errors)
UNRESOLVED: c-c++-common/cilk-plus/AN/pr57490.c -O1 -fcilkplus compilation failed to produce executable
FAIL: c-c++-common/cilk-plus/AN/sec_implicit_ex.c -O1 -fcilkplus (test for excess errors)
UNRESOLVED: c-c++-common/cilk-plus/AN/sec_implicit_ex.c -O1 -fcilkplus compilation failed to produce executable
FAIL: c-c++-common/cilk-plus/AN/sec_reduce_ind_same_value.c -O1 -fcilkplus (test for excess errors)
UNRESOLVED: c-c++-common/cilk-plus/AN/sec_reduce_ind_same_value.c -O1 -fcilkplus compilation failed to produce executable
FAIL: c-c++-common/cilk-plus/AN/sec_reduce_return.c -O1 -fcilkplus (test for excess errors)
UNRESOLVED: c-c++-common/cilk-plus/AN/sec_reduce_return.c -O1 -fcilkplus compilation failed to produce executable
FAIL: c-c++-common/cilk-plus/AN/side-effects-1.c -O1 -fcilkplus (test for excess errors)
UNRESOLVED: c-c++-common/cilk-plus/AN/side-effects-1.c -O1 -fcilkplus compilation failed to produce executable
FAIL: c-c++-common/cilk-plus/AN/test_builtin_return.c -O1 -fcilkplus (test for excess errors)
UNRESOLVED: c-c++-common/cilk-plus/AN/test_builtin_return.c -O1 -fcilkplus compilation failed to produce executable
FAIL: c-c++-common/cilk-plus/AN/test_sec_limits.c -O1 -fcilkplus (test for excess errors)
UNRESOLVED: c-c++-common/cilk-plus/AN/test_sec_limits.c -O1 -fcilkplus compilation failed to produce executable
FAIL: c-c++-common/cilk-plus/AN/an-if.c -O2 -ftree-vectorize -fcilkplus (test for excess errors)
UNRESOLVED: c-c++-common/cilk-plus/AN/an-if.c -O2 -ftree-vectorize -fcilkplus compilation failed to produce executable
FAIL: c-c++-common/cilk-plus/AN/array_test1.c -O2 -ftree-vectorize -fcilkplus (test for excess errors)
UNRESOLVED: c-c++-common/cilk-plus/AN/array_test1.c -O2 -ftree-vectorize -fcilkplus compilation failed to produce executable
FAIL: c-c++-common/cilk-plus/AN/array_test2.c -O2 -ftree-vectorize -fcilkplus (test for excess errors)
UNRESOLVED: c-c++-common/cilk-plus/AN/array_test2.c -O2 -ftree-vectorize -fcilkplus compilation failed to produce executable
FAIL: c-c++-common/cilk-plus/AN/array_test_ND.c -O2 -ftree-vectorize -fcilkplus (test for excess errors)
UNRESOLVED: c-c++-common/cilk-plus/AN/array_test_ND.c -O2 -ftree-vectorize -fcilkplus compilation failed to produce executable
FAIL: c-c++-common/cilk-plus/AN/builtin_fn_custom.c -O2 -ftree-vectorize -fcilkplus (test for excess errors)
UNRESOLVED: c-c++-common/cilk-plus/AN/builtin_fn_custom.c -O2 -ftree-vectorize -fcilkplus compilation failed to produce executable
FAIL: c-c++-common/cilk-plus/AN/builtin_fn_mutating.c -O2 -ftree-vectorize -fcilkplus (test for excess errors)
UNRESOLVED: c-c++-common/cilk-plus/AN/builtin_fn_mutating.c -O2 -ftree-vectorize -fcilkplus compilation failed to produce executable
FAIL: c-c++-common/cilk-plus/AN/builtin_func_double2.c -O2 -ftree-vectorize -fcilkplus (test for excess errors)
UNRESOLVED: c-c++-common/cilk-plus/AN/builtin_func_double2.c -O2 -ftree-vectorize -fcilkplus compilation failed to produce executable
FAIL: c-c++-common/cilk-plus/AN/comma_exp.c -O2 -ftree-vectorize -fcilkplus (test for excess errors)
UNRESOLVED: c-c++-common/cilk-plus/AN/comma_exp.c -O2 -ftree-vectorize -fcilkplus compilation failed to produce executable
FAIL: c-c++-common/cilk-plus/AN/conditional.c -O2 -ftree-vectorize -fcilkplus (test for excess errors)
UNRESOLVED: c-c++-common/cilk-plus/AN/conditional.c -O2 -ftree-vectorize -fcilkplus compilation failed to produce executable
FAIL: c-c++-common/cilk-plus/AN/exec-once.c -O2 -ftree-vectorize -fcilkplus (test for excess errors)
UNRESOLVED: c-c++-common/cilk-plus/AN/exec-once.c -O2 -ftree-vectorize -fcilkplus compilation failed to produce executable
FAIL: c-c++-common/cilk-plus/AN/exec-once2.c -O2 -ftree-vectorize -fcilkplus (test for excess errors)
UNRESOLVED: c-c++-common/cilk-plus/AN/exec-once2.c -O2 -ftree-vectorize -fcilkplus compilation failed to produce executable
FAIL: c-c++-common/cilk-plus/AN/gather_scatter.c -O2 -ftree-vectorize -fcilkplus (test for excess errors)
UNRESOLVED: c-c++-common/cilk-plus/AN/gather_scatter.c -O2 -ftree-vectorize -fcilkplus compilation failed to produce executable
FAIL: c-c++-common/cilk-plus/AN/if_test.c -O2 -ftree-vectorize -fcilkplus (test for excess errors)
UNRESOLVED: c-c++-common/cilk-plus/AN/if_test.c -O2 -ftree-vectorize -fcilkplus compilation failed to produce executable
FAIL: c-c++-common/cilk-plus/AN/n-ptr-test.c -O2 -ftree-vectorize -fcilkplus (test for excess errors)
UNRESOLVED: c-c++-common/cilk-plus/AN/n-ptr-test.c -O2 -ftree-vectorize -fcilkplus compilation failed to produce executable
FAIL: c-c++-common/cilk-plus/AN/pr57490.c -O2 -ftree-vectorize -fcilkplus (test for excess errors)
UNRESOLVED: c-c++-common/cilk-plus/AN/pr57490.c -O2 -ftree-vectorize -fcilkplus compilation failed to produce executable
FAIL: c-c++-common/cilk-plus/AN/sec_implicit_ex.c -O2 -ftree-vectorize -fcilkplus (test for excess errors)
UNRESOLVED: c-c++-common/cilk-plus/AN/sec_implicit_ex.c -O2 -ftree-vectorize -fcilkplus compilation failed to produce executable
FAIL: c-c++-common/cilk-plus/AN/sec_reduce_ind_same_value.c -O2 -ftree-vectorize -fcilkplus (test for excess errors)
UNRESOLVED: c-c++-common/cilk-plus/AN/sec_reduce_ind_same_value.c -O2 -ftree-vectorize -fcilkplus compilation failed to produce executable
FAIL: c-c++-common/cilk-plus/AN/sec_reduce_return.c -O2 -ftree-vectorize -fcilkplus (test for excess errors)
UNRESOLVED: c-c++-common/cilk-plus/AN/sec_reduce_return.c -O2 -ftree-vectorize -fcilkplus compilation failed to produce executable
FAIL: c-c++-common/cilk-plus/AN/side-effects-1.c -O2 -ftree-vectorize -fcilkplus (test for excess errors)
UNRESOLVED: c-c++-common/cilk-plus/AN/side-effects-1.c -O2 -ftree-vectorize -fcilkplus compilation failed to produce executable
FAIL: c-c++-common/cilk-plus/AN/test_builtin_return.c -O2 -ftree-vectorize -fcilkplus (test for excess errors)
UNRESOLVED: c-c++-common/cilk-plus/AN/test_builtin_return.c -O2 -ftree-vectorize -fcilkplus compilation failed to produce executable
FAIL: c-c++-common/cilk-plus/AN/test_sec_limits.c -O2 -ftree-vectorize -fcilkplus (test for excess errors)
UNRESOLVED: c-c++-common/cilk-plus/AN/test_sec_limits.c -O2 -ftree-vectorize -fcilkplus compilation failed to produce executable
FAIL: c-c++-common/cilk-plus/AN/an-if.c -O3 -fcilkplus (test for excess errors)
UNRESOLVED: c-c++-common/cilk-plus/AN/an-if.c -O3 -fcilkplus compilation failed to produce executable
FAIL: c-c++-common/cilk-plus/AN/array_test1.c -O3 -fcilkplus (test for excess errors)
UNRESOLVED: c-c++-common/cilk-plus/AN/array_test1.c -O3 -fcilkplus compilation failed to produce executable
FAIL: c-c++-common/cilk-plus/AN/array_test2.c -O3 -fcilkplus (test for excess errors)
UNRESOLVED: c-c++-common/cilk-plus/AN/array_test2.c -O3 -fcilkplus compilation failed to produce executable
FAIL: c-c++-common/cilk-plus/AN/array_test_ND.c -O3 -fcilkplus (test for excess errors)
UNRESOLVED: c-c++-common/cilk-plus/AN/array_test_ND.c -O3 -fcilkplus compilation failed to produce executable
FAIL: c-c++-common/cilk-plus/AN/builtin_fn_custom.c -O3 -fcilkplus (test for excess errors)
UNRESOLVED: c-c++-common/cilk-plus/AN/builtin_fn_custom.c -O3 -fcilkplus compilation failed to produce executable
FAIL: c-c++-common/cilk-plus/AN/builtin_fn_mutating.c -O3 -fcilkplus (test for excess errors)
UNRESOLVED: c-c++-common/cilk-plus/AN/builtin_fn_mutating.c -O3 -fcilkplus compilation failed to produce executable
FAIL: c-c++-common/cilk-plus/AN/builtin_func_double2.c -O3 -fcilkplus (test for excess errors)
UNRESOLVED: c-c++-common/cilk-plus/AN/builtin_func_double2.c -O3 -fcilkplus compilation failed to produce executable
FAIL: c-c++-common/cilk-plus/AN/comma_exp.c -O3 -fcilkplus (test for excess errors)
UNRESOLVED: c-c++-common/cilk-plus/AN/comma_exp.c -O3 -fcilkplus compilation failed to produce executable
FAIL: c-c++-common/cilk-plus/AN/conditional.c -O3 -fcilkplus (test for excess errors)
UNRESOLVED: c-c++-common/cilk-plus/AN/conditional.c -O3 -fcilkplus compilation failed to produce executable
FAIL: c-c++-common/cilk-plus/AN/exec-once.c -O3 -fcilkplus (test for excess errors)
UNRESOLVED: c-c++-common/cilk-plus/AN/exec-once.c -O3 -fcilkplus compilation failed to produce executable
FAIL: c-c++-common/cilk-plus/AN/exec-once2.c -O3 -fcilkplus (test for excess errors)
UNRESOLVED: c-c++-common/cilk-plus/AN/exec-once2.c -O3 -fcilkplus compilation failed to produce executable
FAIL: c-c++-common/cilk-plus/AN/gather_scatter.c -O3 -fcilkplus (test for excess errors)
UNRESOLVED: c-c++-common/cilk-plus/AN/gather_scatter.c -O3 -fcilkplus compilation failed to produce executable
FAIL: c-c++-common/cilk-plus/AN/if_test.c -O3 -fcilkplus (test for excess errors)
UNRESOLVED: c-c++-common/cilk-plus/AN/if_test.c -O3 -fcilkplus compilation failed to produce executable
FAIL: c-c++-common/cilk-plus/AN/n-ptr-test.c -O3 -fcilkplus (test for excess errors)
UNRESOLVED: c-c++-common/cilk-plus/AN/n-ptr-test.c -O3 -fcilkplus compilation failed to produce executable
FAIL: c-c++-common/cilk-plus/AN/pr57490.c -O3 -fcilkplus (test for excess errors)
UNRESOLVED: c-c++-common/cilk-plus/AN/pr57490.c -O3 -fcilkplus compilation failed to produce executable
FAIL: c-c++-common/cilk-plus/AN/sec_implicit_ex.c -O3 -fcilkplus (test for excess errors)
UNRESOLVED: c-c++-common/cilk-plus/AN/sec_implicit_ex.c -O3 -fcilkplus compilation failed to produce executable
FAIL: c-c++-common/cilk-plus/AN/sec_reduce_ind_same_value.c -O3 -fcilkplus (test for excess errors)
UNRESOLVED: c-c++-common/cilk-plus/AN/sec_reduce_ind_same_value.c -O3 -fcilkplus compilation failed to produce executable
FAIL: c-c++-common/cilk-plus/AN/sec_reduce_return.c -O3 -fcilkplus (test for excess errors)
UNRESOLVED: c-c++-common/cilk-plus/AN/sec_reduce_return.c -O3 -fcilkplus compilation failed to produce executable
FAIL: c-c++-common/cilk-plus/AN/side-effects-1.c -O3 -fcilkplus (test for excess errors)
UNRESOLVED: c-c++-common/cilk-plus/AN/side-effects-1.c -O3 -fcilkplus compilation failed to produce executable
FAIL: c-c++-common/cilk-plus/AN/test_builtin_return.c -O3 -fcilkplus (test for excess errors)
UNRESOLVED: c-c++-common/cilk-plus/AN/test_builtin_return.c -O3 -fcilkplus compilation failed to produce executable
FAIL: c-c++-common/cilk-plus/AN/test_sec_limits.c -O3 -fcilkplus (test for excess errors)
UNRESOLVED: c-c++-common/cilk-plus/AN/test_sec_limits.c -O3 -fcilkplus compilation failed to produce executable
FAIL: c-c++-common/cilk-plus/AN/an-if.c -g -fcilkplus (test for excess errors)
UNRESOLVED: c-c++-common/cilk-plus/AN/an-if.c -g -fcilkplus compilation failed to produce executable
FAIL: c-c++-common/cilk-plus/AN/array_test1.c -g -fcilkplus (test for excess errors)
UNRESOLVED: c-c++-common/cilk-plus/AN/array_test1.c -g -fcilkplus compilation failed to produce executable
FAIL: c-c++-common/cilk-plus/AN/array_test2.c -g -fcilkplus (test for excess errors)
UNRESOLVED: c-c++-common/cilk-plus/AN/array_test2.c -g -fcilkplus compilation failed to produce executable
FAIL: c-c++-common/cilk-plus/AN/array_test_ND.c -g -fcilkplus (test for excess errors)
UNRESOLVED: c-c++-common/cilk-plus/AN/array_test_ND.c -g -fcilkplus compilation failed to produce executable
FAIL: c-c++-common/cilk-plus/AN/builtin_fn_custom.c -g -fcilkplus (test for excess errors)
UNRESOLVED: c-c++-common/cilk-plus/AN/builtin_fn_custom.c -g -fcilkplus compilation failed to produce executable
FAIL: c-c++-common/cilk-plus/AN/builtin_fn_mutating.c -g -fcilkplus (test for excess errors)
UNRESOLVED: c-c++-common/cilk-plus/AN/builtin_fn_mutating.c -g -fcilkplus compilation failed to produce executable
FAIL: c-c++-common/cilk-plus/AN/builtin_func_double2.c -g -fcilkplus (test for excess errors)
UNRESOLVED: c-c++-common/cilk-plus/AN/builtin_func_double2.c -g -fcilkplus compilation failed to produce executable
FAIL: c-c++-common/cilk-plus/AN/comma_exp.c -g -fcilkplus (test for excess errors)
UNRESOLVED: c-c++-common/cilk-plus/AN/comma_exp.c -g -fcilkplus compilation failed to produce executable
FAIL: c-c++-common/cilk-plus/AN/conditional.c -g -fcilkplus (test for excess errors)
UNRESOLVED: c-c++-common/cilk-plus/AN/conditional.c -g -fcilkplus compilation failed to produce executable
FAIL: c-c++-common/cilk-plus/AN/exec-once.c -g -fcilkplus (test for excess errors)
UNRESOLVED: c-c++-common/cilk-plus/AN/exec-once.c -g -fcilkplus compilation failed to produce executable
FAIL: c-c++-common/cilk-plus/AN/exec-once2.c -g -fcilkplus (test for excess errors)
UNRESOLVED: c-c++-common/cilk-plus/AN/exec-once2.c -g -fcilkplus compilation failed to produce executable
FAIL: c-c++-common/cilk-plus/AN/gather_scatter.c -g -fcilkplus (test for excess errors)
UNRESOLVED: c-c++-common/cilk-plus/AN/gather_scatter.c -g -fcilkplus compilation failed to produce executable
FAIL: c-c++-common/cilk-plus/AN/if_test.c -g -fcilkplus (test for excess errors)
UNRESOLVED: c-c++-common/cilk-plus/AN/if_test.c -g -fcilkplus compilation failed to produce executable
FAIL: c-c++-common/cilk-plus/AN/n-ptr-test.c -g -fcilkplus (test for excess errors)
UNRESOLVED: c-c++-common/cilk-plus/AN/n-ptr-test.c -g -fcilkplus compilation failed to produce executable
FAIL: c-c++-common/cilk-plus/AN/pr57490.c -g -fcilkplus (test for excess errors)
UNRESOLVED: c-c++-common/cilk-plus/AN/pr57490.c -g -fcilkplus compilation failed to produce executable
FAIL: c-c++-common/cilk-plus/AN/sec_implicit_ex.c -g -fcilkplus (test for excess errors)
UNRESOLVED: c-c++-common/cilk-plus/AN/sec_implicit_ex.c -g -fcilkplus compilation failed to produce executable
FAIL: c-c++-common/cilk-plus/AN/sec_reduce_ind_same_value.c -g -fcilkplus (test for excess errors)
UNRESOLVED: c-c++-common/cilk-plus/AN/sec_reduce_ind_same_value.c -g -fcilkplus compilation failed to produce executable
FAIL: c-c++-common/cilk-plus/AN/sec_reduce_return.c -g -fcilkplus (test for excess errors)
UNRESOLVED: c-c++-common/cilk-plus/AN/sec_reduce_return.c -g -fcilkplus compilation failed to produce executable
FAIL: c-c++-common/cilk-plus/AN/side-effects-1.c -g -fcilkplus (test for excess errors)
UNRESOLVED: c-c++-common/cilk-plus/AN/side-effects-1.c -g -fcilkplus compilation failed to produce executable
FAIL: c-c++-common/cilk-plus/AN/test_builtin_return.c -g -fcilkplus (test for excess errors)
UNRESOLVED: c-c++-common/cilk-plus/AN/test_builtin_return.c -g -fcilkplus compilation failed to produce executable
FAIL: c-c++-common/cilk-plus/AN/test_sec_limits.c -g -fcilkplus (test for excess errors)
UNRESOLVED: c-c++-common/cilk-plus/AN/test_sec_limits.c -g -fcilkplus compilation failed to produce executable
FAIL: c-c++-common/cilk-plus/AN/an-if.c -g -O1 -fcilkplus (test for excess errors)
UNRESOLVED: c-c++-common/cilk-plus/AN/an-if.c -g -O1 -fcilkplus compilation failed to produce executable
FAIL: c-c++-common/cilk-plus/AN/array_test1.c -g -O1 -fcilkplus (test for excess errors)
UNRESOLVED: c-c++-common/cilk-plus/AN/array_test1.c -g -O1 -fcilkplus compilation failed to produce executable
FAIL: c-c++-common/cilk-plus/AN/array_test2.c -g -O1 -fcilkplus (test for excess errors)
UNRESOLVED: c-c++-common/cilk-plus/AN/array_test2.c -g -O1 -fcilkplus compilation failed to produce executable
FAIL: c-c++-common/cilk-plus/AN/array_test_ND.c -g -O1 -fcilkplus (test for excess errors)
UNRESOLVED: c-c++-common/cilk-plus/AN/array_test_ND.c -g -O1 -fcilkplus compilation failed to produce executable
FAIL: c-c++-common/cilk-plus/AN/builtin_fn_custom.c -g -O1 -fcilkplus (test for excess errors)
UNRESOLVED: c-c++-common/cilk-plus/AN/builtin_fn_custom.c -g -O1 -fcilkplus compilation failed to produce executable
FAIL: c-c++-common/cilk-plus/AN/builtin_fn_mutating.c -g -O1 -fcilkplus (test for excess errors)
UNRESOLVED: c-c++-common/cilk-plus/AN/builtin_fn_mutating.c -g -O1 -fcilkplus compilation failed to produce executable
FAIL: c-c++-common/cilk-plus/AN/builtin_func_double2.c -g -O1 -fcilkplus (test for excess errors)
UNRESOLVED: c-c++-common/cilk-plus/AN/builtin_func_double2.c -g -O1 -fcilkplus compilation failed to produce executable
FAIL: c-c++-common/cilk-plus/AN/comma_exp.c -g -O1 -fcilkplus (test for excess errors)
UNRESOLVED: c-c++-common/cilk-plus/AN/comma_exp.c -g -O1 -fcilkplus compilation failed to produce executable
FAIL: c-c++-common/cilk-plus/AN/conditional.c -g -O1 -fcilkplus (test for excess errors)
UNRESOLVED: c-c++-common/cilk-plus/AN/conditional.c -g -O1 -fcilkplus compilation failed to produce executable
FAIL: c-c++-common/cilk-plus/AN/exec-once.c -g -O1 -fcilkplus (test for excess errors)
UNRESOLVED: c-c++-common/cilk-plus/AN/exec-once.c -g -O1 -fcilkplus compilation failed to produce executable
FAIL: c-c++-common/cilk-plus/AN/exec-once2.c -g -O1 -fcilkplus (test for excess errors)
UNRESOLVED: c-c++-common/cilk-plus/AN/exec-once2.c -g -O1 -fcilkplus compilation failed to produce executable
FAIL: c-c++-common/cilk-plus/AN/gather_scatter.c -g -O1 -fcilkplus (test for excess errors)
UNRESOLVED: c-c++-common/cilk-plus/AN/gather_scatter.c -g -O1 -fcilkplus compilation failed to produce executable
FAIL: c-c++-common/cilk-plus/AN/if_test.c -g -O1 -fcilkplus (test for excess errors)
UNRESOLVED: c-c++-common/cilk-plus/AN/if_test.c -g -O1 -fcilkplus compilation failed to produce executable
FAIL: c-c++-common/cilk-plus/AN/n-ptr-test.c -g -O1 -fcilkplus (test for excess errors)
UNRESOLVED: c-c++-common/cilk-plus/AN/n-ptr-test.c -g -O1 -fcilkplus compilation failed to produce executable
FAIL: c-c++-common/cilk-plus/AN/pr57490.c -g -O1 -fcilkplus (test for excess errors)
UNRESOLVED: c-c++-common/cilk-plus/AN/pr57490.c -g -O1 -fcilkplus compilation failed to produce executable
FAIL: c-c++-common/cilk-plus/AN/sec_implicit_ex.c -g -O1 -fcilkplus (test for excess errors)
UNRESOLVED: c-c++-common/cilk-plus/AN/sec_implicit_ex.c -g -O1 -fcilkplus compilation failed to produce executable
FAIL: c-c++-common/cilk-plus/AN/sec_reduce_ind_same_value.c -g -O1 -fcilkplus (test for excess errors)
UNRESOLVED: c-c++-common/cilk-plus/AN/sec_reduce_ind_same_value.c -g -O1 -fcilkplus compilation failed to produce executable
FAIL: c-c++-common/cilk-plus/AN/sec_reduce_return.c -g -O1 -fcilkplus (test for excess errors)
UNRESOLVED: c-c++-common/cilk-plus/AN/sec_reduce_return.c -g -O1 -fcilkplus compilation failed to produce executable
FAIL: c-c++-common/cilk-plus/AN/side-effects-1.c -g -O1 -fcilkplus (test for excess errors)
UNRESOLVED: c-c++-common/cilk-plus/AN/side-effects-1.c -g -O1 -fcilkplus compilation failed to produce executable
FAIL: c-c++-common/cilk-plus/AN/test_builtin_return.c -g -O1 -fcilkplus (test for excess errors)
UNRESOLVED: c-c++-common/cilk-plus/AN/test_builtin_return.c -g -O1 -fcilkplus compilation failed to produce executable
FAIL: c-c++-common/cilk-plus/AN/test_sec_limits.c -g -O1 -fcilkplus (test for excess errors)
UNRESOLVED: c-c++-common/cilk-plus/AN/test_sec_limits.c -g -O1 -fcilkplus compilation failed to produce executable
FAIL: c-c++-common/cilk-plus/AN/an-if.c -g -O2 -ftree-vectorize -fcilkplus (test for excess errors)
UNRESOLVED: c-c++-common/cilk-plus/AN/an-if.c -g -O2 -ftree-vectorize -fcilkplus compilation failed to produce executable
FAIL: c-c++-common/cilk-plus/AN/array_test1.c -g -O2 -ftree-vectorize -fcilkplus (test for excess errors)
UNRESOLVED: c-c++-common/cilk-plus/AN/array_test1.c -g -O2 -ftree-vectorize -fcilkplus compilation failed to produce executable
FAIL: c-c++-common/cilk-plus/AN/array_test2.c -g -O2 -ftree-vectorize -fcilkplus (test for excess errors)
UNRESOLVED: c-c++-common/cilk-plus/AN/array_test2.c -g -O2 -ftree-vectorize -fcilkplus compilation failed to produce executable
FAIL: c-c++-common/cilk-plus/AN/array_test_ND.c -g -O2 -ftree-vectorize -fcilkplus (test for excess errors)
UNRESOLVED: c-c++-common/cilk-plus/AN/array_test_ND.c -g -O2 -ftree-vectorize -fcilkplus compilation failed to produce executable
FAIL: c-c++-common/cilk-plus/AN/builtin_fn_custom.c -g -O2 -ftree-vectorize -fcilkplus (test for excess errors)
UNRESOLVED: c-c++-common/cilk-plus/AN/builtin_fn_custom.c -g -O2 -ftree-vectorize -fcilkplus compilation failed to produce executable
FAIL: c-c++-common/cilk-plus/AN/builtin_fn_mutating.c -g -O2 -ftree-vectorize -fcilkplus (test for excess errors)
UNRESOLVED: c-c++-common/cilk-plus/AN/builtin_fn_mutating.c -g -O2 -ftree-vectorize -fcilkplus compilation failed to produce executable
FAIL: c-c++-common/cilk-plus/AN/builtin_func_double2.c -g -O2 -ftree-vectorize -fcilkplus (test for excess errors)
UNRESOLVED: c-c++-common/cilk-plus/AN/builtin_func_double2.c -g -O2 -ftree-vectorize -fcilkplus compilation failed to produce executable
FAIL: c-c++-common/cilk-plus/AN/comma_exp.c -g -O2 -ftree-vectorize -fcilkplus (test for excess errors)
UNRESOLVED: c-c++-common/cilk-plus/AN/comma_exp.c -g -O2 -ftree-vectorize -fcilkplus compilation failed to produce executable
FAIL: c-c++-common/cilk-plus/AN/conditional.c -g -O2 -ftree-vectorize -fcilkplus (test for excess errors)
UNRESOLVED: c-c++-common/cilk-plus/AN/conditional.c -g -O2 -ftree-vectorize -fcilkplus compilation failed to produce executable
FAIL: c-c++-common/cilk-plus/AN/exec-once.c -g -O2 -ftree-vectorize -fcilkplus (test for excess errors)
UNRESOLVED: c-c++-common/cilk-plus/AN/exec-once.c -g -O2 -ftree-vectorize -fcilkplus compilation failed to produce executable
FAIL: c-c++-common/cilk-plus/AN/exec-once2.c -g -O2 -ftree-vectorize -fcilkplus (test for excess errors)
UNRESOLVED: c-c++-common/cilk-plus/AN/exec-once2.c -g -O2 -ftree-vectorize -fcilkplus compilation failed to produce executable
FAIL: c-c++-common/cilk-plus/AN/gather_scatter.c -g -O2 -ftree-vectorize -fcilkplus (test for excess errors)
UNRESOLVED: c-c++-common/cilk-plus/AN/gather_scatter.c -g -O2 -ftree-vectorize -fcilkplus compilation failed to produce executable
FAIL: c-c++-common/cilk-plus/AN/if_test.c -g -O2 -ftree-vectorize -fcilkplus (test for excess errors)
UNRESOLVED: c-c++-common/cilk-plus/AN/if_test.c -g -O2 -ftree-vectorize -fcilkplus compilation failed to produce executable
FAIL: c-c++-common/cilk-plus/AN/n-ptr-test.c -g -O2 -ftree-vectorize -fcilkplus (test for excess errors)
UNRESOLVED: c-c++-common/cilk-plus/AN/n-ptr-test.c -g -O2 -ftree-vectorize -fcilkplus compilation failed to produce executable
FAIL: c-c++-common/cilk-plus/AN/pr57490.c -g -O2 -ftree-vectorize -fcilkplus (test for excess errors)
UNRESOLVED: c-c++-common/cilk-plus/AN/pr57490.c -g -O2 -ftree-vectorize -fcilkplus compilation failed to produce executable
FAIL: c-c++-common/cilk-plus/AN/sec_implicit_ex.c -g -O2 -ftree-vectorize -fcilkplus (test for excess errors)
UNRESOLVED: c-c++-common/cilk-plus/AN/sec_implicit_ex.c -g -O2 -ftree-vectorize -fcilkplus compilation failed to produce executable
FAIL: c-c++-common/cilk-plus/AN/sec_reduce_ind_same_value.c -g -O2 -ftree-vectorize -fcilkplus (test for excess errors)
UNRESOLVED: c-c++-common/cilk-plus/AN/sec_reduce_ind_same_value.c -g -O2 -ftree-vectorize -fcilkplus compilation failed to produce executable
FAIL: c-c++-common/cilk-plus/AN/sec_reduce_return.c -g -O2 -ftree-vectorize -fcilkplus (test for excess errors)
UNRESOLVED: c-c++-common/cilk-plus/AN/sec_reduce_return.c -g -O2 -ftree-vectorize -fcilkplus compilation failed to produce executable
FAIL: c-c++-common/cilk-plus/AN/side-effects-1.c -g -O2 -ftree-vectorize -fcilkplus (test for excess errors)
UNRESOLVED: c-c++-common/cilk-plus/AN/side-effects-1.c -g -O2 -ftree-vectorize -fcilkplus compilation failed to produce executable
FAIL: c-c++-common/cilk-plus/AN/test_builtin_return.c -g -O2 -ftree-vectorize -fcilkplus (test for excess errors)
UNRESOLVED: c-c++-common/cilk-plus/AN/test_builtin_return.c -g -O2 -ftree-vectorize -fcilkplus compilation failed to produce executable
FAIL: c-c++-common/cilk-plus/AN/test_sec_limits.c -g -O2 -ftree-vectorize -fcilkplus (test for excess errors)
UNRESOLVED: c-c++-common/cilk-plus/AN/test_sec_limits.c -g -O2 -ftree-vectorize -fcilkplus compilation failed to produce executable
FAIL: c-c++-common/cilk-plus/AN/an-if.c -g -O3 -fcilkplus (test for excess errors)
UNRESOLVED: c-c++-common/cilk-plus/AN/an-if.c -g -O3 -fcilkplus compilation failed to produce executable
FAIL: c-c++-common/cilk-plus/AN/array_test1.c -g -O3 -fcilkplus (test for excess errors)
UNRESOLVED: c-c++-common/cilk-plus/AN/array_test1.c -g -O3 -fcilkplus compilation failed to produce executable
FAIL: c-c++-common/cilk-plus/AN/array_test2.c -g -O3 -fcilkplus (test for excess errors)
UNRESOLVED: c-c++-common/cilk-plus/AN/array_test2.c -g -O3 -fcilkplus compilation failed to produce executable
FAIL: c-c++-common/cilk-plus/AN/array_test_ND.c -g -O3 -fcilkplus (test for excess errors)
UNRESOLVED: c-c++-common/cilk-plus/AN/array_test_ND.c -g -O3 -fcilkplus compilation failed to produce executable
FAIL: c-c++-common/cilk-plus/AN/builtin_fn_custom.c -g -O3 -fcilkplus (test for excess errors)
UNRESOLVED: c-c++-common/cilk-plus/AN/builtin_fn_custom.c -g -O3 -fcilkplus compilation failed to produce executable
FAIL: c-c++-common/cilk-plus/AN/builtin_fn_mutating.c -g -O3 -fcilkplus (test for excess errors)
UNRESOLVED: c-c++-common/cilk-plus/AN/builtin_fn_mutating.c -g -O3 -fcilkplus compilation failed to produce executable
FAIL: c-c++-common/cilk-plus/AN/builtin_func_double2.c -g -O3 -fcilkplus (test for excess errors)
UNRESOLVED: c-c++-common/cilk-plus/AN/builtin_func_double2.c -g -O3 -fcilkplus compilation failed to produce executable
FAIL: c-c++-common/cilk-plus/AN/comma_exp.c -g -O3 -fcilkplus (test for excess errors)
UNRESOLVED: c-c++-common/cilk-plus/AN/comma_exp.c -g -O3 -fcilkplus compilation failed to produce executable
FAIL: c-c++-common/cilk-plus/AN/conditional.c -g -O3 -fcilkplus (test for excess errors)
UNRESOLVED: c-c++-common/cilk-plus/AN/conditional.c -g -O3 -fcilkplus compilation failed to produce executable
FAIL: c-c++-common/cilk-plus/AN/exec-once.c -g -O3 -fcilkplus (test for excess errors)
UNRESOLVED: c-c++-common/cilk-plus/AN/exec-once.c -g -O3 -fcilkplus compilation failed to produce executable
FAIL: c-c++-common/cilk-plus/AN/exec-once2.c -g -O3 -fcilkplus (test for excess errors)
UNRESOLVED: c-c++-common/cilk-plus/AN/exec-once2.c -g -O3 -fcilkplus compilation failed to produce executable
FAIL: c-c++-common/cilk-plus/AN/gather_scatter.c -g -O3 -fcilkplus (test for excess errors)
UNRESOLVED: c-c++-common/cilk-plus/AN/gather_scatter.c -g -O3 -fcilkplus compilation failed to produce executable
FAIL: c-c++-common/cilk-plus/AN/if_test.c -g -O3 -fcilkplus (test for excess errors)
UNRESOLVED: c-c++-common/cilk-plus/AN/if_test.c -g -O3 -fcilkplus compilation failed to produce executable
FAIL: c-c++-common/cilk-plus/AN/n-ptr-test.c -g -O3 -fcilkplus (test for excess errors)
UNRESOLVED: c-c++-common/cilk-plus/AN/n-ptr-test.c -g -O3 -fcilkplus compilation failed to produce executable
FAIL: c-c++-common/cilk-plus/AN/pr57490.c -g -O3 -fcilkplus (test for excess errors)
UNRESOLVED: c-c++-common/cilk-plus/AN/pr57490.c -g -O3 -fcilkplus compilation failed to produce executable
FAIL: c-c++-common/cilk-plus/AN/sec_implicit_ex.c -g -O3 -fcilkplus (test for excess errors)
UNRESOLVED: c-c++-common/cilk-plus/AN/sec_implicit_ex.c -g -O3 -fcilkplus compilation failed to produce executable
FAIL: c-c++-common/cilk-plus/AN/sec_reduce_ind_same_value.c -g -O3 -fcilkplus (test for excess errors)
UNRESOLVED: c-c++-common/cilk-plus/AN/sec_reduce_ind_same_value.c -g -O3 -fcilkplus compilation failed to produce executable
FAIL: c-c++-common/cilk-plus/AN/sec_reduce_return.c -g -O3 -fcilkplus (test for excess errors)
UNRESOLVED: c-c++-common/cilk-plus/AN/sec_reduce_return.c -g -O3 -fcilkplus compilation failed to produce executable
FAIL: c-c++-common/cilk-plus/AN/side-effects-1.c -g -O3 -fcilkplus (test for excess errors)
UNRESOLVED: c-c++-common/cilk-plus/AN/side-effects-1.c -g -O3 -fcilkplus compilation failed to produce executable
FAIL: c-c++-common/cilk-plus/AN/test_builtin_return.c -g -O3 -fcilkplus (test for excess errors)
UNRESOLVED: c-c++-common/cilk-plus/AN/test_builtin_return.c -g -O3 -fcilkplus compilation failed to produce executable
FAIL: c-c++-common/cilk-plus/AN/test_sec_limits.c -g -O3 -fcilkplus (test for excess errors)
UNRESOLVED: c-c++-common/cilk-plus/AN/test_sec_limits.c -g -O3 -fcilkplus compilation failed to produce executable
FAIL: c-c++-common/cilk-plus/AN/an-if.c -O3 -ftree-vectorize -fcilkplus -g (test for excess errors)
UNRESOLVED: c-c++-common/cilk-plus/AN/an-if.c -O3 -ftree-vectorize -fcilkplus -g compilation failed to produce executable
FAIL: c-c++-common/cilk-plus/AN/array_test1.c -O3 -ftree-vectorize -fcilkplus -g (test for excess errors)
UNRESOLVED: c-c++-common/cilk-plus/AN/array_test1.c -O3 -ftree-vectorize -fcilkplus -g compilation failed to produce executable
FAIL: c-c++-common/cilk-plus/AN/array_test2.c -O3 -ftree-vectorize -fcilkplus -g (test for excess errors)
UNRESOLVED: c-c++-common/cilk-plus/AN/array_test2.c -O3 -ftree-vectorize -fcilkplus -g compilation failed to produce executable
FAIL: c-c++-common/cilk-plus/AN/array_test_ND.c -O3 -ftree-vectorize -fcilkplus -g (test for excess errors)
UNRESOLVED: c-c++-common/cilk-plus/AN/array_test_ND.c -O3 -ftree-vectorize -fcilkplus -g compilation failed to produce executable
FAIL: c-c++-common/cilk-plus/AN/builtin_fn_custom.c -O3 -ftree-vectorize -fcilkplus -g (test for excess errors)
UNRESOLVED: c-c++-common/cilk-plus/AN/builtin_fn_custom.c -O3 -ftree-vectorize -fcilkplus -g compilation failed to produce executable
FAIL: c-c++-common/cilk-plus/AN/builtin_fn_mutating.c -O3 -ftree-vectorize -fcilkplus -g (test for excess errors)
UNRESOLVED: c-c++-common/cilk-plus/AN/builtin_fn_mutating.c -O3 -ftree-vectorize -fcilkplus -g compilation failed to produce executable
FAIL: c-c++-common/cilk-plus/AN/builtin_func_double2.c -O3 -ftree-vectorize -fcilkplus -g (test for excess errors)
UNRESOLVED: c-c++-common/cilk-plus/AN/builtin_func_double2.c -O3 -ftree-vectorize -fcilkplus -g compilation failed to produce executable
FAIL: c-c++-common/cilk-plus/AN/comma_exp.c -O3 -ftree-vectorize -fcilkplus -g (test for excess errors)
UNRESOLVED: c-c++-common/cilk-plus/AN/comma_exp.c -O3 -ftree-vectorize -fcilkplus -g compilation failed to produce executable
FAIL: c-c++-common/cilk-plus/AN/conditional.c -O3 -ftree-vectorize -fcilkplus -g (test for excess errors)
UNRESOLVED: c-c++-common/cilk-plus/AN/conditional.c -O3 -ftree-vectorize -fcilkplus -g compilation failed to produce executable
FAIL: c-c++-common/cilk-plus/AN/exec-once.c -O3 -ftree-vectorize -fcilkplus -g (test for excess errors)
UNRESOLVED: c-c++-common/cilk-plus/AN/exec-once.c -O3 -ftree-vectorize -fcilkplus -g compilation failed to produce executable
FAIL: c-c++-common/cilk-plus/AN/exec-once2.c -O3 -ftree-vectorize -fcilkplus -g (test for excess errors)
UNRESOLVED: c-c++-common/cilk-plus/AN/exec-once2.c -O3 -ftree-vectorize -fcilkplus -g compilation failed to produce executable
FAIL: c-c++-common/cilk-plus/AN/gather_scatter.c -O3 -ftree-vectorize -fcilkplus -g (test for excess errors)
UNRESOLVED: c-c++-common/cilk-plus/AN/gather_scatter.c -O3 -ftree-vectorize -fcilkplus -g compilation failed to produce executable
FAIL: c-c++-common/cilk-plus/AN/if_test.c -O3 -ftree-vectorize -fcilkplus -g (test for excess errors)
UNRESOLVED: c-c++-common/cilk-plus/AN/if_test.c -O3 -ftree-vectorize -fcilkplus -g compilation failed to produce executable
FAIL: c-c++-common/cilk-plus/AN/n-ptr-test.c -O3 -ftree-vectorize -fcilkplus -g (test for excess errors)
UNRESOLVED: c-c++-common/cilk-plus/AN/n-ptr-test.c -O3 -ftree-vectorize -fcilkplus -g compilation failed to produce executable
FAIL: c-c++-common/cilk-plus/AN/pr57490.c -O3 -ftree-vectorize -fcilkplus -g (test for excess errors)
UNRESOLVED: c-c++-common/cilk-plus/AN/pr57490.c -O3 -ftree-vectorize -fcilkplus -g compilation failed to produce executable
FAIL: c-c++-common/cilk-plus/AN/sec_implicit_ex.c -O3 -ftree-vectorize -fcilkplus -g (test for excess errors)
UNRESOLVED: c-c++-common/cilk-plus/AN/sec_implicit_ex.c -O3 -ftree-vectorize -fcilkplus -g compilation failed to produce executable
FAIL: c-c++-common/cilk-plus/AN/sec_reduce_ind_same_value.c -O3 -ftree-vectorize -fcilkplus -g (test for excess errors)
UNRESOLVED: c-c++-common/cilk-plus/AN/sec_reduce_ind_same_value.c -O3 -ftree-vectorize -fcilkplus -g compilation failed to produce executable
FAIL: c-c++-common/cilk-plus/AN/sec_reduce_return.c -O3 -ftree-vectorize -fcilkplus -g (test for excess errors)
UNRESOLVED: c-c++-common/cilk-plus/AN/sec_reduce_return.c -O3 -ftree-vectorize -fcilkplus -g compilation failed to produce executable
FAIL: c-c++-common/cilk-plus/AN/side-effects-1.c -O3 -ftree-vectorize -fcilkplus -g (test for excess errors)
UNRESOLVED: c-c++-common/cilk-plus/AN/side-effects-1.c -O3 -ftree-vectorize -fcilkplus -g compilation failed to produce executable
FAIL: c-c++-common/cilk-plus/AN/test_builtin_return.c -O3 -ftree-vectorize -fcilkplus -g (test for excess errors)
UNRESOLVED: c-c++-common/cilk-plus/AN/test_builtin_return.c -O3 -ftree-vectorize -fcilkplus -g compilation failed to produce executable
FAIL: c-c++-common/cilk-plus/AN/test_sec_limits.c -O3 -ftree-vectorize -fcilkplus -g (test for excess errors)
UNRESOLVED: c-c++-common/cilk-plus/AN/test_sec_limits.c -O3 -ftree-vectorize -fcilkplus -g compilation failed to produce executable
FAIL: g++.dg/cilk-plus/AN/array_test1_tplt.cc -fcilkplus (test for excess errors)
UNRESOLVED: g++.dg/cilk-plus/AN/array_test1_tplt.cc -fcilkplus compilation failed to produce executable
FAIL: g++.dg/cilk-plus/AN/array_test2_tplt.cc -fcilkplus (test for excess errors)
UNRESOLVED: g++.dg/cilk-plus/AN/array_test2_tplt.cc -fcilkplus compilation failed to produce executable
FAIL: g++.dg/cilk-plus/AN/array_test_ND_tplt.cc -fcilkplus (test for excess errors)
UNRESOLVED: g++.dg/cilk-plus/AN/array_test_ND_tplt.cc -fcilkplus compilation failed to produce executable
FAIL: g++.dg/cilk-plus/AN/builtin_fn_custom_tplt.cc -fcilkplus (test for excess errors)
UNRESOLVED: g++.dg/cilk-plus/AN/builtin_fn_custom_tplt.cc -fcilkplus compilation failed to produce executable
FAIL: g++.dg/cilk-plus/AN/builtin_fn_mutating_tplt.cc -fcilkplus (test for excess errors)
UNRESOLVED: g++.dg/cilk-plus/AN/builtin_fn_mutating_tplt.cc -fcilkplus compilation failed to produce executable
FAIL: g++.dg/cilk-plus/AN/postincr_test.cc -fcilkplus (test for excess errors)
UNRESOLVED: g++.dg/cilk-plus/AN/postincr_test.cc -fcilkplus compilation failed to produce executable
FAIL: g++.dg/cilk-plus/AN/preincr_test.cc -fcilkplus (test for excess errors)
UNRESOLVED: g++.dg/cilk-plus/AN/preincr_test.cc -fcilkplus compilation failed to produce executable
FAIL: g++.dg/cilk-plus/AN/array_test1_tplt.cc -O0 -fcilkplus (test for excess errors)
UNRESOLVED: g++.dg/cilk-plus/AN/array_test1_tplt.cc -O0 -fcilkplus compilation failed to produce executable
FAIL: g++.dg/cilk-plus/AN/array_test2_tplt.cc -O0 -fcilkplus (test for excess errors)
UNRESOLVED: g++.dg/cilk-plus/AN/array_test2_tplt.cc -O0 -fcilkplus compilation failed to produce executable
FAIL: g++.dg/cilk-plus/AN/array_test_ND_tplt.cc -O0 -fcilkplus (test for excess errors)
UNRESOLVED: g++.dg/cilk-plus/AN/array_test_ND_tplt.cc -O0 -fcilkplus compilation failed to produce executable
FAIL: g++.dg/cilk-plus/AN/builtin_fn_custom_tplt.cc -O0 -fcilkplus (test for excess errors)
UNRESOLVED: g++.dg/cilk-plus/AN/builtin_fn_custom_tplt.cc -O0 -fcilkplus compilation failed to produce executable
FAIL: g++.dg/cilk-plus/AN/builtin_fn_mutating_tplt.cc -O0 -fcilkplus (test for excess errors)
UNRESOLVED: g++.dg/cilk-plus/AN/builtin_fn_mutating_tplt.cc -O0 -fcilkplus compilation failed to produce executable
FAIL: g++.dg/cilk-plus/AN/postincr_test.cc -O0 -fcilkplus (test for excess errors)
UNRESOLVED: g++.dg/cilk-plus/AN/postincr_test.cc -O0 -fcilkplus compilation failed to produce executable
FAIL: g++.dg/cilk-plus/AN/preincr_test.cc -O0 -fcilkplus (test for excess errors)
UNRESOLVED: g++.dg/cilk-plus/AN/preincr_test.cc -O0 -fcilkplus compilation failed to produce executable
FAIL: g++.dg/cilk-plus/AN/array_test1_tplt.cc -O1 -fcilkplus (test for excess errors)
UNRESOLVED: g++.dg/cilk-plus/AN/array_test1_tplt.cc -O1 -fcilkplus compilation failed to produce executable
FAIL: g++.dg/cilk-plus/AN/array_test2_tplt.cc -O1 -fcilkplus (test for excess errors)
UNRESOLVED: g++.dg/cilk-plus/AN/array_test2_tplt.cc -O1 -fcilkplus compilation failed to produce executable
FAIL: g++.dg/cilk-plus/AN/array_test_ND_tplt.cc -O1 -fcilkplus (test for excess errors)
UNRESOLVED: g++.dg/cilk-plus/AN/array_test_ND_tplt.cc -O1 -fcilkplus compilation failed to produce executable
FAIL: g++.dg/cilk-plus/AN/builtin_fn_custom_tplt.cc -O1 -fcilkplus (test for excess errors)
UNRESOLVED: g++.dg/cilk-plus/AN/builtin_fn_custom_tplt.cc -O1 -fcilkplus compilation failed to produce executable
FAIL: g++.dg/cilk-plus/AN/builtin_fn_mutating_tplt.cc -O1 -fcilkplus (test for excess errors)
UNRESOLVED: g++.dg/cilk-plus/AN/builtin_fn_mutating_tplt.cc -O1 -fcilkplus compilation failed to produce executable
FAIL: g++.dg/cilk-plus/AN/postincr_test.cc -O1 -fcilkplus (test for excess errors)
UNRESOLVED: g++.dg/cilk-plus/AN/postincr_test.cc -O1 -fcilkplus compilation failed to produce executable
FAIL: g++.dg/cilk-plus/AN/preincr_test.cc -O1 -fcilkplus (test for excess errors)
UNRESOLVED: g++.dg/cilk-plus/AN/preincr_test.cc -O1 -fcilkplus compilation failed to produce executable
FAIL: g++.dg/cilk-plus/AN/array_test1_tplt.cc -O2 -ftree-vectorize -fcilkplus (test for excess errors)
UNRESOLVED: g++.dg/cilk-plus/AN/array_test1_tplt.cc -O2 -ftree-vectorize -fcilkplus compilation failed to produce executable
FAIL: g++.dg/cilk-plus/AN/array_test2_tplt.cc -O2 -ftree-vectorize -fcilkplus (test for excess errors)
UNRESOLVED: g++.dg/cilk-plus/AN/array_test2_tplt.cc -O2 -ftree-vectorize -fcilkplus compilation failed to produce executable
FAIL: g++.dg/cilk-plus/AN/array_test_ND_tplt.cc -O2 -ftree-vectorize -fcilkplus (test for excess errors)
UNRESOLVED: g++.dg/cilk-plus/AN/array_test_ND_tplt.cc -O2 -ftree-vectorize -fcilkplus compilation failed to produce executable
FAIL: g++.dg/cilk-plus/AN/builtin_fn_custom_tplt.cc -O2 -ftree-vectorize -fcilkplus (test for excess errors)
UNRESOLVED: g++.dg/cilk-plus/AN/builtin_fn_custom_tplt.cc -O2 -ftree-vectorize -fcilkplus compilation failed to produce executable
FAIL: g++.dg/cilk-plus/AN/builtin_fn_mutating_tplt.cc -O2 -ftree-vectorize -fcilkplus (test for excess errors)
UNRESOLVED: g++.dg/cilk-plus/AN/builtin_fn_mutating_tplt.cc -O2 -ftree-vectorize -fcilkplus compilation failed to produce executable
FAIL: g++.dg/cilk-plus/AN/postincr_test.cc -O2 -ftree-vectorize -fcilkplus (test for excess errors)
UNRESOLVED: g++.dg/cilk-plus/AN/postincr_test.cc -O2 -ftree-vectorize -fcilkplus compilation failed to produce executable
FAIL: g++.dg/cilk-plus/AN/preincr_test.cc -O2 -ftree-vectorize -fcilkplus (test for excess errors)
UNRESOLVED: g++.dg/cilk-plus/AN/preincr_test.cc -O2 -ftree-vectorize -fcilkplus compilation failed to produce executable
FAIL: g++.dg/cilk-plus/AN/array_test1_tplt.cc -O3 -fcilkplus (test for excess errors)
UNRESOLVED: g++.dg/cilk-plus/AN/array_test1_tplt.cc -O3 -fcilkplus compilation failed to produce executable
FAIL: g++.dg/cilk-plus/AN/array_test2_tplt.cc -O3 -fcilkplus (test for excess errors)
UNRESOLVED: g++.dg/cilk-plus/AN/array_test2_tplt.cc -O3 -fcilkplus compilation failed to produce executable
FAIL: g++.dg/cilk-plus/AN/array_test_ND_tplt.cc -O3 -fcilkplus (test for excess errors)
UNRESOLVED: g++.dg/cilk-plus/AN/array_test_ND_tplt.cc -O3 -fcilkplus compilation failed to produce executable
FAIL: g++.dg/cilk-plus/AN/builtin_fn_custom_tplt.cc -O3 -fcilkplus (test for excess errors)
UNRESOLVED: g++.dg/cilk-plus/AN/builtin_fn_custom_tplt.cc -O3 -fcilkplus compilation failed to produce executable
FAIL: g++.dg/cilk-plus/AN/builtin_fn_mutating_tplt.cc -O3 -fcilkplus (test for excess errors)
UNRESOLVED: g++.dg/cilk-plus/AN/builtin_fn_mutating_tplt.cc -O3 -fcilkplus compilation failed to produce executable
FAIL: g++.dg/cilk-plus/AN/postincr_test.cc -O3 -fcilkplus (test for excess errors)
UNRESOLVED: g++.dg/cilk-plus/AN/postincr_test.cc -O3 -fcilkplus compilation failed to produce executable
FAIL: g++.dg/cilk-plus/AN/preincr_test.cc -O3 -fcilkplus (test for excess errors)
UNRESOLVED: g++.dg/cilk-plus/AN/preincr_test.cc -O3 -fcilkplus compilation failed to produce executable
FAIL: g++.dg/cilk-plus/AN/array_test1_tplt.cc -g -fcilkplus (test for excess errors)
UNRESOLVED: g++.dg/cilk-plus/AN/array_test1_tplt.cc -g -fcilkplus compilation failed to produce executable
FAIL: g++.dg/cilk-plus/AN/array_test2_tplt.cc -g -fcilkplus (test for excess errors)
UNRESOLVED: g++.dg/cilk-plus/AN/array_test2_tplt.cc -g -fcilkplus compilation failed to produce executable
FAIL: g++.dg/cilk-plus/AN/array_test_ND_tplt.cc -g -fcilkplus (test for excess errors)
UNRESOLVED: g++.dg/cilk-plus/AN/array_test_ND_tplt.cc -g -fcilkplus compilation failed to produce executable
FAIL: g++.dg/cilk-plus/AN/builtin_fn_custom_tplt.cc -g -fcilkplus (test for excess errors)
UNRESOLVED: g++.dg/cilk-plus/AN/builtin_fn_custom_tplt.cc -g -fcilkplus compilation failed to produce executable
FAIL: g++.dg/cilk-plus/AN/builtin_fn_mutating_tplt.cc -g -fcilkplus (test for excess errors)
UNRESOLVED: g++.dg/cilk-plus/AN/builtin_fn_mutating_tplt.cc -g -fcilkplus compilation failed to produce executable
FAIL: g++.dg/cilk-plus/AN/postincr_test.cc -g -fcilkplus (test for excess errors)
UNRESOLVED: g++.dg/cilk-plus/AN/postincr_test.cc -g -fcilkplus compilation failed to produce executable
FAIL: g++.dg/cilk-plus/AN/preincr_test.cc -g -fcilkplus (test for excess errors)
UNRESOLVED: g++.dg/cilk-plus/AN/preincr_test.cc -g -fcilkplus compilation failed to produce executable
FAIL: g++.dg/cilk-plus/AN/array_test1_tplt.cc -g -O0 -fcilkplus (test for excess errors)
UNRESOLVED: g++.dg/cilk-plus/AN/array_test1_tplt.cc -g -O0 -fcilkplus compilation failed to produce executable
FAIL: g++.dg/cilk-plus/AN/array_test2_tplt.cc -g -O0 -fcilkplus (test for excess errors)
UNRESOLVED: g++.dg/cilk-plus/AN/array_test2_tplt.cc -g -O0 -fcilkplus compilation failed to produce executable
FAIL: g++.dg/cilk-plus/AN/array_test_ND_tplt.cc -g -O0 -fcilkplus (test for excess errors)
UNRESOLVED: g++.dg/cilk-plus/AN/array_test_ND_tplt.cc -g -O0 -fcilkplus compilation failed to produce executable
FAIL: g++.dg/cilk-plus/AN/builtin_fn_custom_tplt.cc -g -O0 -fcilkplus (test for excess errors)
UNRESOLVED: g++.dg/cilk-plus/AN/builtin_fn_custom_tplt.cc -g -O0 -fcilkplus compilation failed to produce executable
FAIL: g++.dg/cilk-plus/AN/builtin_fn_mutating_tplt.cc -g -O0 -fcilkplus (test for excess errors)
UNRESOLVED: g++.dg/cilk-plus/AN/builtin_fn_mutating_tplt.cc -g -O0 -fcilkplus compilation failed to produce executable
FAIL: g++.dg/cilk-plus/AN/postincr_test.cc -g -O0 -fcilkplus (test for excess errors)
UNRESOLVED: g++.dg/cilk-plus/AN/postincr_test.cc -g -O0 -fcilkplus compilation failed to produce executable
FAIL: g++.dg/cilk-plus/AN/preincr_test.cc -g -O0 -fcilkplus (test for excess errors)
UNRESOLVED: g++.dg/cilk-plus/AN/preincr_test.cc -g -O0 -fcilkplus compilation failed to produce executable
FAIL: g++.dg/cilk-plus/AN/array_test1_tplt.cc -g -O1 -fcilkplus (test for excess errors)
UNRESOLVED: g++.dg/cilk-plus/AN/array_test1_tplt.cc -g -O1 -fcilkplus compilation failed to produce executable
FAIL: g++.dg/cilk-plus/AN/array_test2_tplt.cc -g -O1 -fcilkplus (test for excess errors)
UNRESOLVED: g++.dg/cilk-plus/AN/array_test2_tplt.cc -g -O1 -fcilkplus compilation failed to produce executable
FAIL: g++.dg/cilk-plus/AN/array_test_ND_tplt.cc -g -O1 -fcilkplus (test for excess errors)
UNRESOLVED: g++.dg/cilk-plus/AN/array_test_ND_tplt.cc -g -O1 -fcilkplus compilation failed to produce executable
FAIL: g++.dg/cilk-plus/AN/builtin_fn_custom_tplt.cc -g -O1 -fcilkplus (test for excess errors)
UNRESOLVED: g++.dg/cilk-plus/AN/builtin_fn_custom_tplt.cc -g -O1 -fcilkplus compilation failed to produce executable
FAIL: g++.dg/cilk-plus/AN/builtin_fn_mutating_tplt.cc -g -O1 -fcilkplus (test for excess errors)
UNRESOLVED: g++.dg/cilk-plus/AN/builtin_fn_mutating_tplt.cc -g -O1 -fcilkplus compilation failed to produce executable
FAIL: g++.dg/cilk-plus/AN/postincr_test.cc -g -O1 -fcilkplus (test for excess errors)
UNRESOLVED: g++.dg/cilk-plus/AN/postincr_test.cc -g -O1 -fcilkplus compilation failed to produce executable
FAIL: g++.dg/cilk-plus/AN/preincr_test.cc -g -O1 -fcilkplus (test for excess errors)
UNRESOLVED: g++.dg/cilk-plus/AN/preincr_test.cc -g -O1 -fcilkplus compilation failed to produce executable
FAIL: g++.dg/cilk-plus/AN/array_test1_tplt.cc -g -O2 -ftree-vectorize -fcilkplus (test for excess errors)
UNRESOLVED: g++.dg/cilk-plus/AN/array_test1_tplt.cc -g -O2 -ftree-vectorize -fcilkplus compilation failed to produce executable
FAIL: g++.dg/cilk-plus/AN/array_test2_tplt.cc -g -O2 -ftree-vectorize -fcilkplus (test for excess errors)
UNRESOLVED: g++.dg/cilk-plus/AN/array_test2_tplt.cc -g -O2 -ftree-vectorize -fcilkplus compilation failed to produce executable
FAIL: g++.dg/cilk-plus/AN/array_test_ND_tplt.cc -g -O2 -ftree-vectorize -fcilkplus (test for excess errors)
UNRESOLVED: g++.dg/cilk-plus/AN/array_test_ND_tplt.cc -g -O2 -ftree-vectorize -fcilkplus compilation failed to produce executable
FAIL: g++.dg/cilk-plus/AN/builtin_fn_custom_tplt.cc -g -O2 -ftree-vectorize -fcilkplus (test for excess errors)
UNRESOLVED: g++.dg/cilk-plus/AN/builtin_fn_custom_tplt.cc -g -O2 -ftree-vectorize -fcilkplus compilation failed to produce executable
FAIL: g++.dg/cilk-plus/AN/builtin_fn_mutating_tplt.cc -g -O2 -ftree-vectorize -fcilkplus (test for excess errors)
UNRESOLVED: g++.dg/cilk-plus/AN/builtin_fn_mutating_tplt.cc -g -O2 -ftree-vectorize -fcilkplus compilation failed to produce executable
FAIL: g++.dg/cilk-plus/AN/postincr_test.cc -g -O2 -ftree-vectorize -fcilkplus (test for excess errors)
UNRESOLVED: g++.dg/cilk-plus/AN/postincr_test.cc -g -O2 -ftree-vectorize -fcilkplus compilation failed to produce executable
FAIL: g++.dg/cilk-plus/AN/preincr_test.cc -g -O2 -ftree-vectorize -fcilkplus (test for excess errors)
UNRESOLVED: g++.dg/cilk-plus/AN/preincr_test.cc -g -O2 -ftree-vectorize -fcilkplus compilation failed to produce executable
FAIL: g++.dg/cilk-plus/AN/array_test1_tplt.cc -g -O3 -fcilkplus (test for excess errors)
UNRESOLVED: g++.dg/cilk-plus/AN/array_test1_tplt.cc -g -O3 -fcilkplus compilation failed to produce executable
FAIL: g++.dg/cilk-plus/AN/array_test2_tplt.cc -g -O3 -fcilkplus (test for excess errors)
UNRESOLVED: g++.dg/cilk-plus/AN/array_test2_tplt.cc -g -O3 -fcilkplus compilation failed to produce executable
FAIL: g++.dg/cilk-plus/AN/array_test_ND_tplt.cc -g -O3 -fcilkplus (test for excess errors)
UNRESOLVED: g++.dg/cilk-plus/AN/array_test_ND_tplt.cc -g -O3 -fcilkplus compilation failed to produce executable
FAIL: g++.dg/cilk-plus/AN/builtin_fn_custom_tplt.cc -g -O3 -fcilkplus (test for excess errors)
UNRESOLVED: g++.dg/cilk-plus/AN/builtin_fn_custom_tplt.cc -g -O3 -fcilkplus compilation failed to produce executable
FAIL: g++.dg/cilk-plus/AN/builtin_fn_mutating_tplt.cc -g -O3 -fcilkplus (test for excess errors)
UNRESOLVED: g++.dg/cilk-plus/AN/builtin_fn_mutating_tplt.cc -g -O3 -fcilkplus compilation failed to produce executable
FAIL: g++.dg/cilk-plus/AN/postincr_test.cc -g -O3 -fcilkplus (test for excess errors)
UNRESOLVED: g++.dg/cilk-plus/AN/postincr_test.cc -g -O3 -fcilkplus compilation failed to produce executable
FAIL: g++.dg/cilk-plus/AN/preincr_test.cc -g -O3 -fcilkplus (test for excess errors)
UNRESOLVED: g++.dg/cilk-plus/AN/preincr_test.cc -g -O3 -fcilkplus compilation failed to produce executable
FAIL: g++.dg/cilk-plus/AN/array_test1_tplt.cc -O3 -ftree-vectorize -fcilkplus -g (test for excess errors)
UNRESOLVED: g++.dg/cilk-plus/AN/array_test1_tplt.cc -O3 -ftree-vectorize -fcilkplus -g compilation failed to produce executable
FAIL: g++.dg/cilk-plus/AN/array_test2_tplt.cc -O3 -ftree-vectorize -fcilkplus -g (test for excess errors)
UNRESOLVED: g++.dg/cilk-plus/AN/array_test2_tplt.cc -O3 -ftree-vectorize -fcilkplus -g compilation failed to produce executable
FAIL: g++.dg/cilk-plus/AN/array_test_ND_tplt.cc -O3 -ftree-vectorize -fcilkplus -g (test for excess errors)
UNRESOLVED: g++.dg/cilk-plus/AN/array_test_ND_tplt.cc -O3 -ftree-vectorize -fcilkplus -g compilation failed to produce executable
FAIL: g++.dg/cilk-plus/AN/builtin_fn_custom_tplt.cc -O3 -ftree-vectorize -fcilkplus -g (test for excess errors)
UNRESOLVED: g++.dg/cilk-plus/AN/builtin_fn_custom_tplt.cc -O3 -ftree-vectorize -fcilkplus -g compilation failed to produce executable
FAIL: g++.dg/cilk-plus/AN/builtin_fn_mutating_tplt.cc -O3 -ftree-vectorize -fcilkplus -g (test for excess errors)
UNRESOLVED: g++.dg/cilk-plus/AN/builtin_fn_mutating_tplt.cc -O3 -ftree-vectorize -fcilkplus -g compilation failed to produce executable
FAIL: g++.dg/cilk-plus/AN/postincr_test.cc -O3 -ftree-vectorize -fcilkplus -g (test for excess errors)
UNRESOLVED: g++.dg/cilk-plus/AN/postincr_test.cc -O3 -ftree-vectorize -fcilkplus -g compilation failed to produce executable
FAIL: g++.dg/cilk-plus/AN/preincr_test.cc -O3 -ftree-vectorize -fcilkplus -g (test for excess errors)
UNRESOLVED: g++.dg/cilk-plus/AN/preincr_test.cc -O3 -ftree-vectorize -fcilkplus -g compilation failed to produce executable
FAIL: g++.dg/abi/thunk6.C -std=c++98 scan-assembler _ZTv0_n32_N1CD1Ev
FAIL: g++.dg/abi/thunk6.C -std=c++11 scan-assembler _ZTv0_n32_N1CD1Ev
FAIL: g++.dg/abi/thunk6.C -std=c++1y scan-assembler _ZTv0_n32_N1CD1Ev
FAIL: g++.dg/guality/pr55665.C -O2 line 23 p == 40
FAIL: g++.dg/guality/pr55665.C -O3 -fomit-frame-pointer line 23 p == 40
FAIL: g++.dg/guality/pr55665.C -O3 -g line 23 p == 40
FAIL: g++.dg/torture/pr60315.C -O0 (test for excess errors)
FAIL: g++.dg/torture/pr60315.C -O1 (test for excess errors)
FAIL: g++.dg/torture/pr60315.C -O2 (test for excess errors)
FAIL: g++.dg/torture/pr60315.C -O3 -fomit-frame-pointer (test for excess errors)
FAIL: g++.dg/torture/pr60315.C -O3 -g (test for excess errors)
FAIL: g++.dg/torture/pr60315.C -Os (test for excess errors)
FAIL: g++.dg/torture/pr60315.C -O2 -flto -fno-use-linker-plugin -flto-partition=none (test for excess errors)
FAIL: g++.dg/torture/pr60315.C -O2 -flto -fuse-linker-plugin -fno-fat-lto-objects (test for excess errors)
=== g++ Summary ===
# of expected passes 85234
# of unexpected failures 295
# of expected failures 445
# of unresolved testcases 281
# of unsupported tests 2746
/export/gnu/import/git/gcc-test-ia32corei7/bld/gcc/testsuite/g++/../../xg++ version 4.9.0 20140327 (experimental) [trunk revision 208870] (GCC)
=== objc tests ===
Running target unix
=== objc Summary ===
# of expected passes 2988
# of expected failures 6
# of unsupported tests 74
/export/gnu/import/git/gcc-test-ia32corei7/bld/gcc/xgcc version 4.9.0 20140327 (experimental) [trunk revision 208870] (GCC)
=== boehm-gc tests ===
Running target unix
=== boehm-gc Summary ===
# of expected passes 12
# of unsupported tests 1
=== libatomic tests ===
Running target unix
=== libatomic Summary ===
# of expected passes 44
# of unsupported tests 5
=== libffi tests ===
Running target unix
=== libffi Summary ===
# of expected passes 1819
# of unsupported tests 55
=== libgomp tests ===
Running target unix
=== libgomp Summary ===
# of expected passes 2363
=== libitm tests ===
Running target unix
=== libitm Summary ===
# of expected passes 26
# of expected failures 3
# of unsupported tests 1
=== libjava tests ===
Running target unix
=== libjava Summary ===
# of expected passes 2582
# of expected failures 4
=== libstdc++ tests ===
Running target unix
=== libstdc++ Summary ===
# of expected passes 10023
# of expected failures 41
# of unsupported tests 220
Compiler version: 4.9.0 20140327 (experimental) [trunk revision 208870] (GCC)
Platform: i686-pc-linux-gnu
configure flags: --with-arch=corei7 --with-cpu=corei7 --prefix=/usr/4.9.0 --enable-clocale=gnu --with-system-zlib --enable-shared --with-demangler-in-ld i686-linux --with-fpmath=sse --enable-languages=c,c++,fortran,java,lto,objc