This is the mail archive of the
gcc-testresults@gcc.gnu.org
mailing list for the GCC project.
Results for 4.7.4 20140321 (prerelease) [gcc-4_7-branch revision 208744] (GCC) testsuite on i386-pc-solaris2.9
- From: Rainer Orth <ro at CeBiTec dot Uni-Bielefeld dot DE>
- To: gcc-testresults at gcc dot gnu dot org
- Date: Mon, 24 Mar 2014 10:24:35 +0100 (MET)
- Subject: Results for 4.7.4 20140321 (prerelease) [gcc-4_7-branch revision 208744] (GCC) testsuite on i386-pc-solaris2.9
- Authentication-results: sourceware.org; auth=none
LAST_UPDATED: Fri Mar 21 12:46:26 UTC 2014 (revision 208744)
=== acats tests ===
=== acats Summary ===
# of expected passes 2320
# of unexpected failures 0
Native configuration is i386-pc-solaris2.9
=== g++ tests ===
Running target unix
FAIL: g++.dg/torture/pr31863.C -O2 -flto (test for excess errors)
=== g++ Summary ===
# of expected passes 47029
# of unexpected failures 1
# of expected failures 288
# of unsupported tests 546
/var/gcc/regression/gcc-4.7-branch/9-gcc/build/gcc/testsuite/g++/../../g++ version 4.7.4 20140321 (prerelease) [gcc-4_7-branch revision 208744] (GCC)
=== gcc tests ===
Running target unix
=== gcc Summary ===
# of expected passes 82688
# of expected failures 256
# of unsupported tests 2063
/var/gcc/regression/gcc-4.7-branch/9-gcc/build/gcc/xgcc version 4.7.4 20140321 (prerelease) [gcc-4_7-branch revision 208744] (GCC)
=== gfortran tests ===
Running target unix
=== gfortran Summary ===
# of expected passes 40713
# of expected failures 42
# of unsupported tests 365
/var/gcc/regression/gcc-4.7-branch/9-gcc/build/gcc/testsuite/gfortran/../../gfortran version 4.7.4 20140321 (prerelease) [gcc-4_7-branch revision 208744] (GCC)
=== gnat tests ===
Running target unix
=== gnat Summary ===
# of expected passes 1124
# of expected failures 14
# of unsupported tests 6
/var/gcc/regression/gcc-4.7-branch/9-gcc/build/gcc/gnatmake version 4.7.4 20140321 (prerelease) [gcc-4_7-branch revision 208744]
=== go tests ===
Running target unix
=== go Summary ===
# of expected passes 3290
# of expected failures 4
# of untested testcases 6
/var/gcc/regression/gcc-4.7-branch/9-gcc/build/gcc/testsuite/go/../../gccgo version 4.7.4 20140321 (prerelease) [gcc-4_7-branch revision 208744] (GCC)
=== obj-c++ tests ===
Running target unix
=== obj-c++ Summary ===
# of expected passes 1450
# of expected failures 2
# of unsupported tests 86
/var/gcc/regression/gcc-4.7-branch/9-gcc/build/gcc/testsuite/obj-c++/../../g++ version 4.7.4 20140321 (prerelease) [gcc-4_7-branch revision 208744] (GCC)
=== objc tests ===
Running target unix
=== objc Summary ===
# of expected passes 2988
# of expected failures 6
# of unsupported tests 74
/var/gcc/regression/gcc-4.7-branch/9-gcc/build/gcc/xgcc version 4.7.4 20140321 (prerelease) [gcc-4_7-branch revision 208744] (GCC)
=== boehm-gc tests ===
Running target unix
=== boehm-gc Summary ===
# of expected passes 12
# of unsupported tests 1
=== libffi tests ===
Running target unix
=== libffi Summary ===
# of expected passes 1634
# of expected failures 10
# of unsupported tests 55
=== libgo tests ===
Running target unix
FAIL: runtime/pprof
=== libgo Summary ===
# of expected passes 123
# of unexpected failures 1
=== libgomp tests ===
Running target unix
=== libgomp Summary ===
# of expected passes 2940
# of unsupported tests 3
=== libitm tests ===
Running target unix
=== libitm Summary ===
# of expected passes 26
# of expected failures 3
# of unsupported tests 1
=== libjava tests ===
Running target unix
FAIL: Divide_1 output - source compiled test
FAIL: Divide_1 -findirect-dispatch output - source compiled test
FAIL: Divide_1 -O3 output - source compiled test
FAIL: Divide_1 -O3 -findirect-dispatch output - source compiled test
FAIL: InvokeInterface execution - source compiled test
FAIL: InvokeInterface -O3 execution - source compiled test
=== libjava Summary ===
# of expected passes 2566
# of unexpected failures 6
# of untested testcases 2
=== libstdc++ tests ===
Running target unix
=== libstdc++ Summary ===
# of expected passes 7384
# of expected failures 49
# of unsupported tests 812
Compiler version: 4.7.4 20140321 (prerelease) [gcc-4_7-branch revision 208744] (GCC)
Platform: i386-pc-solaris2.9
configure flags: --prefix=/vol/gcc --target=i386-pc-solaris2.9 --enable-objc-gc --with-gmp-include=/vol/gcc/include --with-gmp-lib=/vol/gcc/lib --with-mpfr-include=/vol/gcc/include --with-mpfr-lib=/vol/gcc/lib --with-mpc-include=/vol/gcc/include --with-mpc-lib=/vol/gcc/lib --enable-languages=all,ada,obj-c++,go --without-ppl --without-isl --without-cloog
BOOT_CFLAGS=-g -O2