This is the mail archive of the
gcc-testresults@gcc.gnu.org
mailing list for the GCC project.
Results for 4.8.2 (Debian 4.8.2-17) testsuite on powerpc-unknown-linux-gnu
- From: Matthias Klose <doko at debian dot org>
- To: gcc-testresults at gcc dot gnu dot org
- Cc: debian-gcc at lists dot debian dot org
- Date: Sat, 22 Mar 2014 17:55:12 +0000
- Subject: Results for 4.8.2 (Debian 4.8.2-17) testsuite on powerpc-unknown-linux-gnu
- Authentication-results: sourceware.org; auth=none
- Reply-to: Matthias Klose <doko at debian dot org>
LAST_UPDATED: Thu Mar 20 22:36:56 UTC 2014 (revision 208738)
Target: powerpc-linux-gnu
gcc version 4.8.2 (Debian 4.8.2-17)
Native configuration is powerpc-unknown-linux-gnu
=== g++ tests ===
Running target unix
=== g++ Summary for unix ===
# of expected passes 51834
# of expected failures 292
# of unsupported tests 997
Running target unix/-fstack-protector
=== g++ Summary for unix/-fstack-protector ===
# of expected passes 51834
# of expected failures 292
# of unsupported tests 997
Running target unix/-m64
FAIL: c-c++-common/asan/null-deref-1.c -O2 output pattern test, is ASAN:SIGSEGV
FAIL: c-c++-common/asan/null-deref-1.c -O3 -fomit-frame-pointer output pattern test, is ASAN:SIGSEGV
FAIL: c-c++-common/asan/null-deref-1.c -O3 -g output pattern test, is ASAN:SIGSEGV
FAIL: c-c++-common/asan/null-deref-1.c -O2 -flto -fno-use-linker-plugin -flto-partition=none output pattern test, is ASAN:SIGSEGV
FAIL: c-c++-common/asan/null-deref-1.c -O2 -flto -fuse-linker-plugin -fno-fat-lto-objects output pattern test, is ASAN:SIGSEGV
FAIL: c-c++-common/asan/swapcontext-test-1.c -O0 execution test
FAIL: c-c++-common/asan/swapcontext-test-1.c -O1 execution test
FAIL: c-c++-common/asan/swapcontext-test-1.c -O2 execution test
FAIL: c-c++-common/asan/swapcontext-test-1.c -O3 -fomit-frame-pointer execution test
FAIL: c-c++-common/asan/swapcontext-test-1.c -O3 -fomit-frame-pointer -funroll-loops execution test
FAIL: c-c++-common/asan/swapcontext-test-1.c -O3 -fomit-frame-pointer -funroll-all-loops -finline-functions execution test
FAIL: c-c++-common/asan/swapcontext-test-1.c -O3 -g execution test
FAIL: c-c++-common/asan/swapcontext-test-1.c -Os execution test
FAIL: c-c++-common/asan/swapcontext-test-1.c -O2 -flto -fno-use-linker-plugin -flto-partition=none execution test
FAIL: c-c++-common/asan/swapcontext-test-1.c -O2 -flto -fuse-linker-plugin -fno-fat-lto-objects execution test
=== g++ Summary for unix/-m64 ===
# of expected passes 53047
# of unexpected failures 15
# of expected failures 292
# of unsupported tests 989
=== g++ Summary ===
# of expected passes 156715
# of unexpected failures 15
# of expected failures 876
# of unsupported tests 2983
/build/gcc-4.8-dtT8Dw/gcc-4.8-4.8.2/build/gcc/testsuite/g++/../../xg++ version 4.8.2 (Debian 4.8.2-17)
=== gcc tests ===
Running target unix
FAIL: c-c++-common/asan/null-deref-1.c -O0 output pattern test, is ASAN:SIGSEGV
FAIL: c-c++-common/asan/null-deref-1.c -O1 output pattern test, is ASAN:SIGSEGV
FAIL: c-c++-common/asan/null-deref-1.c -O2 output pattern test, is ASAN:SIGSEGV
FAIL: c-c++-common/asan/null-deref-1.c -O3 -fomit-frame-pointer output pattern test, is ASAN:SIGSEGV
FAIL: c-c++-common/asan/null-deref-1.c -O3 -g output pattern test, is ASAN:SIGSEGV
FAIL: c-c++-common/asan/null-deref-1.c -Os output pattern test, is ASAN:SIGSEGV
FAIL: c-c++-common/asan/null-deref-1.c -O2 -flto -fno-use-linker-plugin -flto-partition=none output pattern test, is ASAN:SIGSEGV
FAIL: c-c++-common/asan/null-deref-1.c -O2 -flto -fuse-linker-plugin -fno-fat-lto-objects output pattern test, is ASAN:SIGSEGV
FAIL: gcc.dg/and-1.c scan-assembler-not nand
FAIL: gcc.dg/tree-ssa/sra-12.c scan-tree-dump-times release_ssa "l;" 0
FAIL: gcc.dg/tree-ssa/ssa-dom-thread-4.c scan-tree-dump-times dom1 "Threaded" 3
FAIL: gcc.dg/tree-ssa/vrp47.c scan-tree-dump-times vrp1 "[xy][^ ]* !=" 0
FAIL: gcc.dg/tree-ssa/vrp47.c scan-tree-dump-times dom2 "x[^ ]* & y" 1
FAIL: gcc.target/powerpc/405-dlmzb-strlen-1.c scan-assembler dlmzb\\\\.
FAIL: gcc.target/powerpc/440-dlmzb-strlen-1.c scan-assembler dlmzb\\\\.
FAIL: gcc.target/powerpc/ppc-vector-memcpy.c scan-assembler lvx
=== gcc Summary for unix ===
# of expected passes 89267
# of unexpected failures 16
# of expected failures 230
# of unsupported tests 1394
Running target unix/-fstack-protector
FAIL: c-c++-common/asan/null-deref-1.c -O0 output pattern test, is ASAN:SIGSEGV
FAIL: c-c++-common/asan/null-deref-1.c -O1 output pattern test, is ASAN:SIGSEGV
FAIL: c-c++-common/asan/null-deref-1.c -O2 output pattern test, is ASAN:SIGSEGV
FAIL: c-c++-common/asan/null-deref-1.c -O3 -fomit-frame-pointer output pattern test, is ASAN:SIGSEGV
FAIL: c-c++-common/asan/null-deref-1.c -O3 -g output pattern test, is ASAN:SIGSEGV
FAIL: c-c++-common/asan/null-deref-1.c -Os output pattern test, is ASAN:SIGSEGV
FAIL: c-c++-common/asan/null-deref-1.c -O2 -flto -fno-use-linker-plugin -flto-partition=none output pattern test, is ASAN:SIGSEGV
FAIL: c-c++-common/asan/null-deref-1.c -O2 -flto -fuse-linker-plugin -fno-fat-lto-objects output pattern test, is ASAN:SIGSEGV
FAIL: gcc.dg/and-1.c scan-assembler-not nand
FAIL: gcc.dg/stack-usage-1.c scan-file foo\\t(256|264)\\tstatic
FAIL: gcc.dg/superblock.c scan-rtl-dump-times sched2 "ADVANCING TO" 2
FAIL: gcc.dg/tree-ssa/sra-12.c scan-tree-dump-times release_ssa "l;" 0
FAIL: gcc.dg/tree-ssa/ssa-dom-thread-4.c scan-tree-dump-times dom1 "Threaded" 3
FAIL: gcc.dg/tree-ssa/vrp47.c scan-tree-dump-times vrp1 "[xy][^ ]* !=" 0
FAIL: gcc.dg/tree-ssa/vrp47.c scan-tree-dump-times dom2 "x[^ ]* & y" 1
FAIL: gcc.target/powerpc/405-dlmzb-strlen-1.c scan-assembler dlmzb\\\\.
FAIL: gcc.target/powerpc/440-dlmzb-strlen-1.c scan-assembler dlmzb\\\\.
FAIL: gcc.target/powerpc/dfmode_off.c object-size text == 320
FAIL: gcc.target/powerpc/dimode_off.c object-size text <= 640
FAIL: gcc.target/powerpc/lhs-1.c scan-assembler-times nop 3
FAIL: gcc.target/powerpc/ppc-fpconv-9.c scan-assembler-not stw
FAIL: gcc.target/powerpc/ppc-vector-memcpy.c scan-assembler lvx
FAIL: gcc.target/powerpc/pr48857.c scan-assembler-not stw
FAIL: gcc.target/powerpc/pr48857.c scan-assembler-not addi
FAIL: gcc.target/powerpc/tfmode_off.c object-size text == 544
=== gcc Summary for unix/-fstack-protector ===
# of expected passes 89258
# of unexpected failures 25
# of expected failures 230
# of unsupported tests 1394
Running target unix/-m64
FAIL: c-c++-common/asan/null-deref-1.c -O0 output pattern test, is ASAN:SIGSEGV
FAIL: c-c++-common/asan/null-deref-1.c -O1 output pattern test, is ASAN:SIGSEGV
FAIL: c-c++-common/asan/null-deref-1.c -O2 output pattern test, is ASAN:SIGSEGV
FAIL: c-c++-common/asan/null-deref-1.c -O3 -fomit-frame-pointer output pattern test, is ASAN:SIGSEGV
FAIL: c-c++-common/asan/null-deref-1.c -O3 -g output pattern test, is ASAN:SIGSEGV
FAIL: c-c++-common/asan/null-deref-1.c -Os output pattern test, is ASAN:SIGSEGV
FAIL: c-c++-common/asan/null-deref-1.c -O2 -flto -fno-use-linker-plugin -flto-partition=none output pattern test, is ASAN:SIGSEGV
FAIL: c-c++-common/asan/null-deref-1.c -O2 -flto -fuse-linker-plugin -fno-fat-lto-objects output pattern test, is ASAN:SIGSEGV
FAIL: c-c++-common/asan/swapcontext-test-1.c -O0 execution test
FAIL: c-c++-common/asan/swapcontext-test-1.c -O1 execution test
FAIL: c-c++-common/asan/swapcontext-test-1.c -O2 execution test
FAIL: c-c++-common/asan/swapcontext-test-1.c -O3 -fomit-frame-pointer execution test
FAIL: c-c++-common/asan/swapcontext-test-1.c -O3 -fomit-frame-pointer -funroll-loops execution test
FAIL: c-c++-common/asan/swapcontext-test-1.c -O3 -fomit-frame-pointer -funroll-all-loops -finline-functions execution test
FAIL: c-c++-common/asan/swapcontext-test-1.c -O3 -g execution test
FAIL: c-c++-common/asan/swapcontext-test-1.c -Os execution test
FAIL: c-c++-common/asan/swapcontext-test-1.c -O2 -flto -fno-use-linker-plugin -flto-partition=none execution test
FAIL: c-c++-common/asan/swapcontext-test-1.c -O2 -flto -fuse-linker-plugin -fno-fat-lto-objects execution test
FAIL: gcc.dg/and-1.c scan-assembler-not nand
FAIL: gcc.dg/pr44194-1.c scan-rtl-dump dse1 "global deletions = (2|3)"
FAIL: gcc.dg/tree-ssa/ssa-dom-thread-4.c scan-tree-dump-times dom1 "Threaded" 3
FAIL: gcc.dg/tree-ssa/vrp47.c scan-tree-dump-times vrp1 "[xy][^ ]* !=" 0
FAIL: gcc.dg/tree-ssa/vrp47.c scan-tree-dump-times dom2 "x[^ ]* & y" 1
FAIL: gcc.target/powerpc/ppc-vector-memcpy.c scan-assembler lvx
=== gcc Summary for unix/-m64 ===
# of expected passes 89947
# of unexpected failures 24
# of expected failures 243
# of unsupported tests 1392
=== gcc Summary ===
# of expected passes 268472
# of unexpected failures 65
# of expected failures 703
# of unsupported tests 4180
/build/gcc-4.8-dtT8Dw/gcc-4.8-4.8.2/build/gcc/xgcc version 4.8.2 (Debian 4.8.2-17)
=== gfortran tests ===
Running target unix
FAIL: gfortran.dg/bessel_6.f90 -O0 execution test
FAIL: gfortran.dg/bessel_6.f90 -O1 execution test
FAIL: gfortran.dg/bessel_6.f90 -O2 execution test
FAIL: gfortran.dg/bessel_6.f90 -O3 -fomit-frame-pointer execution test
FAIL: gfortran.dg/bessel_6.f90 -O3 -fomit-frame-pointer -funroll-loops execution test
FAIL: gfortran.dg/bessel_6.f90 -O3 -fomit-frame-pointer -funroll-all-loops -finline-functions execution test
FAIL: gfortran.dg/bessel_6.f90 -O3 -g execution test
FAIL: gfortran.dg/bessel_6.f90 -Os execution test
XPASS: gfortran.dg/nint_2.f90 -O0 execution test
=== gfortran Summary for unix ===
# of expected passes 43512
# of unexpected failures 8
# of unexpected successes 1
# of expected failures 81
# of unsupported tests 247
Running target unix/-fstack-protector
FAIL: gfortran.dg/bessel_6.f90 -O0 execution test
FAIL: gfortran.dg/bessel_6.f90 -O1 execution test
FAIL: gfortran.dg/bessel_6.f90 -O2 execution test
FAIL: gfortran.dg/bessel_6.f90 -O3 -fomit-frame-pointer execution test
FAIL: gfortran.dg/bessel_6.f90 -O3 -fomit-frame-pointer -funroll-loops execution test
FAIL: gfortran.dg/bessel_6.f90 -O3 -fomit-frame-pointer -funroll-all-loops -finline-functions execution test
FAIL: gfortran.dg/bessel_6.f90 -O3 -g execution test
FAIL: gfortran.dg/bessel_6.f90 -Os execution test
XPASS: gfortran.dg/nint_2.f90 -O0 execution test
=== gfortran Summary for unix/-fstack-protector ===
# of expected passes 43512
# of unexpected failures 8
# of unexpected successes 1
# of expected failures 81
# of unsupported tests 247
Running target unix/-m64
FAIL: gfortran.dg/bessel_6.f90 -O0 execution test
FAIL: gfortran.dg/bessel_6.f90 -O1 execution test
FAIL: gfortran.dg/bessel_6.f90 -O2 execution test
FAIL: gfortran.dg/bessel_6.f90 -O3 -fomit-frame-pointer execution test
FAIL: gfortran.dg/bessel_6.f90 -O3 -fomit-frame-pointer -funroll-loops execution test
FAIL: gfortran.dg/bessel_6.f90 -O3 -fomit-frame-pointer -funroll-all-loops -finline-functions execution test
FAIL: gfortran.dg/bessel_6.f90 -O3 -g execution test
FAIL: gfortran.dg/bessel_6.f90 -Os execution test
XPASS: gfortran.dg/nint_2.f90 -O0 execution test
=== gfortran Summary for unix/-m64 ===
# of expected passes 43839
# of unexpected failures 8
# of unexpected successes 1
# of expected failures 81
# of unsupported tests 86
=== gfortran Summary ===
# of expected passes 130863
# of unexpected failures 24
# of unexpected successes 3
# of expected failures 243
# of unsupported tests 580
/build/gcc-4.8-dtT8Dw/gcc-4.8-4.8.2/build/gcc/testsuite/gfortran/../../gfortran version 4.8.2 (Debian 4.8.2-17)
=== go tests ===
Running target unix
FAIL: go.test/test/ken/cplx2.go execution, -O2 -g
=== go Summary for unix ===
# of expected passes 5178
# of unexpected failures 1
# of expected failures 1
# of untested testcases 6
Running target unix/-fstack-protector
FAIL: go.test/test/ken/cplx2.go execution, -O2 -g
=== go Summary for unix/-fstack-protector ===
# of expected passes 5178
# of unexpected failures 1
# of expected failures 1
# of untested testcases 6
Running target unix/-m64
FAIL: go.test/test/ken/cplx2.go execution, -O2 -g
=== go Summary for unix/-m64 ===
# of expected passes 5058
# of unexpected failures 1
# of expected failures 1
# of untested testcases 6
=== go Summary ===
# of expected passes 15414
# of unexpected failures 3
# of expected failures 3
# of untested testcases 18
/build/gcc-4.8-dtT8Dw/gcc-4.8-4.8.2/build/gcc/testsuite/go/../../gccgo version 4.8.2 (Debian 4.8.2-17)
=== obj-c++ tests ===
Running target unix
=== obj-c++ Summary for unix ===
# of expected passes 1450
# of expected failures 2
# of unsupported tests 86
Running target unix/-fstack-protector
=== obj-c++ Summary for unix/-fstack-protector ===
# of expected passes 1450
# of expected failures 2
# of unsupported tests 86
Running target unix/-m64
=== obj-c++ Summary for unix/-m64 ===
# of expected passes 1442
# of expected failures 10
# of unsupported tests 86
=== obj-c++ Summary ===
# of expected passes 4342
# of expected failures 14
# of unsupported tests 258
/build/gcc-4.8-dtT8Dw/gcc-4.8-4.8.2/build/gcc/testsuite/obj-c++/../../xg++ version 4.8.2 (Debian 4.8.2-17)
=== objc tests ===
Running target unix
=== objc Summary for unix ===
# of expected passes 2994
# of unsupported tests 74
Running target unix/-fstack-protector
=== objc Summary for unix/-fstack-protector ===
# of expected passes 2994
# of unsupported tests 74
Running target unix/-m64
=== objc Summary for unix/-m64 ===
# of expected passes 2994
# of unsupported tests 74
=== objc Summary ===
# of expected passes 8982
# of unsupported tests 222
/build/gcc-4.8-dtT8Dw/gcc-4.8-4.8.2/build/gcc/xgcc version 4.8.2 (Debian 4.8.2-17)
=== boehm-gc tests ===
Running target unix
=== boehm-gc Summary for unix ===
# of expected passes 12
# of unsupported tests 1
Running target unix/-fstack-protector
=== boehm-gc Summary for unix/-fstack-protector ===
# of expected passes 12
# of unsupported tests 1
Running target unix/-m64
=== boehm-gc Summary for unix/-m64 ===
# of expected passes 12
# of unsupported tests 1
=== boehm-gc Summary ===
# of expected passes 36
# of unsupported tests 3
=== libatomic tests ===
Running target unix
=== libatomic Summary for unix ===
# of expected passes 34
# of unsupported tests 10
Running target unix/-fstack-protector
=== libatomic Summary for unix/-fstack-protector ===
# of expected passes 34
# of unsupported tests 10
Running target unix/-m64
=== libatomic Summary for unix/-m64 ===
# of expected passes 44
# of unsupported tests 5
=== libatomic Summary ===
# of expected passes 112
# of unsupported tests 25
=== libffi tests ===
Running target unix
=== libffi Summary for unix ===
# of expected passes 1819
# of unsupported tests 55
Running target unix/-fstack-protector
=== libffi Summary for unix/-fstack-protector ===
# of expected passes 1819
# of unsupported tests 55
Running target unix/-m64
=== libffi Summary for unix/-m64 ===
# of expected passes 1819
# of unsupported tests 55
=== libffi Summary ===
# of expected passes 5457
# of unsupported tests 165
=== libgo tests ===
Running target unix
FAIL: math
FAIL: net
FAIL: runtime
FAIL: time
FAIL: testing/quick
=== libgo Summary for unix ===
# of expected passes 117
# of unexpected failures 5
Running target unix/-m64 -fPIC
=== libgo Summary for unix/-m64 -fPIC ===
=== libgo Summary ===
/build/gcc-4.8-dtT8Dw/gcc-4.8-4.8.2/build/./gcc/gccgo version 4.8.2 (Debian 4.8.2-17)
=== libgomp tests ===
Running target unix
=== libgomp Summary for unix ===
# of expected passes 3054
# of unsupported tests 1
Running target unix/-fstack-protector
=== libgomp Summary for unix/-fstack-protector ===
# of expected passes 3054
# of unsupported tests 1
Running target unix/-m64
=== libgomp Summary for unix/-m64 ===
# of expected passes 3054
# of unsupported tests 1
=== libgomp Summary ===
# of expected passes 9162
# of unsupported tests 3
=== libjava tests ===
Running target unix
FAIL: sourcelocation output - source compiled test
FAIL: sourcelocation -findirect-dispatch output - source compiled test
FAIL: sourcelocation -O3 output - source compiled test
FAIL: sourcelocation -O3 -findirect-dispatch output - source compiled test
=== libjava Summary for unix ===
# of expected passes 2582
# of unexpected failures 4
Running target unix/-fstack-protector
FAIL: sourcelocation output - source compiled test
FAIL: sourcelocation -findirect-dispatch output - source compiled test
FAIL: sourcelocation -O3 output - source compiled test
FAIL: sourcelocation -O3 -findirect-dispatch output - source compiled test
=== libjava Summary for unix/-fstack-protector ===
# of expected passes 2582
# of unexpected failures 4
=== libjava Summary ===
# of expected passes 5164
# of unexpected failures 8
=== libstdc++ tests ===
Running target unix
FAIL: 22_locale/time_get/get_date/wchar_t/4.cc execution test
=== libstdc++ Summary for unix ===
# of expected passes 9255
# of unexpected failures 1
# of expected failures 45
# of unsupported tests 226
Running target unix/-fstack-protector
FAIL: 22_locale/time_get/get_date/wchar_t/4.cc execution test
=== libstdc++ Summary for unix/-fstack-protector ===
# of expected passes 9255
# of unexpected failures 1
# of expected failures 45
# of unsupported tests 226
Running target unix/-m64
FAIL: libstdc++-abi/abi_check
FAIL: 22_locale/time_get/get_date/wchar_t/4.cc execution test
=== libstdc++ Summary for unix/-m64 ===
# of expected passes 9254
# of unexpected failures 2
# of expected failures 45
# of unsupported tests 226
=== libstdc++ Summary ===
# of expected passes 27764
# of unexpected failures 4
# of expected failures 135
# of unsupported tests 678
Compiler version: 4.8.2 (Debian 4.8.2-17)
Platform: powerpc-unknown-linux-gnu
configure flags: -v --with-pkgversion='Debian 4.8.2-17' --with-bugurl=file:///usr/share/doc/gcc-4.8/README.Bugs --enable-languages=c,c++,java,go,d,fortran,objc,obj-c++ --prefix=/usr --program-suffix=-4.8 --enable-shared --enable-linker-build-id --libexecdir=/usr/lib --without-included-gettext --enable-threads=posix --with-gxx-include-dir=/usr/include/c++/4.8 --libdir=/usr/lib --enable-nls --with-sysroot=/ --enable-clocale=gnu --enable-libstdcxx-debug --enable-libstdcxx-time=yes --enable-gnu-unique-object --disable-libmudflap --disable-libitm --disable-libquadmath --enable-plugin --with-system-zlib --disable-browser-plugin --enable-java-awt=gtk --enable-gtk-cairo --with-java-home=/usr/lib/jvm/java-1.5.0-gcj-4.8-powerpc/jre --enable-java-home --with-jvm-root-dir=/usr/lib/jvm/java-1.5.0-gcj-4.8-powerpc --with-jvm-jar-dir=/usr/lib/jvm-exports/java-1.5.0-gcj-4.8-powerpc --with-arch-directory=ppc --with-ecj-jar=/usr/share/java/eclipse-ecj.jar --enable-objc-gc --enable-secureplt --disable-softfloat --with-cpu=default32 --disable-softfloat --enable-targets=powerpc-linux,powerpc64-linux --enable-multiarch --with-long-double-128 --enable-checking=release --build=powerpc-linux-gnu --host=powerpc-linux-gnu --target=powerpc-linux-gnu
BOOT_CFLAGS=
Build Dependencies:
Desired=Unknown/Install/Remove/Purge/Hold
| Status=Not/Inst/Conf-files/Unpacked/halF-conf/Half-inst/trig-aWait/Trig-pend
|/ Err?=(none)/Reinst-required (Status,Err: uppercase=bad)
||/ Name Version Architecture Description
+++-=========================-==============-============-===============================================================================
ii binutils 2.24-2 powerpc GNU assembler, linker and binary utilities
ii g++-4.8 4.8.2-16 powerpc GNU C++ compiler
ii g++-4.8-multilib 4.8.2-16 powerpc GNU C++ compiler (multilib files)
ii g++-multilib 4:4.8.2-2 powerpc GNU C++ compiler (multilib files)
ii libc6:powerpc 2.18-4 powerpc Embedded GNU C Library: Shared libraries
ii libcloog-isl-dev:powerpc 0.18.2-1 powerpc Chunky Loop Generator (development files)
ii libgmp-dev:powerpc 2:5.1.3+dfsg-1 powerpc Multiprecision arithmetic library developers tools
ii libisl-dev:powerpc 0.12.2-1 powerpc manipulating sets and relations of integer points bounded by linear constraints
ii libmpc-dev:powerpc 1.0.1-1 powerpc multiple precision complex floating-point library development package
ii libmpfr-dev:powerpc 3.1.2-1 powerpc multiple precision floating-point computation developers tools
svn-updates:
updates from the 4.8 branch upto 20140320 (r208738).
gcc-gfdl-build:
Build a dummy s-tm-texi without access to the texinfo sources
gcc-textdomain:
Set gettext's domain and textdomain to the versioned package name.
gcc-driver-extra-langs:
Add options and specs for languages that are not built from a source
(but built from separate sources).
gcc-hash-style-gnu:
Link using --hash-style=gnu (aarch64, alpha, amd64, armel, armhf, ia64,
i386, powerpc, ppc64, s390, sparc)
libstdc++-pic:
Build and install libstdc++_pic.a library.
libstdc++-doclink:
adjust hrefs to point to the local documentation
libstdc++-man-3cxx:
Install libstdc++ man pages with suffix .3cxx instead of .3
libstdc++-test-installed:
Add support to run the libstdc++-v3 testsuite using the
installed shared libraries.
libjava-stacktrace:
libgcj: Lookup source file name and line number in separated
debug files found in /usr/lib/debug
libjava-jnipath:
- Add /usr/lib/jni and /usr/lib/<multiarch>/jni to java.library.path.
- When running the i386 binaries on amd64, look in
- /usr/lib32/gcj-x.y and /usr/lib32/jni instead.
libjava-sjlj:
Don't try to use _Unwind_Backtrace on SJLJ targets.
See bug #387875, #388505, GCC PR 29206.
libjava-disable-plugin:
Don't build the gcjwebplugin, even when configured with --enable-plugin
alpha-no-ev4-directive:
never emit .ev4 directive.
boehm-gc-getnprocs:
boehm-gc/pthread_support.c (GC_get_nprocs): Use sysconf as fallback.
note-gnu-stack:
Add .note.GNU-stack sections for gcc's crt files, libffi and boehm-gc
Taken from FC.
libgomp-omp_h-multilib:
Fix up omp.h for multilibs.
sparc-force-cpu:
On sparc default to ultrasparc (v9a) in 32bit mode
gccgo-version:
Omit the subminor number from the go libdir
pr47818:
Fix PR ada/47818: Pragma Assert is rejected with No_Implementation_Pragmas restriction.
pr49944:
apply proposed patch for PR ada/49444.
gcc-base-version:
Set base version to 4.8, introduce full version 4.8.x.
libgo-testsuite:
Only run the libgo testsuite for flags configured in RUNTESTFLAGS
gcc-target-include-asm:
Search \$(builddir)/sys-include for the asm header files
libgo-revert-timeout-exp:
arm-sanitizer:
Enable libsanitizer on ARM.
libgo-setcontext-config:
libgo: Overwrite the setcontext_clobbers_tls check on mips*
pr57211:
Fix PR c++/57211, don't warn about unused parameters of defaulted functions.
gcc-auto-build:
Fix cross building a native compiler.
kfreebsd-unwind:
DWARF2 EH unwinding support for AMD x86-64 and x86 KFreeBSD.
libgcc-no-limits-h:
Don't include <limits.h> in libgcc/libgcc2.c.
kfreebsd-boehm-gc:
boehm-gc: use mmap instead of brk also on kfreebsd-*.
pr49847:
Proposed patch for PR rtl-optimization/49847 (cc0 targets).
libffi-m68k:
Apply #660525 fix to in-tree libffi
m68k-picflag:
backport of trunk r204854
fixes relocation errors when linking large libs (smokeqt, python-qt4)
sys-auxv-header:
Check for the sys/auxv.h header file.
go-use-gold:
Pass -fuse-ld=gold to gccgo on targets supporting -fsplit-stack
go-testsuite:
Skip Go testcase on AArch64 which hangs on the buildds.
pr57363:
Fix PR libgcc/57363, taken from the trunk.
fix-ffi_call_VFP-with-no-VFP-argument:
armhf: Fix ffi_call_VFP with no VFP arguments.
pr58595:
Fix PR target/58595, ARM TLS handling
gdc-updates:
gdc updates up to 20130611.
gdc-4.8:
This implements D language support in the GCC back end, and adds
relevant documentation about the GDC front end (code part).
gdc-versym-cpu:
Implements D CPU version conditions.
gdc-versym-os:
Implements D OS version conditions.
gdc-frontend-posix:
Fix build of the D frontend on the Hurd and KFreeBSD.
gdc-texinfo:
Add macros for the gdc texinfo documentation.
gdc-driver-nophobos:
Modify gdc driver to have no libphobos by default.
disable-gdc-tests:
Disable D tests, hang on many buildds
gcc-sysroot:
Allow building --with-sysroot=/
goarch-aarch64:
Introduce the arm64 goarch.
libgo-explicit-reservation:
Fix statically linked gccgo binaries on AArch64.
ada-kfreebsd:
add support for GNU/kFreeBSD.
arm-multilib-soft:
ARM hard/soft float multilib support
arm-multilib-defaults:
Set MULTILIB_DEFAULTS for ARM multilib builds
gcc-ice-hack:
Retry the build on an ice, save the calling options and preprocessed
source when the ice is reproducible.
gcc-ice-apport:
Report an ICE to apport (if apport is available
and the environment variable GCC_NOAPPORT is not set)
libjava-fixed-symlinks:
Remove unneed '..' elements from symlinks in JAVA_HOME
libstdc++-arm-wno-abi:
Temporary work around:
On arm-linux-gnueabi run the libstdc++v3 testsuite with -Wno-abi
ada-mips:
Improve support for mips.
libffi-ro-eh_frame_sect:
PR libffi/47248, force a read only eh frame section.
gcc-multiarch:
- Remaining multiarch patches, not yet submitted upstream.
- Add MULTIARCH_DIRNAME definitions for multilib configurations,
which are used for the non-multilib builds.
libjava-multiarch:
Install libjava libraries to multiarch location
libjava-nobiarch-check:
For biarch builds, disable the testsuite for the non-default architecture
for runtime libraries, which are not built by default (libjava).
config-ml:
- Disable some biarch libraries for biarch builds.
- Fix multilib builds on kernels which don't support all multilibs.
g++-multiarch-incdir:
Use /usr/include/<multiarch>/c++/4.x as the include directory
for host dependent c++ header files.
gcc-multilib-multiarch:
Don't auto-detect multilib osdirnames.
mips-fix-loongson2f-nop:
On mips, pass -mfix-loongson2f-nop to as, if -mno-fix-loongson2f-nop
is not passed.
libgomp-kfreebsd-testsuite:
Disable lock-2.c test on kfreebsd-*
Counting all warnings,
there are 0 warnings in stage3 of this bootstrap.
Number of warnings per file:
Number of warning types: