This is the mail archive of the
gcc-testresults@gcc.gnu.org
mailing list for the GCC project.
Results for 4.7.4 20140321 (prerelease) [gcc-4_7-branch revision 208744] (GCC) testsuite on i386-pc-solaris2.10
- From: Rainer Orth <ro at CeBiTec dot Uni-Bielefeld dot DE>
- To: gcc-testresults at gcc dot gnu dot org
- Date: Sat, 22 Mar 2014 16:20:26 +0100 (MET)
- Subject: Results for 4.7.4 20140321 (prerelease) [gcc-4_7-branch revision 208744] (GCC) testsuite on i386-pc-solaris2.10
- Authentication-results: sourceware.org; auth=none
LAST_UPDATED: Fri Mar 21 12:46:26 UTC 2014 (revision 208744)
=== acats tests ===
=== acats Summary ===
# of expected passes 2320
# of unexpected failures 0
Native configuration is i386-pc-solaris2.10
=== g++ tests ===
Running target unix
=== g++ Summary for unix ===
# of expected passes 47444
# of expected failures 288
# of unsupported tests 421
Running target unix/-m64
=== g++ Summary for unix/-m64 ===
# of expected passes 48225
# of expected failures 288
# of unsupported tests 661
=== g++ Summary ===
# of expected passes 95669
# of expected failures 576
# of unsupported tests 1082
/var/gcc/regression/gcc-4.7-branch/10-gcc/build/gcc/testsuite/g++/../../g++ version 4.7.4 20140321 (prerelease) [gcc-4_7-branch revision 208744] (GCC)
=== gcc tests ===
Running target unix
=== gcc Summary for unix ===
# of expected passes 84700
# of expected failures 257
# of unsupported tests 1088
Running target unix/-m64
=== gcc Summary for unix/-m64 ===
# of expected passes 84950
# of expected failures 257
# of unsupported tests 1451
=== gcc Summary ===
# of expected passes 169650
# of expected failures 514
# of unsupported tests 2539
/var/gcc/regression/gcc-4.7-branch/10-gcc/build/gcc/xgcc version 4.7.4 20140321 (prerelease) [gcc-4_7-branch revision 208744] (GCC)
=== gfortran tests ===
Running target unix
=== gfortran Summary for unix ===
# of expected passes 41000
# of expected failures 42
# of unsupported tests 227
Running target unix/-m64
=== gfortran Summary for unix/-m64 ===
# of expected passes 41305
# of expected failures 42
# of unsupported tests 79
=== gfortran Summary ===
# of expected passes 82305
# of expected failures 84
# of unsupported tests 306
/var/gcc/regression/gcc-4.7-branch/10-gcc/build/gcc/testsuite/gfortran/../../gfortran version 4.7.4 20140321 (prerelease) [gcc-4_7-branch revision 208744] (GCC)
=== gnat tests ===
Running target unix
=== gnat Summary for unix ===
# of expected passes 1124
# of expected failures 14
# of unsupported tests 6
Running target unix/-m64
=== gnat Summary for unix/-m64 ===
# of expected passes 1124
# of expected failures 14
# of unsupported tests 6
=== gnat Summary ===
# of expected passes 2248
# of expected failures 28
# of unsupported tests 12
/var/gcc/regression/gcc-4.7-branch/10-gcc/build/gcc/gnatmake version 4.7.4 20140321 (prerelease) [gcc-4_7-branch revision 208744]
=== go tests ===
Running target unix
=== go Summary for unix ===
# of expected passes 3290
# of expected failures 4
# of untested testcases 6
Running target unix/-m64
=== go Summary for unix/-m64 ===
# of expected passes 3290
# of expected failures 4
# of untested testcases 6
=== go Summary ===
# of expected passes 6580
# of expected failures 8
# of untested testcases 12
/var/gcc/regression/gcc-4.7-branch/10-gcc/build/gcc/testsuite/go/../../gccgo version 4.7.4 20140321 (prerelease) [gcc-4_7-branch revision 208744] (GCC)
=== obj-c++ tests ===
Running target unix
=== obj-c++ Summary for unix ===
# of expected passes 1450
# of expected failures 2
# of unsupported tests 86
Running target unix/-m64
=== obj-c++ Summary for unix/-m64 ===
# of expected passes 1442
# of expected failures 10
# of unsupported tests 86
=== obj-c++ Summary ===
# of expected passes 2892
# of expected failures 12
# of unsupported tests 172
/var/gcc/regression/gcc-4.7-branch/10-gcc/build/gcc/testsuite/obj-c++/../../g++ version 4.7.4 20140321 (prerelease) [gcc-4_7-branch revision 208744] (GCC)
=== objc tests ===
Running target unix
=== objc Summary for unix ===
# of expected passes 2988
# of expected failures 6
# of unsupported tests 74
Running target unix/-m64
=== objc Summary for unix/-m64 ===
# of expected passes 2988
# of expected failures 6
# of unsupported tests 74
=== objc Summary ===
# of expected passes 5976
# of expected failures 12
# of unsupported tests 148
/var/gcc/regression/gcc-4.7-branch/10-gcc/build/gcc/xgcc version 4.7.4 20140321 (prerelease) [gcc-4_7-branch revision 208744] (GCC)
=== boehm-gc tests ===
Running target unix
=== boehm-gc Summary for unix ===
# of expected passes 12
# of unsupported tests 1
Running target unix/-m64
=== boehm-gc Summary for unix/-m64 ===
# of expected passes 12
# of unsupported tests 1
=== boehm-gc Summary ===
# of expected passes 24
# of unsupported tests 2
=== libffi tests ===
Running target unix
=== libffi Summary for unix ===
# of expected passes 1634
# of expected failures 10
# of unsupported tests 55
Running target unix/-m64
=== libffi Summary for unix/-m64 ===
# of expected passes 1634
# of expected failures 10
# of unsupported tests 55
=== libffi Summary ===
# of expected passes 3268
# of expected failures 20
# of unsupported tests 110
=== libgo tests ===
Running target unix
FAIL: runtime/pprof
=== libgo Summary for unix ===
# of expected passes 123
# of unexpected failures 1
Running target unix/-m64
FAIL: runtime/pprof
=== libgo Summary for unix/-m64 ===
# of expected passes 123
# of unexpected failures 1
=== libgo Summary ===
# of expected passes 246
# of unexpected failures 2
/var/gcc/regression/gcc-4.7-branch/10-gcc/build/./gcc/gccgo version 4.7.4 20140321 (prerelease) [gcc-4_7-branch revision 208744] (GCC)
=== libgomp tests ===
Running target unix
=== libgomp Summary for unix ===
# of expected passes 2940
# of unsupported tests 3
Running target unix/-m64
=== libgomp Summary for unix/-m64 ===
# of expected passes 2940
# of unsupported tests 3
=== libgomp Summary ===
# of expected passes 5880
# of unsupported tests 6
=== libitm tests ===
Running target unix
=== libitm Summary for unix ===
# of expected passes 26
# of expected failures 3
# of unsupported tests 1
Running target unix/-m64
=== libitm Summary for unix/-m64 ===
# of expected passes 26
# of expected failures 3
# of unsupported tests 1
=== libitm Summary ===
# of expected passes 52
# of expected failures 6
# of unsupported tests 2
=== libjava tests ===
Running target unix
=== libjava Summary for unix ===
# of expected passes 2574
Running target unix/-m64
=== libjava Summary for unix/-m64 ===
# of expected passes 2574
=== libjava Summary ===
# of expected passes 5148
=== libstdc++ tests ===
Running target unix
=== libstdc++ Summary for unix ===
# of expected passes 8007
# of expected failures 46
# of unsupported tests 511
Running target unix/-m64
FAIL: libstdc++-abi/abi_check
=== libstdc++ Summary for unix/-m64 ===
# of expected passes 8006
# of unexpected failures 1
# of expected failures 46
# of unsupported tests 511
=== libstdc++ Summary ===
# of expected passes 16013
# of unexpected failures 1
# of expected failures 92
# of unsupported tests 1022
Compiler version: 4.7.4 20140321 (prerelease) [gcc-4_7-branch revision 208744] (GCC)
Platform: i386-pc-solaris2.10
configure flags: --prefix=/vol/gcc --target=i386-pc-solaris2.10 --enable-objc-gc --with-gmp-include=/vol/gcc/include --with-gmp-lib=/vol/gcc/lib --with-mpfr-include=/vol/gcc/include --with-mpfr-lib=/vol/gcc/lib --with-mpc-include=/vol/gcc/include --with-mpc-lib=/vol/gcc/lib --enable-languages=all,ada,obj-c++,go --without-ppl --without-isl --without-cloog
BOOT_CFLAGS=-g -O2