This is the mail archive of the
gcc-testresults@gcc.gnu.org
mailing list for the GCC project.
Results for 4.7.4 20140321 (prerelease) [gcc-4_7-branch revision 208744] (GCC) testsuite on i386-pc-solaris2.8
- From: <ro at smtp-relay dot CeBiTec dot Uni-Bielefeld dot DE>
- To: gcc-testresults at gcc dot gnu dot org
- Date: Fri, 21 Mar 2014 23:57:16 +0100 (MET)
- Subject: Results for 4.7.4 20140321 (prerelease) [gcc-4_7-branch revision 208744] (GCC) testsuite on i386-pc-solaris2.8
- Authentication-results: sourceware.org; auth=none
LAST_UPDATED: Fri Mar 21 12:46:26 UTC 2014 (revision 208744)
=== acats tests ===
=== acats Summary ===
# of expected passes 2320
# of unexpected failures 0
Native configuration is i386-pc-solaris2.8
=== g++ tests ===
Running target unix
FAIL: g++.dg/bprob/g++-bprob-1.C execution, -g -fprofile-arcs
UNRESOLVED: g++.dg/bprob/g++-bprob-1.C compilation, -g -fbranch-probabilities
UNRESOLVED: g++.dg/bprob/g++-bprob-1.C execution, -g -fbranch-probabilities
FAIL: g++.dg/bprob/g++-bprob-1.C execution, -O0 -fprofile-arcs
UNRESOLVED: g++.dg/bprob/g++-bprob-1.C compilation, -O0 -fbranch-probabilities
UNRESOLVED: g++.dg/bprob/g++-bprob-1.C execution, -O0 -fbranch-probabilities
FAIL: g++.dg/bprob/g++-bprob-2.C execution, -g -fprofile-arcs
UNRESOLVED: g++.dg/bprob/g++-bprob-2.C compilation, -g -fbranch-probabilities
UNRESOLVED: g++.dg/bprob/g++-bprob-2.C execution, -g -fbranch-probabilities
FAIL: g++.dg/bprob/g++-bprob-2.C execution, -O0 -fprofile-arcs
UNRESOLVED: g++.dg/bprob/g++-bprob-2.C compilation, -O0 -fbranch-probabilities
UNRESOLVED: g++.dg/bprob/g++-bprob-2.C execution, -O0 -fbranch-probabilities
FAIL: g++.dg/other/profile1.C -std=gnu++98 execution test
FAIL: g++.dg/other/profile1.C -std=gnu++11 execution test
FAIL: g++.dg/gcov/gcov-1.C -std=gnu++98 execution test
FAIL: g++.dg/gcov/gcov-1.C -std=gnu++98 gcov failed: gcov-1.C.gov does not exist
FAIL: g++.dg/gcov/gcov-1.C -std=gnu++11 execution test
FAIL: g++.dg/gcov/gcov-1.C -std=gnu++11 gcov failed: gcov-1.C.gov does not exist
FAIL: g++.dg/gcov/gcov-10.C -std=gnu++98 execution test
FAIL: g++.dg/gcov/gcov-10.C -std=gnu++98 gcov failed: gcov-10.C.gov does not exist
FAIL: g++.dg/gcov/gcov-10.C -std=gnu++11 execution test
FAIL: g++.dg/gcov/gcov-10.C -std=gnu++11 gcov failed: gcov-10.C.gov does not exist
FAIL: g++.dg/gcov/gcov-11.C -std=gnu++98 execution test
FAIL: g++.dg/gcov/gcov-11.C -std=gnu++98 gcov failed: gcov-11.C.gov does not exist
FAIL: g++.dg/gcov/gcov-11.C -std=gnu++11 execution test
FAIL: g++.dg/gcov/gcov-11.C -std=gnu++11 gcov failed: gcov-11.C.gov does not exist
FAIL: g++.dg/gcov/gcov-12.C -std=gnu++98 execution test
FAIL: g++.dg/gcov/gcov-12.C -std=gnu++98 gcov failed: gcov-12.C.gov does not exist
FAIL: g++.dg/gcov/gcov-12.C -std=gnu++11 execution test
FAIL: g++.dg/gcov/gcov-12.C -std=gnu++11 gcov failed: gcov-12.C.gov does not exist
FAIL: g++.dg/gcov/gcov-13.C -std=gnu++98 execution test
FAIL: g++.dg/gcov/gcov-13.C -std=gnu++98 gcov failed: gcov-13.C.gov does not exist
FAIL: g++.dg/gcov/gcov-13.C -std=gnu++11 execution test
FAIL: g++.dg/gcov/gcov-13.C -std=gnu++11 gcov failed: gcov-13.C.gov does not exist
FAIL: g++.dg/gcov/gcov-2.C -std=gnu++98 execution test
FAIL: g++.dg/gcov/gcov-2.C -std=gnu++98 gcov failed: gcov-2.C.gov does not exist
FAIL: g++.dg/gcov/gcov-2.C -std=gnu++11 execution test
FAIL: g++.dg/gcov/gcov-2.C -std=gnu++11 gcov failed: gcov-2.C.gov does not exist
FAIL: g++.dg/gcov/gcov-3.C -std=gnu++98 execution test
FAIL: g++.dg/gcov/gcov-3.C -std=gnu++98 gcov failed: gcov-3.C.gov does not exist
FAIL: g++.dg/gcov/gcov-3.C -std=gnu++11 execution test
FAIL: g++.dg/gcov/gcov-3.C -std=gnu++11 gcov failed: gcov-3.C.gov does not exist
FAIL: g++.dg/gcov/gcov-4.C -std=gnu++98 execution test
FAIL: g++.dg/gcov/gcov-4.C -std=gnu++98 gcov failed: gcov-4.C.gov does not exist
FAIL: g++.dg/gcov/gcov-4.C -std=gnu++11 execution test
FAIL: g++.dg/gcov/gcov-4.C -std=gnu++11 gcov failed: gcov-4.C.gov does not exist
FAIL: g++.dg/gcov/gcov-5.C -std=gnu++98 execution test
FAIL: g++.dg/gcov/gcov-5.C -std=gnu++98 gcov failed: gcov-5.C.gov does not exist
FAIL: g++.dg/gcov/gcov-5.C -std=gnu++11 execution test
FAIL: g++.dg/gcov/gcov-5.C -std=gnu++11 gcov failed: gcov-5.C.gov does not exist
FAIL: g++.dg/gcov/gcov-7.C -std=gnu++98 execution test
FAIL: g++.dg/gcov/gcov-7.C -std=gnu++98 gcov failed: gcov-7.C.gov does not exist
FAIL: g++.dg/gcov/gcov-7.C -std=gnu++11 execution test
FAIL: g++.dg/gcov/gcov-7.C -std=gnu++11 gcov failed: gcov-7.C.gov does not exist
FAIL: g++.old-deja/g++.robertl/eb83.C -std=gnu++98 execution test
FAIL: g++.old-deja/g++.robertl/eb83.C -std=gnu++11 execution test
=== g++ Summary ===
# of expected passes 47129
# of unexpected failures 48
# of expected failures 286
# of unresolved testcases 8
# of unsupported tests 436
/var/gcc/regression/gcc-4.7-branch/8-gcc-gas/build/gcc/testsuite/g++/../../g++ version 4.7.4 20140321 (prerelease) [gcc-4_7-branch revision 208744] (GCC)
=== gcc tests ===
Running target unix
FAIL: gcc.dg/20020201-1.c execution test
FAIL: gcc.dg/lto/20090210 c_lto_20090210_0.o-c_lto_20090210_1.o execute -O2 -flto -flto-partition=none
FAIL: gcc.dg/lto/20090210 c_lto_20090210_0.o-c_lto_20090210_1.o execute -O2 -flto -flto-partition=1to1
FAIL: gcc.dg/lto/20090210 c_lto_20090210_0.o-c_lto_20090210_1.o execute -O2 -flto
FAIL: gcc.dg/torture/tls/run-ld.c -O1 execution test
FAIL: gcc.dg/torture/tls/run-ld.c -O2 execution test
FAIL: gcc.dg/torture/tls/run-ld.c -O3 -fomit-frame-pointer execution test
FAIL: gcc.dg/torture/tls/run-ld.c -O3 -g execution test
FAIL: gcc.dg/torture/tls/run-ld.c -Os execution test
FAIL: gcc.dg/torture/tls/run-ld.c -O1 -fpic execution test
FAIL: gcc.dg/torture/tls/run-ld.c -O2 -fpic execution test
FAIL: gcc.dg/torture/tls/run-ld.c -O3 -fomit-frame-pointer -fpic execution test
FAIL: gcc.dg/torture/tls/run-ld.c -O3 -g -fpic execution test
FAIL: gcc.dg/torture/tls/run-ld.c -Os -fpic execution test
FAIL: gcc.dg/torture/tls/run-ld.c -O1 -fPIC execution test
FAIL: gcc.dg/torture/tls/run-ld.c -O2 -fPIC execution test
FAIL: gcc.dg/torture/tls/run-ld.c -O3 -fomit-frame-pointer -fPIC execution test
FAIL: gcc.dg/torture/tls/run-ld.c -O3 -g -fPIC execution test
FAIL: gcc.dg/torture/tls/run-ld.c -Os -fPIC execution test
FAIL: gcc.dg/torture/tls/run-ld.c -O2 -flto -flto-partition=none execution test
FAIL: gcc.dg/torture/tls/run-ld.c -O2 -flto execution test
FAIL: gcc.dg/torture/tls/thr-init-2.c -O2 -fpic execution test
FAIL: gcc.dg/torture/tls/thr-init-2.c -O3 -fomit-frame-pointer -fpic execution test
FAIL: gcc.dg/torture/tls/thr-init-2.c -O3 -g -fpic execution test
FAIL: gcc.dg/torture/tls/thr-init-2.c -O2 -fPIC execution test
FAIL: gcc.dg/torture/tls/thr-init-2.c -O3 -fomit-frame-pointer -fPIC execution test
FAIL: gcc.dg/torture/tls/thr-init-2.c -O3 -g -fPIC execution test
FAIL: gcc.misc-tests/gcov-1.c execution test
FAIL: gcc.misc-tests/gcov-1.c gcov failed: gcov-1.c.gov does not exist
FAIL: gcc.misc-tests/gcov-10.c execution test
FAIL: gcc.misc-tests/gcov-10.c gcov failed: gcov-10.c.gov does not exist
FAIL: gcc.misc-tests/gcov-10b.c execution test
FAIL: gcc.misc-tests/gcov-10b.c gcov failed: gcov-10b.c.gov does not exist
FAIL: gcc.misc-tests/gcov-11.c execution test
FAIL: gcc.misc-tests/gcov-11.c gcov failed: gcov-11.c.gov does not exist
FAIL: gcc.misc-tests/gcov-12.c execution test
FAIL: gcc.misc-tests/gcov-12.c gcov failed: gcov-12.c.gov does not exist
FAIL: gcc.misc-tests/gcov-13.c execution test
FAIL: gcc.misc-tests/gcov-13.c gcov failed: gcovpart-13b.c.gov does not exist
FAIL: gcc.misc-tests/gcov-15.c execution test
FAIL: gcc.misc-tests/gcov-15.c gcov failed: gcov-15.c.gov does not exist
FAIL: gcc.misc-tests/gcov-2.c execution test
FAIL: gcc.misc-tests/gcov-2.c gcov failed: gcov-2.c.gov does not exist
FAIL: gcc.misc-tests/gcov-3.c execution test
FAIL: gcc.misc-tests/gcov-3.c gcov failed: gcov-3.c.gov does not exist
FAIL: gcc.misc-tests/gcov-4.c execution test
FAIL: gcc.misc-tests/gcov-4.c gcov failed: gcov-4.c.gov does not exist
FAIL: gcc.misc-tests/gcov-4b.c execution test
FAIL: gcc.misc-tests/gcov-4b.c gcov failed: gcov-4b.c.gov does not exist
FAIL: gcc.misc-tests/gcov-5b.c execution test
FAIL: gcc.misc-tests/gcov-5b.c gcov failed: gcov-5b.c.gov does not exist
FAIL: gcc.misc-tests/gcov-6.c execution test
FAIL: gcc.misc-tests/gcov-6.c gcov failed: gcov-6.c.gov does not exist
FAIL: gcc.misc-tests/gcov-7.c execution test
FAIL: gcc.misc-tests/gcov-7.c gcov failed: gcov-7.c.gov does not exist
FAIL: gcc.misc-tests/gcov-8.c execution test
FAIL: gcc.misc-tests/gcov-8.c gcov failed: gcov-8.c.gov does not exist
FAIL: gcc.misc-tests/gcov-9.c execution test
FAIL: gcc.misc-tests/gcov-9.c gcov failed: gcov-9.c.gov does not exist
=== gcc Summary ===
# of expected passes 83160
# of unexpected failures 59
# of expected failures 256
# of unsupported tests 1272
/var/gcc/regression/gcc-4.7-branch/8-gcc-gas/build/gcc/xgcc version 4.7.4 20140321 (prerelease) [gcc-4_7-branch revision 208744] (GCC)
=== gfortran tests ===
Running target unix
=== gfortran Summary ===
# of expected passes 40194
# of expected failures 42
# of unsupported tests 364
/var/gcc/regression/gcc-4.7-branch/8-gcc-gas/build/gcc/testsuite/gfortran/../../gfortran version 4.7.4 20140321 (prerelease) [gcc-4_7-branch revision 208744] (GCC)
=== gnat tests ===
Running target unix
=== gnat Summary ===
# of expected passes 1122
# of expected failures 14
# of unsupported tests 7
/var/gcc/regression/gcc-4.7-branch/8-gcc-gas/build/gcc/gnatmake version 4.7.4 20140321 (prerelease) [gcc-4_7-branch revision 208744]
=== go tests ===
Running target unix
=== go Summary ===
# of expected passes 3290
# of expected failures 4
# of untested testcases 6
/var/gcc/regression/gcc-4.7-branch/8-gcc-gas/build/gcc/testsuite/go/../../gccgo version 4.7.4 20140321 (prerelease) [gcc-4_7-branch revision 208744] (GCC)
=== obj-c++ tests ===
Running target unix
=== obj-c++ Summary ===
# of expected passes 1450
# of expected failures 2
# of unsupported tests 86
/var/gcc/regression/gcc-4.7-branch/8-gcc-gas/build/gcc/testsuite/obj-c++/../../g++ version 4.7.4 20140321 (prerelease) [gcc-4_7-branch revision 208744] (GCC)
=== objc tests ===
Running target unix
=== objc Summary ===
# of expected passes 2988
# of expected failures 6
# of unsupported tests 74
/var/gcc/regression/gcc-4.7-branch/8-gcc-gas/build/gcc/xgcc version 4.7.4 20140321 (prerelease) [gcc-4_7-branch revision 208744] (GCC)
=== boehm-gc tests ===
Running target unix
=== boehm-gc Summary ===
# of expected passes 12
# of unsupported tests 1
=== libffi tests ===
Running target unix
=== libffi Summary ===
# of expected passes 1634
# of expected failures 10
# of unsupported tests 55
=== libgo tests ===
Running target unix
FAIL: time
FAIL: runtime/pprof
=== libgo Summary ===
# of expected passes 122
# of unexpected failures 2
=== libgomp tests ===
Running target unix
=== libgomp Summary ===
# of expected passes 2940
# of unsupported tests 3
=== libitm tests ===
Running target unix
=== libitm Summary ===
# of expected passes 26
# of expected failures 3
# of unsupported tests 1
=== libjava tests ===
Running target unix
FAIL: PR16923 run
FAIL: Divide_1 output - source compiled test
FAIL: Divide_1 -findirect-dispatch output - source compiled test
FAIL: Divide_1 -O3 output - source compiled test
FAIL: Divide_1 -O3 -findirect-dispatch output - source compiled test
=== libjava Summary ===
# of expected passes 2569
# of unexpected failures 5
# of untested testcases 1
=== libstdc++ tests ===
Running target unix
=== libstdc++ Summary ===
# of expected passes 7373
# of expected failures 46
# of unsupported tests 819
Compiler version: 4.7.4 20140321 (prerelease) [gcc-4_7-branch revision 208744] (GCC)
Platform: i386-pc-solaris2.8
configure flags: --prefix=/vol/gcc --target=i386-pc-solaris2.8 --enable-obsolete --enable-objc-gc --with-as=/vol/gcc/bin/gas-2.24 --with-gnu-as --with-gmp-include=/vol/gcc/include --with-gmp-lib=/vol/gcc/lib --with-mpfr-include=/vol/gcc/include --with-mpfr-lib=/vol/gcc/lib --with-mpc-include=/vol/gcc/include --with-mpc-lib=/vol/gcc/lib --enable-languages=all,ada,obj-c++,go --without-ppl --without-isl --without-cloog
BOOT_CFLAGS=-g -O2