This is the mail archive of the
gcc-testresults@gcc.gnu.org
mailing list for the GCC project.
Results for 4.9.0 20140304 (experimental) [trunk revision 208299] (Debian 4.9-20140303-1) testsuite on mipsel-unknown-linux-gnu
- From: Matthias Klose <doko at debian dot org>
- To: gcc-testresults at gcc dot gnu dot org
- Cc: debian-gcc at lists dot debian dot org
- Date: Tue, 11 Mar 2014 17:54:27 +0000
- Subject: Results for 4.9.0 20140304 (experimental) [trunk revision 208299] (Debian 4.9-20140303-1) testsuite on mipsel-unknown-linux-gnu
- Authentication-results: sourceware.org; auth=none
- Reply-to: Matthias Klose <doko at debian dot org>
LAST_UPDATED: Tue Mar 4 01:00:01 UTC 2014 (revision 208299)
Target: mipsel-linux-gnu
gcc version 4.9.0 20140304 (experimental) [trunk revision 208299] (Debian 4.9-20140303-1)
Native configuration is mipsel-unknown-linux-gnu
=== g++ tests ===
Running target unix
UNRESOLVED: g++.dg/abi/anon2.C -std=c++98 scan-assembler .weak(_definition)?[ \\t]_?_ZN2N11D1C3fn1ENS0_1BE
UNRESOLVED: g++.dg/abi/anon2.C -std=c++98 scan-assembler .weak(_definition)?[ \\t]_?_ZN2N11D1C3fn2ES1_
UNRESOLVED: g++.dg/abi/anon2.C -std=c++98 scan-assembler-not .weak(_definition)?[ \\t]_?_ZN2N23._31C3fn1ENS0_1BE
UNRESOLVED: g++.dg/abi/anon2.C -std=c++98 scan-assembler-not .weak(_definition)?[ \\t]_?_ZN2N23._31C3fn2ES1_
UNRESOLVED: g++.dg/abi/anon2.C -std=c++98 scan-assembler .weak(_definition)?[ \\t]_?_ZN2N31D1CIiE3fn1ENS0_1BE
UNRESOLVED: g++.dg/abi/anon2.C -std=c++98 scan-assembler .weak(_definition)?[ \\t]_?_ZN2N31D1CIiE3fn2ES2_
UNRESOLVED: g++.dg/abi/anon2.C -std=c++98 scan-assembler-not .weak(_definition)?[ \\t]_?_ZN2N43._91CIiE3fn1ENS0_1BE
UNRESOLVED: g++.dg/abi/anon2.C -std=c++98 scan-assembler-not .weak(_definition)?[ \\t]_?_ZN2N43._91CIiE3fn2ES2_
=== g++ Summary for unix ===
# of expected passes 55113
# of expected failures 287
# of unresolved testcases 8
# of unsupported tests 1146
Running target unix/-fstack-protector
UNRESOLVED: g++.dg/abi/anon2.C -std=c++98 scan-assembler .weak(_definition)?[ \\t]_?_ZN2N11D1C3fn1ENS0_1BE
UNRESOLVED: g++.dg/abi/anon2.C -std=c++98 scan-assembler .weak(_definition)?[ \\t]_?_ZN2N11D1C3fn2ES1_
UNRESOLVED: g++.dg/abi/anon2.C -std=c++98 scan-assembler-not .weak(_definition)?[ \\t]_?_ZN2N23._31C3fn1ENS0_1BE
UNRESOLVED: g++.dg/abi/anon2.C -std=c++98 scan-assembler-not .weak(_definition)?[ \\t]_?_ZN2N23._31C3fn2ES1_
UNRESOLVED: g++.dg/abi/anon2.C -std=c++98 scan-assembler .weak(_definition)?[ \\t]_?_ZN2N31D1CIiE3fn1ENS0_1BE
UNRESOLVED: g++.dg/abi/anon2.C -std=c++98 scan-assembler .weak(_definition)?[ \\t]_?_ZN2N31D1CIiE3fn2ES2_
UNRESOLVED: g++.dg/abi/anon2.C -std=c++98 scan-assembler-not .weak(_definition)?[ \\t]_?_ZN2N43._91CIiE3fn1ENS0_1BE
UNRESOLVED: g++.dg/abi/anon2.C -std=c++98 scan-assembler-not .weak(_definition)?[ \\t]_?_ZN2N43._91CIiE3fn2ES2_
=== g++ Summary for unix/-fstack-protector ===
# of expected passes 55113
# of expected failures 287
# of unresolved testcases 8
# of unsupported tests 1146
Running target unix/-mabi=64
UNRESOLVED: g++.dg/abi/anon2.C -std=c++98 scan-assembler .weak(_definition)?[ \\t]_?_ZN2N11D1C3fn1ENS0_1BE
UNRESOLVED: g++.dg/abi/anon2.C -std=c++98 scan-assembler .weak(_definition)?[ \\t]_?_ZN2N11D1C3fn2ES1_
UNRESOLVED: g++.dg/abi/anon2.C -std=c++98 scan-assembler-not .weak(_definition)?[ \\t]_?_ZN2N23._31C3fn1ENS0_1BE
UNRESOLVED: g++.dg/abi/anon2.C -std=c++98 scan-assembler-not .weak(_definition)?[ \\t]_?_ZN2N23._31C3fn2ES1_
UNRESOLVED: g++.dg/abi/anon2.C -std=c++98 scan-assembler .weak(_definition)?[ \\t]_?_ZN2N31D1CIiE3fn1ENS0_1BE
UNRESOLVED: g++.dg/abi/anon2.C -std=c++98 scan-assembler .weak(_definition)?[ \\t]_?_ZN2N31D1CIiE3fn2ES2_
UNRESOLVED: g++.dg/abi/anon2.C -std=c++98 scan-assembler-not .weak(_definition)?[ \\t]_?_ZN2N43._91CIiE3fn1ENS0_1BE
UNRESOLVED: g++.dg/abi/anon2.C -std=c++98 scan-assembler-not .weak(_definition)?[ \\t]_?_ZN2N43._91CIiE3fn2ES2_
=== g++ Summary for unix/-mabi=64 ===
# of expected passes 56367
# of expected failures 287
# of unresolved testcases 8
# of unsupported tests 1136
Running target unix/-mabi=n32
UNRESOLVED: g++.dg/abi/anon2.C -std=c++98 scan-assembler .weak(_definition)?[ \\t]_?_ZN2N11D1C3fn1ENS0_1BE
UNRESOLVED: g++.dg/abi/anon2.C -std=c++98 scan-assembler .weak(_definition)?[ \\t]_?_ZN2N11D1C3fn2ES1_
UNRESOLVED: g++.dg/abi/anon2.C -std=c++98 scan-assembler-not .weak(_definition)?[ \\t]_?_ZN2N23._31C3fn1ENS0_1BE
UNRESOLVED: g++.dg/abi/anon2.C -std=c++98 scan-assembler-not .weak(_definition)?[ \\t]_?_ZN2N23._31C3fn2ES1_
UNRESOLVED: g++.dg/abi/anon2.C -std=c++98 scan-assembler .weak(_definition)?[ \\t]_?_ZN2N31D1CIiE3fn1ENS0_1BE
UNRESOLVED: g++.dg/abi/anon2.C -std=c++98 scan-assembler .weak(_definition)?[ \\t]_?_ZN2N31D1CIiE3fn2ES2_
UNRESOLVED: g++.dg/abi/anon2.C -std=c++98 scan-assembler-not .weak(_definition)?[ \\t]_?_ZN2N43._91CIiE3fn1ENS0_1BE
UNRESOLVED: g++.dg/abi/anon2.C -std=c++98 scan-assembler-not .weak(_definition)?[ \\t]_?_ZN2N43._91CIiE3fn2ES2_
=== g++ Summary for unix/-mabi=n32 ===
# of expected passes 56442
# of expected failures 287
# of unresolved testcases 8
# of unsupported tests 1131
=== g++ Summary ===
# of expected passes 223035
# of expected failures 1148
# of unresolved testcases 32
# of unsupported tests 4559
/build/gcc-4.9-WUIl5G/gcc-4.9-4.9-20140303/build/gcc/testsuite/g++/../../xg++ version 4.9.0 20140304 (experimental) [trunk revision 208299] (Debian 4.9-20140303-1)
=== gcc tests ===
Running target unix
FAIL: gcc.dg/graphite/id-pr46845.c (internal compiler error)
FAIL: gcc.dg/graphite/id-pr46845.c (test for excess errors)
FAIL: gcc.dg/tree-ssa/ssa-dom-thread-4.c scan-tree-dump-times dom1 "Threaded" 4
FAIL: gcc.target/mips/mips-sched-madd.c -O2 scan-assembler \\tmult\\t
FAIL: gcc.target/mips/mips-sched-madd.c -O3 -fomit-frame-pointer scan-assembler \\tmult\\t
FAIL: gcc.target/mips/mips-sched-madd.c -O3 -g scan-assembler \\tmult\\t
FAIL: gcc.target/mips/mips-sched-madd.c -O2 -flto -fno-use-linker-plugin -flto-partition=none scan-assembler \\tmult\\t
FAIL: gcc.target/mips/mips-sched-madd.c -O2 -flto -fuse-linker-plugin -fno-fat-lto-objects scan-assembler \\tmult\\t
FAIL: gcc.target/mips/octeon-pipe-1.c -O1 scan-rtl-dump sched2 "octeon_mult\\\\*71"
FAIL: gcc.target/mips/octeon-pipe-1.c -O2 scan-rtl-dump sched2 "octeon_mult\\\\*71"
FAIL: gcc.target/mips/octeon-pipe-1.c -O3 -fomit-frame-pointer scan-rtl-dump sched2 "octeon_mult\\\\*71"
FAIL: gcc.target/mips/octeon-pipe-1.c -O3 -g scan-rtl-dump sched2 "octeon_mult\\\\*71"
FAIL: gcc.target/mips/octeon-pipe-1.c -Os scan-rtl-dump sched2 "octeon_mult\\\\*71"
FAIL: gcc.target/mips/octeon-pipe-1.c -O2 -flto -fno-use-linker-plugin -flto-partition=none scan-rtl-dump sched2 "octeon_mult\\\\*71"
FAIL: gcc.target/mips/octeon-pipe-1.c -O2 -flto -fuse-linker-plugin -fno-fat-lto-objects scan-rtl-dump sched2 "octeon_mult\\\\*71"
FAIL: gcc.target/mips/octeon2-pipe-1.c -O1 scan-rtl-dump sched2 "octeon_mult\\\\*17"
FAIL: gcc.target/mips/octeon2-pipe-1.c -O2 scan-rtl-dump sched2 "octeon_mult\\\\*17"
FAIL: gcc.target/mips/octeon2-pipe-1.c -O3 -fomit-frame-pointer scan-rtl-dump sched2 "octeon_mult\\\\*17"
FAIL: gcc.target/mips/octeon2-pipe-1.c -O3 -g scan-rtl-dump sched2 "octeon_mult\\\\*17"
FAIL: gcc.target/mips/octeon2-pipe-1.c -Os scan-rtl-dump sched2 "octeon_mult\\\\*17"
FAIL: gcc.target/mips/octeon2-pipe-1.c -O2 -flto -fno-use-linker-plugin -flto-partition=none scan-rtl-dump sched2 "octeon_mult\\\\*17"
FAIL: gcc.target/mips/octeon2-pipe-1.c -O2 -flto -fuse-linker-plugin -fno-fat-lto-objects scan-rtl-dump sched2 "octeon_mult\\\\*17"
FAIL: gcc.target/mips/pr55315.c -O1 scan-assembler-not \\tmove\\t\\\\\$2,\\\\\$0
FAIL: gcc.target/mips/pr55315.c -O2 scan-assembler-not \\tmove\\t\\\\\$2,\\\\\$0
FAIL: gcc.target/mips/pr55315.c -O3 -fomit-frame-pointer scan-assembler-not \\tmove\\t\\\\\$2,\\\\\$0
FAIL: gcc.target/mips/pr55315.c -O3 -g scan-assembler-not \\tmove\\t\\\\\$2,\\\\\$0
FAIL: gcc.target/mips/pr55315.c -O2 -flto -fno-use-linker-plugin -flto-partition=none scan-assembler-not \\tmove\\t\\\\\$2,\\\\\$0
FAIL: gcc.target/mips/pr55315.c -O2 -flto -fuse-linker-plugin -fno-fat-lto-objects scan-assembler-not \\tmove\\t\\\\\$2,\\\\\$0
=== gcc Summary for unix ===
# of expected passes 98778
# of unexpected failures 28
# of expected failures 144
# of unsupported tests 1515
Running target unix/-fstack-protector
FAIL: gcc.dg/stack-usage-1.c scan-file foo\\t(256|264)\\tstatic
FAIL: gcc.dg/superblock.c scan-rtl-dump-times sched2 "ADVANCING TO" 2
FAIL: gcc.dg/graphite/id-pr46845.c (internal compiler error)
FAIL: gcc.dg/graphite/id-pr46845.c (test for excess errors)
FAIL: gcc.dg/tree-ssa/ssa-dom-thread-4.c scan-tree-dump-times dom1 "Threaded" 4
FAIL: gcc.target/mips/mips-sched-madd.c -O2 scan-assembler \\tmult\\t
FAIL: gcc.target/mips/mips-sched-madd.c -O3 -fomit-frame-pointer scan-assembler \\tmult\\t
FAIL: gcc.target/mips/mips-sched-madd.c -O3 -g scan-assembler \\tmult\\t
FAIL: gcc.target/mips/mips-sched-madd.c -O2 -flto -fno-use-linker-plugin -flto-partition=none scan-assembler \\tmult\\t
FAIL: gcc.target/mips/mips-sched-madd.c -O2 -flto -fuse-linker-plugin -fno-fat-lto-objects scan-assembler \\tmult\\t
FAIL: gcc.target/mips/octeon-pipe-1.c -O1 scan-rtl-dump sched2 "octeon_mult\\\\*71"
FAIL: gcc.target/mips/octeon-pipe-1.c -O2 scan-rtl-dump sched2 "octeon_mult\\\\*71"
FAIL: gcc.target/mips/octeon-pipe-1.c -O3 -fomit-frame-pointer scan-rtl-dump sched2 "octeon_mult\\\\*71"
FAIL: gcc.target/mips/octeon-pipe-1.c -O3 -g scan-rtl-dump sched2 "octeon_mult\\\\*71"
FAIL: gcc.target/mips/octeon-pipe-1.c -Os scan-rtl-dump sched2 "octeon_mult\\\\*71"
FAIL: gcc.target/mips/octeon-pipe-1.c -O2 -flto -fno-use-linker-plugin -flto-partition=none scan-rtl-dump sched2 "octeon_mult\\\\*71"
FAIL: gcc.target/mips/octeon-pipe-1.c -O2 -flto -fuse-linker-plugin -fno-fat-lto-objects scan-rtl-dump sched2 "octeon_mult\\\\*71"
FAIL: gcc.target/mips/octeon2-pipe-1.c -O1 scan-rtl-dump sched2 "octeon_mult\\\\*17"
FAIL: gcc.target/mips/octeon2-pipe-1.c -O2 scan-rtl-dump sched2 "octeon_mult\\\\*17"
FAIL: gcc.target/mips/octeon2-pipe-1.c -O3 -fomit-frame-pointer scan-rtl-dump sched2 "octeon_mult\\\\*17"
FAIL: gcc.target/mips/octeon2-pipe-1.c -O3 -g scan-rtl-dump sched2 "octeon_mult\\\\*17"
FAIL: gcc.target/mips/octeon2-pipe-1.c -Os scan-rtl-dump sched2 "octeon_mult\\\\*17"
FAIL: gcc.target/mips/octeon2-pipe-1.c -O2 -flto -fno-use-linker-plugin -flto-partition=none scan-rtl-dump sched2 "octeon_mult\\\\*17"
FAIL: gcc.target/mips/octeon2-pipe-1.c -O2 -flto -fuse-linker-plugin -fno-fat-lto-objects scan-rtl-dump sched2 "octeon_mult\\\\*17"
FAIL: gcc.target/mips/pr55315.c -O1 scan-assembler-not \\tmove\\t\\\\\$2,\\\\\$0
FAIL: gcc.target/mips/pr55315.c -O2 scan-assembler-not \\tmove\\t\\\\\$2,\\\\\$0
FAIL: gcc.target/mips/pr55315.c -O3 -fomit-frame-pointer scan-assembler-not \\tmove\\t\\\\\$2,\\\\\$0
FAIL: gcc.target/mips/pr55315.c -O3 -g scan-assembler-not \\tmove\\t\\\\\$2,\\\\\$0
FAIL: gcc.target/mips/pr55315.c -O2 -flto -fno-use-linker-plugin -flto-partition=none scan-assembler-not \\tmove\\t\\\\\$2,\\\\\$0
FAIL: gcc.target/mips/pr55315.c -O2 -flto -fuse-linker-plugin -fno-fat-lto-objects scan-assembler-not \\tmove\\t\\\\\$2,\\\\\$0
=== gcc Summary for unix/-fstack-protector ===
# of expected passes 98776
# of unexpected failures 30
# of expected failures 144
# of unsupported tests 1515
Running target unix/-mabi=64
FAIL: gcc.dg/graphite/id-pr46845.c (internal compiler error)
FAIL: gcc.dg/graphite/id-pr46845.c (test for excess errors)
FAIL: gcc.dg/tree-ssa/ssa-dom-thread-4.c scan-tree-dump-times dom1 "Threaded" 4
FAIL: gcc.target/mips/mips-sched-madd.c -O2 scan-assembler \\tmult\\t
FAIL: gcc.target/mips/mips-sched-madd.c -O3 -fomit-frame-pointer scan-assembler \\tmult\\t
FAIL: gcc.target/mips/mips-sched-madd.c -O3 -g scan-assembler \\tmult\\t
FAIL: gcc.target/mips/mips-sched-madd.c -O2 -flto -fno-use-linker-plugin -flto-partition=none scan-assembler \\tmult\\t
FAIL: gcc.target/mips/mips-sched-madd.c -O2 -flto -fuse-linker-plugin -fno-fat-lto-objects scan-assembler \\tmult\\t
FAIL: gcc.target/mips/octeon-pipe-1.c -O1 scan-rtl-dump sched2 "octeon_mult\\\\*71"
FAIL: gcc.target/mips/octeon-pipe-1.c -O2 scan-rtl-dump sched2 "octeon_mult\\\\*71"
FAIL: gcc.target/mips/octeon-pipe-1.c -O3 -fomit-frame-pointer scan-rtl-dump sched2 "octeon_mult\\\\*71"
FAIL: gcc.target/mips/octeon-pipe-1.c -O3 -g scan-rtl-dump sched2 "octeon_mult\\\\*71"
FAIL: gcc.target/mips/octeon-pipe-1.c -Os scan-rtl-dump sched2 "octeon_mult\\\\*71"
FAIL: gcc.target/mips/octeon-pipe-1.c -O2 -flto -fno-use-linker-plugin -flto-partition=none scan-rtl-dump sched2 "octeon_mult\\\\*71"
FAIL: gcc.target/mips/octeon-pipe-1.c -O2 -flto -fuse-linker-plugin -fno-fat-lto-objects scan-rtl-dump sched2 "octeon_mult\\\\*71"
FAIL: gcc.target/mips/octeon2-pipe-1.c -O1 scan-rtl-dump sched2 "octeon_mult\\\\*17"
FAIL: gcc.target/mips/octeon2-pipe-1.c -O2 scan-rtl-dump sched2 "octeon_mult\\\\*17"
FAIL: gcc.target/mips/octeon2-pipe-1.c -O3 -fomit-frame-pointer scan-rtl-dump sched2 "octeon_mult\\\\*17"
FAIL: gcc.target/mips/octeon2-pipe-1.c -O3 -g scan-rtl-dump sched2 "octeon_mult\\\\*17"
FAIL: gcc.target/mips/octeon2-pipe-1.c -Os scan-rtl-dump sched2 "octeon_mult\\\\*17"
FAIL: gcc.target/mips/octeon2-pipe-1.c -O2 -flto -fno-use-linker-plugin -flto-partition=none scan-rtl-dump sched2 "octeon_mult\\\\*17"
FAIL: gcc.target/mips/octeon2-pipe-1.c -O2 -flto -fuse-linker-plugin -fno-fat-lto-objects scan-rtl-dump sched2 "octeon_mult\\\\*17"
FAIL: gcc.target/mips/pr55315.c -O1 scan-assembler-not \\tmove\\t\\\\\$2,\\\\\$0
FAIL: gcc.target/mips/pr55315.c -O2 scan-assembler-not \\tmove\\t\\\\\$2,\\\\\$0
FAIL: gcc.target/mips/pr55315.c -O3 -fomit-frame-pointer scan-assembler-not \\tmove\\t\\\\\$2,\\\\\$0
FAIL: gcc.target/mips/pr55315.c -O3 -g scan-assembler-not \\tmove\\t\\\\\$2,\\\\\$0
FAIL: gcc.target/mips/pr55315.c -O2 -flto -fno-use-linker-plugin -flto-partition=none scan-assembler-not \\tmove\\t\\\\\$2,\\\\\$0
FAIL: gcc.target/mips/pr55315.c -O2 -flto -fuse-linker-plugin -fno-fat-lto-objects scan-assembler-not \\tmove\\t\\\\\$2,\\\\\$0
FAIL: gcc.target/mips/umips-swp-2.c -O2 scan-assembler \\tswp\\t\\\\\$5,0\\\\(\\\\\$4\\\\)
FAIL: gcc.target/mips/umips-swp-2.c -O3 -fomit-frame-pointer scan-assembler \\tswp\\t\\\\\$5,0\\\\(\\\\\$4\\\\)
FAIL: gcc.target/mips/umips-swp-2.c -O3 -g scan-assembler \\tswp\\t\\\\\$5,0\\\\(\\\\\$4\\\\)
FAIL: gcc.target/mips/umips-swp-2.c -O2 -flto -fno-use-linker-plugin -flto-partition=none scan-assembler \\tswp\\t\\\\\$5,0\\\\(\\\\\$4\\\\)
FAIL: gcc.target/mips/umips-swp-2.c -O2 -flto -fuse-linker-plugin -fno-fat-lto-objects scan-assembler \\tswp\\t\\\\\$5,0\\\\(\\\\\$4\\\\)
FAIL: gcc.target/mips/umips-swp-3.c -O2 scan-assembler \\tswp\\t\\\\\$5,0\\\\(\\\\\$4\\\\)
FAIL: gcc.target/mips/umips-swp-3.c -O3 -fomit-frame-pointer scan-assembler \\tswp\\t\\\\\$5,0\\\\(\\\\\$4\\\\)
FAIL: gcc.target/mips/umips-swp-3.c -O3 -g scan-assembler \\tswp\\t\\\\\$5,0\\\\(\\\\\$4\\\\)
FAIL: gcc.target/mips/umips-swp-3.c -O2 -flto -fno-use-linker-plugin -flto-partition=none scan-assembler \\tswp\\t\\\\\$5,0\\\\(\\\\\$4\\\\)
FAIL: gcc.target/mips/umips-swp-3.c -O2 -flto -fuse-linker-plugin -fno-fat-lto-objects scan-assembler \\tswp\\t\\\\\$5,0\\\\(\\\\\$4\\\\)
FAIL: gcc.target/mips/umips-swp-4.c -O2 scan-assembler \\tswp\\t\\\\\$5,2044\\\\(\\\\\$4\\\\)
FAIL: gcc.target/mips/umips-swp-4.c -O3 -fomit-frame-pointer scan-assembler \\tswp\\t\\\\\$5,2044\\\\(\\\\\$4\\\\)
FAIL: gcc.target/mips/umips-swp-4.c -O3 -g scan-assembler \\tswp\\t\\\\\$5,2044\\\\(\\\\\$4\\\\)
FAIL: gcc.target/mips/umips-swp-4.c -O2 -flto -fno-use-linker-plugin -flto-partition=none scan-assembler \\tswp\\t\\\\\$5,2044\\\\(\\\\\$4\\\\)
FAIL: gcc.target/mips/umips-swp-4.c -O2 -flto -fuse-linker-plugin -fno-fat-lto-objects scan-assembler \\tswp\\t\\\\\$5,2044\\\\(\\\\\$4\\\\)
FAIL: gcc.target/mips/umips-swp-5.c -O2 scan-assembler \\tswp\\t\\\\\$5,2044\\\\(\\\\\$4\\\\)
FAIL: gcc.target/mips/umips-swp-5.c -O3 -fomit-frame-pointer scan-assembler \\tswp\\t\\\\\$5,2044\\\\(\\\\\$4\\\\)
FAIL: gcc.target/mips/umips-swp-5.c -O3 -g scan-assembler \\tswp\\t\\\\\$5,2044\\\\(\\\\\$4\\\\)
FAIL: gcc.target/mips/umips-swp-5.c -O2 -flto -fno-use-linker-plugin -flto-partition=none scan-assembler \\tswp\\t\\\\\$5,2044\\\\(\\\\\$4\\\\)
FAIL: gcc.target/mips/umips-swp-5.c -O2 -flto -fuse-linker-plugin -fno-fat-lto-objects scan-assembler \\tswp\\t\\\\\$5,2044\\\\(\\\\\$4\\\\)
=== gcc Summary for unix/-mabi=64 ===
# of expected passes 99487
# of unexpected failures 48
# of expected failures 147
# of unsupported tests 1466
Running target unix/-mabi=n32
FAIL: gcc.dg/graphite/id-pr46845.c (internal compiler error)
FAIL: gcc.dg/graphite/id-pr46845.c (test for excess errors)
FAIL: gcc.dg/tree-ssa/ssa-dom-thread-4.c scan-tree-dump-times dom1 "Threaded" 4
FAIL: gcc.target/mips/mips-sched-madd.c -O2 scan-assembler \\tmult\\t
FAIL: gcc.target/mips/mips-sched-madd.c -O3 -fomit-frame-pointer scan-assembler \\tmult\\t
FAIL: gcc.target/mips/mips-sched-madd.c -O3 -g scan-assembler \\tmult\\t
FAIL: gcc.target/mips/mips-sched-madd.c -O2 -flto -fno-use-linker-plugin -flto-partition=none scan-assembler \\tmult\\t
FAIL: gcc.target/mips/mips-sched-madd.c -O2 -flto -fuse-linker-plugin -fno-fat-lto-objects scan-assembler \\tmult\\t
FAIL: gcc.target/mips/octeon-pipe-1.c -O1 scan-rtl-dump sched2 "octeon_mult\\\\*71"
FAIL: gcc.target/mips/octeon-pipe-1.c -O2 scan-rtl-dump sched2 "octeon_mult\\\\*71"
FAIL: gcc.target/mips/octeon-pipe-1.c -O3 -fomit-frame-pointer scan-rtl-dump sched2 "octeon_mult\\\\*71"
FAIL: gcc.target/mips/octeon-pipe-1.c -O3 -g scan-rtl-dump sched2 "octeon_mult\\\\*71"
FAIL: gcc.target/mips/octeon-pipe-1.c -Os scan-rtl-dump sched2 "octeon_mult\\\\*71"
FAIL: gcc.target/mips/octeon-pipe-1.c -O2 -flto -fno-use-linker-plugin -flto-partition=none scan-rtl-dump sched2 "octeon_mult\\\\*71"
FAIL: gcc.target/mips/octeon-pipe-1.c -O2 -flto -fuse-linker-plugin -fno-fat-lto-objects scan-rtl-dump sched2 "octeon_mult\\\\*71"
FAIL: gcc.target/mips/octeon2-pipe-1.c -O1 scan-rtl-dump sched2 "octeon_mult\\\\*17"
FAIL: gcc.target/mips/octeon2-pipe-1.c -O2 scan-rtl-dump sched2 "octeon_mult\\\\*17"
FAIL: gcc.target/mips/octeon2-pipe-1.c -O3 -fomit-frame-pointer scan-rtl-dump sched2 "octeon_mult\\\\*17"
FAIL: gcc.target/mips/octeon2-pipe-1.c -O3 -g scan-rtl-dump sched2 "octeon_mult\\\\*17"
FAIL: gcc.target/mips/octeon2-pipe-1.c -Os scan-rtl-dump sched2 "octeon_mult\\\\*17"
FAIL: gcc.target/mips/octeon2-pipe-1.c -O2 -flto -fno-use-linker-plugin -flto-partition=none scan-rtl-dump sched2 "octeon_mult\\\\*17"
FAIL: gcc.target/mips/octeon2-pipe-1.c -O2 -flto -fuse-linker-plugin -fno-fat-lto-objects scan-rtl-dump sched2 "octeon_mult\\\\*17"
FAIL: gcc.target/mips/pr55315.c -O1 scan-assembler-not \\tmove\\t\\\\\$2,\\\\\$0
FAIL: gcc.target/mips/pr55315.c -O2 scan-assembler-not \\tmove\\t\\\\\$2,\\\\\$0
FAIL: gcc.target/mips/pr55315.c -O3 -fomit-frame-pointer scan-assembler-not \\tmove\\t\\\\\$2,\\\\\$0
FAIL: gcc.target/mips/pr55315.c -O3 -g scan-assembler-not \\tmove\\t\\\\\$2,\\\\\$0
FAIL: gcc.target/mips/pr55315.c -O2 -flto -fno-use-linker-plugin -flto-partition=none scan-assembler-not \\tmove\\t\\\\\$2,\\\\\$0
FAIL: gcc.target/mips/pr55315.c -O2 -flto -fuse-linker-plugin -fno-fat-lto-objects scan-assembler-not \\tmove\\t\\\\\$2,\\\\\$0
=== gcc Summary for unix/-mabi=n32 ===
# of expected passes 99491
# of unexpected failures 28
# of expected failures 144
# of unsupported tests 1478
=== gcc Summary ===
# of expected passes 396532
# of unexpected failures 134
# of expected failures 579
# of unsupported tests 5974
/build/gcc-4.9-WUIl5G/gcc-4.9-4.9-20140303/build/gcc/xgcc version 4.9.0 20140304 (experimental) [trunk revision 208299] (Debian 4.9-20140303-1)
=== gfortran tests ===
Running target unix
=== gfortran Summary for unix ===
# of expected passes 44134
# of expected failures 52
# of unsupported tests 419
Running target unix/-fstack-protector
=== gfortran Summary for unix/-fstack-protector ===
# of expected passes 44134
# of expected failures 52
# of unsupported tests 419
Running target unix/-mabi=64
=== gfortran Summary for unix/-mabi=64 ===
# of expected passes 44822
# of expected failures 52
# of unsupported tests 89
Running target unix/-mabi=n32
=== gfortran Summary for unix/-mabi=n32 ===
# of expected passes 44822
# of expected failures 52
# of unsupported tests 89
=== gfortran Summary ===
# of expected passes 177912
# of expected failures 208
# of unsupported tests 1016
/build/gcc-4.9-WUIl5G/gcc-4.9-4.9-20140303/build/gcc/testsuite/gfortran/../../gfortran version 4.9.0 20140304 (experimental) [trunk revision 208299] (Debian 4.9-20140303-1)
=== go tests ===
Running target unix
FAIL: go.test/test/recover.go execution, -O2 -g
=== go Summary for unix ===
# of expected passes 7369
# of unexpected failures 1
# of expected failures 1
# of untested testcases 9
# of unsupported tests 3
Running target unix/-fstack-protector
WARNING: program timed out.
FAIL: ./index0-out.go compilation, -O0 -g -fno-var-tracking-assignments
FAIL: go.test/test/recover.go execution, -O2 -g
=== go Summary for unix/-fstack-protector ===
# of expected passes 7367
# of unexpected failures 2
# of expected failures 1
# of untested testcases 10
# of unsupported tests 3
Running target unix/-mabi=64
FAIL: go.test/test/fixedbugs/issue4348.go -O (test for excess errors)
FAIL: go.test/test/nilptr.go execution, -O2 -g
FAIL: go.test/test/recover.go execution, -O2 -g
=== go Summary for unix/-mabi=64 ===
# of expected passes 7247
# of unexpected failures 3
# of expected failures 1
# of untested testcases 9
# of unsupported tests 3
Running target unix/-mabi=n32
FAIL: go.test/test/nilptr.go execution, -O2 -g
FAIL: go.test/test/recover.go execution, -O2 -g
=== go Summary for unix/-mabi=n32 ===
# of expected passes 7368
# of unexpected failures 2
# of expected failures 1
# of untested testcases 9
# of unsupported tests 3
=== go Summary ===
# of expected passes 29351
# of unexpected failures 8
# of expected failures 4
# of untested testcases 37
# of unsupported tests 12
/build/gcc-4.9-WUIl5G/gcc-4.9-4.9-20140303/build/gcc/testsuite/go/../../gccgo version 4.9.0 20140304 (experimental) [trunk revision 208299] (Debian 4.9-20140303-1)
=== obj-c++ tests ===
Running target unix
=== obj-c++ Summary for unix ===
# of expected passes 1449
# of expected failures 2
# of unsupported tests 86
Running target unix/-fstack-protector
=== obj-c++ Summary for unix/-fstack-protector ===
# of expected passes 1449
# of expected failures 2
# of unsupported tests 86
Running target unix/-mabi=64
=== obj-c++ Summary for unix/-mabi=64 ===
# of expected passes 1441
# of expected failures 10
# of unsupported tests 86
Running target unix/-mabi=n32
=== obj-c++ Summary for unix/-mabi=n32 ===
# of expected passes 1449
# of expected failures 2
# of unsupported tests 86
=== obj-c++ Summary ===
# of expected passes 5788
# of expected failures 16
# of unsupported tests 344
/build/gcc-4.9-WUIl5G/gcc-4.9-4.9-20140303/build/gcc/testsuite/obj-c++/../../xg++ version 4.9.0 20140304 (experimental) [trunk revision 208299] (Debian 4.9-20140303-1)
=== objc tests ===
Running target unix
=== objc Summary for unix ===
# of expected passes 2994
# of unsupported tests 74
Running target unix/-fstack-protector
=== objc Summary for unix/-fstack-protector ===
# of expected passes 2994
# of unsupported tests 74
Running target unix/-mabi=64
=== objc Summary for unix/-mabi=64 ===
# of expected passes 2994
# of unsupported tests 74
Running target unix/-mabi=n32
=== objc Summary for unix/-mabi=n32 ===
# of expected passes 2994
# of unsupported tests 74
=== objc Summary ===
# of expected passes 11976
# of unsupported tests 296
/build/gcc-4.9-WUIl5G/gcc-4.9-4.9-20140303/build/gcc/xgcc version 4.9.0 20140304 (experimental) [trunk revision 208299] (Debian 4.9-20140303-1)
=== boehm-gc tests ===
Running target unix
=== boehm-gc Summary for unix ===
# of expected passes 12
# of unsupported tests 1
Running target unix/-fstack-protector
=== boehm-gc Summary for unix/-fstack-protector ===
# of expected passes 12
# of unsupported tests 1
Running target unix/-mabi=64
FAIL: boehm-gc.c/gctest.c -O2 (test for excess errors)
UNRESOLVED: boehm-gc.c/gctest.c -O2 compilation failed to produce executable
FAIL: boehm-gc.c/leak_test.c -O2 (test for excess errors)
UNRESOLVED: boehm-gc.c/leak_test.c -O2 compilation failed to produce executable
FAIL: boehm-gc.c/middle.c -O2 (test for excess errors)
UNRESOLVED: boehm-gc.c/middle.c -O2 compilation failed to produce executable
FAIL: boehm-gc.c/thread_leak_test.c -O2 (test for excess errors)
UNRESOLVED: boehm-gc.c/thread_leak_test.c -O2 compilation failed to produce executable
FAIL: staticrootslib.lo -O2 (test for excess errors)
FAIL: boehm-gc.lib/staticrootstest.c -O2 (test for excess errors)
UNRESOLVED: boehm-gc.lib/staticrootstest.c -O2 compilation failed to produce executable
=== boehm-gc Summary for unix/-mabi=64 ===
# of expected passes 1
# of unexpected failures 6
# of unresolved testcases 5
# of unsupported tests 1
Running target unix/-mabi=n32
FAIL: boehm-gc.c/gctest.c -O2 (test for excess errors)
UNRESOLVED: boehm-gc.c/gctest.c -O2 compilation failed to produce executable
FAIL: boehm-gc.c/leak_test.c -O2 (test for excess errors)
UNRESOLVED: boehm-gc.c/leak_test.c -O2 compilation failed to produce executable
FAIL: boehm-gc.c/middle.c -O2 (test for excess errors)
UNRESOLVED: boehm-gc.c/middle.c -O2 compilation failed to produce executable
FAIL: boehm-gc.c/thread_leak_test.c -O2 (test for excess errors)
UNRESOLVED: boehm-gc.c/thread_leak_test.c -O2 compilation failed to produce executable
FAIL: staticrootslib.lo -O2 (test for excess errors)
FAIL: boehm-gc.lib/staticrootstest.c -O2 (test for excess errors)
UNRESOLVED: boehm-gc.lib/staticrootstest.c -O2 compilation failed to produce executable
=== boehm-gc Summary for unix/-mabi=n32 ===
# of expected passes 1
# of unexpected failures 6
# of unresolved testcases 5
# of unsupported tests 1
=== boehm-gc Summary ===
# of expected passes 26
# of unexpected failures 12
# of unresolved testcases 10
# of unsupported tests 4
=== libatomic tests ===
Running target unix
=== libatomic Summary for unix ===
# of expected passes 44
# of unsupported tests 5
Running target unix/-fstack-protector
=== libatomic Summary for unix/-fstack-protector ===
# of expected passes 44
# of unsupported tests 5
Running target unix/-mabi=64
=== libatomic Summary for unix/-mabi=64 ===
# of expected passes 54
Running target unix/-mabi=n32
=== libatomic Summary for unix/-mabi=n32 ===
# of expected passes 54
=== libatomic Summary ===
# of expected passes 196
# of unsupported tests 10
=== libffi tests ===
Running target unix
=== libffi Summary for unix ===
# of expected passes 1819
# of unsupported tests 55
Running target unix/-fstack-protector
=== libffi Summary for unix/-fstack-protector ===
# of expected passes 1819
# of unsupported tests 55
Running target unix/-mabi=64
FAIL: libffi.call/cls_double_va.c -O0 -W -Wall output pattern test, is 0.0
FAIL: libffi.call/cls_longdouble_va.c -O0 -W -Wall output pattern test, is 0.0
FAIL: libffi.call/float_va.c -O0 -W -Wall output pattern test, is 0: 2.0 : total: 2.0
FAIL: libffi.call/cls_double_va.c -O2 output pattern test, is 0.0
FAIL: libffi.call/cls_longdouble_va.c -O2 output pattern test, is 0.0
FAIL: libffi.call/float_va.c -O2 output pattern test, is 0: 2.0 : total: 2.0
FAIL: libffi.call/cls_double_va.c -O3 output pattern test, is 0.0
FAIL: libffi.call/cls_longdouble_va.c -O3 output pattern test, is 0.0
FAIL: libffi.call/float_va.c -O3 output pattern test, is 0: 2.0 : total: 2.0
FAIL: libffi.call/cls_double_va.c -Os output pattern test, is 0.0
FAIL: libffi.call/cls_longdouble_va.c -Os output pattern test, is 0.0
FAIL: libffi.call/float_va.c -Os output pattern test, is 0: 2.0 : total: 2.0
FAIL: libffi.call/cls_double_va.c -O2 -fomit-frame-pointer output pattern test, is 0.0
FAIL: libffi.call/cls_longdouble_va.c -O2 -fomit-frame-pointer output pattern test, is 0.0
FAIL: libffi.call/float_va.c -O2 -fomit-frame-pointer output pattern test, is 0: 2.0 : total: 2.0
=== libffi Summary for unix/-mabi=64 ===
# of expected passes 1804
# of unexpected failures 15
# of unsupported tests 55
Running target unix/-mabi=n32
FAIL: libffi.call/cls_double_va.c -O0 -W -Wall output pattern test, is 0.0
FAIL: libffi.call/cls_longdouble_va.c -O0 -W -Wall output pattern test, is 0.0
FAIL: libffi.call/float_va.c -O0 -W -Wall output pattern test, is 0: 2.0 : total: 2.0
FAIL: libffi.call/cls_double_va.c -O2 output pattern test, is 0.0
FAIL: libffi.call/cls_longdouble_va.c -O2 output pattern test, is 0.0
FAIL: libffi.call/float_va.c -O2 output pattern test, is 0: 2.0 : total: 2.0
FAIL: libffi.call/cls_double_va.c -O3 output pattern test, is 0.0
FAIL: libffi.call/cls_longdouble_va.c -O3 output pattern test, is 0.0
FAIL: libffi.call/float_va.c -O3 output pattern test, is 0: 2.0 : total: 2.0
FAIL: libffi.call/cls_double_va.c -Os output pattern test, is 0.0
FAIL: libffi.call/cls_longdouble_va.c -Os output pattern test, is 0.0
FAIL: libffi.call/float_va.c -Os output pattern test, is 0: 2.0 : total: 2.0
FAIL: libffi.call/cls_double_va.c -O2 -fomit-frame-pointer output pattern test, is 0.0
FAIL: libffi.call/cls_longdouble_va.c -O2 -fomit-frame-pointer output pattern test, is 0.0
FAIL: libffi.call/float_va.c -O2 -fomit-frame-pointer output pattern test, is 0: 2.0 : total: 2.0
=== libffi Summary for unix/-mabi=n32 ===
# of expected passes 1804
# of unexpected failures 15
# of unsupported tests 55
=== libffi Summary ===
# of expected passes 7246
# of unexpected failures 30
# of unsupported tests 220
=== libgo tests ===
Running target unix
FAIL: runtime
FAIL: sync/atomic
FAIL: testing/quick
=== libgo Summary for unix ===
# of expected passes 119
# of unexpected failures 3
Running target unix/-mabi=n32
FAIL: runtime
=== libgo Summary for unix/-mabi=n32 ===
# of expected passes 121
# of unexpected failures 1
Running target unix/-mabi=64
FAIL: runtime
=== libgo Summary for unix/-mabi=64 ===
# of expected passes 121
# of unexpected failures 1
=== libgo Summary ===
# of expected passes 361
# of unexpected failures 5
/build/gcc-4.9-WUIl5G/gcc-4.9-4.9-20140303/build/./gcc/gccgo version 4.9.0 20140304 (experimental) [trunk revision 208299] (Debian 4.9-20140303-1)
=== libgomp tests ===
Running target unix
WARNING: program timed out.
FAIL: libgomp.c/depend-3.c execution test
WARNING: program timed out.
FAIL: libgomp.graphite/force-parallel-7.c execution test
=== libgomp Summary for unix ===
# of expected passes 2390
# of unexpected failures 2
# of unsupported tests 1
Running target unix/-fstack-protector
WARNING: program timed out.
FAIL: libgomp.c/depend-3.c execution test
WARNING: program timed out.
FAIL: libgomp.graphite/force-parallel-7.c execution test
=== libgomp Summary for unix/-fstack-protector ===
# of expected passes 2390
# of unexpected failures 2
# of unsupported tests 1
Running target unix/-mabi=64
WARNING: program timed out.
FAIL: libgomp.c/depend-3.c execution test
WARNING: program timed out.
FAIL: libgomp.graphite/force-parallel-7.c execution test
=== libgomp Summary for unix/-mabi=64 ===
# of expected passes 2390
# of unexpected failures 2
# of unsupported tests 1
Running target unix/-mabi=n32
WARNING: program timed out.
FAIL: libgomp.c/depend-3.c execution test
WARNING: program timed out.
FAIL: libgomp.graphite/force-parallel-7.c execution test
=== libgomp Summary for unix/-mabi=n32 ===
# of expected passes 2390
# of unexpected failures 2
# of unsupported tests 1
=== libgomp Summary ===
# of expected passes 9560
# of unexpected failures 8
# of unsupported tests 4
=== libjava tests ===
Running target unix
FAIL: events output
=== libjava Summary for unix ===
# of expected passes 2581
# of unexpected failures 1
# of expected failures 4
Running target unix/-fstack-protector
=== libjava Summary for unix/-fstack-protector ===
# of expected passes 2582
# of expected failures 4
=== libjava Summary ===
# of expected passes 5163
# of unexpected failures 1
# of expected failures 8
Compiler version: 4.9.0 20140304 (experimental) [trunk revision 208299] (Debian 4.9-20140303-1)
Platform: mipsel-unknown-linux-gnu
configure flags: -v --with-pkgversion='Debian 4.9-20140303-1' --with-bugurl=file:///usr/share/doc/gcc-4.9/README.Bugs --enable-languages=c,c++,java,go,fortran,objc,obj-c++ --prefix=/usr --program-suffix=-4.9 --enable-shared --enable-linker-build-id --libexecdir=/usr/lib --without-included-gettext --enable-threads=posix --with-gxx-include-dir=/usr/include/c++/4.9 --libdir=/usr/lib --enable-nls --with-sysroot=/ --enable-clocale=gnu --enable-libstdcxx-debug --enable-libstdcxx-time=yes --enable-gnu-unique-object --disable-libmudflap --disable-libitm --disable-libsanitizer --disable-libquadmath --enable-plugin --with-system-zlib --disable-browser-plugin --enable-java-awt=gtk --enable-gtk-cairo --with-java-home=/usr/lib/jvm/java-1.5.0-gcj-4.9-mipsel/jre --enable-java-home --with-jvm-root-dir=/usr/lib/jvm/java-1.5.0-gcj-4.9-mipsel --with-jvm-jar-dir=/usr/lib/jvm-exports/java-1.5.0-gcj-4.9-mipsel --with-arch-directory=mips --with-ecj-jar=/usr/share/java/eclipse-ecj.jar --enable-multiarch --enable-multilib --with-arch-32=mips2 --with-tune-32=mips32 --enable-targets=all --with-arch-64=mips3 --with-tune-64=mips64 --enable-checking=release --build=mipsel-linux-gnu --host=mipsel-linux-gnu --target=mipsel-linux-gnu
BOOT_CFLAGS=
Build Dependencies:
Desired=Unknown/Install/Remove/Purge/Hold
| Status=Not/Inst/Conf-files/Unpacked/halF-conf/Half-inst/trig-aWait/Trig-pend
|/ Err?=(none)/Reinst-required (Status,Err: uppercase=bad)
||/ Name Version Architecture Description
+++-=========================-==============-============-===============================================================================
ii binutils 2.24-3 mipsel GNU assembler, linker and binary utilities
ii g++-4.8 4.8.2-16 mipsel GNU C++ compiler
ii g++-4.8-multilib 4.8.2-16 mipsel GNU C++ compiler (multilib files)
ii g++-multilib 4:4.8.2-2 mipsel GNU C++ compiler (multilib files)
ii libc6:mipsel 2.18-4 mipsel Embedded GNU C Library: Shared libraries
ii libcloog-isl-dev:mipsel 0.18.2-1 mipsel Chunky Loop Generator (development files)
ii libgmp-dev:mipsel 2:5.1.3+dfsg-1 mipsel Multiprecision arithmetic library developers tools
ii libisl-dev:mipsel 0.12.2-1 mipsel manipulating sets and relations of integer points bounded by linear constraints
ii libmpc-dev:mipsel 1.0.1-1 mipsel multiple precision complex floating-point library development package
ii libmpfr-dev:mipsel 3.1.2-1 mipsel multiple precision floating-point computation developers tools
gcc-gfdl-build:
Build a dummy s-tm-texi without access to the texinfo sources
gcc-textdomain:
Set gettext's domain and textdomain to the versioned package name.
gcc-driver-extra-langs:
Add options and specs for languages that are not built from a source
(but built from separate sources).
gcc-hash-style-gnu:
Link using --hash-style=gnu (aarch64, alpha, amd64, armel, armhf, ia64,
i386, powerpc, ppc64, s390, sparc)
libstdc++-pic:
Build and install libstdc++_pic.a library.
libstdc++-doclink:
adjust hrefs to point to the local documentation
libstdc++-man-3cxx:
Install libstdc++ man pages with suffix .3cxx instead of .3
libstdc++-test-installed:
Add support to run the libstdc++-v3 testsuite using the
installed shared libraries.
libjava-stacktrace:
libgcj: Lookup source file name and line number in separated
debug files found in /usr/lib/debug
libjava-jnipath:
- Add /usr/lib/jni and /usr/lib/<multiarch>/jni to java.library.path.
- When running the i386 binaries on amd64, look in
- /usr/lib32/gcj-x.y and /usr/lib32/jni instead.
libjava-sjlj:
Don't try to use _Unwind_Backtrace on SJLJ targets.
See bug #387875, #388505, GCC PR 29206.
libjava-disable-plugin:
Don't build the gcjwebplugin, even when configured with --enable-plugin
alpha-no-ev4-directive:
never emit .ev4 directive.
boehm-gc-getnprocs:
boehm-gc/pthread_support.c (GC_get_nprocs): Use sysconf as fallback.
note-gnu-stack:
Add .note.GNU-stack sections for gcc's crt files, libffi and boehm-gc
Taken from FC.
libgomp-omp_h-multilib:
Fix up omp.h for multilibs.
sparc-force-cpu:
On sparc default to ultrasparc (v9a) in 32bit mode
gccgo-version:
Omit the subminor number from the go libdir
pr47818:
Fix PR ada/47818: Pragma Assert is rejected with No_Implementation_Pragmas restriction.
pr49944:
apply proposed patch for PR ada/49444.
gcc-base-version:
Set base version to 4.9, introduce full version 4.9.x.
libgo-testsuite:
Only run the libgo testsuite for flags configured in RUNTESTFLAGS
gcc-target-include-asm:
Search \$(builddir)/sys-include for the asm header files
libgo-revert-timeout-exp:
libgo-setcontext-config:
libgo: Overwrite the setcontext_clobbers_tls check on mips*
gcc-auto-build:
Fix cross building a native compiler.
kfreebsd-unwind:
DWARF2 EH unwinding support for AMD x86-64 and x86 KFreeBSD.
kfreebsd-boehm-gc:
boehm-gc: use mmap instead of brk also on kfreebsd-*.
libffi-m68k:
Apply #660525 fix to in-tree libffi
libitm-no-fortify-source:
Build libitm with -U_FORTIFY_SOURCE on x86 and x86_64.
gcc-aarch64-generic-target:
on AArch64, use "generic" target, if no other default.
gcc-d-lang:
Add D options and specs for the gcc driver.
gcc-sysroot:
Allow building --with-sysroot=/
sys-auxv-header:
Check for the sys/auxv.h header file.
libcilkrts-targets:
Disable libcilkrts on KFreeBSD and the Hurd. See #734973.
go-use-gold:
Pass -fuse-ld=gold to gccgo on targets supporting -fsplit-stack
arm-multilib-soft:
ARM hard/soft float multilib support
arm-multilib-defaults:
Set MULTILIB_DEFAULTS for ARM multilib builds
gcc-ice-hack:
Retry the build on an ice, save the calling options and preprocessed
source when the ice is reproducible.
gcc-ice-apport:
Report an ICE to apport (if apport is available
and the environment variable GCC_NOAPPORT is not set)
libjava-fixed-symlinks:
Remove unneed '..' elements from symlinks in JAVA_HOME
libstdc++-arm-wno-abi:
Temporary work around:
On arm-linux-gnueabi run the libstdc++v3 testsuite with -Wno-abi
libstdc++-no-testsuite:
Don't run the libstdc++ testsuite on hppa and mipsel (timeouts on the buildds)
ada-mips:
Improve support for mips.
libffi-ro-eh_frame_sect:
PR libffi/47248, force a read only eh frame section.
gcc-multiarch:
- Remaining multiarch patches, not yet submitted upstream.
- Add MULTIARCH_DIRNAME definitions for multilib configurations,
which are used for the non-multilib builds.
libjava-multiarch:
Install libjava libraries to multiarch location
libjava-nobiarch-check:
For biarch builds, disable the testsuite for the non-default architecture
for runtime libraries, which are not built by default (libjava).
config-ml:
- Disable some biarch libraries for biarch builds.
- Fix multilib builds on kernels which don't support all multilibs.
g++-multiarch-incdir:
Use /usr/include/<multiarch>/c++/4.x as the include directory
for host dependent c++ header files.
gcc-multilib-multiarch:
Don't auto-detect multilib osdirnames.
mips-fix-loongson2f-nop:
On mips, pass -mfix-loongson2f-nop to as, if -mno-fix-loongson2f-nop
is not passed.
libgomp-kfreebsd-testsuite:
Disable lock-2.c test on kfreebsd-*
go-testsuite:
Skip Go testcase on AArch64 which hangs on the buildds.
aarch64-call-frame-info:
Fix call frame information in ffi_closure_SYSV on AArch64.
libstdc++-link-pthread:
Link libstdc++ tests requiring libpthread symbols with --no-as-needed.
fix-ffi_call_VFP-with-no-VFP-argument:
armhf: Fix ffi_call_VFP with no VFP arguments.
Counting all warnings,
there are 0 warnings in stage3 of this bootstrap.
Number of warnings per file:
Number of warning types: