This is the mail archive of the
gcc-testresults@gcc.gnu.org
mailing list for the GCC project.
Results for 4.7.4 20140310 (prerelease) [gcc-4_7-branch revision 208445] (GCC) testsuite on sparc-sun-solaris2.8
- From: Rainer Orth <ro at CeBiTec dot Uni-Bielefeld dot DE>
- To: gcc-testresults at gcc dot gnu dot org
- Date: Tue, 11 Mar 2014 09:34:06 +0100 (MET)
- Subject: Results for 4.7.4 20140310 (prerelease) [gcc-4_7-branch revision 208445] (GCC) testsuite on sparc-sun-solaris2.8
- Authentication-results: sourceware.org; auth=none
LAST_UPDATED: Mon Mar 10 11:16:20 UTC 2014 (revision 208445)
=== acats tests ===
=== acats Summary ===
# of expected passes 2320
# of unexpected failures 0
Native configuration is sparc-sun-solaris2.8
=== g++ tests ===
Running target unix
FAIL: g++.dg/torture/pr31863.C -O2 -flto (test for excess errors)
=== g++ Summary for unix ===
# of expected passes 46426
# of unexpected failures 1
# of expected failures 290
# of unsupported tests 862
Running target unix/-m64
FAIL: g++.dg/cpp0x/nullptr28.C -std=c++11 execution test
FAIL: g++.dg/torture/pr31863.C -O2 -flto (test for excess errors)
=== g++ Summary for unix/-m64 ===
# of expected passes 47662
# of unexpected failures 2
# of expected failures 290
# of unsupported tests 855
=== g++ Summary ===
# of expected passes 94088
# of unexpected failures 3
# of expected failures 580
# of unsupported tests 1717
/var/gcc/regression/gcc-4.7-branch/8-gcc/build/gcc/testsuite/g++/../../g++ version 4.7.4 20140310 (prerelease) [gcc-4_7-branch revision 208445] (GCC)
=== gcc tests ===
Running target unix
FAIL: gcc.dg/simulate-thread/atomic-other-int.c -O2 -g thread simulation test
FAIL: gcc.dg/simulate-thread/atomic-other-int.c -O3 -g thread simulation test
FAIL: gcc.dg/simulate-thread/atomic-other-short.c -O2 -g thread simulation test
FAIL: gcc.dg/simulate-thread/atomic-other-short.c -O3 -g thread simulation test
FAIL: gcc.dg/simulate-thread/speculative-store.c -O0 -g thread simulation test
=== gcc Summary for unix ===
# of expected passes 75981
# of unexpected failures 5
# of expected failures 318
# of unsupported tests 1657
Running target unix/-m64
=== gcc Summary for unix/-m64 ===
# of expected passes 76661
# of expected failures 305
# of unsupported tests 1641
=== gcc Summary ===
# of expected passes 152642
# of unexpected failures 5
# of expected failures 623
# of unsupported tests 3298
/var/gcc/regression/gcc-4.7-branch/8-gcc/build/gcc/xgcc version 4.7.4 20140310 (prerelease) [gcc-4_7-branch revision 208445] (GCC)
=== gfortran tests ===
Running target unix
=== gfortran Summary for unix ===
# of expected passes 40590
# of expected failures 44
# of unsupported tests 406
Running target unix/-m64
=== gfortran Summary for unix/-m64 ===
# of expected passes 40869
# of expected failures 44
# of unsupported tests 269
=== gfortran Summary ===
# of expected passes 81459
# of expected failures 88
# of unsupported tests 675
/var/gcc/regression/gcc-4.7-branch/8-gcc/build/gcc/testsuite/gfortran/../../gfortran version 4.7.4 20140310 (prerelease) [gcc-4_7-branch revision 208445] (GCC)
=== gnat tests ===
Running target unix
=== gnat Summary for unix ===
# of expected passes 1110
# of expected failures 14
# of unsupported tests 13
Running target unix/-m64
=== gnat Summary for unix/-m64 ===
# of expected passes 1110
# of expected failures 14
# of unsupported tests 13
=== gnat Summary ===
# of expected passes 2220
# of expected failures 28
# of unsupported tests 26
/var/gcc/regression/gcc-4.7-branch/8-gcc/build/gcc/gnatmake version 4.7.4 20140310 (prerelease) [gcc-4_7-branch revision 208445]
=== go tests ===
Running target unix
=== go Summary for unix ===
# of expected passes 3288
# of expected failures 4
# of untested testcases 7
Running target unix/-m64
=== go Summary for unix/-m64 ===
# of expected passes 3288
# of expected failures 4
# of untested testcases 7
=== go Summary ===
# of expected passes 6576
# of expected failures 8
# of untested testcases 14
/var/gcc/regression/gcc-4.7-branch/8-gcc/build/gcc/testsuite/go/../../gccgo version 4.7.4 20140310 (prerelease) [gcc-4_7-branch revision 208445] (GCC)
=== obj-c++ tests ===
Running target unix
=== obj-c++ Summary for unix ===
# of expected passes 1450
# of expected failures 2
# of unsupported tests 86
Running target unix/-m64
=== obj-c++ Summary for unix/-m64 ===
# of expected passes 1442
# of expected failures 10
# of unsupported tests 86
=== obj-c++ Summary ===
# of expected passes 2892
# of expected failures 12
# of unsupported tests 172
/var/gcc/regression/gcc-4.7-branch/8-gcc/build/gcc/testsuite/obj-c++/../../g++ version 4.7.4 20140310 (prerelease) [gcc-4_7-branch revision 208445] (GCC)
=== objc tests ===
Running target unix
=== objc Summary for unix ===
# of expected passes 2994
# of unsupported tests 74
Running target unix/-m64
=== objc Summary for unix/-m64 ===
# of expected passes 2994
# of unsupported tests 74
=== objc Summary ===
# of expected passes 5988
# of unsupported tests 148
/var/gcc/regression/gcc-4.7-branch/8-gcc/build/gcc/xgcc version 4.7.4 20140310 (prerelease) [gcc-4_7-branch revision 208445] (GCC)
=== boehm-gc tests ===
Running target unix
=== boehm-gc Summary for unix ===
# of expected passes 12
# of unsupported tests 1
Running target unix/-m64
=== boehm-gc Summary for unix/-m64 ===
# of expected passes 12
# of unsupported tests 1
=== boehm-gc Summary ===
# of expected passes 24
# of unsupported tests 2
=== libffi tests ===
Running target unix
=== libffi Summary for unix ===
# of expected passes 1634
# of expected failures 10
# of unsupported tests 55
Running target unix/-m64
=== libffi Summary for unix/-m64 ===
# of expected passes 1634
# of expected failures 10
# of unsupported tests 55
=== libffi Summary ===
# of expected passes 3268
# of expected failures 20
# of unsupported tests 110
=== libgo tests ===
Running target unix
FAIL: runtime/pprof
=== libgo Summary for unix ===
# of expected passes 123
# of unexpected failures 1
Running target unix/-m64
FAIL: runtime/pprof
=== libgo Summary for unix/-m64 ===
# of expected passes 123
# of unexpected failures 1
=== libgo Summary ===
# of expected passes 246
# of unexpected failures 2
=== libgomp tests ===
Running target unix
=== libgomp Summary for unix ===
# of expected passes 2940
# of unsupported tests 3
Running target unix/-m64
=== libgomp Summary for unix/-m64 ===
# of expected passes 2940
# of unsupported tests 3
=== libgomp Summary ===
# of expected passes 5880
# of unsupported tests 6
=== libitm tests ===
Running target unix
=== libitm Summary for unix ===
# of expected passes 26
# of expected failures 3
# of unsupported tests 1
Running target unix/-m64
=== libitm Summary for unix/-m64 ===
# of expected passes 26
# of expected failures 3
# of unsupported tests 1
=== libitm Summary ===
# of expected passes 52
# of expected failures 6
# of unsupported tests 2
=== libjava tests ===
Running target unix
FAIL: InvokeInterface execution - source compiled test
FAIL: InvokeInterface -O3 execution - source compiled test
=== libjava Summary for unix ===
# of expected passes 2570
# of unexpected failures 2
# of untested testcases 2
Running target unix/-m64
FAIL: InvokeInterface execution - source compiled test
FAIL: InvokeInterface -O3 execution - source compiled test
=== libjava Summary for unix/-m64 ===
# of expected passes 2570
# of unexpected failures 2
# of untested testcases 2
=== libjava Summary ===
# of expected passes 5140
# of unexpected failures 4
# of untested testcases 4
=== libstdc++ tests ===
Running target unix
=== libstdc++ Summary for unix ===
# of expected passes 7386
# of expected failures 47
# of unsupported tests 812
Running target unix/-m64
=== libstdc++ Summary for unix/-m64 ===
# of expected passes 7386
# of expected failures 47
# of unsupported tests 812
=== libstdc++ Summary ===
# of expected passes 14772
# of expected failures 94
# of unsupported tests 1624
Compiler version: 4.7.4 20140310 (prerelease) [gcc-4_7-branch revision 208445] (GCC)
Platform: sparc-sun-solaris2.8
configure flags: --prefix=/vol/gcc --target=sparc-sun-solaris2.8 --enable-obsolete --enable-objc-gc --with-gmp-include=/vol/gcc/include --with-gmp-lib=/vol/gcc/lib --with-mpfr-include=/vol/gcc/include --with-mpfr-lib=/vol/gcc/lib --with-mpc-include=/vol/gcc/include --with-mpc-lib=/vol/gcc/lib --enable-languages=all,ada,obj-c++,go --without-ppl --without-isl --without-cloog
BOOT_CFLAGS=-g -O2