This is the mail archive of the
gcc-testresults@gcc.gnu.org
mailing list for the GCC project.
Results for 4.9.0 20140308 (experimental) [trunk revision 208422] (GCC) testsuite on hppa-unknown-linux-gnu
- From: Dave Anglin <dave dot anglin at bell dot net>
- To: dave at hiauly6 dot localdomain, gcc-testresults at gcc dot gnu dot org
- Date: Mon, 10 Mar 2014 19:00:03 -0400
- Subject: Results for 4.9.0 20140308 (experimental) [trunk revision 208422] (GCC) testsuite on hppa-unknown-linux-gnu
- Authentication-results: sourceware.org; auth=none
LAST_UPDATED: Sat Mar 8 03:18:24 UTC 2014 (revision 208422)
=== acats tests ===
=== acats Summary ===
# of expected passes 2320
# of unexpected failures 0
Native configuration is hppa-unknown-linux-gnu
=== gcc tests ===
Running target unix
FAIL: gcc.dg/atomic/c11-atomic-exec-5.c -O0 execution test
FAIL: gcc.dg/atomic/c11-atomic-exec-5.c -O1 execution test
FAIL: gcc.dg/atomic/c11-atomic-exec-5.c -O2 execution test
FAIL: gcc.dg/atomic/c11-atomic-exec-5.c -O3 -fomit-frame-pointer execution test
FAIL: gcc.dg/atomic/c11-atomic-exec-5.c -O3 -fomit-frame-pointer -funroll-loops execution test
FAIL: gcc.dg/atomic/c11-atomic-exec-5.c -O3 -fomit-frame-pointer -funroll-all-loops -finline-functions execution test
FAIL: gcc.dg/atomic/c11-atomic-exec-5.c -O3 -g execution test
FAIL: gcc.dg/atomic/c11-atomic-exec-5.c -Os execution test
FAIL: gcc.dg/atomic/c11-atomic-exec-5.c -O2 -flto -fno-use-linker-plugin -flto-partition=none execution test
FAIL: gcc.dg/atomic/c11-atomic-exec-5.c -O2 -flto -fuse-linker-plugin -fno-fat-lto-objects execution test
FAIL: gcc.dg/autopar/outer-1.c scan-tree-dump-times parloops "parallelizing outer loop" 1
FAIL: gcc.dg/autopar/outer-1.c scan-tree-dump-times optimized "loopfn" 4
FAIL: gcc.dg/large-size-array-6.c (internal compiler error)
FAIL: gcc.dg/large-size-array-6.c (test for errors, line 6)
FAIL: gcc.dg/large-size-array-6.c (test for excess errors)
FAIL: gcc.dg/graphite/scop-16.c scan-tree-dump-times graphite "number of SCoPs: 2" 1
FAIL: gcc.dg/graphite/scop-17.c scan-tree-dump-times graphite "number of SCoPs: 2" 1
XPASS: gcc.dg/tree-ssa/loop-1.c scan-assembler-times foo 5
=== gcc Summary ===
# of expected passes 86404
# of unexpected failures 17
# of unexpected successes 1
# of expected failures 111
# of unsupported tests 1395
/home/dave/gnu/gcc/objdir/gcc/xgcc version 4.9.0 20140308 (experimental) [trunk revision 208422] (GCC)
=== gfortran tests ===
Running target unix
FAIL: gfortran.dg/pr45636.f90 -O scan-tree-dump-times forwprop2 "memset" 0
FAIL: gfortran.dg/size_kind_2.f90 -O scan-tree-dump original "var2 = 4294967300;"
=== gfortran Summary ===
# of expected passes 44189
# of unexpected failures 2
# of expected failures 52
# of unsupported tests 410
/home/dave/gnu/gcc/objdir/gcc/testsuite/gfortran/../../gfortran version 4.9.0 20140308 (experimental) [trunk revision 208422] (GCC)
=== g++ tests ===
Running target unix
FAIL: g++.dg/debug/dwarf2/non-virtual-thunk.C -std=gnu++98 scan-assembler thunk.C:30
FAIL: g++.dg/debug/dwarf2/non-virtual-thunk.C -std=gnu++11 scan-assembler thunk.C:30
FAIL: g++.dg/debug/dwarf2/non-virtual-thunk.C -std=gnu++1y scan-assembler thunk.C:30
=== g++ Summary ===
# of expected passes 80232
# of unexpected failures 3
# of expected failures 439
# of unsupported tests 3109
/home/dave/gnu/gcc/objdir/gcc/testsuite/g++/../../xg++ version 4.9.0 20140308 (experimental) [trunk revision 208422] (GCC)
=== gnat tests ===
Running target unix
=== gnat Summary ===
# of expected passes 1208
# of expected failures 18
# of unsupported tests 10
/home/dave/gnu/gcc/objdir/gcc/gnatmake version 4.9.0 20140308 (experimental) [trunk revision 208422]
=== obj-c++ tests ===
Running target unix
=== obj-c++ Summary ===
# of expected passes 1449
# of expected failures 2
# of unsupported tests 86
/home/dave/gnu/gcc/objdir/gcc/testsuite/obj-c++/../../xg++ version 4.9.0 20140308 (experimental) [trunk revision 208422] (GCC)
=== objc tests ===
Running target unix
=== objc Summary ===
# of expected passes 2994
# of unsupported tests 74
/home/dave/gnu/gcc/objdir/gcc/xgcc version 4.9.0 20140308 (experimental) [trunk revision 208422] (GCC)
=== boehm-gc tests ===
Running target unix
=== boehm-gc Summary ===
# of expected passes 12
# of unsupported tests 1
=== libatomic tests ===
Running target unix
=== libatomic Summary ===
# of expected passes 44
# of unsupported tests 5
=== libffi tests ===
Running target unix
=== libffi Summary ===
# of expected passes 1819
# of unsupported tests 55
=== libgomp tests ===
Running target unix
WARNING: program timed out.
FAIL: libgomp.c/depend-3.c execution test
FAIL: libgomp.c/omp-loop03.c execution test
FAIL: libgomp.c++/loop-3.C execution test
=== libgomp Summary ===
# of expected passes 2389
# of unexpected failures 3
# of unsupported tests 1
=== libjava tests ===
Running target unix
=== libjava Summary ===
# of expected passes 2582
# of expected failures 4
=== libstdc++ tests ===
Running target unix
FAIL: libstdc++-abi/abi_check
FAIL: 22_locale/time_get/get_date/wchar_t/4.cc execution test
FAIL: 30_threads/thread/native_handle/cancel.cc execution test
FAIL: ext/random/hypergeometric_distribution/operators/serialize.cc execution test
=== libstdc++ Summary ===
# of expected passes 9472
# of unexpected failures 4
# of expected failures 41
# of unsupported tests 356
Compiler version: 4.9.0 20140308 (experimental) [trunk revision 208422] (GCC)
Platform: hppa-unknown-linux-gnu
configure flags: --with-gnu-as --with-gnu-ld --enable-shared --enable-multiarch --enable-linker-build-id --build=hppa-linux-gnu --host=hppa-linux-gnu --target=hppa-linux-gnu --prefix=/home/dave/opt/gnu/gcc/gcc-4.9 --with-local-prefix=/home/dave/opt/gnu --enable-threads=posix --enable-__cxa_atexit --build=hppa-linux-gnu --enable-clocale=gnu --enable-java-gc=boehm --enable-languages=c,c++,objc,fortran,obj-c++,java,ada,lto