This is the mail archive of the
gcc-testresults@gcc.gnu.org
mailing list for the GCC project.
Results for 4.7.4 20140307 (prerelease) [gcc-4_7-branch revision 208387] (GCC) testsuite on i386-pc-solaris2.10
- From: Rainer Orth <ro at CeBiTec dot Uni-Bielefeld dot DE>
- To: gcc-testresults at gcc dot gnu dot org
- Date: Sat, 8 Mar 2014 08:28:40 +0100 (MET)
- Subject: Results for 4.7.4 20140307 (prerelease) [gcc-4_7-branch revision 208387] (GCC) testsuite on i386-pc-solaris2.10
- Authentication-results: sourceware.org; auth=none
LAST_UPDATED: Fri Mar 7 12:02:12 UTC 2014 (revision 208387)
=== acats tests ===
=== acats Summary ===
# of expected passes 2320
# of unexpected failures 0
Native configuration is i386-pc-solaris2.10
=== g++ tests ===
Running target unix
=== g++ Summary for unix ===
# of expected passes 47448
# of expected failures 288
# of unsupported tests 419
Running target unix/-m64
=== g++ Summary for unix/-m64 ===
# of expected passes 48229
# of expected failures 288
# of unsupported tests 659
=== g++ Summary ===
# of expected passes 95677
# of expected failures 576
# of unsupported tests 1078
/var/gcc/regression/gcc-4.7-branch/10-gcc-gas/build/gcc/testsuite/g++/../../g++ version 4.7.4 20140307 (prerelease) [gcc-4_7-branch revision 208387] (GCC)
=== gcc tests ===
Running target unix
FAIL: gcc.dg/lto/20090210 c_lto_20090210_0.o-c_lto_20090210_1.o execute -O2 -flto -flto-partition=none
FAIL: gcc.dg/lto/20090210 c_lto_20090210_0.o-c_lto_20090210_1.o execute -O2 -flto -flto-partition=1to1
FAIL: gcc.dg/lto/20090210 c_lto_20090210_0.o-c_lto_20090210_1.o execute -O2 -flto
FAIL: gcc.dg/torture/tls/run-ld.c -O1 execution test
FAIL: gcc.dg/torture/tls/run-ld.c -O2 execution test
FAIL: gcc.dg/torture/tls/run-ld.c -O3 -fomit-frame-pointer execution test
FAIL: gcc.dg/torture/tls/run-ld.c -O3 -g execution test
FAIL: gcc.dg/torture/tls/run-ld.c -Os execution test
FAIL: gcc.dg/torture/tls/run-ld.c -O1 -fpic execution test
FAIL: gcc.dg/torture/tls/run-ld.c -O2 -fpic execution test
FAIL: gcc.dg/torture/tls/run-ld.c -O3 -fomit-frame-pointer -fpic execution test
FAIL: gcc.dg/torture/tls/run-ld.c -O3 -g -fpic execution test
FAIL: gcc.dg/torture/tls/run-ld.c -Os -fpic execution test
FAIL: gcc.dg/torture/tls/run-ld.c -O1 -fPIC execution test
FAIL: gcc.dg/torture/tls/run-ld.c -O2 -fPIC execution test
FAIL: gcc.dg/torture/tls/run-ld.c -O3 -fomit-frame-pointer -fPIC execution test
FAIL: gcc.dg/torture/tls/run-ld.c -O3 -g -fPIC execution test
FAIL: gcc.dg/torture/tls/run-ld.c -Os -fPIC execution test
FAIL: gcc.dg/torture/tls/run-ld.c -O2 -flto -flto-partition=none execution test
FAIL: gcc.dg/torture/tls/run-ld.c -O2 -flto execution test
FAIL: gcc.dg/torture/tls/thr-init-2.c -O2 -fpic execution test
FAIL: gcc.dg/torture/tls/thr-init-2.c -O3 -fomit-frame-pointer -fpic execution test
FAIL: gcc.dg/torture/tls/thr-init-2.c -O3 -g -fpic execution test
FAIL: gcc.dg/torture/tls/thr-init-2.c -O2 -fPIC execution test
FAIL: gcc.dg/torture/tls/thr-init-2.c -O3 -fomit-frame-pointer -fPIC execution test
FAIL: gcc.dg/torture/tls/thr-init-2.c -O3 -g -fPIC execution test
=== gcc Summary for unix ===
# of expected passes 84658
# of unexpected failures 26
# of expected failures 257
# of unsupported tests 1038
Running target unix/-m64
=== gcc Summary for unix/-m64 ===
# of expected passes 84958
# of expected failures 257
# of unsupported tests 1389
=== gcc Summary ===
# of expected passes 169616
# of unexpected failures 26
# of expected failures 514
# of unsupported tests 2427
/var/gcc/regression/gcc-4.7-branch/10-gcc-gas/build/gcc/xgcc version 4.7.4 20140307 (prerelease) [gcc-4_7-branch revision 208387] (GCC)
=== gfortran tests ===
Running target unix
FAIL: gfortran.dg/pr28158.f90 -O (test for excess errors)
WARNING: program timed out.
WARNING: program timed out.
FAIL: gfortran.fortran-torture/execute/st_function.f90 compilation, -O2 -fomit-frame-pointer -finline-functions
=== gfortran Summary for unix ===
# of expected passes 40969
# of unexpected failures 2
# of expected failures 42
# of untested testcases 1
# of unsupported tests 227
Running target unix/-m64
=== gfortran Summary for unix/-m64 ===
# of expected passes 41277
# of expected failures 42
# of unsupported tests 79
=== gfortran Summary ===
# of expected passes 82246
# of unexpected failures 2
# of expected failures 84
# of untested testcases 1
# of unsupported tests 306
/var/gcc/regression/gcc-4.7-branch/10-gcc-gas/build/gcc/testsuite/gfortran/../../gfortran version 4.7.4 20140307 (prerelease) [gcc-4_7-branch revision 208387] (GCC)
=== gnat tests ===
Running target unix
=== gnat Summary for unix ===
# of expected passes 1124
# of expected failures 14
# of unsupported tests 6
Running target unix/-m64
=== gnat Summary for unix/-m64 ===
# of expected passes 1124
# of expected failures 14
# of unsupported tests 6
=== gnat Summary ===
# of expected passes 2248
# of expected failures 28
# of unsupported tests 12
/var/gcc/regression/gcc-4.7-branch/10-gcc-gas/build/gcc/gnatmake version 4.7.4 20140307 (prerelease) [gcc-4_7-branch revision 208387]
=== go tests ===
Running target unix
=== go Summary for unix ===
# of expected passes 3290
# of expected failures 4
# of untested testcases 6
Running target unix/-m64
=== go Summary for unix/-m64 ===
# of expected passes 3290
# of expected failures 4
# of untested testcases 6
=== go Summary ===
# of expected passes 6580
# of expected failures 8
# of untested testcases 12
/var/gcc/regression/gcc-4.7-branch/10-gcc-gas/build/gcc/testsuite/go/../../gccgo version 4.7.4 20140307 (prerelease) [gcc-4_7-branch revision 208387] (GCC)
=== obj-c++ tests ===
Running target unix
=== obj-c++ Summary for unix ===
# of expected passes 1450
# of expected failures 2
# of unsupported tests 86
Running target unix/-m64
=== obj-c++ Summary for unix/-m64 ===
# of expected passes 1442
# of expected failures 10
# of unsupported tests 86
=== obj-c++ Summary ===
# of expected passes 2892
# of expected failures 12
# of unsupported tests 172
/var/gcc/regression/gcc-4.7-branch/10-gcc-gas/build/gcc/testsuite/obj-c++/../../g++ version 4.7.4 20140307 (prerelease) [gcc-4_7-branch revision 208387] (GCC)
=== objc tests ===
Running target unix
=== objc Summary for unix ===
# of expected passes 2988
# of expected failures 6
# of unsupported tests 74
Running target unix/-m64
=== objc Summary for unix/-m64 ===
# of expected passes 2988
# of expected failures 6
# of unsupported tests 74
=== objc Summary ===
# of expected passes 5976
# of expected failures 12
# of unsupported tests 148
/var/gcc/regression/gcc-4.7-branch/10-gcc-gas/build/gcc/xgcc version 4.7.4 20140307 (prerelease) [gcc-4_7-branch revision 208387] (GCC)
=== boehm-gc tests ===
Running target unix
=== boehm-gc Summary for unix ===
# of expected passes 12
# of unsupported tests 1
Running target unix/-m64
=== boehm-gc Summary for unix/-m64 ===
# of expected passes 12
# of unsupported tests 1
=== boehm-gc Summary ===
# of expected passes 24
# of unsupported tests 2
=== libffi tests ===
Running target unix
=== libffi Summary for unix ===
# of expected passes 1634
# of expected failures 10
# of unsupported tests 55
Running target unix/-m64
=== libffi Summary for unix/-m64 ===
# of expected passes 1634
# of expected failures 10
# of unsupported tests 55
=== libffi Summary ===
# of expected passes 3268
# of expected failures 20
# of unsupported tests 110
=== libgo tests ===
Running target unix
FAIL: runtime/pprof
=== libgo Summary for unix ===
# of expected passes 123
# of unexpected failures 1
Running target unix/-m64
FAIL: runtime/pprof
=== libgo Summary for unix/-m64 ===
# of expected passes 123
# of unexpected failures 1
=== libgo Summary ===
# of expected passes 246
# of unexpected failures 2
/var/gcc/regression/gcc-4.7-branch/10-gcc-gas/build/./gcc/gccgo version 4.7.4 20140307 (prerelease) [gcc-4_7-branch revision 208387] (GCC)
=== libgomp tests ===
Running target unix
=== libgomp Summary for unix ===
# of expected passes 2940
# of unsupported tests 3
Running target unix/-m64
WARNING: program timed out.
FAIL: libgomp.fortran/appendix-a/a.28.4.f90 -O3 -fomit-frame-pointer -funroll-all-loops -finline-functions (test for excess errors)
WARNING: libgomp.fortran/appendix-a/a.28.4.f90 -O3 -fomit-frame-pointer -funroll-all-loops -finline-functions compilation failed to produce executable
=== libgomp Summary for unix/-m64 ===
# of expected passes 2938
# of unexpected failures 1
# of unsupported tests 3
=== libgomp Summary ===
# of expected passes 5878
# of unexpected failures 1
# of unsupported tests 6
=== libitm tests ===
Running target unix
=== libitm Summary for unix ===
# of expected passes 26
# of expected failures 3
# of unsupported tests 1
Running target unix/-m64
=== libitm Summary for unix/-m64 ===
# of expected passes 26
# of expected failures 3
# of unsupported tests 1
=== libitm Summary ===
# of expected passes 52
# of expected failures 6
# of unsupported tests 2
=== libjava tests ===
Running target unix
=== libjava Summary for unix ===
# of expected passes 2574
Running target unix/-m64
=== libjava Summary for unix/-m64 ===
# of expected passes 2574
=== libjava Summary ===
# of expected passes 5148
=== libstdc++ tests ===
Running target unix
=== libstdc++ Summary for unix ===
# of expected passes 8007
# of expected failures 46
# of unsupported tests 511
Running target unix/-m64
=== libstdc++ Summary for unix/-m64 ===
# of expected passes 8007
# of expected failures 46
# of unsupported tests 511
=== libstdc++ Summary ===
# of expected passes 16014
# of expected failures 92
# of unsupported tests 1022
Compiler version: 4.7.4 20140307 (prerelease) [gcc-4_7-branch revision 208387] (GCC)
Platform: i386-pc-solaris2.10
configure flags: --prefix=/vol/gcc --target=i386-pc-solaris2.10 --enable-objc-gc --with-as=/vol/gcc/bin/gas-2.24 --with-gnu-as --with-gmp-include=/vol/gcc/include --with-gmp-lib=/vol/gcc/lib --with-mpfr-include=/vol/gcc/include --with-mpfr-lib=/vol/gcc/lib --with-mpc-include=/vol/gcc/include --with-mpc-lib=/vol/gcc/lib --enable-languages=all,ada,obj-c++,go --without-ppl --without-isl --without-cloog
BOOT_CFLAGS=-g -O2