This is the mail archive of the
gcc-testresults@gcc.gnu.org
mailing list for the GCC project.
Results for 4.9.0 20140307 (experimental) [trunk revision 208399] (GCC) testsuite on i386-pc-solaris2.9
- From: Rainer Orth <ro at CeBiTec dot Uni-Bielefeld dot DE>
- To: gcc-testresults at gcc dot gnu dot org
- Date: Sat, 8 Mar 2014 00:33:02 +0100 (MET)
- Subject: Results for 4.9.0 20140307 (experimental) [trunk revision 208399] (GCC) testsuite on i386-pc-solaris2.9
- Authentication-results: sourceware.org; auth=none
LAST_UPDATED: Fri Mar 7 11:59:27 UTC 2014 (revision 208399)
=== acats tests ===
=== acats Summary ===
# of expected passes 2320
# of unexpected failures 0
Native configuration is i386-pc-solaris2.9
=== g++ tests ===
Running target unix
FAIL: g++.dg/gomp/tls-wrap4.C scan-assembler-not _ZTW1i@PLT
FAIL: g++.dg/tls/thread_local-wrap4.C scan-assembler-not _ZTW1i@PLT
FAIL: g++.dg/torture/pr31863.C -O2 -flto (test for excess errors)
=== g++ Summary ===
# of expected passes 55691
# of unexpected failures 3
# of expected failures 292
# of unsupported tests 970
/var/gcc/regression/trunk/9-gcc/build/gcc/testsuite/g++/../../xg++ version 4.9.0 20140307 (experimental) [trunk revision 208399] (GCC)
=== gcc tests ===
Running target unix
FAIL: gcc.dg/atomic/c11-atomic-exec-1.c -O2 -flto (test for excess errors)
FAIL: gcc.dg/atomic/c11-atomic-exec-2.c -O2 -flto (test for excess errors)
FAIL: gcc.dg/atomic/c11-atomic-exec-3.c -O2 -flto (test for excess errors)
FAIL: gcc.dg/atomic/c11-atomic-exec-4.c -O2 -flto (test for excess errors)
FAIL: gcc.target/i386/avx512f-ceil-sfix-vec-2.c scan-assembler vrndscalepd[^\\n]*zmm[0-9]
FAIL: gcc.target/i386/avx512f-ceil-sfix-vec-2.c scan-assembler vcvttpd2dq[^\\n]*zmm[0-9]
FAIL: gcc.target/i386/avx512f-floor-sfix-vec-2.c scan-assembler vrndscalepd[^\\n]*zmm[0-9]
FAIL: gcc.target/i386/avx512f-floor-sfix-vec-2.c scan-assembler vcvttpd2dq[^\\n]*zmm[0-9]
=== gcc Summary ===
# of expected passes 98218
# of unexpected failures 8
# of expected failures 251
# of unsupported tests 2721
/var/gcc/regression/trunk/9-gcc/build/gcc/xgcc version 4.9.0 20140307 (experimental) [trunk revision 208399] (GCC)
=== gfortran tests ===
Running target unix
=== gfortran Summary ===
# of expected passes 44869
# of expected failures 52
# of unsupported tests 376
/var/gcc/regression/trunk/9-gcc/build/gcc/testsuite/gfortran/../../gfortran version 4.9.0 20140307 (experimental) [trunk revision 208399] (GCC)
=== gnat tests ===
Running target unix
=== gnat Summary ===
# of expected passes 1219
# of expected failures 18
# of unsupported tests 6
/var/gcc/regression/trunk/9-gcc/build/gcc/gnatmake version 4.9.0 20140307 (experimental) [trunk revision 208399]
=== go tests ===
Running target unix
=== go Summary ===
# of expected passes 7371
# of expected failures 1
# of untested testcases 9
# of unsupported tests 2
/var/gcc/regression/trunk/9-gcc/build/gcc/testsuite/go/../../gccgo version 4.9.0 20140307 (experimental) [trunk revision 208399] (GCC)
=== obj-c++ tests ===
Running target unix
=== obj-c++ Summary ===
# of expected passes 1449
# of expected failures 2
# of unsupported tests 86
/var/gcc/regression/trunk/9-gcc/build/gcc/testsuite/obj-c++/../../xg++ version 4.9.0 20140307 (experimental) [trunk revision 208399] (GCC)
=== objc tests ===
Running target unix
=== objc Summary ===
# of expected passes 2988
# of expected failures 6
# of unsupported tests 74
/var/gcc/regression/trunk/9-gcc/build/gcc/xgcc version 4.9.0 20140307 (experimental) [trunk revision 208399] (GCC)
=== boehm-gc tests ===
Running target unix
=== boehm-gc Summary ===
# of expected passes 12
# of unsupported tests 1
=== libatomic tests ===
Running target unix
=== libatomic Summary ===
# of expected passes 44
# of unsupported tests 5
=== libffi tests ===
Running target unix
=== libffi Summary ===
# of expected passes 1819
# of unsupported tests 55
=== libgo tests ===
Running target unix
FAIL: net
FAIL: runtime
FAIL: log/syslog
FAIL: net/http
FAIL: sync/atomic
=== libgo Summary ===
# of expected passes 117
# of unexpected failures 5
=== libgomp tests ===
Running target unix
=== libgomp Summary ===
# of expected passes 2388
# of unsupported tests 3
=== libitm tests ===
Running target unix
=== libitm Summary ===
# of expected passes 26
# of expected failures 3
# of unsupported tests 1
=== libjava tests ===
Running target unix
FAIL: Divide_1 output - source compiled test
FAIL: Divide_1 -findirect-dispatch output - source compiled test
FAIL: Divide_1 -O3 output - source compiled test
FAIL: Divide_1 -O3 -findirect-dispatch output - source compiled test
FAIL: InvokeInterface execution - source compiled test
FAIL: InvokeInterface -O3 execution - source compiled test
=== libjava Summary ===
# of expected passes 2574
# of unexpected failures 6
# of expected failures 4
# of untested testcases 2
=== libstdc++ tests ===
Running target unix
=== libstdc++ Summary ===
# of expected passes 8265
# of expected failures 43
# of unsupported tests 928
Compiler version: 4.9.0 20140307 (experimental) [trunk revision 208399] (GCC)
Platform: i386-pc-solaris2.9
configure flags: --prefix=/vol/gcc --target=i386-pc-solaris2.9 --enable-obsolete --enable-objc-gc --with-gmp-include=/vol/gcc/include --with-gmp-lib=/vol/gcc/lib --with-mpfr-include=/vol/gcc/include --with-mpfr-lib=/vol/gcc/lib --with-mpc-include=/vol/gcc/include --with-mpc-lib=/vol/gcc/lib --enable-languages=all,ada,obj-c++,go --with-isl-include=/vol/gcc/include --with-isl-lib=/vol/gcc/lib --with-cloog-include=/vol/gcc/include --with-cloog-lib=/vol/gcc/lib --enable-cloog-backend=isl
BOOT_CFLAGS=-g -O2