This is the mail archive of the
gcc-testresults@gcc.gnu.org
mailing list for the GCC project.
Results for 4.9.0 20140304 (experimental) [trunk revision 208299] (GCC) testsuite on x86_64-unknown-linux-gnu
- From: x32 at gnu-35 dot sc dot intel dot com (H.J. Lu (x32))
- To: gcc-testresults at gcc dot gnu dot org
- Date: Mon, 03 Mar 2014 19:14:12 -0800
- Subject: Results for 4.9.0 20140304 (experimental) [trunk revision 208299] (GCC) testsuite on x86_64-unknown-linux-gnu
- Authentication-results: sourceware.org; auth=none
Native configuration is x86_64-unknown-linux-gnu
=== gcc tests ===
Running target unix/-mx32
XPASS: gcc.dg/guality/example.c -O0 execution test
XPASS: gcc.dg/guality/guality.c -O0 execution test
XPASS: gcc.dg/guality/guality.c -O1 execution test
XPASS: gcc.dg/guality/guality.c -O2 execution test
XPASS: gcc.dg/guality/guality.c -O3 -fomit-frame-pointer execution test
XPASS: gcc.dg/guality/guality.c -O3 -g execution test
XPASS: gcc.dg/guality/guality.c -Os execution test
XPASS: gcc.dg/guality/guality.c -O2 -flto -fno-use-linker-plugin -flto-partition=none execution test
XPASS: gcc.dg/guality/guality.c -O2 -flto -fuse-linker-plugin -fno-fat-lto-objects execution test
XPASS: gcc.dg/guality/inline-params.c -O2 execution test
XPASS: gcc.dg/guality/inline-params.c -O3 -fomit-frame-pointer execution test
XPASS: gcc.dg/guality/inline-params.c -O3 -g execution test
XPASS: gcc.dg/guality/inline-params.c -Os execution test
XPASS: gcc.dg/guality/inline-params.c -O2 -flto -fno-use-linker-plugin -flto-partition=none execution test
FAIL: gcc.dg/guality/param-3.c -O1 line 20 str.pa == 31415927
FAIL: gcc.dg/guality/param-3.c -O1 line 20 str.pb == 27182818
XPASS: gcc.dg/guality/pr41353-1.c -O0 line 28 j == 28 + 37
XPASS: gcc.dg/guality/pr41353-1.c -O1 line 28 j == 28 + 37
XPASS: gcc.dg/guality/pr41353-1.c -O2 line 28 j == 28 + 37
XPASS: gcc.dg/guality/pr41353-1.c -O3 -fomit-frame-pointer line 28 j == 28 + 37
XPASS: gcc.dg/guality/pr41353-1.c -O3 -g line 28 j == 28 + 37
XPASS: gcc.dg/guality/pr41353-1.c -Os line 28 j == 28 + 37
XPASS: gcc.dg/guality/pr41353-1.c -O2 -flto -fno-use-linker-plugin -flto-partition=none line 28 j == 28 + 37
XPASS: gcc.dg/guality/pr41353-1.c -O2 -flto -fuse-linker-plugin -fno-fat-lto-objects line 28 j == 28 + 37
XPASS: gcc.dg/guality/pr41447-1.c -O0 execution test
XPASS: gcc.dg/guality/pr41447-1.c -O1 execution test
XPASS: gcc.dg/guality/pr41447-1.c -O2 -flto -fuse-linker-plugin -fno-fat-lto-objects execution test
XPASS: gcc.dg/guality/pr41616-1.c -O0 execution test
XPASS: gcc.dg/guality/pr41616-1.c -O1 execution test
XPASS: gcc.dg/guality/pr41616-1.c -O2 execution test
XPASS: gcc.dg/guality/pr41616-1.c -O3 -fomit-frame-pointer execution test
XPASS: gcc.dg/guality/pr41616-1.c -O3 -g execution test
XPASS: gcc.dg/guality/pr41616-1.c -Os execution test
XPASS: gcc.dg/guality/pr41616-1.c -O2 -flto -fno-use-linker-plugin -flto-partition=none execution test
FAIL: gcc.dg/guality/pr43051-1.c -O1 line 41 e == &a[1]
FAIL: gcc.dg/guality/pr43051-1.c -O2 line 36 e == &a[1]
FAIL: gcc.dg/guality/pr43051-1.c -O2 line 41 e == &a[1]
FAIL: gcc.dg/guality/pr43051-1.c -O3 -fomit-frame-pointer line 36 e == &a[1]
FAIL: gcc.dg/guality/pr43051-1.c -O3 -fomit-frame-pointer line 41 e == &a[1]
FAIL: gcc.dg/guality/pr43051-1.c -O3 -fomit-frame-pointer -funroll-loops line 36 e == &a[1]
FAIL: gcc.dg/guality/pr43051-1.c -O3 -fomit-frame-pointer -funroll-loops line 39 c == &a[0]
FAIL: gcc.dg/guality/pr43051-1.c -O3 -fomit-frame-pointer -funroll-loops line 41 e == &a[1]
FAIL: gcc.dg/guality/pr43051-1.c -O3 -fomit-frame-pointer -funroll-all-loops -finline-functions line 36 e == &a[1]
FAIL: gcc.dg/guality/pr43051-1.c -O3 -fomit-frame-pointer -funroll-all-loops -finline-functions line 39 c == &a[0]
FAIL: gcc.dg/guality/pr43051-1.c -O3 -fomit-frame-pointer -funroll-all-loops -finline-functions line 41 e == &a[1]
FAIL: gcc.dg/guality/pr43051-1.c -O3 -g line 36 e == &a[1]
FAIL: gcc.dg/guality/pr43051-1.c -O3 -g line 41 e == &a[1]
FAIL: gcc.dg/guality/pr43051-1.c -Os line 36 e == &a[1]
FAIL: gcc.dg/guality/pr43051-1.c -Os line 41 e == &a[1]
FAIL: gcc.dg/guality/pr43051-1.c -O2 -flto -fno-use-linker-plugin -flto-partition=none line 36 e == &a[1]
FAIL: gcc.dg/guality/pr43051-1.c -O2 -flto -fno-use-linker-plugin -flto-partition=none line 41 e == &a[1]
FAIL: gcc.dg/guality/pr43051-1.c -O2 -flto -fuse-linker-plugin -fno-fat-lto-objects line 36 e == &a[1]
FAIL: gcc.dg/guality/pr43051-1.c -O2 -flto -fuse-linker-plugin -fno-fat-lto-objects line 41 e == &a[1]
FAIL: gcc.dg/guality/pr48437.c -O2 -flto -fno-use-linker-plugin -flto-partition=none line 14 i == 0
FAIL: gcc.dg/guality/pr48437.c -O2 -flto -fuse-linker-plugin -fno-fat-lto-objects line 14 i == 0
FAIL: gcc.dg/guality/pr54200.c -Os line 20 z == 3
FAIL: gcc.dg/guality/pr54519-1.c -O2 -flto -fno-use-linker-plugin -flto-partition=none line 20 y == 25
FAIL: gcc.dg/guality/pr54519-1.c -O2 -flto -fno-use-linker-plugin -flto-partition=none line 20 z == 6
FAIL: gcc.dg/guality/pr54519-1.c -O2 -flto -fno-use-linker-plugin -flto-partition=none line 23 y == 117
FAIL: gcc.dg/guality/pr54519-1.c -O2 -flto -fno-use-linker-plugin -flto-partition=none line 23 z == 8
FAIL: gcc.dg/guality/pr54519-1.c -O2 -flto -fuse-linker-plugin -fno-fat-lto-objects line 20 y == 25
FAIL: gcc.dg/guality/pr54519-1.c -O2 -flto -fuse-linker-plugin -fno-fat-lto-objects line 20 z == 6
FAIL: gcc.dg/guality/pr54519-2.c -O2 -flto -fno-use-linker-plugin -flto-partition=none line 17 y == 25
FAIL: gcc.dg/guality/pr54519-2.c -O2 -flto -fuse-linker-plugin -fno-fat-lto-objects line 17 y == 25
FAIL: gcc.dg/guality/pr54519-3.c -O2 -flto -fno-use-linker-plugin -flto-partition=none line 20 y == 25
FAIL: gcc.dg/guality/pr54519-3.c -O2 -flto -fno-use-linker-plugin -flto-partition=none line 20 z == 6
FAIL: gcc.dg/guality/pr54519-3.c -O2 -flto -fno-use-linker-plugin -flto-partition=none line 23 y == 117
FAIL: gcc.dg/guality/pr54519-3.c -O2 -flto -fno-use-linker-plugin -flto-partition=none line 23 z == 8
FAIL: gcc.dg/guality/pr54519-3.c -O2 -flto -fuse-linker-plugin -fno-fat-lto-objects line 20 y == 25
FAIL: gcc.dg/guality/pr54519-3.c -O2 -flto -fuse-linker-plugin -fno-fat-lto-objects line 20 z == 6
FAIL: gcc.dg/guality/pr54519-3.c -O2 -flto -fuse-linker-plugin -fno-fat-lto-objects line 23 y == 117
FAIL: gcc.dg/guality/pr54519-3.c -O2 -flto -fuse-linker-plugin -fno-fat-lto-objects line 23 z == 8
FAIL: gcc.dg/guality/pr54519-4.c -O2 -flto -fno-use-linker-plugin -flto-partition=none line 17 y == 25
FAIL: gcc.dg/guality/pr54519-4.c -O2 -flto -fuse-linker-plugin -fno-fat-lto-objects line 17 y == 25
FAIL: gcc.dg/guality/pr54519-5.c -O2 -flto -fno-use-linker-plugin -flto-partition=none line 17 y == 25
FAIL: gcc.dg/guality/pr54519-5.c -O2 -flto -fuse-linker-plugin -fno-fat-lto-objects line 17 y == 25
FAIL: gcc.dg/guality/pr54693-2.c -O3 -fomit-frame-pointer -funroll-loops line 21 i == v + 1
FAIL: gcc.dg/guality/pr54693-2.c -O3 -fomit-frame-pointer -funroll-all-loops -finline-functions line 21 i == v + 1
FAIL: gcc.dg/guality/pr54693-2.c -Os line 21 x == 10 - i
FAIL: gcc.dg/guality/pr54693-2.c -Os line 21 y == 20 - 2 * i
FAIL: gcc.dg/guality/sra-1.c -O2 line 43 a.j == 14
FAIL: gcc.dg/guality/sra-1.c -O3 -fomit-frame-pointer line 43 a.j == 14
FAIL: gcc.dg/guality/sra-1.c -O3 -g line 43 a.j == 14
FAIL: gcc.dg/guality/sra-1.c -Os line 43 a.j == 14
FAIL: gcc.dg/guality/sra-1.c -O2 -flto -fno-use-linker-plugin -flto-partition=none line 43 a.j == 14
FAIL: gcc.dg/guality/sra-1.c -O2 -flto -fuse-linker-plugin -fno-fat-lto-objects line 43 a.j == 14
FAIL: gcc.target/i386/avx512pf-vscatterpf0dpd-1.c (test for excess errors)
UNRESOLVED: gcc.target/i386/avx512pf-vscatterpf0dpd-1.c scan-assembler-times vscatterpf0dpd[ \\\\t]+[^\\n]*%ymm[0-9] 2
UNRESOLVED: gcc.target/i386/avx512pf-vscatterpf0dpd-1.c scan-assembler-times vscatterpf0dpd[ \\\\t]+[^\\n]*{%k[1-7] 1
FAIL: gcc.target/i386/avx512pf-vscatterpf0dps-1.c (test for excess errors)
UNRESOLVED: gcc.target/i386/avx512pf-vscatterpf0dps-1.c scan-assembler-times vscatterpf0dps[ \\\\t]+[^\\n]*%zmm[0-9] 2
UNRESOLVED: gcc.target/i386/avx512pf-vscatterpf0dps-1.c scan-assembler-times vscatterpf0dps[ \\\\t]+[^\\n]*{%k[1-7] 1
FAIL: gcc.target/i386/avx512pf-vscatterpf0qpd-1.c (test for excess errors)
UNRESOLVED: gcc.target/i386/avx512pf-vscatterpf0qpd-1.c scan-assembler-times vscatterpf0qpd[ \\\\t]+[^\\n]*%zmm[0-9] 2
UNRESOLVED: gcc.target/i386/avx512pf-vscatterpf0qpd-1.c scan-assembler-times vscatterpf0qpd[ \\\\t]+[^\\n]*{%k[1-7] 1
FAIL: gcc.target/i386/avx512pf-vscatterpf0qps-1.c (test for excess errors)
UNRESOLVED: gcc.target/i386/avx512pf-vscatterpf0qps-1.c scan-assembler-times vscatterpf0qps[ \\\\t]+[^\\n]*%zmm[0-9] 2
UNRESOLVED: gcc.target/i386/avx512pf-vscatterpf0qps-1.c scan-assembler-times vscatterpf0qps[ \\\\t]+[^\\n]*{%k[1-7] 1
=== gcc Summary ===
# of expected passes 106795
# of unexpected failures 58
# of unexpected successes 32
# of expected failures 264
# of unresolved testcases 8
# of unsupported tests 1587
/export/gnu/import/git/gcc-test-x32/bld/gcc/xgcc version 4.9.0 20140304 (experimental) [trunk revision 208299] (GCC)
=== gfortran tests ===
Running target unix/-mx32
=== gfortran Summary ===
# of expected passes 45364
# of expected failures 38
# of unsupported tests 52
/export/gnu/import/git/gcc-test-x32/bld/gcc/testsuite/gfortran/../../gfortran version 4.9.0 20140304 (experimental) [trunk revision 208299] (GCC)
=== g++ tests ===
Running target unix/-mx32
UNRESOLVED: g++.dg/abi/anon2.C -std=c++98 scan-assembler .weak(_definition)?[ \\t]_?_ZN2N11D1C3fn1ENS0_1BE
UNRESOLVED: g++.dg/abi/anon2.C -std=c++98 scan-assembler .weak(_definition)?[ \\t]_?_ZN2N11D1C3fn2ES1_
UNRESOLVED: g++.dg/abi/anon2.C -std=c++98 scan-assembler-not .weak(_definition)?[ \\t]_?_ZN2N23._31C3fn1ENS0_1BE
UNRESOLVED: g++.dg/abi/anon2.C -std=c++98 scan-assembler-not .weak(_definition)?[ \\t]_?_ZN2N23._31C3fn2ES1_
UNRESOLVED: g++.dg/abi/anon2.C -std=c++98 scan-assembler .weak(_definition)?[ \\t]_?_ZN2N31D1CIiE3fn1ENS0_1BE
UNRESOLVED: g++.dg/abi/anon2.C -std=c++98 scan-assembler .weak(_definition)?[ \\t]_?_ZN2N31D1CIiE3fn2ES2_
UNRESOLVED: g++.dg/abi/anon2.C -std=c++98 scan-assembler-not .weak(_definition)?[ \\t]_?_ZN2N43._91CIiE3fn1ENS0_1BE
UNRESOLVED: g++.dg/abi/anon2.C -std=c++98 scan-assembler-not .weak(_definition)?[ \\t]_?_ZN2N43._91CIiE3fn2ES2_
FAIL: g++.dg/guality/pr55665.C -O2 line 23 p == 40
FAIL: g++.dg/guality/pr55665.C -O3 -fomit-frame-pointer line 23 p == 40
FAIL: g++.dg/guality/pr55665.C -O3 -g line 23 p == 40
=== g++ Summary ===
# of expected passes 60859
# of unexpected failures 3
# of expected failures 290
# of unresolved testcases 8
# of unsupported tests 1082
/export/gnu/import/git/gcc-test-x32/bld/gcc/testsuite/g++/../../xg++ version 4.9.0 20140304 (experimental) [trunk revision 208299] (GCC)
=== objc tests ===
Running target unix/-mx32
=== objc Summary ===
# of expected passes 2988
# of expected failures 6
# of unsupported tests 74
/export/gnu/import/git/gcc-test-x32/bld/gcc/xgcc version 4.9.0 20140304 (experimental) [trunk revision 208299] (GCC)
=== boehm-gc tests ===
Running target unix/-mx32
=== boehm-gc Summary ===
# of expected passes 12
# of unsupported tests 1
=== libatomic tests ===
Running target unix/-mx32
=== libatomic Summary ===
# of expected passes 54
=== libffi tests ===
Running target unix/-mx32
=== libffi Summary ===
# of expected passes 1819
# of unsupported tests 55
=== libgomp tests ===
Running target unix/-mx32
=== libgomp Summary ===
# of expected passes 2345
=== libitm tests ===
Running target unix/-mx32
=== libitm Summary ===
# of expected passes 26
# of expected failures 3
# of unsupported tests 1
=== libjava tests ===
Running target unix/-mx32
=== libjava Summary ===
# of expected passes 2582
# of expected failures 4
=== libstdc++ tests ===
Running target unix/-mx32
=== libstdc++ Summary ===
# of expected passes 10045
# of expected failures 41
# of unsupported tests 222
Compiler version: 4.9.0 20140304 (experimental) [trunk revision 208299] (GCC)
Platform: x86_64-unknown-linux-gnu
configure flags: --prefix=/usr/4.9.0 --enable-clocale=gnu --with-system-zlib --enable-shared --with-demangler-in-ld --with-multilib-list=m32,m64,mx32 --with-fpmath=sse --enable-languages=c,c++,fortran,java,lto,objc