This is the mail archive of the
gcc-testresults@gcc.gnu.org
mailing list for the GCC project.
Results for 4.9.0 20140228 (experimental) [trunk revision 208212] (GCC) testsuite on sparc-sun-solaris2.11
- From: Rainer Orth <ro at CeBiTec dot Uni-Bielefeld dot DE>
- To: gcc-testresults at gcc dot gnu dot org
- Date: Sun, 2 Mar 2014 23:40:09 +0100 (MET)
- Subject: Results for 4.9.0 20140228 (experimental) [trunk revision 208212] (GCC) testsuite on sparc-sun-solaris2.11
- Authentication-results: sourceware.org; auth=none
LAST_UPDATED: Fri Feb 28 11:38:27 UTC 2014 (revision 208212)
=== acats tests ===
=== acats Summary ===
# of expected passes 2320
# of unexpected failures 0
Native configuration is sparc-sun-solaris2.11
=== g++ tests ===
Running target unix
UNRESOLVED: g++.dg/abi/anon2.C -std=c++98 scan-assembler .weak(_definition)?[ \\t]_?_ZN2N11D1C3fn1ENS0_1BE
UNRESOLVED: g++.dg/abi/anon2.C -std=c++98 scan-assembler .weak(_definition)?[ \\t]_?_ZN2N11D1C3fn2ES1_
UNRESOLVED: g++.dg/abi/anon2.C -std=c++98 scan-assembler-not .weak(_definition)?[ \\t]_?_ZN2N23._31C3fn1ENS0_1BE
UNRESOLVED: g++.dg/abi/anon2.C -std=c++98 scan-assembler-not .weak(_definition)?[ \\t]_?_ZN2N23._31C3fn2ES1_
UNRESOLVED: g++.dg/abi/anon2.C -std=c++98 scan-assembler .weak(_definition)?[ \\t]_?_ZN2N31D1CIiE3fn1ENS0_1BE
UNRESOLVED: g++.dg/abi/anon2.C -std=c++98 scan-assembler .weak(_definition)?[ \\t]_?_ZN2N31D1CIiE3fn2ES2_
UNRESOLVED: g++.dg/abi/anon2.C -std=c++98 scan-assembler-not .weak(_definition)?[ \\t]_?_ZN2N43._91CIiE3fn1ENS0_1BE
UNRESOLVED: g++.dg/abi/anon2.C -std=c++98 scan-assembler-not .weak(_definition)?[ \\t]_?_ZN2N43._91CIiE3fn2ES2_
=== g++ Summary for unix ===
# of expected passes 55120
# of expected failures 290
# of unresolved testcases 8
# of unsupported tests 1187
Running target unix/-m64
UNRESOLVED: g++.dg/abi/anon2.C -std=c++98 scan-assembler .weak(_definition)?[ \\t]_?_ZN2N11D1C3fn1ENS0_1BE
UNRESOLVED: g++.dg/abi/anon2.C -std=c++98 scan-assembler .weak(_definition)?[ \\t]_?_ZN2N11D1C3fn2ES1_
UNRESOLVED: g++.dg/abi/anon2.C -std=c++98 scan-assembler-not .weak(_definition)?[ \\t]_?_ZN2N23._31C3fn1ENS0_1BE
UNRESOLVED: g++.dg/abi/anon2.C -std=c++98 scan-assembler-not .weak(_definition)?[ \\t]_?_ZN2N23._31C3fn2ES1_
UNRESOLVED: g++.dg/abi/anon2.C -std=c++98 scan-assembler .weak(_definition)?[ \\t]_?_ZN2N31D1CIiE3fn1ENS0_1BE
UNRESOLVED: g++.dg/abi/anon2.C -std=c++98 scan-assembler .weak(_definition)?[ \\t]_?_ZN2N31D1CIiE3fn2ES2_
UNRESOLVED: g++.dg/abi/anon2.C -std=c++98 scan-assembler-not .weak(_definition)?[ \\t]_?_ZN2N43._91CIiE3fn1ENS0_1BE
UNRESOLVED: g++.dg/abi/anon2.C -std=c++98 scan-assembler-not .weak(_definition)?[ \\t]_?_ZN2N43._91CIiE3fn2ES2_
=== g++ Summary for unix/-m64 ===
# of expected passes 56358
# of expected failures 290
# of unresolved testcases 8
# of unsupported tests 1177
=== g++ Summary ===
# of expected passes 111478
# of expected failures 580
# of unresolved testcases 16
# of unsupported tests 2364
/var/gcc/regression/trunk/11-gcc-gld/build/gcc/testsuite/g++/../../xg++ version 4.9.0 20140228 (experimental) [trunk revision 208212] (GCC)
=== gcc tests ===
Running target unix
WARNING: program timed out.
FAIL: gcc.dg/atomic/c11-atomic-exec-3.c -O3 -g (test for excess errors)
WARNING: gcc.dg/atomic/c11-atomic-exec-3.c -O3 -g compilation failed to produce executable
WARNING: program timed out.
FAIL: gcc.dg/c11-atomic-2.c (test for excess errors)
FAIL: gcc.dg/unroll_1.c (test for warnings, line 14)
FAIL: gcc.dg/unroll_1.c (test for warnings, line 24)
FAIL: gcc.dg/simulate-thread/atomic-other-int.c -O0 -g thread simulation test
FAIL: gcc.dg/simulate-thread/atomic-other-int.c -O2 -g thread simulation test
FAIL: gcc.dg/simulate-thread/atomic-other-int.c -O3 -g thread simulation test
FAIL: gcc.dg/simulate-thread/speculative-store-4.c -O0 -g thread simulation test
FAIL: gcc.dg/simulate-thread/speculative-store-4.c -O2 -g thread simulation test
FAIL: gcc.dg/simulate-thread/speculative-store-4.c -O3 -g thread simulation test
FAIL: gcc.dg/simulate-thread/speculative-store.c -O0 -g thread simulation test
=== gcc Summary for unix ===
# of expected passes 88838
# of unexpected failures 11
# of expected failures 323
# of unsupported tests 1858
Running target unix/-m64
FAIL: gcc.dg/unroll_1.c (test for warnings, line 14)
FAIL: gcc.dg/unroll_1.c (test for warnings, line 24)
=== gcc Summary for unix/-m64 ===
# of expected passes 89616
# of unexpected failures 2
# of expected failures 312
# of unsupported tests 1800
=== gcc Summary ===
# of expected passes 178454
# of unexpected failures 13
# of expected failures 635
# of unsupported tests 3658
/var/gcc/regression/trunk/11-gcc-gld/build/gcc/xgcc version 4.9.0 20140228 (experimental) [trunk revision 208212] (GCC)
=== gfortran tests ===
Running target unix
=== gfortran Summary for unix ===
# of expected passes 45035
# of expected failures 54
# of unsupported tests 269
Running target unix/-m64
=== gfortran Summary for unix/-m64 ===
# of expected passes 45362
# of expected failures 54
# of unsupported tests 108
=== gfortran Summary ===
# of expected passes 90397
# of expected failures 108
# of unsupported tests 377
/var/gcc/regression/trunk/11-gcc-gld/build/gcc/testsuite/gfortran/../../gfortran version 4.9.0 20140228 (experimental) [trunk revision 208212] (GCC)
=== gnat tests ===
Running target unix
=== gnat Summary for unix ===
# of expected passes 1203
# of expected failures 18
# of unsupported tests 13
Running target unix/-m64
=== gnat Summary for unix/-m64 ===
# of expected passes 1203
# of expected failures 18
# of unsupported tests 13
=== gnat Summary ===
# of expected passes 2406
# of expected failures 36
# of unsupported tests 26
/var/gcc/regression/trunk/11-gcc-gld/build/gcc/gnatmake version 4.9.0 20140228 (experimental) [trunk revision 208212]
=== go tests ===
Running target unix
FAIL: ./index0-out.go compilation, -O0 -g -fno-var-tracking-assignments
FAIL: go.test/test/recover.go execution, -O2 -g
WARNING: program timed out.
=== go Summary for unix ===
# of expected passes 7365
# of unexpected failures 2
# of expected failures 1
# of untested testcases 11
# of unsupported tests 3
Running target unix/-m64
FAIL: go.test/test/fixedbugs/issue4348.go -O (test for excess errors)
FAIL: go.test/test/recover.go execution, -O2 -g
=== go Summary for unix/-m64 ===
# of expected passes 7246
# of unexpected failures 2
# of expected failures 1
# of untested testcases 10
# of unsupported tests 3
=== go Summary ===
# of expected passes 14611
# of unexpected failures 4
# of expected failures 2
# of untested testcases 21
# of unsupported tests 6
/var/gcc/regression/trunk/11-gcc-gld/build/gcc/testsuite/go/../../gccgo version 4.9.0 20140228 (experimental) [trunk revision 208212] (GCC)
=== obj-c++ tests ===
Running target unix
FAIL: obj-c++.dg/invalid-method-2.mm -fgnu-runtime (test for errors, line 10)
FAIL: obj-c++.dg/invalid-method-2.mm -fgnu-runtime (test for errors, line 14)
FAIL: obj-c++.dg/invalid-method-2.mm -fgnu-runtime (test for excess errors)
=== obj-c++ Summary for unix ===
# of expected passes 1446
# of unexpected failures 3
# of expected failures 2
# of unsupported tests 86
Running target unix/-m64
FAIL: obj-c++.dg/invalid-method-2.mm -fgnu-runtime (test for errors, line 10)
FAIL: obj-c++.dg/invalid-method-2.mm -fgnu-runtime (test for errors, line 14)
FAIL: obj-c++.dg/invalid-method-2.mm -fgnu-runtime (test for excess errors)
=== obj-c++ Summary for unix/-m64 ===
# of expected passes 1438
# of unexpected failures 3
# of expected failures 10
# of unsupported tests 86
=== obj-c++ Summary ===
# of expected passes 2884
# of unexpected failures 6
# of expected failures 12
# of unsupported tests 172
/var/gcc/regression/trunk/11-gcc-gld/build/gcc/testsuite/obj-c++/../../xg++ version 4.9.0 20140228 (experimental) [trunk revision 208212] (GCC)
=== objc tests ===
Running target unix
=== objc Summary for unix ===
# of expected passes 2994
# of unsupported tests 74
Running target unix/-m64
=== objc Summary for unix/-m64 ===
# of expected passes 2994
# of unsupported tests 74
=== objc Summary ===
# of expected passes 5988
# of unsupported tests 148
/var/gcc/regression/trunk/11-gcc-gld/build/gcc/xgcc version 4.9.0 20140228 (experimental) [trunk revision 208212] (GCC)
=== boehm-gc tests ===
Running target unix
=== boehm-gc Summary for unix ===
# of expected passes 12
# of unsupported tests 1
Running target unix/-m64
=== boehm-gc Summary for unix/-m64 ===
# of expected passes 12
# of unsupported tests 1
=== boehm-gc Summary ===
# of expected passes 24
# of unsupported tests 2
=== libatomic tests ===
Running target unix
=== libatomic Summary for unix ===
# of expected passes 44
# of unsupported tests 5
Running target unix/-m64
=== libatomic Summary for unix/-m64 ===
# of expected passes 54
=== libatomic Summary ===
# of expected passes 98
# of unsupported tests 5
=== libffi tests ===
Running target unix
=== libffi Summary for unix ===
# of expected passes 1819
# of unsupported tests 55
Running target unix/-m64
=== libffi Summary for unix/-m64 ===
# of expected passes 1819
# of unsupported tests 55
=== libffi Summary ===
# of expected passes 3638
# of unsupported tests 110
=== libgo tests ===
Running target unix
FAIL: runtime
FAIL: os/exec
FAIL: text/template
FAIL: testing/quick
=== libgo Summary for unix ===
# of expected passes 118
# of unexpected failures 4
Running target unix/-m64
=== libgo Summary for unix/-m64 ===
# of expected passes 122
=== libgo Summary ===
# of expected passes 240
# of unexpected failures 4
/var/gcc/regression/trunk/11-gcc-gld/build/./gcc/gccgo version 4.9.0 20140228 (experimental) [trunk revision 208212] (GCC)
=== libgomp tests ===
Running target unix
FAIL: libgomp.graphite/bounds.c scan-tree-dump-times graphite "0 loops carried no dependency" 1
FAIL: libgomp.graphite/force-parallel-4.c execution test
FAIL: libgomp.graphite/force-parallel-4.c scan-tree-dump-times graphite "2 loops carried no dependency" 1
FAIL: libgomp.graphite/force-parallel-6.c scan-tree-dump-times graphite "1 loops carried no dependency" 1
FAIL: libgomp.graphite/pr41118.c scan-tree-dump-times optimized "loopfn" 0
=== libgomp Summary for unix ===
# of expected passes 2383
# of unexpected failures 5
# of unsupported tests 3
Running target unix/-m64
FAIL: libgomp.graphite/bounds.c scan-tree-dump-times graphite "0 loops carried no dependency" 1
FAIL: libgomp.graphite/force-parallel-4.c execution test
FAIL: libgomp.graphite/force-parallel-4.c scan-tree-dump-times graphite "2 loops carried no dependency" 1
FAIL: libgomp.graphite/force-parallel-6.c scan-tree-dump-times graphite "1 loops carried no dependency" 1
FAIL: libgomp.graphite/pr41118.c scan-tree-dump-times optimized "loopfn" 0
=== libgomp Summary for unix/-m64 ===
# of expected passes 2383
# of unexpected failures 5
# of unsupported tests 3
=== libgomp Summary ===
# of expected passes 4766
# of unexpected failures 10
# of unsupported tests 6
=== libitm tests ===
Running target unix
=== libitm Summary for unix ===
# of expected passes 26
# of expected failures 3
# of unsupported tests 1
Running target unix/-m64
=== libitm Summary for unix/-m64 ===
# of expected passes 26
# of expected failures 3
# of unsupported tests 1
=== libitm Summary ===
# of expected passes 52
# of expected failures 6
# of unsupported tests 2
=== libjava tests ===
Running target unix
=== libjava Summary for unix ===
# of expected passes 2582
# of expected failures 4
Running target unix/-m64
=== libjava Summary for unix/-m64 ===
# of expected passes 2582
# of expected failures 4
=== libjava Summary ===
# of expected passes 5164
# of expected failures 8
=== libstdc++ tests ===
Running target unix
=== libstdc++ Summary for unix ===
# of expected passes 8982
# of expected failures 41
# of unsupported tests 600
Running target unix/-m64
=== libstdc++ Summary for unix/-m64 ===
# of expected passes 8982
# of expected failures 41
# of unsupported tests 600
=== libstdc++ Summary ===
# of expected passes 17964
# of expected failures 82
# of unsupported tests 1200
Compiler version: 4.9.0 20140228 (experimental) [trunk revision 208212] (GCC)
Platform: sparc-sun-solaris2.11
configure flags: --prefix=/vol/gcc --target=sparc-sun-solaris2.11 --enable-objc-gc --enable-libmudflap --with-ld=/vol/gcc/bin/gld-2.24 --with-gnu-ld --with-gmp-include=/vol/gcc/include --with-gmp-lib=/vol/gcc/lib --with-mpfr-include=/vol/gcc/include --with-mpfr-lib=/vol/gcc/lib --with-mpc-include=/vol/gcc/include --with-mpc-lib=/vol/gcc/lib --enable-languages=all,ada,obj-c++,go --with-isl-include=/vol/gcc/include --with-isl-lib=/vol/gcc/lib --with-cloog-include=/vol/gcc/include --with-cloog-lib=/vol/gcc/lib --enable-cloog-backend=isl
BOOT_CFLAGS=-g -O2