This is the mail archive of the
gcc-testresults@gcc.gnu.org
mailing list for the GCC project.
Results for 4.8.3 20140228 (prerelease) [gcc-4_8-branch revision 208212] (GCC) testsuite on hppa64-hp-hpux11.11
- From: John David Anglin <dave at hiauly3 dot hia dot nrc dot ca>
- To: dave at hiauly3 dot hia dot nrc dot ca, gcc-testresults at gcc dot gnu dot org
- Date: Sat, 1 Mar 2014 17:49:17 -0500 (EST)
- Subject: Results for 4.8.3 20140228 (prerelease) [gcc-4_8-branch revision 208212] (GCC) testsuite on hppa64-hp-hpux11.11
- Authentication-results: sourceware.org; auth=none
Native configuration is hppa64-hp-hpux11.11
=== g++ tests ===
Running target unix
FAIL: g++.dg/debug/dwarf2/non-virtual-thunk.C -std=gnu++98 scan-assembler thunk.C:30
FAIL: g++.dg/debug/dwarf2/non-virtual-thunk.C -std=gnu++11 scan-assembler thunk.C:30
FAIL: g++.dg/opt/pr56999.C -std=gnu++98 (test for excess errors)
FAIL: g++.dg/opt/pr56999.C -std=gnu++11 (test for excess errors)
WARNING: program timed out.
FAIL: g++.dg/simulate-thread/atomics-1.C -O0 -g thread simulation test
FAIL: g++.dg/simulate-thread/atomics-2.C -O0 -g thread simulation test
FAIL: g++.dg/tree-prof/pr59255.C compilation, -fprofile-generate
UNRESOLVED: g++.dg/tree-prof/pr59255.C execution, -fprofile-generate
UNRESOLVED: g++.dg/tree-prof/pr59255.C compilation, -fprofile-use
UNRESOLVED: g++.dg/tree-prof/pr59255.C execution, -fprofile-use
=== g++ Summary ===
# of expected passes 48598
# of unexpected failures 7
# of expected failures 290
# of unresolved testcases 3
# of unsupported tests 1223
/mnt/gnu/gcc/objdir-test/gcc/testsuite/g++/../../xg++ version 4.8.3 20140228 (prerelease) [gcc-4_8-branch revision 208212] (GCC)
=== gcc tests ===
Running target unix
FAIL: gcc.c-torture/compile/pr55921.c -O0 (internal compiler error)
FAIL: gcc.c-torture/compile/pr55921.c -O0 (test for excess errors)
FAIL: gcc.c-torture/compile/pr55921.c -O1 (internal compiler error)
FAIL: gcc.c-torture/compile/pr55921.c -O1 (test for excess errors)
FAIL: gcc.c-torture/compile/pr55921.c -O2 (internal compiler error)
FAIL: gcc.c-torture/compile/pr55921.c -O2 (test for excess errors)
FAIL: gcc.c-torture/compile/pr55921.c -O3 -fomit-frame-pointer (internal compiler error)
FAIL: gcc.c-torture/compile/pr55921.c -O3 -fomit-frame-pointer (test for excess errors)
FAIL: gcc.c-torture/compile/pr55921.c -O3 -g (internal compiler error)
FAIL: gcc.c-torture/compile/pr55921.c -O3 -g (test for excess errors)
FAIL: gcc.c-torture/compile/pr55921.c -Os (internal compiler error)
FAIL: gcc.c-torture/compile/pr55921.c -Os (test for excess errors)
FAIL: gcc.c-torture/compile/pr55921.c -O2 -flto -flto-partition=none (internal compiler error)
FAIL: gcc.c-torture/compile/pr55921.c -O2 -flto -flto-partition=none (test for excess errors)
FAIL: gcc.c-torture/compile/pr55921.c -O2 -flto (internal compiler error)
FAIL: gcc.c-torture/compile/pr55921.c -O2 -flto (test for excess errors)
WARNING: program timed out.
=== gcc Summary ===
# of expected passes 78818
# of unexpected failures 16
# of expected failures 126
# of unsupported tests 1560
/mnt/gnu/gcc/objdir-test/gcc/xgcc version 4.8.3 20140228 (prerelease) [gcc-4_8-branch revision 208212] (GCC)
=== gfortran tests ===
Running target unix
=== gfortran Summary ===
# of expected passes 42426
# of expected failures 42
# of unsupported tests 377
/mnt/gnu/gcc/objdir-test/gcc/testsuite/gfortran/../../gfortran version 4.8.3 20140228 (prerelease) [gcc-4_8-branch revision 208212] (GCC)
=== obj-c++ tests ===
Running target unix
=== obj-c++ Summary ===
# of expected passes 1442
# of expected failures 10
# of unsupported tests 86
/mnt/gnu/gcc/objdir-test/gcc/testsuite/obj-c++/../../xg++ version 4.8.3 20140228 (prerelease) [gcc-4_8-branch revision 208212] (GCC)
=== objc tests ===
Running target unix
=== objc Summary ===
# of expected passes 2992
# of unsupported tests 75
/mnt/gnu/gcc/objdir-test/gcc/xgcc version 4.8.3 20140228 (prerelease) [gcc-4_8-branch revision 208212] (GCC)
=== libatomic tests ===
Running target unix
=== libatomic Summary ===
# of expected passes 4
# of unsupported tests 25
=== libgomp tests ===
Running target unix
=== libgomp Summary ===
# of expected passes 2987
# of unsupported tests 10
=== libstdc++ tests ===
Running target unix
FAIL: 23_containers/bitset/45713.cc (test for excess errors)
=== libstdc++ Summary ===
# of expected passes 7650
# of unexpected failures 1
# of expected failures 45
# of unsupported tests 890
Compiler version: 4.8.3 20140228 (prerelease) [gcc-4_8-branch revision 208212] (GCC)
Platform: hppa64-hp-hpux11.11
configure flags:Test Run By dave on Fri Feb 28 11:55:43 2014