This is the mail archive of the
gcc-testresults@gcc.gnu.org
mailing list for the GCC project.
Results for 4.8.2 20130823 (prerelease) [gcc-4_8-branch revision 201939] (GCC) testsuite on i386-pc-solaris2.10
- From: Rainer Orth <ro at CeBiTec dot Uni-Bielefeld dot DE>
- To: gcc-testresults at gcc dot gnu dot org
- Date: Mon, 26 Aug 2013 11:02:44 +0200 (MEST)
- Subject: Results for 4.8.2 20130823 (prerelease) [gcc-4_8-branch revision 201939] (GCC) testsuite on i386-pc-solaris2.10
- Authentication-results: sourceware.org; auth=none
LAST_UPDATED: Fri Aug 23 13:11:15 UTC 2013 (revision 201939)
=== acats tests ===
=== acats Summary ===
# of expected passes 2320
# of unexpected failures 0
Native configuration is i386-pc-solaris2.10
=== g++ tests ===
Running target unix
FAIL: g++.dg/lto/20091219 cp_lto_20091219_0.o-cp_lto_20091219_0.o link, -O3 -flto
UNRESOLVED: g++.dg/lto/20091219 cp_lto_20091219_0.o-cp_lto_20091219_0.o execute -O3 -flto
=== g++ Summary for unix ===
# of expected passes 50893
# of unexpected failures 1
# of expected failures 292
# of unresolved testcases 1
# of unsupported tests 660
Running target unix/-m64
FAIL: g++.dg/lto/20091219 cp_lto_20091219_0.o-cp_lto_20091219_0.o link, -O3 -flto
UNRESOLVED: g++.dg/lto/20091219 cp_lto_20091219_0.o-cp_lto_20091219_0.o execute -O3 -flto
=== g++ Summary for unix/-m64 ===
# of expected passes 51661
# of unexpected failures 1
# of expected failures 292
# of unresolved testcases 1
# of unsupported tests 903
=== g++ Summary ===
# of expected passes 102554
# of unexpected failures 2
# of expected failures 584
# of unresolved testcases 2
# of unsupported tests 1563
/var/gcc/regression/gcc-4.8-branch/10-gcc/build/gcc/testsuite/g++/../../xg++ version 4.8.2 20130823 (prerelease) [gcc-4_8-branch revision 201939] (GCC)
=== gcc tests ===
Running target unix
=== gcc Summary for unix ===
# of expected passes 91481
# of expected failures 263
# of unsupported tests 1203
Running target unix/-m64
FAIL: gcc.target/i386/pr58218.c (test for excess errors)
=== gcc Summary for unix/-m64 ===
# of expected passes 91860
# of unexpected failures 1
# of expected failures 265
# of unsupported tests 1521
=== gcc Summary ===
# of expected passes 183341
# of unexpected failures 1
# of expected failures 528
# of unsupported tests 2724
/var/gcc/regression/gcc-4.8-branch/10-gcc/build/gcc/xgcc version 4.8.2 20130823 (prerelease) [gcc-4_8-branch revision 201939] (GCC)
=== gfortran tests ===
Running target unix
=== gfortran Summary for unix ===
# of expected passes 43305
# of expected failures 56
# of unsupported tests 228
Running target unix/-m64
=== gfortran Summary for unix/-m64 ===
# of expected passes 43608
# of expected failures 56
# of unsupported tests 82
=== gfortran Summary ===
# of expected passes 86913
# of expected failures 112
# of unsupported tests 310
/var/gcc/regression/gcc-4.8-branch/10-gcc/build/gcc/testsuite/gfortran/../../gfortran version 4.8.2 20130823 (prerelease) [gcc-4_8-branch revision 201939] (GCC)
=== gnat tests ===
Running target unix
=== gnat Summary for unix ===
# of expected passes 1163
# of expected failures 17
# of unsupported tests 6
Running target unix/-m64
=== gnat Summary for unix/-m64 ===
# of expected passes 1163
# of expected failures 17
# of unsupported tests 6
=== gnat Summary ===
# of expected passes 2326
# of expected failures 34
# of unsupported tests 12
/var/gcc/regression/gcc-4.8-branch/10-gcc/build/gcc/gnatmake version 4.8.2 20130823 (prerelease) [gcc-4_8-branch revision 201939]
=== go tests ===
Running target unix
=== go Summary for unix ===
# of expected passes 5179
# of expected failures 1
# of untested testcases 5
Running target unix/-m64
=== go Summary for unix/-m64 ===
# of expected passes 5059
# of expected failures 1
# of untested testcases 5
=== go Summary ===
# of expected passes 10238
# of expected failures 2
# of untested testcases 10
/var/gcc/regression/gcc-4.8-branch/10-gcc/build/gcc/testsuite/go/../../gccgo version 4.8.2 20130823 (prerelease) [gcc-4_8-branch revision 201939] (GCC)
=== obj-c++ tests ===
Running target unix
=== obj-c++ Summary for unix ===
# of expected passes 1450
# of expected failures 2
# of unsupported tests 86
Running target unix/-m64
=== obj-c++ Summary for unix/-m64 ===
# of expected passes 1442
# of expected failures 10
# of unsupported tests 86
=== obj-c++ Summary ===
# of expected passes 2892
# of expected failures 12
# of unsupported tests 172
/var/gcc/regression/gcc-4.8-branch/10-gcc/build/gcc/testsuite/obj-c++/../../xg++ version 4.8.2 20130823 (prerelease) [gcc-4_8-branch revision 201939] (GCC)
=== objc tests ===
Running target unix
=== objc Summary for unix ===
# of expected passes 2988
# of expected failures 6
# of unsupported tests 74
Running target unix/-m64
=== objc Summary for unix/-m64 ===
# of expected passes 2988
# of expected failures 6
# of unsupported tests 74
=== objc Summary ===
# of expected passes 5976
# of expected failures 12
# of unsupported tests 148
/var/gcc/regression/gcc-4.8-branch/10-gcc/build/gcc/xgcc version 4.8.2 20130823 (prerelease) [gcc-4_8-branch revision 201939] (GCC)
=== boehm-gc tests ===
Running target unix
=== boehm-gc Summary for unix ===
# of expected passes 12
# of unsupported tests 1
Running target unix/-m64
=== boehm-gc Summary for unix/-m64 ===
# of expected passes 12
# of unsupported tests 1
=== boehm-gc Summary ===
# of expected passes 24
# of unsupported tests 2
=== libatomic tests ===
Running target unix
=== libatomic Summary for unix ===
# of expected passes 44
# of unsupported tests 5
Running target unix/-m64
=== libatomic Summary for unix/-m64 ===
# of expected passes 54
=== libatomic Summary ===
# of expected passes 98
# of unsupported tests 5
=== libffi tests ===
Running target unix
=== libffi Summary for unix ===
# of expected passes 1819
# of unsupported tests 55
Running target unix/-m64
=== libffi Summary for unix/-m64 ===
# of expected passes 1819
# of unsupported tests 55
=== libffi Summary ===
# of expected passes 3638
# of unsupported tests 110
=== libgo tests ===
Running target unix
FAIL: runtime
=== libgo Summary for unix ===
# of expected passes 121
# of unexpected failures 1
Running target unix/-m64
FAIL: image
FAIL: log
FAIL: mime
FAIL: net
FAIL: os
FAIL: regexp
FAIL: runtime
FAIL: strconv
FAIL: syscall
FAIL: time
FAIL: archive/tar
FAIL: archive/zip
FAIL: compress/flate
FAIL: compress/lzw
FAIL: compress/zlib
FAIL: crypto/cipher
FAIL: crypto/dsa
FAIL: crypto/ecdsa
FAIL: crypto/elliptic
FAIL: crypto/rand
FAIL: crypto/rsa
FAIL: crypto/tls
FAIL: crypto/x509
FAIL: debug/dwarf
FAIL: debug/elf
FAIL: debug/macho
FAIL: debug/pe
FAIL: encoding/asn1
FAIL: encoding/gob
FAIL: encoding/xml
FAIL: html/template
FAIL: go/doc
FAIL: go/format
FAIL: go/parser
FAIL: go/printer
FAIL: image/jpeg
FAIL: image/png
FAIL: io/ioutil
FAIL: log/syslog
FAIL: mime/multipart
FAIL: net/http
FAIL: net/http/cgi
FAIL: net/http/httptest
FAIL: net/http/httputil
FAIL: net/mail
FAIL: net/rpc
FAIL: net/smtp
FAIL: net/rpc/jsonrpc
FAIL: old/template
FAIL: os/exec
FAIL: os/signal
FAIL: path/filepath
FAIL: text/template
=== libgo Summary for unix/-m64 ===
# of expected passes 69
# of unexpected failures 53
=== libgo Summary ===
# of expected passes 190
# of unexpected failures 54
/var/gcc/regression/gcc-4.8-branch/10-gcc/build/./gcc/gccgo version 4.8.2 20130823 (prerelease) [gcc-4_8-branch revision 201939] (GCC)
=== libgomp tests ===
Running target unix
=== libgomp Summary for unix ===
# of expected passes 3046
# of unsupported tests 3
Running target unix/-m64
=== libgomp Summary for unix/-m64 ===
# of expected passes 3046
# of unsupported tests 3
=== libgomp Summary ===
# of expected passes 6092
# of unsupported tests 6
=== libitm tests ===
Running target unix
=== libitm Summary for unix ===
# of expected passes 26
# of expected failures 3
# of unsupported tests 1
Running target unix/-m64
=== libitm Summary for unix/-m64 ===
# of expected passes 26
# of expected failures 3
# of unsupported tests 1
=== libitm Summary ===
# of expected passes 52
# of expected failures 6
# of unsupported tests 2
=== libjava tests ===
Running target unix
FAIL: sourcelocation output - source compiled test
FAIL: sourcelocation -findirect-dispatch output - source compiled test
FAIL: sourcelocation -O3 output - source compiled test
FAIL: sourcelocation -O3 -findirect-dispatch output - source compiled test
=== libjava Summary for unix ===
# of expected passes 2582
# of unexpected failures 4
Running target unix/-m64
FAIL: sourcelocation output - source compiled test
FAIL: sourcelocation -findirect-dispatch output - source compiled test
FAIL: sourcelocation -O3 output - source compiled test
FAIL: sourcelocation -O3 -findirect-dispatch output - source compiled test
=== libjava Summary for unix/-m64 ===
# of expected passes 2582
# of unexpected failures 4
=== libjava Summary ===
# of expected passes 5164
# of unexpected failures 8
=== libstdc++ tests ===
Running target unix
=== libstdc++ Summary for unix ===
# of expected passes 8327
# of expected failures 46
# of unsupported tests 579
Running target unix/-m64
=== libstdc++ Summary for unix/-m64 ===
# of expected passes 8327
# of expected failures 46
# of unsupported tests 579
=== libstdc++ Summary ===
# of expected passes 16654
# of expected failures 92
# of unsupported tests 1158
Compiler version: 4.8.2 20130823 (prerelease) [gcc-4_8-branch revision 201939] (GCC)
Platform: i386-pc-solaris2.10
configure flags: --prefix=/vol/gcc --target=i386-pc-solaris2.10 --enable-objc-gc --with-gmp-include=/vol/gcc/include --with-gmp-lib=/vol/gcc/lib --with-mpfr-include=/vol/gcc/include --with-mpfr-lib=/vol/gcc/lib --with-mpc-include=/vol/gcc/include --with-mpc-lib=/vol/gcc/lib --enable-languages=all,ada,obj-c++,go --with-isl-include=/vol/gcc/include --with-isl-lib=/vol/gcc/lib --with-cloog-include=/vol/gcc/include --with-cloog-lib=/vol/gcc/lib --enable-cloog-backend=isl
BOOT_CFLAGS=-g -O2