This is the mail archive of the
gcc-testresults@gcc.gnu.org
mailing list for the GCC project.
Results for 4.9.0 20130816 (experimental) [trunk revision 201779] testsuite on hppa-unknown-linux-gnu
- From: Dave Anglin <dave dot anglin at bell dot net>
- To: dave at mx3210 dot localdomain, gcc-testresults at gcc dot gnu dot org
- Date: Fri, 16 Aug 2013 21:06:11 -0400
- Subject: Results for 4.9.0 20130816 (experimental) [trunk revision 201779] testsuite on hppa-unknown-linux-gnu
LAST_UPDATED: Fri Aug 16 02:44:31 UTC 2013 (revision 201779)
=== acats tests ===
=== acats Summary ===
# of expected passes 2320
# of unexpected failures 0
Native configuration is hppa-unknown-linux-gnu
=== gcc tests ===
Running target unix
FAIL: gcc.dg/large-size-array-6.c (internal compiler error)
FAIL: gcc.dg/large-size-array-6.c (test for errors, line 6)
FAIL: gcc.dg/large-size-array-6.c (test for excess errors)
FAIL: gcc.dg/torture/pr8081.c -O2 -flto -fno-use-linker-plugin -flto-partition=none (internal compiler error)
FAIL: gcc.dg/torture/pr8081.c -O2 -flto -fno-use-linker-plugin -flto-partition=none (test for excess errors)
FAIL: gcc.dg/torture/pr8081.c -O2 -flto -fuse-linker-plugin -fno-fat-lto-objects (internal compiler error)
FAIL: gcc.dg/torture/pr8081.c -O2 -flto -fuse-linker-plugin -fno-fat-lto-objects (test for excess errors)
UNRESOLVED: gcc.dg/torture/pr8081.c -O2 -flto -fuse-linker-plugin -fno-fat-lto-objects compilation failed to produce executable
FAIL: gcc.dg/tree-ssa/attr-alias.c scan-tree-dump-times optimized " test4 " 1
XPASS: gcc.dg/tree-ssa/loop-1.c scan-assembler-times foo 5
=== gcc Summary ===
# of expected passes 84270
# of unexpected failures 8
# of unexpected successes 1
# of expected failures 114
# of unresolved testcases 1
# of unsupported tests 1296
/home/dave/gnu/gcc/objdir/gcc/xgcc version 4.9.0 20130816 (experimental) [trunk revision 201779] (GCC)
=== g++ tests ===
Running target unix
FAIL: g++.dg/debug/dwarf2/non-virtual-thunk.C -std=gnu++98 scan-assembler thunk.C:30
FAIL: g++.dg/debug/dwarf2/non-virtual-thunk.C -std=gnu++11 scan-assembler thunk.C:30
FAIL: c-c++-common/simulate-thread/bitfields-2.c -Os -g thread simulation test
=== g++ Summary ===
# of expected passes 34803
# of unexpected failures 3
# of expected failures 243
# of unsupported tests 781
/home/dave/gnu/gcc/objdir/gcc/testsuite/g++/../../xg++ version 4.9.0 20130816 (experimental) [trunk revision 201779] (GCC)
=== gnat tests ===
Running target unix
=== gnat Summary ===
# of expected passes 1172
# of expected failures 18
# of unsupported tests 10
/home/dave/gnu/gcc/objdir/gcc/gnatmake version 4.9.0 20130816 (experimental) [trunk revision 201779]
Compiler version: 4.9.0 20130816 (experimental) [trunk revision 201779]
Platform: hppa-unknown-linux-gnu
configure flags: --with-gnu-as --with-gnu-ld --enable-shared --enable-multiarch --with-multiarch-defaults=hppa-linux-gnu --enable-linker-build-id --build=hppa-linux-gnu --host=hppa-linux-gnu --target=hppa-linux-gnu --prefix=/home/dave/opt/gnu/gcc/gcc-4.9 --with-local-prefix=/home/dave/opt/gnu --enable-threads=posix --enable-__cxa_atexit --build=hppa-linux-gnu --enable-clocale=gnu --enable-java-gc=boehm --enable-languages=c,c++,objc,fortran,obj-c++,java,ada,lto