This is the mail archive of the
gcc-testresults@gcc.gnu.org
mailing list for the GCC project.
Results for 4.9.0 20130619 (experimental) [trunk revision 200205] (GCC) testsuite on hppa64-hp-hpux11.11
- From: John David Anglin <dave at hiauly3 dot hia dot nrc dot ca>
- To: dave at hiauly3 dot hia dot nrc dot ca, gcc-testresults at gcc dot gnu dot org
- Date: Fri, 21 Jun 2013 13:19:19 -0400 (EDT)
- Subject: Results for 4.9.0 20130619 (experimental) [trunk revision 200205] (GCC) testsuite on hppa64-hp-hpux11.11
Native configuration is hppa64-hp-hpux11.11
=== g++ tests ===
Running target unix
FAIL: g++.dg/debug/dwarf2/non-virtual-thunk.C -std=gnu++98 scan-assembler thunk.C:30
FAIL: g++.dg/debug/dwarf2/non-virtual-thunk.C -std=gnu++11 scan-assembler thunk.C:30
FAIL: g++.dg/opt/pr56999.C -std=gnu++98 (test for excess errors)
FAIL: g++.dg/opt/pr56999.C -std=gnu++11 (test for excess errors)
WARNING: program timed out.
FAIL: g++.dg/simulate-thread/atomics-1.C -O0 -g thread simulation test
FAIL: g++.dg/torture/vshuf-v2sf.C -O3 -fomit-frame-pointer execution test
FAIL: g++.dg/torture/vshuf-v2sf.C -O3 -g execution test
FAIL: g++.dg/torture/vshuf-v2si.C -O3 -fomit-frame-pointer execution test
FAIL: g++.dg/torture/vshuf-v2si.C -O3 -g execution test
=== g++ Summary ===
# of expected passes 48869
# of unexpected failures 9
# of expected failures 294
# of unsupported tests 1230
/test/gnu/gcc/objdir/gcc/testsuite/g++/../../xg++ version 4.9.0 20130619 (experimental) [trunk revision 200205] (GCC)
=== gcc tests ===
Running target unix
FAIL: c-c++-common/cilk-plus/AN/gather_scatter.c -fcilkplus execution test
FAIL: c-c++-common/cilk-plus/AN/gather_scatter.c -O0 -fcilkplus execution test
FAIL: c-c++-common/cilk-plus/AN/gather_scatter.c -O2 -ftree-vectorize -fcilkplus execution test
FAIL: c-c++-common/cilk-plus/AN/gather_scatter.c -O3 -fcilkplus execution test
FAIL: c-c++-common/cilk-plus/AN/gather_scatter.c -g -fcilkplus execution test
FAIL: c-c++-common/cilk-plus/AN/gather_scatter.c -g -O0 -fcilkplus execution test
FAIL: c-c++-common/cilk-plus/AN/gather_scatter.c -g -O2 -ftree-vectorize -fcilkplus execution test
FAIL: c-c++-common/cilk-plus/AN/gather_scatter.c -g -O3 -fcilkplus execution test
FAIL: c-c++-common/cilk-plus/AN/gather_scatter.c -O3 -ftree-vectorize -fcilkplus -g execution test
FAIL: c-c++-common/cilk-plus/AN/gather_scatter.c -fcilkplus -std=c99 execution test
FAIL: c-c++-common/cilk-plus/AN/gather_scatter.c -fcilkplus -O0 -std=c99 execution test
FAIL: c-c++-common/cilk-plus/AN/gather_scatter.c -fcilkplus -O2 -ftree-vectorize -std=c99 execution test
FAIL: c-c++-common/cilk-plus/AN/gather_scatter.c -fcilkplus -O3 -std=c99 execution test
FAIL: c-c++-common/cilk-plus/AN/gather_scatter.c -fcilkplus -g -std=c99 execution test
FAIL: c-c++-common/cilk-plus/AN/gather_scatter.c -fcilkplus -g -O0 -std=c99 execution test
FAIL: c-c++-common/cilk-plus/AN/gather_scatter.c -fcilkplus -g -O2 -ftree-vectorize -std=c99 execution test
FAIL: c-c++-common/cilk-plus/AN/gather_scatter.c -fcilkplus -g -O3 -std=c99 execution test
FAIL: c-c++-common/cilk-plus/AN/gather_scatter.c -O3 -ftree-vectorize -std=c99 -g -fcilkplus execution test
WARNING: program timed out.
=== gcc Summary ===
# of expected passes 81620
# of unexpected failures 18
# of expected failures 120
# of unsupported tests 1563
/test/gnu/gcc/objdir/gcc/xgcc version 4.9.0 20130619 (experimental) [trunk revision 200205] (GCC)
=== gfortran tests ===
Running target unix
FAIL: gfortran.dg/lto/pr45586-2 f_lto_pr45586-2_0.o-f_lto_pr45586-2_0.o link, -O0 -flto -flto-partition=none (internal compiler error)
UNRESOLVED: gfortran.dg/lto/pr45586-2 f_lto_pr45586-2_0.o-f_lto_pr45586-2_0.o execute -O0 -flto -flto-partition=none
FAIL: gfortran.dg/lto/pr45586-2 f_lto_pr45586-2_0.o-f_lto_pr45586-2_0.o link, -O0 -flto -flto-partition=1to1 (internal compiler error)
UNRESOLVED: gfortran.dg/lto/pr45586-2 f_lto_pr45586-2_0.o-f_lto_pr45586-2_0.o execute -O0 -flto -flto-partition=1to1
FAIL: gfortran.dg/lto/pr45586-2 f_lto_pr45586-2_0.o-f_lto_pr45586-2_0.o link, -O0 -flto (internal compiler error)
UNRESOLVED: gfortran.dg/lto/pr45586-2 f_lto_pr45586-2_0.o-f_lto_pr45586-2_0.o execute -O0 -flto
FAIL: gfortran.dg/lto/pr45586 f_lto_pr45586_0.o-f_lto_pr45586_0.o link, -O0 -flto -flto-partition=none (internal compiler error)
UNRESOLVED: gfortran.dg/lto/pr45586 f_lto_pr45586_0.o-f_lto_pr45586_0.o execute -O0 -flto -flto-partition=none
FAIL: gfortran.dg/lto/pr45586 f_lto_pr45586_0.o-f_lto_pr45586_0.o link, -O0 -flto -flto-partition=1to1 (internal compiler error)
UNRESOLVED: gfortran.dg/lto/pr45586 f_lto_pr45586_0.o-f_lto_pr45586_0.o execute -O0 -flto -flto-partition=1to1
FAIL: gfortran.dg/lto/pr45586 f_lto_pr45586_0.o-f_lto_pr45586_0.o link, -O0 -flto (internal compiler error)
UNRESOLVED: gfortran.dg/lto/pr45586 f_lto_pr45586_0.o-f_lto_pr45586_0.o execute -O0 -flto
=== gfortran Summary ===
# of expected passes 43177
# of unexpected failures 6
# of expected failures 38
# of unresolved testcases 6
# of unsupported tests 398
/test/gnu/gcc/objdir/gcc/testsuite/gfortran/../../gfortran version 4.9.0 20130619 (experimental) [trunk revision 200205] (GCC)
=== obj-c++ tests ===
Running target unix
=== obj-c++ Summary ===
# of expected passes 1441
# of expected failures 10
# of unsupported tests 86
/test/gnu/gcc/objdir/gcc/testsuite/obj-c++/../../xg++ version 4.9.0 20130619 (experimental) [trunk revision 200205] (GCC)
=== objc tests ===
Running target unix
=== objc Summary ===
# of expected passes 2992
# of unsupported tests 75
/test/gnu/gcc/objdir/gcc/xgcc version 4.9.0 20130619 (experimental) [trunk revision 200205] (GCC)
=== libatomic tests ===
Running target unix
=== libatomic Summary ===
# of expected passes 4
# of unsupported tests 25
=== libgomp tests ===
Running target unix
=== libgomp Summary ===
# of expected passes 2983
# of unsupported tests 10
=== libstdc++ tests ===
Running target unix
FAIL: 30_threads/thread/native_handle/cancel.cc (test for excess errors)
UNRESOLVED: 30_threads/thread/native_handle/cancel.cc compilation failed to produce executable
FAIL: 30_threads/thread/native_handle/typesizes.cc (test for excess errors)
UNRESOLVED: 30_threads/thread/native_handle/typesizes.cc compilation failed to produce executable
=== libstdc++ Summary ===
# of expected passes 7771
# of unexpected failures 2
# of expected failures 45
# of unresolved testcases 2
# of unsupported tests 902
Compiler version: 4.9.0 20130619 (experimental) [trunk revision 200205] (GCC)
Platform: hppa64-hp-hpux11.11
configure flags:Test Run By dave on Thu Jun 20 10:16:11 2013