This is the mail archive of the
gcc-testresults@gcc.gnu.org
mailing list for the GCC project.
Results for 4.9.0 20130609 (experimental) testsuite on sparc-unknown-linux-gnu
- From: Mikael Pettersson <mikpe at it dot uu dot se>
- To: gcc-testresults at gcc dot gnu dot org
- Date: Mon, 10 Jun 2013 15:51:25 +0200
- Subject: Results for 4.9.0 20130609 (experimental) testsuite on sparc-unknown-linux-gnu
LAST_UPDATED: Obtained from SVN: trunk revision 199874
=== acats tests ===
FAIL: c52103x
FAIL: c52104x
FAIL: c52104y
=== acats Summary ===
# of expected passes 2317
# of unexpected failures 3
Native configuration is sparc-unknown-linux-gnu
=== g++ tests ===
Running target unix
FAIL: g++.dg/ext/visibility/anon6.C -std=c++98 scan-assembler 1BIiE1cE
FAIL: g++.dg/ext/visibility/anon6.C -std=c++11 scan-assembler 1BIiE1cE
=== g++ Summary ===
# of expected passes 48905
# of unexpected failures 2
# of expected failures 292
# of unsupported tests 1010
/mnt/scratch/objdir49/gcc/testsuite/g++/../../xg++ version 4.9.0 20130609 (experimental) (GCC)
=== gcc tests ===
Running target unix
FAIL: gcc.dg/vect/bb-slp-32.c scan-tree-dump slp "vectorization is not profitable"
=== gcc Summary ===
# of expected passes 72928
# of unexpected failures 1
# of expected failures 223
# of unsupported tests 1354
/mnt/scratch/objdir49/gcc/xgcc version 4.9.0 20130609 (experimental) (GCC)
=== gfortran tests ===
Running target unix
FAIL: gfortran.dg/finalize_10.f90 -O scan-tree-dump-times original "__builtin_memcpy \\\\(\\\\(void .\\\\) y->_data, \\\\(void .\\\\) y->_vptr->_def_init, \\\\(unsigned long\\\\) y->_vptr->_size\\\\);" 1
=== gfortran Summary ===
# of expected passes 43849
# of unexpected failures 1
# of expected failures 40
# of unsupported tests 276
/mnt/scratch/objdir49/gcc/testsuite/gfortran/../../gfortran version 4.9.0 20130609 (experimental) (GCC)
=== gnat tests ===
Running target unix
FAIL: gnat.dg/null_pointer_deref1.adb execution test
FAIL: gnat.dg/null_pointer_deref3.adb execution test
=== gnat Summary ===
# of expected passes 1164
# of unexpected failures 2
# of expected failures 18
# of unsupported tests 11
/mnt/scratch/objdir49/gcc/gnatmake version 4.9.0 20130609 (experimental)
=== libatomic tests ===
Running target unix
=== libatomic Summary ===
# of expected passes 34
# of unsupported tests 10
=== libgomp tests ===
Running target unix
=== libgomp Summary ===
# of expected passes 3001
# of unsupported tests 1
=== libitm tests ===
Running target unix
=== libitm Summary ===
# of expected passes 26
# of expected failures 3
# of unsupported tests 1
=== libstdc++ tests ===
Running target unix
FAIL: libstdc++-abi/abi_check
FAIL: 22_locale/messages/members/char/1.cc execution test
FAIL: 22_locale/messages/members/char/2.cc execution test
FAIL: 22_locale/messages/members/char/wrapped_env.cc execution test
FAIL: 22_locale/messages/members/char/wrapped_locale.cc execution test
FAIL: 22_locale/messages_byname/named_equivalence.cc execution test
=== libstdc++ Summary ===
# of expected passes 9102
# of unexpected failures 6
# of expected failures 45
# of unsupported tests 245
Compiler version: 4.9.0 20130609 (experimental)
Platform: sparc-unknown-linux-gnu
configure flags: --prefix=/mnt/scratch/install49 --with-gmp=/home/mikpe/pkgs/linux-sparc64/gmp-5.1.1 --with-mpfr=/home/mikpe/pkgs/linux-sparc64/mpfr-3.1.2 --with-mpc=/home/mikpe/pkgs/linux-sparc64/mpc-1.0.1 --enable-multilib --disable-plugin --disable-lto --disable-nls --enable-threads=posix --enable-checking=release --disable-libmudflap --enable-languages=c,c++,fortran,ada --build=sparc-unknown-linux --target=sparc-unknown-linux --with-cpu=ultrasparc --enable-targets=all
BOOT_CFLAGS=-g -O2