This is the mail archive of the
gcc-testresults@gcc.gnu.org
mailing list for the GCC project.
Results for 4.7.3 20130327 (prerelease) [gcc-4_7-branch revision 197180] (GCC) gcc testsuite on m32c-unknown-elf
- From: Mike Stein <mstein dot lists at googlemail dot com>
- To: gcc-testresults at gcc dot gnu dot org
- Date: Thu, 28 Mar 2013 23:56:02 +0100
- Subject: Results for 4.7.3 20130327 (prerelease) [gcc-4_7-branch revision 197180] (GCC) gcc testsuite on m32c-unknown-elf
- Reply-to: gcc at gcc dot gnu dot org
Debian 5 on x86_64
cross tool versions:
GNU assembler (GNU Binutils) 2.18.50.20080419
GNU gdb 6.8.50.20080419-cvs
GNU ld (GNU Binutils) 2.18.50.20080419
GNU Make 3.81
expect version 5.43.0
host gcc version: gcc (GCC) 4.9.0 20130324 (experimental) [trunk revision 197024]
LAST_UPDATED: Wed Mar 27 23:49:11 UTC 2013 (revision 197180)
Target is m32c-unknown-elf
Host is x86_64-unknown-linux-gnu
=== gcc tests ===
Running target m32c-sim
FAIL: gcc.c-torture/compile/limits-externdecl.c -O0 (test for excess errors)
FAIL: gcc.c-torture/compile/limits-externdecl.c -O1 (test for excess errors)
FAIL: gcc.c-torture/compile/limits-externdecl.c -O2 (test for excess errors)
FAIL: gcc.c-torture/compile/limits-externdecl.c -O3 -fomit-frame-pointer (test for excess errors)
FAIL: gcc.c-torture/compile/limits-externdecl.c -O3 -g (test for excess errors)
FAIL: gcc.c-torture/compile/limits-externdecl.c -Os (test for excess errors)
FAIL: gcc.c-torture/compile/limits-externdecl.c -O2 -flto -flto-partition=none (test for excess errors)
FAIL: gcc.c-torture/compile/limits-externdecl.c -O2 -flto (test for excess errors)
FAIL: gcc.c-torture/compile/pr35318.c -O0 (test for excess errors)
FAIL: gcc.c-torture/compile/pr35318.c -O1 (test for excess errors)
FAIL: gcc.c-torture/compile/pr35318.c -O2 (test for excess errors)
FAIL: gcc.c-torture/compile/pr35318.c -O3 -fomit-frame-pointer (test for excess errors)
FAIL: gcc.c-torture/compile/pr35318.c -O3 -g (test for excess errors)
FAIL: gcc.c-torture/compile/pr35318.c -Os (test for excess errors)
FAIL: gcc.c-torture/compile/pr35318.c -O2 -flto -flto-partition=none (test for excess errors)
FAIL: gcc.c-torture/compile/pr35318.c -O2 -flto (test for excess errors)
WARNING: program timed out.
FAIL: gcc.c-torture/compile/pr37669-2.c -O3 -g (test for excess errors)
FAIL: gcc.c-torture/compile/pr41181.c -O0 (test for excess errors)
FAIL: gcc.c-torture/compile/pr41181.c -O1 (test for excess errors)
FAIL: gcc.c-torture/compile/pr41181.c -O2 (test for excess errors)
FAIL: gcc.c-torture/compile/pr41181.c -O3 -fomit-frame-pointer (test for excess errors)
FAIL: gcc.c-torture/compile/pr41181.c -O3 -g (test for excess errors)
FAIL: gcc.c-torture/compile/pr41181.c -Os (test for excess errors)
FAIL: gcc.c-torture/compile/pr41181.c -O2 -flto -flto-partition=none (test for excess errors)
FAIL: gcc.c-torture/compile/pr41181.c -O2 -flto (test for excess errors)
WARNING: program timed out.
FAIL: gcc.c-torture/execute/builtins/memset-chk.c compilation, -O3 -g
UNRESOLVED: gcc.c-torture/execute/builtins/memset-chk.c execution, -O3 -g
FAIL: gcc.c-torture/execute/20101011-1.c execution, -O0
FAIL: gcc.c-torture/execute/20101011-1.c execution, -O1
FAIL: gcc.c-torture/execute/20101011-1.c execution, -O2
FAIL: gcc.c-torture/execute/20101011-1.c execution, -O3 -fomit-frame-pointer
FAIL: gcc.c-torture/execute/20101011-1.c execution, -O3 -g
FAIL: gcc.c-torture/execute/20101011-1.c execution, -Os
FAIL: gcc.c-torture/execute/20101011-1.c execution, -O2 -flto -flto-partition=none
FAIL: gcc.c-torture/execute/20101011-1.c execution, -O2 -flto
WARNING: program timed out.
FAIL: gcc.c-torture/execute/960326-1.c compilation, -O2 -flto -flto-partition=none
UNRESOLVED: gcc.c-torture/execute/960326-1.c execution, -O2 -flto -flto-partition=none
FAIL: gcc.c-torture/execute/builtin-bitops-1.c compilation, -O0
UNRESOLVED: gcc.c-torture/execute/builtin-bitops-1.c execution, -O0
FAIL: gcc.c-torture/execute/builtin-bitops-1.c compilation, -O1
UNRESOLVED: gcc.c-torture/execute/builtin-bitops-1.c execution, -O1
FAIL: gcc.c-torture/execute/builtin-bitops-1.c compilation, -O2
UNRESOLVED: gcc.c-torture/execute/builtin-bitops-1.c execution, -O2
FAIL: gcc.c-torture/execute/builtin-bitops-1.c compilation, -O3 -fomit-frame-pointer
UNRESOLVED: gcc.c-torture/execute/builtin-bitops-1.c execution, -O3 -fomit-frame-pointer
FAIL: gcc.c-torture/execute/builtin-bitops-1.c compilation, -O3 -fomit-frame-pointer -funroll-loops
UNRESOLVED: gcc.c-torture/execute/builtin-bitops-1.c execution, -O3 -fomit-frame-pointer -funroll-loops
FAIL: gcc.c-torture/execute/builtin-bitops-1.c compilation, -O3 -fomit-frame-pointer -funroll-all-loops -finline-functions
UNRESOLVED: gcc.c-torture/execute/builtin-bitops-1.c execution, -O3 -fomit-frame-pointer -funroll-all-loops -finline-functions
FAIL: gcc.c-torture/execute/builtin-bitops-1.c compilation, -O3 -g
UNRESOLVED: gcc.c-torture/execute/builtin-bitops-1.c execution, -O3 -g
FAIL: gcc.c-torture/execute/builtin-bitops-1.c compilation, -Os
UNRESOLVED: gcc.c-torture/execute/builtin-bitops-1.c execution, -Os
FAIL: gcc.c-torture/execute/builtin-bitops-1.c compilation, -O2 -flto -flto-partition=none
UNRESOLVED: gcc.c-torture/execute/builtin-bitops-1.c execution, -O2 -flto -flto-partition=none
FAIL: gcc.c-torture/execute/builtin-bitops-1.c compilation, -O2 -flto
UNRESOLVED: gcc.c-torture/execute/builtin-bitops-1.c execution, -O2 -flto
WARNING: program timed out.
FAIL: gcc.c-torture/execute/pr43220.c execution, -O0
FAIL: gcc.c-torture/execute/pr52979-1.c compilation, -O0
UNRESOLVED: gcc.c-torture/execute/pr52979-1.c execution, -O0
FAIL: gcc.c-torture/execute/pr52979-1.c compilation, -O1
UNRESOLVED: gcc.c-torture/execute/pr52979-1.c execution, -O1
FAIL: gcc.c-torture/execute/pr52979-1.c compilation, -O2
UNRESOLVED: gcc.c-torture/execute/pr52979-1.c execution, -O2
FAIL: gcc.c-torture/execute/pr52979-1.c compilation, -O3 -fomit-frame-pointer
UNRESOLVED: gcc.c-torture/execute/pr52979-1.c execution, -O3 -fomit-frame-pointer
FAIL: gcc.c-torture/execute/pr52979-1.c compilation, -O3 -g
UNRESOLVED: gcc.c-torture/execute/pr52979-1.c execution, -O3 -g
FAIL: gcc.c-torture/execute/pr52979-1.c compilation, -Os
UNRESOLVED: gcc.c-torture/execute/pr52979-1.c execution, -Os
FAIL: gcc.c-torture/execute/pr52979-1.c compilation, -O2 -flto -flto-partition=none
UNRESOLVED: gcc.c-torture/execute/pr52979-1.c execution, -O2 -flto -flto-partition=none
FAIL: gcc.c-torture/execute/pr52979-1.c compilation, -O2 -flto
UNRESOLVED: gcc.c-torture/execute/pr52979-1.c execution, -O2 -flto
FAIL: gcc.c-torture/execute/pr52979-2.c compilation, -O0
UNRESOLVED: gcc.c-torture/execute/pr52979-2.c execution, -O0
FAIL: gcc.c-torture/execute/pr52979-2.c compilation, -O1
UNRESOLVED: gcc.c-torture/execute/pr52979-2.c execution, -O1
FAIL: gcc.c-torture/execute/pr52979-2.c compilation, -O2
UNRESOLVED: gcc.c-torture/execute/pr52979-2.c execution, -O2
FAIL: gcc.c-torture/execute/pr52979-2.c compilation, -O3 -fomit-frame-pointer
UNRESOLVED: gcc.c-torture/execute/pr52979-2.c execution, -O3 -fomit-frame-pointer
FAIL: gcc.c-torture/execute/pr52979-2.c compilation, -O3 -g
UNRESOLVED: gcc.c-torture/execute/pr52979-2.c execution, -O3 -g
FAIL: gcc.c-torture/execute/pr52979-2.c compilation, -Os
UNRESOLVED: gcc.c-torture/execute/pr52979-2.c execution, -Os
FAIL: gcc.c-torture/execute/pr52979-2.c compilation, -O2 -flto -flto-partition=none
UNRESOLVED: gcc.c-torture/execute/pr52979-2.c execution, -O2 -flto -flto-partition=none
FAIL: gcc.c-torture/execute/pr52979-2.c compilation, -O2 -flto
UNRESOLVED: gcc.c-torture/execute/pr52979-2.c execution, -O2 -flto
FAIL: gcc.dg/54455.c (test for excess errors)
FAIL: gcc.dg/Wtrampolines.c (test for warnings, line 31)
FAIL: gcc.dg/c1x-align-3.c (test for errors, line 15)
FAIL: gcc.dg/c1x-align-4.c (test for errors, line 8)
FAIL: gcc.dg/c99-stdint-1.c ptrdiff is 16bits (test for bogus messages, line 218)
FAIL: gcc.dg/c99-stdint-1.c (test for excess errors)
FAIL: gcc.dg/c99-stdint-2.c (test for excess errors)
FAIL: gcc.dg/c99-stdint-7.c (test for excess errors)
FAIL: gcc.dg/cdce1.c (test for excess errors)
FAIL: gcc.dg/cleanup-12.c execution test
FAIL: gcc.dg/cleanup-13.c execution test
FAIL: gcc.dg/cleanup-5.c execution test
FAIL: gcc.dg/initpri1.c execution test
FAIL: gcc.dg/initpri3.c execution test
FAIL: gcc.dg/large-size-array-2.c (internal compiler error)
FAIL: gcc.dg/large-size-array-2.c (test for errors, line 6)
FAIL: gcc.dg/large-size-array-2.c (test for excess errors)
FAIL: gcc.dg/large-size-array-4.c (internal compiler error)
FAIL: gcc.dg/large-size-array-4.c (test for errors, line 6)
FAIL: gcc.dg/large-size-array-4.c (test for excess errors)
FAIL: gcc.dg/pr34225.c (test for excess errors)
FAIL: gcc.dg/pr40971.c (test for excess errors)
FAIL: gcc.dg/pr43419.c execution test
FAIL: gcc.dg/pr46309.c scan-tree-dump-times reassoc1 "Optimizing range tests a_[0-9]*.D. -.1, 1. and -.2, 2. and -.3, 3. and -.4, 4.[\\n\\r]* into" 2
FAIL: gcc.dg/pr46309.c scan-tree-dump-times reassoc1 "Optimizing range tests a_[0-9]*.D. -.1, 1. and -.3, 3.[\\n\\r]* into" 1
FAIL: gcc.dg/pr46309.c scan-tree-dump-times reassoc1 "Optimizing range tests a_[0-9]*.D. -.1, 1. and -.2, 2.[\\n\\r]* into" 1
FAIL: gcc.dg/pr46309.c scan-tree-dump-times reassoc1 "Optimizing range tests a_[0-9]*.D. -.0, 31. and -.64, 95.[\\n\\r]* into" 2
FAIL: gcc.dg/pr46309.c scan-tree-dump-times reassoc1 "Optimizing range tests a_[0-9]*.D. -.128, 159. and -.192, 223.[\\n\\r]* into" 1
FAIL: gcc.dg/pr46309.c scan-tree-dump-times reassoc2 "Optimizing range tests D.[0-9]*_[0-9]* -.0, 31. and -.128, 159.[\\n\\r]* into" 1
FAIL: gcc.dg/pr46647.c scan-tree-dump-not optimized "memset"
FAIL: gcc.dg/pr48770.c execution test
FAIL: gcc.dg/pr55940.c execution test
FAIL: gcc.dg/scal-to-vec1.c (test for errors, line 29)
FAIL: gcc.dg/scal-to-vec1.c (test for errors, line 35)
FAIL: gcc.dg/sibcall-3.c execution test
FAIL: gcc.dg/sibcall-4.c execution test
FAIL: gcc.dg/stack-usage-1.c (test for excess errors)
FAIL: gcc.dg/stack-usage-1.c scan-file foo\\t(256|264)\\tstatic
FAIL: gcc.dg/stack-usage-2.c (test for bogus messages, line 9)
FAIL: gcc.dg/stack-usage-2.c (test for warnings, line 16)
FAIL: gcc.dg/stack-usage-2.c (test for warnings, line 26)
FAIL: gcc.dg/stack-usage-2.c (test for warnings, line 33)
FAIL: gcc.dg/strlenopt-10.c scan-tree-dump-times strlen "memcpy \\\\(" 8
FAIL: gcc.dg/strlenopt-11.c scan-tree-dump-times strlen "memcpy \\\\(" 7
FAIL: gcc.dg/strlenopt-11.c scan-tree-dump-times strlen " D.[0-9_]* = strlen \\\\([^\\n\\r]*;[\\n\\r]* l.0. = " 1
FAIL: gcc.dg/strlenopt-11.c scan-tree-dump-times strlen " D.[0-9_]* = strlen \\\\([^\\n\\r]*;[\\n\\r]* l.6. = " 1
FAIL: gcc.dg/strlenopt-11.c scan-tree-dump-times strlen " D.[0-9_]* = strlen \\\\([^\\n\\r]*;[\\n\\r]* l.9. = " 1
FAIL: gcc.dg/strlenopt-13.c scan-tree-dump-times strlen "memcpy \\\\(" 7
FAIL: gcc.dg/strlenopt-13.c scan-tree-dump-times strlen " D.[0-9_]* = strlen \\\\([^\\n\\r]*;[\\n\\r]* l.0. = " 1
FAIL: gcc.dg/strlenopt-13.c scan-tree-dump-times strlen " D.[0-9_]* = strlen \\\\([^\\n\\r]*;[\\n\\r]* l.1. = " 1
FAIL: gcc.dg/strlenopt-13.c scan-tree-dump-times strlen " D.[0-9_]* = strlen \\\\([^\\n\\r]*;[\\n\\r]* l.5. = " 1
FAIL: gcc.dg/strlenopt-13.c scan-tree-dump-times strlen " D.[0-9_]* = strlen \\\\([^\\n\\r]*;[\\n\\r]* l.6. = " 1
FAIL: gcc.dg/utf-array-short-wchar.c (test for warnings, line 35)
FAIL: gcc.dg/utf-array-short-wchar.c (test for warnings, line 36)
FAIL: gcc.dg/utf-array-short-wchar.c (test for warnings, line 37)
FAIL: gcc.dg/utf-array.c (test for warnings, line 35)
FAIL: gcc.dg/utf-array.c (test for warnings, line 36)
FAIL: gcc.dg/utf-array.c (test for warnings, line 37)
FAIL: gcc.dg/utf-cvt.c (test for excess errors)
FAIL: c-c++-common/pr41779.c -Wc++-compat (test for warnings, line 30)
FAIL: c-c++-common/pr41779.c -Wc++-compat (test for warnings, line 55)
FAIL: gcc.dg/lto/20091013-1 c_lto_20091013-1_1.o assemble, -fPIC -r -nostdlib -flto
FAIL: gcc.dg/lto/20091013-1 c_lto_20091013-1_2.o assemble, -fPIC -r -nostdlib -flto
FAIL: gcc.dg/lto/20091013-1 c_lto_20091013-1_1.o assemble, -fPIC -r -nostdlib -O2 -flto
FAIL: gcc.dg/lto/20091013-1 c_lto_20091013-1_2.o assemble, -fPIC -r -nostdlib -O2 -flto
FAIL: c-c++-common/simulate-thread/bitfields-2.c -O0 -g (test for excess errors)
FAIL: c-c++-common/simulate-thread/bitfields-2.c -O2 -g (test for excess errors)
FAIL: c-c++-common/simulate-thread/bitfields-2.c -O3 -g (test for excess errors)
FAIL: gcc.dg/special/gcsec-1.c (test for excess errors)
FAIL: gcc.dg/torture/pr47917.c -O0 (test for excess errors)
FAIL: gcc.dg/torture/pr47917.c -O1 (test for excess errors)
FAIL: gcc.dg/torture/pr47917.c -O2 (test for excess errors)
FAIL: gcc.dg/torture/pr47917.c -O3 -fomit-frame-pointer (test for excess errors)
FAIL: gcc.dg/torture/pr47917.c -O3 -g (test for excess errors)
FAIL: gcc.dg/torture/pr47917.c -Os (test for excess errors)
FAIL: gcc.dg/torture/pr47917.c -O2 -flto -flto-partition=none (test for excess errors)
FAIL: gcc.dg/torture/pr47917.c -O2 -flto (test for excess errors)
FAIL: gcc.dg/torture/pr49997.c -O3 -fomit-frame-pointer (test for excess errors)
FAIL: gcc.dg/torture/pr49997.c -O3 -fomit-frame-pointer -funroll-loops (test for excess errors)
FAIL: gcc.dg/torture/pr49997.c -O3 -fomit-frame-pointer -funroll-all-loops -finline-functions (test for excess errors)
FAIL: gcc.dg/torture/pr51071-2.c -O0 (test for excess errors)
FAIL: gcc.dg/torture/pr51071-2.c -O1 (test for excess errors)
FAIL: gcc.dg/torture/pr51071-2.c -O2 (test for excess errors)
FAIL: gcc.dg/torture/pr51071-2.c -O3 -fomit-frame-pointer (test for excess errors)
FAIL: gcc.dg/torture/pr51071-2.c -O3 -g (test for excess errors)
FAIL: gcc.dg/torture/pr51071-2.c -Os (test for excess errors)
FAIL: gcc.dg/torture/pr51071-2.c -O2 -flto -flto-partition=none (test for excess errors)
FAIL: gcc.dg/torture/pr51071-2.c -O2 -flto (test for excess errors)
FAIL: gcc.dg/torture/pr53366-1.c -O0 (test for excess errors)
UNRESOLVED: gcc.dg/torture/pr53366-1.c -O0 compilation failed to produce executable
FAIL: gcc.dg/torture/pr53366-1.c -O1 (test for excess errors)
UNRESOLVED: gcc.dg/torture/pr53366-1.c -O1 compilation failed to produce executable
FAIL: gcc.dg/torture/pr53366-1.c -O2 (test for excess errors)
UNRESOLVED: gcc.dg/torture/pr53366-1.c -O2 compilation failed to produce executable
FAIL: gcc.dg/torture/pr53366-1.c -O3 -fomit-frame-pointer (test for excess errors)
UNRESOLVED: gcc.dg/torture/pr53366-1.c -O3 -fomit-frame-pointer compilation failed to produce executable
FAIL: gcc.dg/torture/pr53366-1.c -O3 -fomit-frame-pointer -funroll-loops (test for excess errors)
UNRESOLVED: gcc.dg/torture/pr53366-1.c -O3 -fomit-frame-pointer -funroll-loops compilation failed to produce executable
FAIL: gcc.dg/torture/pr53366-1.c -O3 -fomit-frame-pointer -funroll-all-loops -finline-functions (test for excess errors)
UNRESOLVED: gcc.dg/torture/pr53366-1.c -O3 -fomit-frame-pointer -funroll-all-loops -finline-functions compilation failed to produce executable
FAIL: gcc.dg/torture/pr53366-1.c -O3 -g (test for excess errors)
UNRESOLVED: gcc.dg/torture/pr53366-1.c -O3 -g compilation failed to produce executable
FAIL: gcc.dg/torture/pr53366-1.c -Os (test for excess errors)
UNRESOLVED: gcc.dg/torture/pr53366-1.c -Os compilation failed to produce executable
FAIL: gcc.dg/torture/pr53366-1.c -O2 -flto -flto-partition=none (test for excess errors)
UNRESOLVED: gcc.dg/torture/pr53366-1.c -O2 -flto -flto-partition=none compilation failed to produce executable
FAIL: gcc.dg/torture/pr53366-1.c -O2 -flto (test for excess errors)
UNRESOLVED: gcc.dg/torture/pr53366-1.c -O2 -flto compilation failed to produce executable
FAIL: gcc.dg/torture/pr54894.c -O0 (test for excess errors)
FAIL: gcc.dg/torture/pr54894.c -O1 (test for excess errors)
FAIL: gcc.dg/torture/pr54894.c -O2 (test for excess errors)
FAIL: gcc.dg/torture/pr54894.c -O3 -fomit-frame-pointer (test for excess errors)
FAIL: gcc.dg/torture/pr54894.c -O3 -fomit-frame-pointer -funroll-loops (test for excess errors)
FAIL: gcc.dg/torture/pr54894.c -O3 -fomit-frame-pointer -funroll-all-loops -finline-functions (test for excess errors)
FAIL: gcc.dg/torture/pr54894.c -O3 -g (test for excess errors)
FAIL: gcc.dg/torture/pr54894.c -Os (test for excess errors)
FAIL: gcc.dg/torture/pr54894.c -O2 -flto -flto-partition=none (test for excess errors)
FAIL: gcc.dg/torture/pr54894.c -O2 -flto (test for excess errors)
WARNING: program timed out.
FAIL: gcc.dg/torture/pr56488.c -O3 -fomit-frame-pointer execution test
WARNING: program timed out.
FAIL: gcc.dg/torture/pr56488.c -O3 -fomit-frame-pointer -funroll-loops execution test
WARNING: program timed out.
FAIL: gcc.dg/torture/pr56488.c -O3 -fomit-frame-pointer -funroll-all-loops -finline-functions execution test
WARNING: program timed out.
FAIL: gcc.dg/torture/pr56488.c -O3 -g execution test
WARNING: program timed out.
FAIL: gcc.dg/torture/pr56488.c -O2 -flto -flto-partition=none execution test
WARNING: program timed out.
FAIL: gcc.dg/torture/pr56488.c -O2 -flto execution test
WARNING: program timed out.
FAIL: gcc.dg/torture/vec-cvt-1.c -O0 execution test
WARNING: program timed out.
FAIL: gcc.dg/torture/vec-cvt-1.c -O1 execution test
WARNING: program timed out.
FAIL: gcc.dg/torture/vec-cvt-1.c -O2 execution test
WARNING: program timed out.
FAIL: gcc.dg/torture/vec-cvt-1.c -O3 -fomit-frame-pointer execution test
WARNING: program timed out.
FAIL: gcc.dg/torture/vec-cvt-1.c -O3 -fomit-frame-pointer -funroll-loops execution test
WARNING: program timed out.
FAIL: gcc.dg/torture/vec-cvt-1.c -O3 -fomit-frame-pointer -funroll-all-loops -finline-functions execution test
WARNING: program timed out.
FAIL: gcc.dg/torture/vec-cvt-1.c -O3 -g execution test
WARNING: program timed out.
FAIL: gcc.dg/torture/vec-cvt-1.c -Os execution test
WARNING: program timed out.
FAIL: gcc.dg/torture/vec-cvt-1.c -O2 -flto -flto-partition=none execution test
WARNING: program timed out.
FAIL: gcc.dg/torture/vec-cvt-1.c -O2 -flto execution test
XPASS: gcc.dg/tree-ssa/20040204-1.c scan-tree-dump-times optimized "link_error" 0
FAIL: gcc.dg/tree-ssa/gen-vect-11.c scan-tree-dump-times vect "vectorized 1 loops" 1
FAIL: gcc.dg/tree-ssa/gen-vect-25.c scan-tree-dump-times vect "vectorized 2 loops" 1
FAIL: gcc.dg/tree-ssa/loop-35.c scan-tree-dump-times lim1 "Executing store motion of" 8
FAIL: gcc.dg/tree-ssa/pr23455.c scan-tree-dump-times pre "Eliminated: 3" 1
FAIL: gcc.dg/tree-ssa/pr42585.c scan-tree-dump-times optimized "struct _fat_ptr _ans" 0
FAIL: gcc.dg/tree-ssa/pr42585.c scan-tree-dump-times optimized "struct _fat_ptr _T2" 0
FAIL: gcc.dg/tree-ssa/sra-12.c scan-tree-dump-times release_ssa "l;" 0
FAIL: gcc.dg/tree-ssa/sra-13.c execution test
FAIL: gcc.dg/tree-ssa/ssa-ccp-23.c scan-tree-dump ccp1 "MEM\\\\[\\\\(int \\\\*\\\\)&a \\\\+ 4B\\\\]"
FAIL: gcc.dg/tree-ssa/ssa-dom-thread-4.c scan-tree-dump-times dom1 "Threaded" 3
FAIL: gcc.dg/tree-ssa/vrp47.c scan-tree-dump-times vrp1 "[xy][^ ]* !=" 0
FAIL: gcc.dg/tree-ssa/vrp47.c scan-tree-dump-times dom2 "x[^ ]* & y" 1
FAIL: gcc.dg/tree-ssa/vrp47.c scan-tree-dump-times vrp1 "x[^ ]* [|] y" 1
FAIL: gcc.dg/tree-ssa/vrp58.c scan-tree-dump vrp1 "Folded into"
=== gcc Summary ===
# of expected passes 70630
# of unexpected failures 200
# of unexpected successes 1
# of expected failures 108
# of unresolved testcases 38
# of unsupported tests 1744
/home/mstein/sim/gcc-4_7-branch/m32c-elf/build/gcc/xgcc version 4.7.3 20130327 (prerelease) [gcc-4_7-branch revision 197180] (GCC)
Compiler version: 4.7.3 20130327 (prerelease) [gcc-4_7-branch revision 197180] (GCC) gcc
Platform: m32c-unknown-elf
configure flags: --target=m32c-elf --prefix=/home/mstein/cross-local/m32c-elf --enable-languages=c --disable-nls --disable-build-warnings --with-sysroot=/home/mstein/cross-local/m32c-elf --with-build-sysroot=/home/mstein/cross-local/m32c-elf --with-ld=/home/mstein/cross-local/m32c-elf/bin/m32c-elf-ld --with-as=/home/mstein/cross-local/m32c-elf/bin/m32c-elf-as --disable-libssp --with-mpfr=/opt/cfarm/mpfr-2.4.1 --with-gmp=/opt/cfarm/gmp-4.2.4 --with-libelf=/opt/cfarm/libelf-0.8.12 --with-mpc=/opt/cfarm/mpc-0.8