This is the mail archive of the
gcc-testresults@gcc.gnu.org
mailing list for the GCC project.
Results for 4.8.0 (Debian 4.8.0-1) testsuite on s390-ibm-linux-gnu
- From: Matthias Klose <doko at debian dot org>
- To: gcc-testresults at gcc dot gnu dot org
- Cc: debian-gcc at lists dot debian dot org
- Date: Mon, 25 Mar 2013 17:55:06 +0000
- Subject: Results for 4.8.0 (Debian 4.8.0-1) testsuite on s390-ibm-linux-gnu
- Reply-to: Matthias Klose <doko at debian dot org>
LAST_UPDATED: Obtained from SVN: tags/gcc_4_8_0_release revision 196953
Target: s390-linux-gnu
gcc version 4.8.0 (Debian 4.8.0-1)
Native configuration is s390-ibm-linux-gnu
=== g++ tests ===
Running target unix
FAIL: g++.dg/ext/attr-ifunc-1.C -std=gnu++98 execution test
FAIL: g++.dg/ext/attr-ifunc-1.C -std=gnu++11 execution test
FAIL: g++.dg/ext/attr-ifunc-2.C -std=gnu++98 execution test
FAIL: g++.dg/ext/attr-ifunc-2.C -std=gnu++11 execution test
FAIL: g++.dg/ext/attr-ifunc-3.C -std=gnu++98 execution test
FAIL: g++.dg/ext/attr-ifunc-3.C -std=gnu++11 execution test
FAIL: g++.dg/ext/attr-ifunc-4.C -std=gnu++98 execution test
FAIL: g++.dg/ext/attr-ifunc-4.C -std=gnu++11 execution test
FAIL: g++.dg/plugin/attribute_plugin.c compilation
FAIL: g++.dg/plugin/pragma_plugin.c compilation
FAIL: g++.dg/plugin/selfassign.c compilation
FAIL: g++.dg/plugin/dumb_plugin.c compilation
FAIL: g++.dg/plugin/header_plugin.c compilation
FAIL: g++.dg/plugin/decl_plugin.c compilation
=== g++ Summary for unix ===
# of expected passes 50378
# of unexpected failures 14
# of expected failures 290
# of unsupported tests 868
Running target unix/-fstack-protector
FAIL: g++.dg/ext/attr-ifunc-1.C -std=gnu++98 execution test
FAIL: g++.dg/ext/attr-ifunc-1.C -std=gnu++11 execution test
FAIL: g++.dg/ext/attr-ifunc-2.C -std=gnu++98 execution test
FAIL: g++.dg/ext/attr-ifunc-2.C -std=gnu++11 execution test
FAIL: g++.dg/ext/attr-ifunc-3.C -std=gnu++98 execution test
FAIL: g++.dg/ext/attr-ifunc-3.C -std=gnu++11 execution test
FAIL: g++.dg/ext/attr-ifunc-4.C -std=gnu++98 execution test
FAIL: g++.dg/ext/attr-ifunc-4.C -std=gnu++11 execution test
FAIL: g++.dg/plugin/attribute_plugin.c compilation
FAIL: g++.dg/plugin/pragma_plugin.c compilation
FAIL: g++.dg/plugin/selfassign.c compilation
FAIL: g++.dg/plugin/dumb_plugin.c compilation
FAIL: g++.dg/plugin/header_plugin.c compilation
FAIL: g++.dg/plugin/decl_plugin.c compilation
=== g++ Summary for unix/-fstack-protector ===
# of expected passes 50378
# of unexpected failures 14
# of expected failures 290
# of unsupported tests 868
Running target unix/-m64
FAIL: g++.dg/ext/attr-ifunc-1.C -std=gnu++98 execution test
FAIL: g++.dg/ext/attr-ifunc-1.C -std=gnu++11 execution test
FAIL: g++.dg/ext/attr-ifunc-2.C -std=gnu++98 execution test
FAIL: g++.dg/ext/attr-ifunc-2.C -std=gnu++11 execution test
FAIL: g++.dg/ext/attr-ifunc-3.C -std=gnu++98 execution test
FAIL: g++.dg/ext/attr-ifunc-3.C -std=gnu++11 execution test
FAIL: g++.dg/ext/attr-ifunc-4.C -std=gnu++98 execution test
FAIL: g++.dg/ext/attr-ifunc-4.C -std=gnu++11 execution test
FAIL: g++.dg/init/const9.C -std=c++98 scan-assembler-not rodata
FAIL: g++.dg/init/const9.C -std=c++11 scan-assembler-not rodata
FAIL: g++.dg/plugin/attribute_plugin.c compilation
FAIL: g++.dg/plugin/pragma_plugin.c compilation
FAIL: g++.dg/plugin/selfassign.c compilation
FAIL: g++.dg/plugin/dumb_plugin.c compilation
FAIL: g++.dg/plugin/header_plugin.c compilation
FAIL: g++.dg/plugin/decl_plugin.c compilation
=== g++ Summary for unix/-m64 ===
# of expected passes 51616
# of unexpected failures 16
# of expected failures 290
# of unsupported tests 858
=== g++ Summary ===
# of expected passes 152372
# of unexpected failures 44
# of expected failures 870
# of unsupported tests 2594
/build/buildd-gcc-4.8_4.8.0-1-s390-Gh4MXn/gcc-4.8-4.8.0/build/gcc/testsuite/g++/../../xg++ version 4.8.0 (Debian 4.8.0-1)
=== gcc tests ===
Running target unix
FAIL: gcc.dg/attr-ifunc-1.c execution test
FAIL: gcc.dg/attr-ifunc-3.c execution test
FAIL: gcc.dg/attr-ifunc-4.c execution test
FAIL: gcc.dg/attr-ifunc-5.c execution test
FAIL: gcc.dg/c99-stdint-1.c (test for excess errors)
FAIL: gcc.dg/hoist-register-pressure-1.c scan-rtl-dump hoist "PRE/HOIST: end of bb .* copying expression"
FAIL: gcc.dg/hoist-register-pressure-2.c scan-rtl-dump hoist "PRE/HOIST: end of bb .* copying expression"
FAIL: gcc.dg/hoist-register-pressure-3.c scan-rtl-dump hoist "PRE/HOIST: end of bb .* copying expression"
FAIL: gcc.dg/uninit-13.c unconditional (test for warnings, line 8)
FAIL: gcc.dg/uninit-13.c (test for excess errors)
FAIL: gcc.dg/plugin/selfassign.c compilation
FAIL: gcc.dg/plugin/ggcplug.c compilation
FAIL: gcc.dg/plugin/one_time_plugin.c compilation
FAIL: gcc.dg/plugin/start_unit_plugin.c compilation
FAIL: gcc.dg/plugin/finish_unit_plugin.c compilation
FAIL: gcc.dg/torture/tls/run-gd.c -O0 (test for excess errors)
FAIL: gcc.dg/torture/tls/run-gd.c -O0 execution test
FAIL: gcc.dg/torture/tls/run-gd.c -O1 (test for excess errors)
FAIL: gcc.dg/torture/tls/run-gd.c -O2 (test for excess errors)
FAIL: gcc.dg/torture/tls/run-gd.c -O3 -fomit-frame-pointer (test for excess errors)
FAIL: gcc.dg/torture/tls/run-gd.c -O3 -g (test for excess errors)
FAIL: gcc.dg/torture/tls/run-gd.c -Os (test for excess errors)
FAIL: gcc.dg/torture/tls/run-gd.c -O2 -flto -fno-use-linker-plugin -flto-partition=none (test for excess errors)
FAIL: gcc.dg/torture/tls/run-ld.c -O0 (test for excess errors)
FAIL: gcc.dg/torture/tls/run-ld.c -O0 execution test
FAIL: gcc.dg/torture/tls/run-ld.c -O1 (test for excess errors)
FAIL: gcc.dg/torture/tls/run-ld.c -O1 execution test
FAIL: gcc.dg/torture/tls/run-ld.c -O2 (test for excess errors)
FAIL: gcc.dg/torture/tls/run-ld.c -O2 execution test
FAIL: gcc.dg/torture/tls/run-ld.c -O3 -fomit-frame-pointer (test for excess errors)
FAIL: gcc.dg/torture/tls/run-ld.c -O3 -fomit-frame-pointer execution test
FAIL: gcc.dg/torture/tls/run-ld.c -O3 -g (test for excess errors)
FAIL: gcc.dg/torture/tls/run-ld.c -O3 -g execution test
FAIL: gcc.dg/torture/tls/run-ld.c -Os (test for excess errors)
FAIL: gcc.dg/torture/tls/run-ld.c -Os execution test
FAIL: gcc.dg/torture/tls/run-ld.c -O2 -flto -fno-use-linker-plugin -flto-partition=none (test for excess errors)
FAIL: gcc.dg/torture/tls/run-ld.c -O2 -flto -fno-use-linker-plugin -flto-partition=none execution test
XPASS: gcc.dg/tree-ssa/20040204-1.c scan-tree-dump-times optimized "link_error" 0
=== gcc Summary for unix ===
# of expected passes 80881
# of unexpected failures 37
# of unexpected successes 1
# of expected failures 116
# of unsupported tests 1208
Running target unix/-fstack-protector
FAIL: gcc.dg/attr-ifunc-1.c execution test
FAIL: gcc.dg/attr-ifunc-3.c execution test
FAIL: gcc.dg/attr-ifunc-4.c execution test
FAIL: gcc.dg/attr-ifunc-5.c execution test
FAIL: gcc.dg/c99-stdint-1.c (test for excess errors)
FAIL: gcc.dg/hoist-register-pressure-1.c scan-rtl-dump hoist "PRE/HOIST: end of bb .* copying expression"
FAIL: gcc.dg/hoist-register-pressure-2.c scan-rtl-dump hoist "PRE/HOIST: end of bb .* copying expression"
FAIL: gcc.dg/hoist-register-pressure-3.c scan-rtl-dump hoist "PRE/HOIST: end of bb .* copying expression"
FAIL: gcc.dg/superblock.c scan-rtl-dump-times sched2 "ADVANCING TO" 2
FAIL: gcc.dg/uninit-13.c unconditional (test for warnings, line 8)
FAIL: gcc.dg/uninit-13.c (test for excess errors)
FAIL: gcc.dg/plugin/selfassign.c compilation
FAIL: gcc.dg/plugin/ggcplug.c compilation
FAIL: gcc.dg/plugin/one_time_plugin.c compilation
FAIL: gcc.dg/plugin/start_unit_plugin.c compilation
FAIL: gcc.dg/plugin/finish_unit_plugin.c compilation
FAIL: gcc.dg/torture/tls/run-gd.c -O0 (test for excess errors)
FAIL: gcc.dg/torture/tls/run-gd.c -O0 execution test
FAIL: gcc.dg/torture/tls/run-gd.c -O1 (test for excess errors)
FAIL: gcc.dg/torture/tls/run-gd.c -O2 (test for excess errors)
FAIL: gcc.dg/torture/tls/run-gd.c -O3 -fomit-frame-pointer (test for excess errors)
FAIL: gcc.dg/torture/tls/run-gd.c -O3 -g (test for excess errors)
FAIL: gcc.dg/torture/tls/run-gd.c -Os (test for excess errors)
FAIL: gcc.dg/torture/tls/run-gd.c -O2 -flto -fno-use-linker-plugin -flto-partition=none (test for excess errors)
FAIL: gcc.dg/torture/tls/run-ld.c -O0 (test for excess errors)
FAIL: gcc.dg/torture/tls/run-ld.c -O0 execution test
FAIL: gcc.dg/torture/tls/run-ld.c -O1 (test for excess errors)
FAIL: gcc.dg/torture/tls/run-ld.c -O1 execution test
FAIL: gcc.dg/torture/tls/run-ld.c -O2 (test for excess errors)
FAIL: gcc.dg/torture/tls/run-ld.c -O2 execution test
FAIL: gcc.dg/torture/tls/run-ld.c -O3 -fomit-frame-pointer (test for excess errors)
FAIL: gcc.dg/torture/tls/run-ld.c -O3 -fomit-frame-pointer execution test
FAIL: gcc.dg/torture/tls/run-ld.c -O3 -g (test for excess errors)
FAIL: gcc.dg/torture/tls/run-ld.c -O3 -g execution test
FAIL: gcc.dg/torture/tls/run-ld.c -Os (test for excess errors)
FAIL: gcc.dg/torture/tls/run-ld.c -Os execution test
FAIL: gcc.dg/torture/tls/run-ld.c -O2 -flto -fno-use-linker-plugin -flto-partition=none (test for excess errors)
FAIL: gcc.dg/torture/tls/run-ld.c -O2 -flto -fno-use-linker-plugin -flto-partition=none execution test
XPASS: gcc.dg/tree-ssa/20040204-1.c scan-tree-dump-times optimized "link_error" 0
=== gcc Summary for unix/-fstack-protector ===
# of expected passes 80880
# of unexpected failures 38
# of unexpected successes 1
# of expected failures 116
# of unsupported tests 1208
Running target unix/-m64
FAIL: gcc.dg/attr-ifunc-1.c execution test
FAIL: gcc.dg/attr-ifunc-3.c execution test
FAIL: gcc.dg/attr-ifunc-4.c execution test
FAIL: gcc.dg/attr-ifunc-5.c execution test
FAIL: gcc.dg/hoist-register-pressure-1.c scan-rtl-dump hoist "PRE/HOIST: end of bb .* copying expression"
FAIL: gcc.dg/hoist-register-pressure-2.c scan-rtl-dump hoist "PRE/HOIST: end of bb .* copying expression"
FAIL: gcc.dg/hoist-register-pressure-3.c scan-rtl-dump hoist "PRE/HOIST: end of bb .* copying expression"
FAIL: gcc.dg/uninit-13.c unconditional (test for warnings, line 8)
FAIL: gcc.dg/uninit-13.c (test for excess errors)
FAIL: gcc.dg/plugin/selfassign.c compilation
FAIL: gcc.dg/plugin/ggcplug.c compilation
FAIL: gcc.dg/plugin/one_time_plugin.c compilation
FAIL: gcc.dg/plugin/start_unit_plugin.c compilation
FAIL: gcc.dg/plugin/finish_unit_plugin.c compilation
XPASS: gcc.dg/tree-ssa/20040204-1.c scan-tree-dump-times optimized "link_error" 0
FAIL: gcc.target/s390/20020926-1.c (test for excess errors)
UNRESOLVED: gcc.target/s390/20020926-1.c scan-assembler -4096
UNRESOLVED: gcc.target/s390/20020926-1.c scan-assembler-not ahi
=== gcc Summary for unix/-m64 ===
# of expected passes 81620
# of unexpected failures 15
# of unexpected successes 1
# of expected failures 119
# of unresolved testcases 2
# of unsupported tests 1159
=== gcc Summary ===
# of expected passes 243381
# of unexpected failures 90
# of unexpected successes 3
# of expected failures 351
# of unresolved testcases 2
# of unsupported tests 3575
/build/buildd-gcc-4.8_4.8.0-1-s390-Gh4MXn/gcc-4.8-4.8.0/build/gcc/xgcc version 4.8.0 (Debian 4.8.0-1)
=== gfortran tests ===
Running target unix
XPASS: gfortran.dg/do_1.f90 -O0 execution test
XPASS: gfortran.dg/do_1.f90 -O1 execution test
XPASS: gfortran.dg/do_1.f90 -O2 execution test
XPASS: gfortran.dg/do_1.f90 -O3 -fomit-frame-pointer execution test
XPASS: gfortran.dg/do_1.f90 -O3 -fomit-frame-pointer -funroll-loops execution test
XPASS: gfortran.dg/do_1.f90 -O3 -fomit-frame-pointer -funroll-all-loops -finline-functions execution test
XPASS: gfortran.dg/do_1.f90 -O3 -g execution test
XPASS: gfortran.dg/do_1.f90 -Os execution test
=== gfortran Summary for unix ===
# of expected passes 42457
# of unexpected successes 8
# of expected failures 56
# of unsupported tests 248
Running target unix/-fstack-protector
XPASS: gfortran.dg/do_1.f90 -O0 execution test
XPASS: gfortran.dg/do_1.f90 -O1 execution test
XPASS: gfortran.dg/do_1.f90 -O2 execution test
XPASS: gfortran.dg/do_1.f90 -O3 -fomit-frame-pointer execution test
XPASS: gfortran.dg/do_1.f90 -O3 -fomit-frame-pointer -funroll-loops execution test
XPASS: gfortran.dg/do_1.f90 -O3 -fomit-frame-pointer -funroll-all-loops -finline-functions execution test
XPASS: gfortran.dg/do_1.f90 -O3 -g execution test
XPASS: gfortran.dg/do_1.f90 -Os execution test
=== gfortran Summary for unix/-fstack-protector ===
# of expected passes 42457
# of unexpected successes 8
# of expected failures 56
# of unsupported tests 248
Running target unix/-m64
XPASS: gfortran.dg/do_1.f90 -O0 execution test
XPASS: gfortran.dg/do_1.f90 -O1 execution test
XPASS: gfortran.dg/do_1.f90 -O2 execution test
XPASS: gfortran.dg/do_1.f90 -O3 -fomit-frame-pointer execution test
XPASS: gfortran.dg/do_1.f90 -O3 -fomit-frame-pointer -funroll-loops execution test
XPASS: gfortran.dg/do_1.f90 -O3 -fomit-frame-pointer -funroll-all-loops -finline-functions execution test
XPASS: gfortran.dg/do_1.f90 -O3 -g execution test
XPASS: gfortran.dg/do_1.f90 -Os execution test
=== gfortran Summary for unix/-m64 ===
# of expected passes 42784
# of unexpected successes 8
# of expected failures 56
# of unsupported tests 87
=== gfortran Summary ===
# of expected passes 127698
# of unexpected successes 24
# of expected failures 168
# of unsupported tests 583
/build/buildd-gcc-4.8_4.8.0-1-s390-Gh4MXn/gcc-4.8-4.8.0/build/gcc/testsuite/gfortran/../../gfortran version 4.8.0 (Debian 4.8.0-1)
=== go tests ===
Running target unix
FAIL: ./index0-out.go execution, -O0 -g -fno-var-tracking-assignments
UNRESOLVED: go.test/test/235.go compilation, -O2 -g
UNRESOLVED: go.test/test/64bit.go -O (test for excess errors)
UNRESOLVED: go.test/test/chan/doubleselect.go compilation, -O2 -g
FAIL: go.test/test/chan/select3.go execution, -O2 -g
FAIL: go.test/test/closedchan.go execution, -O2 -g
FAIL: go.test/test/cmp.go execution, -O2 -g
FAIL: go.test/test/env.go execution, -O2 -g
FAIL: go.test/test/fixedbugs/bug113.go execution, -O2 -g
FAIL: go.test/test/fixedbugs/bug148.go execution, -O2 -g
FAIL: go.test/test/fixedbugs/bug266.go execution, -O2 -g
FAIL: go.test/test/fixedbugs/bug272.go execution, -O2 -g
FAIL: go.test/test/fixedbugs/bug273.go execution, -O2 -g
FAIL: go.test/test/fixedbugs/bug324.go
FAIL: go.test/test/fixedbugs/bug347.go execution, -O0 -g
FAIL: go.test/test/fixedbugs/bug348.go execution, -O0 -g
FAIL: go.test/test/fixedbugs/bug444.go execution, -O2 -g
UNRESOLVED: go.test/test/if.go compilation, -O2 -g
FAIL: go.test/test/interface/fail.go execution, -O2 -g
FAIL: go.test/test/interface/noeq.go execution, -O2 -g
FAIL: go.test/test/interface/returntype.go execution, -O2 -g
FAIL: go.test/test/nil.go execution, -O2 -g
FAIL: go.test/test/nilptr.go execution, -O2 -g
FAIL: go.test/test/recover.go execution, -O2 -g
FAIL: go.test/test/recover1.go execution, -O2 -g
FAIL: go.test/test/recover2.go execution, -O2 -g
FAIL: go.test/test/recover3.go execution, -O2 -g
FAIL: go.test/test/reorder.go execution, -O2 -g
ERROR: s390-ibm-linux-gnu: unhandled architecture
ERROR: s390-ibm-linux-gnu: unhandled architecture
ERROR: s390-ibm-linux-gnu: unhandled architecture
ERROR: s390-ibm-linux-gnu: unhandled architecture
=== go Summary for unix ===
# of expected passes 5055
# of unexpected failures 24
# of expected failures 1
# of untested testcases 5
# of unresolved testcases 4
Running target unix/-fstack-protector
FAIL: ./index0-out.go execution, -O0 -g -fno-var-tracking-assignments
UNRESOLVED: go.test/test/235.go compilation, -O2 -g
UNRESOLVED: go.test/test/64bit.go -O (test for excess errors)
UNRESOLVED: go.test/test/chan/doubleselect.go compilation, -O2 -g
FAIL: go.test/test/chan/select3.go execution, -O2 -g
FAIL: go.test/test/closedchan.go execution, -O2 -g
FAIL: go.test/test/cmp.go execution, -O2 -g
FAIL: go.test/test/env.go execution, -O2 -g
FAIL: go.test/test/fixedbugs/bug113.go execution, -O2 -g
FAIL: go.test/test/fixedbugs/bug148.go execution, -O2 -g
FAIL: go.test/test/fixedbugs/bug266.go execution, -O2 -g
FAIL: go.test/test/fixedbugs/bug272.go execution, -O2 -g
FAIL: go.test/test/fixedbugs/bug273.go execution, -O2 -g
FAIL: go.test/test/fixedbugs/bug324.go
FAIL: go.test/test/fixedbugs/bug347.go execution, -O0 -g
FAIL: go.test/test/fixedbugs/bug348.go execution, -O0 -g
FAIL: go.test/test/fixedbugs/bug444.go execution, -O2 -g
UNRESOLVED: go.test/test/if.go compilation, -O2 -g
FAIL: go.test/test/interface/fail.go execution, -O2 -g
FAIL: go.test/test/interface/noeq.go execution, -O2 -g
FAIL: go.test/test/interface/returntype.go execution, -O2 -g
FAIL: go.test/test/nil.go execution, -O2 -g
FAIL: go.test/test/nilptr.go execution, -O2 -g
FAIL: go.test/test/recover.go execution, -O2 -g
FAIL: go.test/test/recover1.go execution, -O2 -g
FAIL: go.test/test/recover2.go execution, -O2 -g
FAIL: go.test/test/recover3.go execution, -O2 -g
FAIL: go.test/test/reorder.go execution, -O2 -g
ERROR: s390-ibm-linux-gnu: unhandled architecture
ERROR: s390-ibm-linux-gnu: unhandled architecture
ERROR: s390-ibm-linux-gnu: unhandled architecture
ERROR: s390-ibm-linux-gnu: unhandled architecture
=== go Summary for unix/-fstack-protector ===
# of expected passes 5055
# of unexpected failures 24
# of expected failures 1
# of untested testcases 5
# of unresolved testcases 4
Running target unix/-m64
UNRESOLVED: go.test/test/235.go compilation, -O2 -g
UNRESOLVED: go.test/test/64bit.go -O (test for excess errors)
UNRESOLVED: go.test/test/chan/doubleselect.go compilation, -O2 -g
FAIL: go.test/test/chan/doubleselect.go execution, -O2 -g
FAIL: go.test/test/env.go execution, -O2 -g
UNRESOLVED: go.test/test/if.go compilation, -O2 -g
FAIL: go.test/test/nilptr.go execution, -O2 -g
ERROR: s390-ibm-linux-gnu: unhandled architecture
ERROR: s390-ibm-linux-gnu: unhandled architecture
ERROR: s390-ibm-linux-gnu: unhandled architecture
ERROR: s390-ibm-linux-gnu: unhandled architecture
=== go Summary for unix/-m64 ===
# of expected passes 4956
# of unexpected failures 3
# of expected failures 1
# of untested testcases 5
# of unresolved testcases 4
=== go Summary ===
# of expected passes 15066
# of unexpected failures 51
# of expected failures 3
# of untested testcases 15
# of unresolved testcases 12
/build/buildd-gcc-4.8_4.8.0-1-s390-Gh4MXn/gcc-4.8-4.8.0/build/gcc/testsuite/go/../../gccgo version 4.8.0 (Debian 4.8.0-1)
=== obj-c++ tests ===
Running target unix
=== obj-c++ Summary for unix ===
# of expected passes 1450
# of expected failures 2
# of unsupported tests 86
Running target unix/-fstack-protector
=== obj-c++ Summary for unix/-fstack-protector ===
# of expected passes 1450
# of expected failures 2
# of unsupported tests 86
Running target unix/-m64
=== obj-c++ Summary for unix/-m64 ===
# of expected passes 1442
# of expected failures 10
# of unsupported tests 86
=== obj-c++ Summary ===
# of expected passes 4342
# of expected failures 14
# of unsupported tests 258
/build/buildd-gcc-4.8_4.8.0-1-s390-Gh4MXn/gcc-4.8-4.8.0/build/gcc/testsuite/obj-c++/../../xg++ version 4.8.0 (Debian 4.8.0-1)
=== objc tests ===
Running target unix
=== objc Summary for unix ===
# of expected passes 2994
# of unsupported tests 74
Running target unix/-fstack-protector
=== objc Summary for unix/-fstack-protector ===
# of expected passes 2994
# of unsupported tests 74
Running target unix/-m64
=== objc Summary for unix/-m64 ===
# of expected passes 2994
# of unsupported tests 74
=== objc Summary ===
# of expected passes 8982
# of unsupported tests 222
/build/buildd-gcc-4.8_4.8.0-1-s390-Gh4MXn/gcc-4.8-4.8.0/build/gcc/xgcc version 4.8.0 (Debian 4.8.0-1)
=== boehm-gc tests ===
Running target unix
=== boehm-gc Summary for unix ===
# of expected passes 12
# of unsupported tests 1
Running target unix/-fstack-protector
=== boehm-gc Summary for unix/-fstack-protector ===
# of expected passes 12
# of unsupported tests 1
Running target unix/-m64
=== boehm-gc Summary for unix/-m64 ===
# of expected passes 12
# of unsupported tests 1
=== boehm-gc Summary ===
# of expected passes 36
# of unsupported tests 3
=== libatomic tests ===
Running target unix
=== libatomic Summary for unix ===
# of expected passes 34
# of unsupported tests 10
Running target unix/-fstack-protector
=== libatomic Summary for unix/-fstack-protector ===
# of expected passes 34
# of unsupported tests 10
Running target unix/-m64
=== libatomic Summary for unix/-m64 ===
# of expected passes 34
# of unsupported tests 10
=== libatomic Summary ===
# of expected passes 102
# of unsupported tests 30
=== libffi tests ===
Running target unix
=== libffi Summary for unix ===
# of expected passes 1819
# of unsupported tests 55
Running target unix/-fstack-protector
=== libffi Summary for unix/-fstack-protector ===
# of expected passes 1819
# of unsupported tests 55
Running target unix/-m64
FAIL: libffi.call/cls_struct_va1.c -O0 -W -Wall output pattern test, is 4 5 6 10 11 12 13 14 20 21
FAIL: libffi.call/cls_uint_va.c -O0 -W -Wall output pattern test, is 67: 67 4
FAIL: libffi.call/va_1.c -O0 -W -Wall output pattern test, is 5 6 10 11 12 13 14 7 8 uc=9 sc=10 11 12 13 14 15 16 2.120000 3.130000
FAIL: libffi.call/va_struct1.c -O0 -W -Wall output pattern test, is 5 6 10 11 12 13 14 7 8
FAIL: libffi.call/cls_struct_va1.c -O2 output pattern test, is 4 5 6 10 11 12 13 14 20 21
FAIL: libffi.call/cls_uint_va.c -O2 output pattern test, is 67: 67 4
FAIL: libffi.call/va_1.c -O2 output pattern test, is 5 6 10 11 12 13 14 7 8 uc=9 sc=10 11 12 13 14 15 16 2.120000 3.130000
FAIL: libffi.call/va_struct1.c -O2 output pattern test, is 5 6 10 11 12 13 14 7 8
FAIL: libffi.call/cls_struct_va1.c -O3 output pattern test, is 4 5 6 10 11 12 13 14 20 21
FAIL: libffi.call/cls_uint_va.c -O3 output pattern test, is 67: 67 4
FAIL: libffi.call/va_1.c -O3 output pattern test, is 5 6 10 11 12 13 14 7 8 uc=9 sc=10 11 12 13 14 15 16 2.120000 3.130000
FAIL: libffi.call/va_struct1.c -O3 output pattern test, is 5 6 10 11 12 13 14 7 8
FAIL: libffi.call/cls_struct_va1.c -Os output pattern test, is 4 5 6 10 11 12 13 14 20 21
FAIL: libffi.call/cls_uint_va.c -Os output pattern test, is 67: 67 4
FAIL: libffi.call/va_1.c -Os output pattern test, is 5 6 10 11 12 13 14 7 8 uc=9 sc=10 11 12 13 14 15 16 2.120000 3.130000
FAIL: libffi.call/va_struct1.c -Os output pattern test, is 5 6 10 11 12 13 14 7 8
FAIL: libffi.call/cls_struct_va1.c -O2 -fomit-frame-pointer output pattern test, is 4 5 6 10 11 12 13 14 20 21
FAIL: libffi.call/cls_uint_va.c -O2 -fomit-frame-pointer output pattern test, is 67: 67 4
FAIL: libffi.call/va_1.c -O2 -fomit-frame-pointer output pattern test, is 5 6 10 11 12 13 14 7 8 uc=9 sc=10 11 12 13 14 15 16 2.120000 3.130000
FAIL: libffi.call/va_struct1.c -O2 -fomit-frame-pointer output pattern test, is 5 6 10 11 12 13 14 7 8
=== libffi Summary for unix/-m64 ===
# of expected passes 1799
# of unexpected failures 20
# of unsupported tests 55
=== libffi Summary ===
# of expected passes 5437
# of unexpected failures 20
# of unsupported tests 165
=== libgo tests ===
Running target unix
FAIL: bufio
FAIL: fmt
FAIL: math
FAIL: reflect
FAIL: sync
FAIL: time
FAIL: encoding/gob
FAIL: encoding/json
FAIL: html/template
FAIL: math/big
FAIL: net/http
FAIL: net/rpc
FAIL: old/regexp
FAIL: old/template
FAIL: text/template
FAIL: text/template/parse
=== libgo Summary for unix ===
# of expected passes 115
# of unexpected failures 16
Running target unix/-m64
=== libgo Summary for unix/-m64 ===
=== libgo Summary ===
/build/buildd-gcc-4.8_4.8.0-1-s390-Gh4MXn/gcc-4.8-4.8.0/build/./gcc/gccgo version 4.8.0 (Debian 4.8.0-1)
=== libgomp tests ===
Running target unix
=== libgomp Summary for unix ===
# of expected passes 2996
# of unsupported tests 1
Running target unix/-fstack-protector
=== libgomp Summary for unix/-fstack-protector ===
# of expected passes 2996
# of unsupported tests 1
Running target unix/-m64
=== libgomp Summary for unix/-m64 ===
# of expected passes 2996
# of unsupported tests 1
=== libgomp Summary ===
# of expected passes 8988
# of unsupported tests 3
=== libmudflap tests ===
Running target unix
FAIL: libmudflap.c++/pass41-frag.cxx (-static) execution test
FAIL: libmudflap.c++/pass41-frag.cxx ( -O) execution test
FAIL: libmudflap.c++/pass41-frag.cxx (-O2) execution test
FAIL: libmudflap.c++/pass41-frag.cxx (-O3) execution test
=== libmudflap Summary for unix ===
# of expected passes 1902
# of unexpected failures 4
Running target unix/-fstack-protector
FAIL: libmudflap.c++/pass41-frag.cxx (-static) execution test
FAIL: libmudflap.c++/pass41-frag.cxx ( -O) execution test
FAIL: libmudflap.c++/pass41-frag.cxx (-O2) execution test
FAIL: libmudflap.c++/pass41-frag.cxx (-O3) execution test
=== libmudflap Summary for unix/-fstack-protector ===
# of expected passes 1902
# of unexpected failures 4
Running target unix/-m64
FAIL: libmudflap.c++/pass41-frag.cxx (-static) execution test
FAIL: libmudflap.c++/pass41-frag.cxx ( -O) execution test
FAIL: libmudflap.c++/pass41-frag.cxx (-O2) execution test
FAIL: libmudflap.c++/pass41-frag.cxx (-O3) execution test
=== libmudflap Summary for unix/-m64 ===
# of expected passes 1902
# of unexpected failures 4
=== libmudflap Summary ===
# of expected passes 5706
# of unexpected failures 12
=== libstdc++ tests ===
Running target unix
FAIL: 22_locale/time_get/get_date/wchar_t/4.cc execution test
FAIL: ext/pool_allocator/allocate_chunk.cc execution test
=== libstdc++ Summary for unix ===
# of expected passes 9202
# of unexpected failures 2
# of expected failures 45
# of unsupported tests 222
Running target unix/-fstack-protector
FAIL: 22_locale/time_get/get_date/wchar_t/4.cc execution test
FAIL: ext/pool_allocator/allocate_chunk.cc execution test
=== libstdc++ Summary for unix/-fstack-protector ===
# of expected passes 9202
# of unexpected failures 2
# of expected failures 45
# of unsupported tests 222
Running target unix/-m64
FAIL: libstdc++-abi/abi_check
FAIL: 22_locale/time_get/get_date/wchar_t/4.cc execution test
FAIL: 23_containers/list/modifiers/insert/25288.cc execution test
=== libstdc++ Summary for unix/-m64 ===
# of expected passes 9201
# of unexpected failures 3
# of expected failures 45
# of unsupported tests 222
=== libstdc++ Summary ===
# of expected passes 27605
# of unexpected failures 7
# of expected failures 135
# of unsupported tests 666
Compiler version: 4.8.0 (Debian 4.8.0-1)
Platform: s390-ibm-linux-gnu
configure flags: -v --with-pkgversion='Debian 4.8.0-1' --with-bugurl=file:///usr/share/doc/gcc-4.8/README.Bugs --enable-languages=c,c++,go,fortran,objc,obj-c++ --prefix=/usr --program-suffix=-4.8 --enable-shared --enable-linker-build-id --libexecdir=/usr/lib --without-included-gettext --enable-threads=posix --with-gxx-include-dir=/usr/include/c++/4.8 --libdir=/usr/lib --enable-nls --with-sysroot=/ --enable-clocale=gnu --enable-libstdcxx-debug --enable-libstdcxx-time=yes --enable-gnu-unique-object --disable-libitm --enable-plugin --with-system-zlib --enable-objc-gc --enable-multiarch --with-long-double-128 --enable-targets=all --enable-checking=release --build=s390-linux-gnu --host=s390-linux-gnu --target=s390-linux-gnu
BOOT_CFLAGS=
Build Dependencies:
Desired=Unknown/Install/Remove/Purge/Hold
| Status=Not/Inst/Conf-files/Unpacked/halF-conf/Half-inst/trig-aWait/Trig-pend
|/ Err?=(none)/Reinst-required (Status,Err: uppercase=bad)
||/ Name Version Architecture Description
+++-==================================-======================-============-===============================================================================
ii binutils 2.22-8 s390 GNU assembler, linker and binary utilities
ii g++-4.6 4.6.3-15 s390 GNU C++ compiler
ii g++-4.6-multilib 4.6.3-15 s390 GNU C++ compiler (multilib files)
ii g++-multilib 4:4.6.3-8 s390 GNU C++ compiler (multilib files)
ii libc6:s390 2.13-38 s390 Embedded GNU C Library: Shared libraries
ii libcloog-isl-dev:s390 0.18.0-1 s390 Chunky Loop Generator (development files)
ii libgmp-dev:s390 2:5.0.5+dfsg-2 s390 Multiprecision arithmetic library developers tools
ii libisl-dev:s390 0.11.1-2 s390 manipulating sets and relations of integer points bounded by linear constraints
ii libmpc-dev:s390 0.9-4 s390 multiple precision complex floating-point library development package
ii libmpfr-dev:s390 3.1.1-1 s390 multiple precision floating-point computation developers tools
gcc-gfdl-build:
Build a dummy s-tm-texi without access to the texinfo sources
gcc-textdomain:
Set gettext's domain and textdomain to the versioned package name.
gcc-driver-extra-langs:
Add options and specs for languages that are not built from a source
(but built from separate sources).
gcc-hash-style-both:
Link using --hash-style=both (alpha, amd64, armel, armhf, ia64, i386, powerpc, ppc64, s390, sparc)
libstdc++-pic:
Build and install libstdc++_pic.a library.
libstdc++-doclink:
adjust hrefs to point to the local documentation
libstdc++-man-3cxx:
Install libstdc++ man pages with suffix .3cxx instead of .3
libstdc++-test-installed:
Add support to run the libstdc++-v3 testsuite using the
installed shared libraries.
libjava-stacktrace:
libgcj: Lookup source file name and line number in separated
debug files found in /usr/lib/debug
libjava-jnipath:
- Add /usr/lib/jni and /usr/lib/<multiarch>/jni to java.library.path.
- When running the i386 binaries on amd64, look in
- /usr/lib32/gcj-x.y and /usr/lib32/jni instead.
libjava-sjlj:
Don't try to use _Unwind_Backtrace on SJLJ targets.
See bug #387875, #388505, GCC PR 29206.
libjava-disable-plugin:
Don't build the gcjwebplugin, even when configured with --enable-plugin
alpha-no-ev4-directive:
never emit .ev4 directive.
boehm-gc-getnprocs:
boehm-gc/pthread_support.c (GC_get_nprocs): Use sysconf as fallback.
note-gnu-stack:
Add .note.GNU-stack sections for gcc's crt files, libffi and boehm-gc
Taken from FC.
libgomp-omp_h-multilib:
Fix up omp.h for multilibs.
sparc-force-cpu:
On sparc default to ultrasparc (v9a) in 32bit mode
pr24619:
Proposed patch for PR mudflap/24619 (instrumentation of dlopen)
gccgo-version:
Omit the subminor number from the go libdir
pr47818:
Fix PR ada/47818: Pragma Assert is rejected with No_Implementation_Pragmas restriction.
pr49940:
Apply proposed patch for PR ada/49940.
pr49944:
apply proposed patch for PR ada/49444.
gcc-base-version:
Set base version to 4.8, introduce full version 4.8.x.
mudflapth-link:
Link libmudflapth.so with -lpthread
libmudflap-x32:
Fix libmudflap build failure for x32 multilibs
libgo-testsuite:
Only run the libgo testsuite for flags configured in RUNTESTFLAGS
gcc-target-include-asm:
Search \$(builddir)/sys-include for the asm header files
libgo-revert-timeout-exp:
gcc-sysroot:
Allow building --with-sysroot=/
ada-kfreebsd:
Fix gnat build failure on kfreebsd.
arm-multilib-soft:
ARM hard/soft float multilib support
arm-multilib-defaults:
Set MULTILIB_DEFAULTS for ARM multilib builds
gcc-ice-hack:
Retry the build on an ice, save the calling options and preprocessed
source when the ice is reproducible.
gcc-ice-apport:
Report an ICE to apport (if apport is available
and the environment variable GCC_NOAPPORT is not set)
libjava-fixed-symlinks:
Remove unneed '..' elements from symlinks in JAVA_HOME
libstdc++-arm-wno-abi:
Temporary work around:
On arm-linux-gnueabi run the libstdc++v3 testsuite with -Wno-abi
ada-mips:
Improve support for mips.
libffi-ro-eh_frame_sect:
PR libffi/47248, force a read only eh frame section.
gcc-multiarch:
- Remaining multiarch patches, not yet submitted upstream.
- Add MULTIARCH_DIRNAME definitions for multilib configurations,
which are used for the non-multilib builds.
libjava-multiarch:
Install libjava libraries to multiarch location
libjava-nobiarch-check:
For biarch builds, disable the testsuite for the non-default architecture
for runtime libraries, which are not built by default (libjava).
config-ml:
- Disable some biarch libraries for biarch builds.
- Fix multilib builds on kernels which don't support all multilibs.
g++-multiarch-incdir:
Use /usr/include/<multiarch>/c++/4.x as the include directory
for host dependent c++ header files.
gcc-multilib-multiarch:
Don't auto-detect multilib osdirnames.
mips-fix-loongson2f-nop:
On mips, pass -mfix-loongson2f-nop to as, if -mno-fix-loongson2f-nop
is not passed.
libgomp-kfreebsd-testsuite:
Disable lock-2.c test on kfreebsd-*
Counting all warnings,
there are 0 warnings in stage3 of this bootstrap.
Number of warnings per file:
Number of warning types: