This is the mail archive of the gcc-testresults@gcc.gnu.org mailing list for the GCC project.


Index Nav: [Date Index] [Subject Index] [Author Index] [Thread Index]
Message Nav: [Date Prev] [Date Next] [Thread Prev] [Thread Next]
Other format: [Raw text]

Results for 4.8.0 (GCC) testsuite on x86_64-unknown-linux-gnu


LAST_UPDATED: Obtained from SVN: tags/gcc_4_8_0_release revision 196953

		=== acats tests ===

		=== acats Summary ===
# of expected passes		2320
# of unexpected failures	0
Native configuration is x86_64-unknown-linux-gnu

		=== g++ tests ===


Running target unix

		=== g++ Summary for unix ===

# of expected passes		53827
# of expected failures		290
# of unsupported tests		867

Running target unix/-m32

		=== g++ Summary for unix/-m32 ===

# of expected passes		53077
# of expected failures		290
# of unsupported tests		623

		=== g++ Summary ===

# of expected passes		106904
# of expected failures		580
# of unsupported tests		1490
/var/scratch/gcc/gcc-4.8.0/2.6.32-gcc-gas-gld/gcc/testsuite/g++/../../xg++  version 4.8.0 (GCC) 

		=== gcc tests ===


Running target unix

		=== gcc Summary for unix ===

# of expected passes		92919
# of expected failures		261
# of unsupported tests		1421

Running target unix/-m32

		=== gcc Summary for unix/-m32 ===

# of expected passes		92517
# of expected failures		259
# of unsupported tests		1123

		=== gcc Summary ===

# of expected passes		185436
# of expected failures		520
# of unsupported tests		2544
/var/scratch/gcc/gcc-4.8.0/2.6.32-gcc-gas-gld/gcc/xgcc  version 4.8.0 (GCC) 

		=== gfortran tests ===


Running target unix
XPASS: gfortran.dg/do_1.f90  -O0  execution test
XPASS: gfortran.dg/do_1.f90  -O1  execution test
XPASS: gfortran.dg/do_1.f90  -O2  execution test
XPASS: gfortran.dg/do_1.f90  -O3 -fomit-frame-pointer  execution test
XPASS: gfortran.dg/do_1.f90  -O3 -fomit-frame-pointer -funroll-loops  execution test
XPASS: gfortran.dg/do_1.f90  -O3 -fomit-frame-pointer -funroll-all-loops -finline-functions  execution test
XPASS: gfortran.dg/do_1.f90  -O3 -g  execution test
XPASS: gfortran.dg/do_1.f90  -Os  execution test

		=== gfortran Summary for unix ===

# of expected passes		43267
# of unexpected successes	8
# of expected failures		42
# of unsupported tests		85

Running target unix/-m32
XPASS: gfortran.dg/do_1.f90  -O0  execution test
XPASS: gfortran.dg/do_1.f90  -O1  execution test
XPASS: gfortran.dg/do_1.f90  -O2  execution test
XPASS: gfortran.dg/do_1.f90  -O3 -fomit-frame-pointer  execution test
XPASS: gfortran.dg/do_1.f90  -O3 -fomit-frame-pointer -funroll-loops  execution test
XPASS: gfortran.dg/do_1.f90  -O3 -fomit-frame-pointer -funroll-all-loops -finline-functions  execution test
XPASS: gfortran.dg/do_1.f90  -O3 -g  execution test
XPASS: gfortran.dg/do_1.f90  -Os  execution test

		=== gfortran Summary for unix/-m32 ===

# of expected passes		42978
# of unexpected successes	8
# of expected failures		42
# of unsupported tests		225

		=== gfortran Summary ===

# of expected passes		86245
# of unexpected successes	16
# of expected failures		84
# of unsupported tests		310
/var/scratch/gcc/gcc-4.8.0/2.6.32-gcc-gas-gld/gcc/testsuite/gfortran/../../gfortran  version 4.8.0 (GCC) 

		=== gnat tests ===


Running target unix

		=== gnat Summary for unix ===

# of expected passes		1165
# of expected failures		17
# of unsupported tests		2

Running target unix/-m32

		=== gnat Summary for unix/-m32 ===

# of expected passes		1165
# of expected failures		17
# of unsupported tests		2

		=== gnat Summary ===

# of expected passes		2330
# of expected failures		34
# of unsupported tests		4
/var/scratch/gcc/gcc-4.8.0/2.6.32-gcc-gas-gld/gcc/gnatmake version 4.8.0

		=== go tests ===


Running target unix

		=== go Summary for unix ===

# of expected passes		4967
# of expected failures		1
# of untested testcases		3

Running target unix/-m32

		=== go Summary for unix/-m32 ===

# of expected passes		5087
# of expected failures		1
# of untested testcases		3

		=== go Summary ===

# of expected passes		10054
# of expected failures		2
# of untested testcases		6
/var/scratch/gcc/gcc-4.8.0/2.6.32-gcc-gas-gld/gcc/testsuite/go/../../gccgo  version 4.8.0 (GCC) 

		=== obj-c++ tests ===


Running target unix

		=== obj-c++ Summary for unix ===

# of expected passes		1442
# of expected failures		10
# of unsupported tests		86

Running target unix/-m32

		=== obj-c++ Summary for unix/-m32 ===

# of expected passes		1450
# of expected failures		2
# of unsupported tests		86

		=== obj-c++ Summary ===

# of expected passes		2892
# of expected failures		12
# of unsupported tests		172
/var/scratch/gcc/gcc-4.8.0/2.6.32-gcc-gas-gld/gcc/testsuite/obj-c++/../../xg++  version 4.8.0 (GCC) 

		=== objc tests ===


Running target unix

		=== objc Summary for unix ===

# of expected passes		2988
# of expected failures		6
# of unsupported tests		74

Running target unix/-m32

		=== objc Summary for unix/-m32 ===

# of expected passes		2988
# of expected failures		6
# of unsupported tests		74

		=== objc Summary ===

# of expected passes		5976
# of expected failures		12
# of unsupported tests		148
/var/scratch/gcc/gcc-4.8.0/2.6.32-gcc-gas-gld/gcc/xgcc  version 4.8.0 (GCC) 

		=== boehm-gc tests ===


Running target unix

		=== boehm-gc Summary for unix ===

# of expected passes		12
# of unsupported tests		1

Running target unix/-m32

		=== boehm-gc Summary for unix/-m32 ===

# of expected passes		12
# of unsupported tests		1

		=== boehm-gc Summary ===

# of expected passes		24
# of unsupported tests		2
		=== libatomic tests ===


Running target unix

		=== libatomic Summary for unix ===

# of expected passes		54

Running target unix/-m32

		=== libatomic Summary for unix/-m32 ===

# of expected passes		44
# of unsupported tests		5

		=== libatomic Summary ===

# of expected passes		98
# of unsupported tests		5
		=== libffi tests ===


Running target unix

		=== libffi Summary for unix ===

# of expected passes		1819
# of unsupported tests		55

Running target unix/-m32

		=== libffi Summary for unix/-m32 ===

# of expected passes		1819
# of unsupported tests		55

		=== libffi Summary ===

# of expected passes		3638
# of unsupported tests		110
		=== libgo tests ===


Running target unix

		=== libgo Summary for unix ===

# of expected passes		131

Running target unix/-m32

		=== libgo Summary for unix/-m32 ===

# of expected passes		131

		=== libgo Summary ===

# of expected passes		262
/var/gcc/gcc-4.8.0/2.6.32-gcc-gas-gld/./gcc/gccgo version 4.8.0 (GCC)

		=== libgomp tests ===


Running target unix

		=== libgomp Summary for unix ===

# of expected passes		2949

Running target unix/-m32

		=== libgomp Summary for unix/-m32 ===

# of expected passes		2949

		=== libgomp Summary ===

# of expected passes		5898
		=== libitm tests ===


Running target unix

		=== libitm Summary for unix ===

# of expected passes		26
# of expected failures		3
# of unsupported tests		1

Running target unix/-m32

		=== libitm Summary for unix/-m32 ===

# of expected passes		26
# of expected failures		3
# of unsupported tests		1

		=== libitm Summary ===

# of expected passes		52
# of expected failures		6
# of unsupported tests		2
		=== libjava tests ===


Running target unix
FAIL: sourcelocation output - source compiled test
FAIL: sourcelocation -findirect-dispatch output - source compiled test
FAIL: sourcelocation -O3 output - source compiled test
FAIL: sourcelocation -O3 -findirect-dispatch output - source compiled test

		=== libjava Summary for unix ===

# of expected passes		2582
# of unexpected failures	4

Running target unix/-m32
FAIL: sourcelocation output - source compiled test
FAIL: sourcelocation -findirect-dispatch output - source compiled test
FAIL: sourcelocation -O3 output - source compiled test
FAIL: sourcelocation -O3 -findirect-dispatch output - source compiled test

		=== libjava Summary for unix/-m32 ===

# of expected passes		2582
# of unexpected failures	4

		=== libjava Summary ===

# of expected passes		5164
# of unexpected failures	8
		=== libmudflap tests ===


Running target unix
FAIL: libmudflap.c++/pass41-frag.cxx ( -O) execution test
FAIL: libmudflap.c++/pass41-frag.cxx (-O2) execution test
FAIL: libmudflap.c++/pass41-frag.cxx (-O3) execution test

		=== libmudflap Summary for unix ===

# of expected passes		1433
# of unexpected failures	3

Running target unix/-m32
FAIL: libmudflap.c++/pass41-frag.cxx ( -O) execution test
FAIL: libmudflap.c++/pass41-frag.cxx (-O2) execution test
FAIL: libmudflap.c++/pass41-frag.cxx (-O3) execution test

		=== libmudflap Summary for unix/-m32 ===

# of expected passes		1433
# of unexpected failures	3

		=== libmudflap Summary ===

# of expected passes		2866
# of unexpected failures	6
		=== libstdc++ tests ===


Running target unix

		=== libstdc++ Summary for unix ===

# of expected passes		9227
# of expected failures		45
# of unsupported tests		211

Running target unix/-m32

		=== libstdc++ Summary for unix/-m32 ===

# of expected passes		9227
# of expected failures		45
# of unsupported tests		211

		=== libstdc++ Summary ===

# of expected passes		18454
# of expected failures		90
# of unsupported tests		422

Compiler version: 4.8.0 (GCC) 
Platform: x86_64-unknown-linux-gnu
configure flags: --prefix=/vol/gcc-4.8 --enable-objc-gc --with-as=/vol/gcc/bin/gas-2.23.1 --with-gnu-as --with-ld=/vol/gcc/bin/gld-2.23.1 --with-gnu-ld --with-gmp-include=/vol/gcc/include --with-gmp-lib=/vol/gcc/lib --with-mpfr-include=/vol/gcc/include --with-mpfr-lib=/vol/gcc/lib --with-mpc-include=/vol/gcc/include --with-mpc-lib=/vol/gcc/lib --enable-languages=all,ada,obj-c++,go
BOOT_CFLAGS=-g -O2


Index Nav: [Date Index] [Subject Index] [Author Index] [Thread Index]
Message Nav: [Date Prev] [Date Next] [Thread Prev] [Thread Next]