This is the mail archive of the
gcc-testresults@gcc.gnu.org
mailing list for the GCC project.
Results for 4.9.0 20130322 (experimental) (GCC) testsuite on armv7l-unknown-linux-gnueabihf
- From: Robert Nelson <robertcnelson at gmail dot com>
- To: gcc-testresults at gcc dot gnu dot org
- Date: Sat, 23 Mar 2013 17:26:03 -0500
- Subject: Results for 4.9.0 20130322 (experimental) (GCC) testsuite on armv7l-unknown-linux-gnueabihf
Native configuration is armv7l-unknown-linux-gnueabihf
=== libatomic tests ===
Running target unix
=== libatomic Summary ===
# of expected passes 44
# of unsupported tests 5
=== libgomp tests ===
Running target unix
=== libgomp Summary ===
# of expected passes 1257
# of unsupported tests 1
=== libitm tests ===
Running target unix
=== libitm Summary ===
# of expected passes 26
# of expected failures 3
# of unsupported tests 1
=== libmudflap tests ===
Running target unix
FAIL: libmudflap.c++/pass41-frag.cxx (-static) execution test
FAIL: libmudflap.c++/pass41-frag.cxx ( -O) execution test
FAIL: libmudflap.c++/pass41-frag.cxx (-O2) execution test
FAIL: libmudflap.c++/pass41-frag.cxx (-O3) execution test
=== libmudflap Summary ===
# of expected passes 1902
# of unexpected failures 4
=== libstdc++ tests ===
Running target unix
=== libstdc++ Summary ===
# of expected passes 8368
# of expected failures 45
# of unsupported tests 540
=== gcc tests ===
Running target unix
FAIL: gcc.dg/builtin-apply2.c execution test
FAIL: gcc.dg/c99-stdint-1.c (test for excess errors)
FAIL: gcc.dg/c99-stdint-7.c (test for excess errors)
FAIL: gcc.dg/fshort-wchar.c (test for excess errors)
FAIL: gcc.dg/tls/pr42894.c (test for excess errors)
FAIL: gcc.dg/tree-ssa/pr42585.c scan-tree-dump-times optimized "struct _fat_ptr _ans" 0
FAIL: gcc.dg/tree-ssa/pr42585.c scan-tree-dump-times optimized "struct _fat_ptr _T2" 0
FAIL: gcc.dg/tree-ssa/pr43491.c scan-tree-dump-times pre "Eliminated: 3" 1
FAIL: gcc.dg/tree-ssa/sra-12.c scan-tree-dump-times release_ssa "l;" 0
FAIL: gcc.target/arm/mmx-2.c (internal compiler error)
FAIL: gcc.target/arm/mmx-2.c (test for excess errors)
FAIL: gcc.target/arm/pr42575.c scan-assembler-not mov
FAIL: gcc.target/arm/thumb-ltu.c (test for excess errors)
UNRESOLVED: gcc.target/arm/thumb-ltu.c scan-assembler-not uxtb
FAIL: gcc.target/arm/unsigned-extend-1.c scan-assembler-not uxtb
FAIL: gcc.target/arm/volatile-bitfields-1.c scan-assembler ldrb[\\\\t ]+[^\\n]*,[\\\\t ]*\\\\[[^\\n]*\\\\]
=== gcc Summary ===
# of expected passes 89369
# of unexpected failures 15
# of expected failures 258
# of unresolved testcases 1
# of unsupported tests 1249
/opt/gcc-build/gcc/xgcc version 4.9.0 20130322 (experimental) (GCC)
=== g++ tests ===
Running target unix
=== g++ Summary ===
# of expected passes 50263
# of expected failures 291
# of unsupported tests 864
/opt/gcc-build/gcc/testsuite/g++/../../xg++ version 4.9.0 20130322 (experimental) (GCC)
Compiler version: 4.9.0 20130322 (experimental) (GCC)
Platform: armv7l-unknown-linux-gnueabihf
configure flags: --enable-languages=c,c++ --with-cpu=cortex-a9 --with-fpu=vfpv3 --with-float=hard
Build Logs: http://rcn-ee.homeip.net:81/dl/gcc/archive/20130322-18:16-git7e2cf34-trunk-panda-1gb-a2/