This is the mail archive of the gcc-testresults@gcc.gnu.org mailing list for the GCC project.


Index Nav: [Date Index] [Subject Index] [Author Index] [Thread Index]
Message Nav: [Date Prev] [Date Next] [Thread Prev] [Thread Next]
Other format: [Raw text]

Results for 4.9.0 20130320 (experimental) [trunk revision 196804] (GCC) testsuite on i386-pc-solaris2.10


\$ uname -a
SunOS tsukimi 5.10 Generic_Virtual i86pc i386 i86pc

\$ cat /etc/release
                    Oracle Solaris 10 8/11 s10x_u10wos_17b X86
  Copyright (c) 1983, 2011, Oracle and/or its affiliates. All rights reserved.
                            Assembled 23 August 2011

\$ /opt/gnu/bin/as --version
GNU assembler (GNU Binutils) 2.22

\$ /usr/ccs/bin/ld -V
ld: Software Generation Utilities - Solaris Link Editors: 5.10-1.1505

\$ /usr/sbin/psrinfo -pv
The physical processor has 8 virtual processors (0-7)
  x86 (chipid 0x0 GenuineIntel family 6 model 42 step 7 clock 3510 MHz)
	Intel(r) Core(tm) i7-2700K CPU @ 3.50GHz

Bootstrapped with :

\$ i386-pc-solaris2.10-gcc-4.7.2 -v
Using built-in specs.
COLLECT_GCC=i386-pc-solaris2.10-gcc-4.7.2
COLLECT_LTO_WRAPPER=/opt/gnu/libexec/gcc/i386-pc-solaris2.10/4.7.2/lto-wrapper
Target: i386-pc-solaris2.10
Configured with: /SOURCES/gcc-4.7.2/configure --prefix=/opt/gnu --target=i386-pc-solaris2.10 --with-gnu-as --with-as=/opt/gnu/bin/as --with-libiconv-prefix=/opt/gnu --with-gmp=/opt/gnu --with-mpfr=/opt/gnu --with-mpc=/opt/gnu --with-ppl=/opt/gnu --with-cloog=/opt/gnu --enable-cloog-backend=isl --enable-lto --without-included-gettext --with-bugurl=https://bugs.seanmcgovern.ca/ --bindir=/opt/gnu/i386-pc-solaris2.10/gcc-bin/4.7.2 --includedir=/opt/gnu/lib/gcc/i386-pc-solaris2.10/4.7.2/include --datadir=/opt/gnu/share/gcc-data/i386-pc-solaris2.10/4.7.2 --mandir=/opt/gnu/share/gcc-data/i386-pc-solaris2.10/4.7.2/man --infodir=/opt/gnu/share/gcc-data/i386-pc-solaris2.10/4.7.2/info --with-gxx-include-dir=/opt/gnu/lib/gcc/i386-pc-solaris2.10/4.7.2/include/g++-v4 --enable-languages=c,c++,go
Thread model: posix
gcc version 4.7.2 (GCC) 

********
LAST_UPDATED: Wed Mar 20 02:39:56 UTC 2013 (revision 196804)

Native configuration is i386-pc-solaris2.10

		=== g++ tests ===


Running target unix/-m32

		=== g++ Summary for unix/-m32 ===

# of expected passes		50660
# of expected failures		296
# of unsupported tests		609

Running target unix/-m64

		=== g++ Summary for unix/-m64 ===

# of expected passes		51428
# of expected failures		296
# of unsupported tests		852

		=== g++ Summary ===

# of expected passes		102088
# of expected failures		592
# of unsupported tests		1461
/BUILD/gcc/obj-196804/gcc/testsuite/g++/../../xg++  version 4.9.0 20130320 (experimental) [trunk revision 196804] (GCC) 

		=== gcc tests ===


Running target unix/-m32
FAIL: gcc.dg/lto/20090210 c_lto_20090210_0.o-c_lto_20090210_1.o execute -O2 -flto -flto-partition=none 
FAIL: gcc.dg/lto/20090210 c_lto_20090210_0.o-c_lto_20090210_1.o execute -O2 -flto -flto-partition=1to1 
FAIL: gcc.dg/lto/20090210 c_lto_20090210_0.o-c_lto_20090210_1.o execute -O2 -flto
FAIL: gcc.dg/torture/tls/run-ld.c  -O1  execution test
FAIL: gcc.dg/torture/tls/run-ld.c  -O2  execution test
FAIL: gcc.dg/torture/tls/run-ld.c  -O3 -fomit-frame-pointer  execution test
FAIL: gcc.dg/torture/tls/run-ld.c  -O3 -g  execution test
FAIL: gcc.dg/torture/tls/run-ld.c  -Os  execution test
FAIL: gcc.dg/torture/tls/run-ld.c  -O1  -fpic  execution test
FAIL: gcc.dg/torture/tls/run-ld.c  -O2  -fpic  execution test
FAIL: gcc.dg/torture/tls/run-ld.c  -O3 -fomit-frame-pointer  -fpic  execution test
FAIL: gcc.dg/torture/tls/run-ld.c  -O3 -g  -fpic  execution test
FAIL: gcc.dg/torture/tls/run-ld.c  -Os  -fpic  execution test
FAIL: gcc.dg/torture/tls/run-ld.c  -O1  -fPIC  execution test
FAIL: gcc.dg/torture/tls/run-ld.c  -O2  -fPIC  execution test
FAIL: gcc.dg/torture/tls/run-ld.c  -O3 -fomit-frame-pointer  -fPIC  execution test
FAIL: gcc.dg/torture/tls/run-ld.c  -O3 -g  -fPIC  execution test
FAIL: gcc.dg/torture/tls/run-ld.c  -Os  -fPIC  execution test
FAIL: gcc.dg/torture/tls/run-ld.c  -O2 -flto -flto-partition=none  execution test
FAIL: gcc.dg/torture/tls/run-ld.c  -O2 -flto  execution test
FAIL: gcc.dg/torture/tls/thr-init-2.c  -O2  -fpic  execution test
FAIL: gcc.dg/torture/tls/thr-init-2.c  -O3 -fomit-frame-pointer  -fpic  execution test
FAIL: gcc.dg/torture/tls/thr-init-2.c  -O3 -g  -fpic  execution test
FAIL: gcc.dg/torture/tls/thr-init-2.c  -Os  -fpic  execution test
FAIL: gcc.dg/torture/tls/thr-init-2.c  -O2  -fPIC  execution test
FAIL: gcc.dg/torture/tls/thr-init-2.c  -O3 -fomit-frame-pointer  -fPIC  execution test
FAIL: gcc.dg/torture/tls/thr-init-2.c  -O3 -g  -fPIC  execution test
FAIL: gcc.dg/torture/tls/thr-init-2.c  -Os  -fPIC  execution test

		=== gcc Summary for unix/-m32 ===

# of expected passes		90765
# of unexpected failures	28
# of expected failures		257
# of unsupported tests		1128

Running target unix/-m64

		=== gcc Summary for unix/-m64 ===

# of expected passes		91208
# of expected failures		259
# of unsupported tests		1426

		=== gcc Summary ===

# of expected passes		181973
# of unexpected failures	28
# of expected failures		516
# of unsupported tests		2554
/BUILD/gcc/obj-196804/gcc/xgcc  version 4.9.0 20130320 (experimental) [trunk revision 196804] (GCC) 

		=== go tests ===


Running target unix/-m32

		=== go Summary for unix/-m32 ===

# of expected passes		5083
# of expected failures		1
# of untested testcases		5

Running target unix/-m64
FAIL: go.test/test/fixedbugs/bug347.go execution,  -O0 -g 
FAIL: go.test/test/fixedbugs/bug348.go execution,  -O0 -g 
FAIL: go.test/test/nil.go execution,  -O2 -g 
FAIL: go.test/test/recover3.go execution,  -O2 -g 

		=== go Summary for unix/-m64 ===

# of expected passes		4959
# of unexpected failures	4
# of expected failures		1
# of untested testcases		5

		=== go Summary ===

# of expected passes		10042
# of unexpected failures	4
# of expected failures		2
# of untested testcases		10
/BUILD/gcc/obj-196804/gcc/testsuite/go/../../gccgo  version 4.9.0 20130320 (experimental) [trunk revision 196804] (GCC) 

		=== libatomic tests ===


Running target unix/-m64

		=== libatomic Summary for unix/-m64 ===

# of expected passes		54

Running target unix/-m32

		=== libatomic Summary for unix/-m32 ===

# of expected passes		44
# of unsupported tests		5

		=== libatomic Summary ===

# of expected passes		98
# of unsupported tests		5
		=== libffi tests ===


Running target unix/-m64

		=== libffi Summary for unix/-m64 ===

# of expected passes		1819
# of unsupported tests		55

Running target unix/-m32

		=== libffi Summary for unix/-m32 ===

# of expected passes		1819
# of unsupported tests		55

		=== libffi Summary ===

# of expected passes		3638
# of unsupported tests		110
		=== libgo tests ===


Running target unix

		=== libgo Summary for unix ===

# of expected passes		131

Running target unix/-m64
FAIL: fmt
FAIL: os
FAIL: syscall
FAIL: html/template
FAIL: net/http
FAIL: net/http/cgi
FAIL: os/exec
FAIL: runtime/pprof

		=== libgo Summary for unix/-m64 ===

# of expected passes		123
# of unexpected failures	8

		=== libgo Summary ===

# of expected passes		254
# of unexpected failures	8
		=== libgomp tests ===


Running target unix/-m64

		=== libgomp Summary for unix/-m64 ===

# of expected passes		1253
# of unsupported tests		3

Running target unix/-m32

		=== libgomp Summary for unix/-m32 ===

# of expected passes		1253
# of unsupported tests		3

		=== libgomp Summary ===

# of expected passes		2506
# of unsupported tests		6
		=== libitm tests ===


Running target unix/-m64

		=== libitm Summary for unix/-m64 ===

# of expected passes		26
# of expected failures		3
# of unsupported tests		1

Running target unix/-m32

		=== libitm Summary for unix/-m32 ===

# of expected passes		26
# of expected failures		3
# of unsupported tests		1

		=== libitm Summary ===

# of expected passes		52
# of expected failures		6
# of unsupported tests		2
		=== libstdc++ tests ===


Running target unix/-m32

		=== libstdc++ Summary for unix/-m32 ===

# of expected passes		8293
# of expected failures		45
# of unsupported tests		588

Running target unix/-m64
FAIL: libstdc++-prettyprinters/48362.cc print t2
FAIL: libstdc++-prettyprinters/cxx11.cc print uom
FAIL: libstdc++-prettyprinters/debug.cc print str
FAIL: libstdc++-prettyprinters/simple.cc print str

		=== libstdc++ Summary for unix/-m64 ===

# of expected passes		8300
# of unexpected failures	4
# of expected failures		45
# of unsupported tests		587

		=== libstdc++ Summary ===

# of expected passes		16593
# of unexpected failures	4
# of expected failures		90
# of unsupported tests		1175

Compiler version: 4.9.0 20130320 (experimental) [trunk revision 196804] (GCC) 
Platform: i386-pc-solaris2.10
configure flags: --prefix=/BUILD/gcc/196804 --target=i386-pc-solaris2.10 --with-gnu-as --with-as=/opt/gnu/bin/as --with-libiconv-prefix=/opt/gnu --with-gmp=/opt/gnu --with-mpfr=/opt/gnu --with-mpc=/opt/gnu --with-ppl=/opt/gnu --with-cloog=/opt/gnu --enable-cloog-backend=isl --enable-lto --without-included-gettext --includedir=/BUILD/gcc/196804/lib/gcc/i386-pc-solaris2.10/196804/include --datadir=/BUILD/gcc/196804/share/gcc-data/i386-pc-solaris2.10/196804 --mandir=/BUILD/gcc/196804/share/gcc-data/i386-pc-solaris2.10/196804/man --infodir=/BUILD/gcc/196804/share/gcc-data/i386-pc-solaris2.10/196804/info --with-gxx-include-dir=/BUILD/gcc/196804/lib/gcc/i386-pc-solaris2.10/196804/include/g++-v4 --enable-languages=c,c++,go --program-suffix=-trunk
BOOT_CFLAGS=-g -O2


Index Nav: [Date Index] [Subject Index] [Author Index] [Thread Index]
Message Nav: [Date Prev] [Date Next] [Thread Prev] [Thread Next]