This is the mail archive of the gcc-testresults@gcc.gnu.org mailing list for the GCC project.


Index Nav: [Date Index] [Subject Index] [Author Index] [Thread Index]
Message Nav: [Date Prev] [Date Next] [Thread Prev] [Thread Next]
Other format: [Raw text]

Results for 4.8.0 20130315 (experimental) [lra revision 196694] (GCC) testsuite on powerpc64-unknown-linux-gnu


LAST_UPDATED: Sat Mar 16 00:47:03 UTC 2013 (revision 196694)

Native configuration is powerpc64-unknown-linux-gnu

		=== gcc tests ===


Running target unix
FAIL: c-c++-common/asan/clone-test-1.c  -O0  execution test
FAIL: c-c++-common/asan/clone-test-1.c  -O1  execution test
FAIL: c-c++-common/asan/clone-test-1.c  -O2  execution test
FAIL: c-c++-common/asan/clone-test-1.c  -O3 -fomit-frame-pointer  execution test
FAIL: c-c++-common/asan/clone-test-1.c  -O3 -fomit-frame-pointer -funroll-loops  execution test
FAIL: c-c++-common/asan/clone-test-1.c  -O3 -fomit-frame-pointer -funroll-all-loops -finline-functions  execution test
FAIL: c-c++-common/asan/clone-test-1.c  -O3 -g  execution test
FAIL: c-c++-common/asan/clone-test-1.c  -Os  execution test
FAIL: c-c++-common/asan/clone-test-1.c  -O2 -flto -fno-use-linker-plugin -flto-partition=none  execution test
FAIL: c-c++-common/asan/clone-test-1.c  -O2 -flto -fuse-linker-plugin -fno-fat-lto-objects  execution test
FAIL: c-c++-common/asan/global-overflow-1.c  -O0  output pattern test, is ==40814== AddressSanitizer CHECK failed: /home/stevenb/lra_powerpc64_autotester/lra-branch/libsanitizer/asan/asan_thread.cc:74 "((AddrIsInMem(stack_bottom_))) != (0)" (0x0, 0x0)
FAIL: c-c++-common/asan/global-overflow-1.c  -O1  output pattern test, is ==40900== AddressSanitizer CHECK failed: /home/stevenb/lra_powerpc64_autotester/lra-branch/libsanitizer/asan/asan_thread.cc:74 "((AddrIsInMem(stack_bottom_))) != (0)" (0x0, 0x0)
FAIL: c-c++-common/asan/global-overflow-1.c  -O2  output pattern test, is ==40989== AddressSanitizer CHECK failed: /home/stevenb/lra_powerpc64_autotester/lra-branch/libsanitizer/asan/asan_thread.cc:74 "((AddrIsInMem(stack_bottom_))) != (0)" (0x0, 0x0)
FAIL: c-c++-common/asan/global-overflow-1.c  -O3 -fomit-frame-pointer  output pattern test, is ==41150== AddressSanitizer CHECK failed: /home/stevenb/lra_powerpc64_autotester/lra-branch/libsanitizer/asan/asan_thread.cc:74 "((AddrIsInMem(stack_bottom_))) != (0)" (0x0, 0x0)
FAIL: c-c++-common/asan/global-overflow-1.c  -O3 -g  output pattern test, is ==41580== AddressSanitizer CHECK failed: /home/stevenb/lra_powerpc64_autotester/lra-branch/libsanitizer/asan/asan_thread.cc:74 "((AddrIsInMem(stack_bottom_))) != (0)" (0x0, 0x0)
FAIL: c-c++-common/asan/global-overflow-1.c  -Os  output pattern test, is ==41729== AddressSanitizer CHECK failed: /home/stevenb/lra_powerpc64_autotester/lra-branch/libsanitizer/asan/asan_thread.cc:74 "((AddrIsInMem(stack_bottom_))) != (0)" (0x0, 0x0)
FAIL: c-c++-common/asan/global-overflow-1.c  -O2 -flto -fno-use-linker-plugin -flto-partition=none  output pattern test, is ==42099== AddressSanitizer CHECK failed: /home/stevenb/lra_powerpc64_autotester/lra-branch/libsanitizer/asan/asan_thread.cc:74 "((AddrIsInMem(stack_bottom_))) != (0)" (0x0, 0x0)
FAIL: c-c++-common/asan/global-overflow-1.c  -O2 -flto -fuse-linker-plugin -fno-fat-lto-objects  output pattern test, is ==42569== AddressSanitizer CHECK failed: /home/stevenb/lra_powerpc64_autotester/lra-branch/libsanitizer/asan/asan_thread.cc:74 "((AddrIsInMem(stack_bottom_))) != (0)" (0x0, 0x0)
FAIL: c-c++-common/asan/heap-overflow-1.c  -O0  output pattern test, is ==42745== AddressSanitizer CHECK failed: /home/stevenb/lra_powerpc64_autotester/lra-branch/libsanitizer/asan/asan_thread.cc:74 "((AddrIsInMem(stack_bottom_))) != (0)" (0x0, 0x0)
FAIL: c-c++-common/asan/heap-overflow-1.c  -O1  output pattern test, is ==42840== AddressSanitizer CHECK failed: /home/stevenb/lra_powerpc64_autotester/lra-branch/libsanitizer/asan/asan_thread.cc:74 "((AddrIsInMem(stack_bottom_))) != (0)" (0x0, 0x0)
FAIL: c-c++-common/asan/heap-overflow-1.c  -O2  output pattern test, is ==42938== AddressSanitizer CHECK failed: /home/stevenb/lra_powerpc64_autotester/lra-branch/libsanitizer/asan/asan_thread.cc:74 "((AddrIsInMem(stack_bottom_))) != (0)" (0x0, 0x0)
FAIL: c-c++-common/asan/heap-overflow-1.c  -O3 -fomit-frame-pointer  output pattern test, is ==43099== AddressSanitizer CHECK failed: /home/stevenb/lra_powerpc64_autotester/lra-branch/libsanitizer/asan/asan_thread.cc:74 "((AddrIsInMem(stack_bottom_))) != (0)" (0x0, 0x0)
FAIL: c-c++-common/asan/heap-overflow-1.c  -O3 -g  output pattern test, is ==43198== AddressSanitizer CHECK failed: /home/stevenb/lra_powerpc64_autotester/lra-branch/libsanitizer/asan/asan_thread.cc:74 "((AddrIsInMem(stack_bottom_))) != (0)" (0x0, 0x0)
FAIL: c-c++-common/asan/heap-overflow-1.c  -Os  output pattern test, is ==43285== AddressSanitizer CHECK failed: /home/stevenb/lra_powerpc64_autotester/lra-branch/libsanitizer/asan/asan_thread.cc:74 "((AddrIsInMem(stack_bottom_))) != (0)" (0x0, 0x0)
FAIL: c-c++-common/asan/heap-overflow-1.c  -O2 -flto -fno-use-linker-plugin -flto-partition=none  output pattern test, is ==43791== AddressSanitizer CHECK failed: /home/stevenb/lra_powerpc64_autotester/lra-branch/libsanitizer/asan/asan_thread.cc:74 "((AddrIsInMem(stack_bottom_))) != (0)" (0x0, 0x0)
FAIL: c-c++-common/asan/heap-overflow-1.c  -O2 -flto -fuse-linker-plugin -fno-fat-lto-objects  output pattern test, is ==43908== AddressSanitizer CHECK failed: /home/stevenb/lra_powerpc64_autotester/lra-branch/libsanitizer/asan/asan_thread.cc:74 "((AddrIsInMem(stack_bottom_))) != (0)" (0x0, 0x0)
FAIL: c-c++-common/asan/memcmp-1.c  -O0  output pattern test, is ==44025== AddressSanitizer CHECK failed: /home/stevenb/lra_powerpc64_autotester/lra-branch/libsanitizer/asan/asan_thread.cc:74 "((AddrIsInMem(stack_bottom_))) != (0)" (0x0, 0x0)
FAIL: c-c++-common/asan/memcmp-1.c  -O1  output pattern test, is ==44135== AddressSanitizer CHECK failed: /home/stevenb/lra_powerpc64_autotester/lra-branch/libsanitizer/asan/asan_thread.cc:74 "((AddrIsInMem(stack_bottom_))) != (0)" (0x0, 0x0)
FAIL: c-c++-common/asan/memcmp-1.c  -O2  output pattern test, is ==44413== AddressSanitizer CHECK failed: /home/stevenb/lra_powerpc64_autotester/lra-branch/libsanitizer/asan/asan_thread.cc:74 "((AddrIsInMem(stack_bottom_))) != (0)" (0x0, 0x0)
FAIL: c-c++-common/asan/memcmp-1.c  -O3 -fomit-frame-pointer  output pattern test, is ==44506== AddressSanitizer CHECK failed: /home/stevenb/lra_powerpc64_autotester/lra-branch/libsanitizer/asan/asan_thread.cc:74 "((AddrIsInMem(stack_bottom_))) != (0)" (0x0, 0x0)
FAIL: c-c++-common/asan/memcmp-1.c  -O3 -g  output pattern test, is ==44657== AddressSanitizer CHECK failed: /home/stevenb/lra_powerpc64_autotester/lra-branch/libsanitizer/asan/asan_thread.cc:74 "((AddrIsInMem(stack_bottom_))) != (0)" (0x0, 0x0)
FAIL: c-c++-common/asan/memcmp-1.c  -Os  output pattern test, is ==44800== AddressSanitizer CHECK failed: /home/stevenb/lra_powerpc64_autotester/lra-branch/libsanitizer/asan/asan_thread.cc:74 "((AddrIsInMem(stack_bottom_))) != (0)" (0x0, 0x0)
FAIL: c-c++-common/asan/memcmp-1.c  -O2 -flto -fno-use-linker-plugin -flto-partition=none  output pattern test, is ==45352== AddressSanitizer CHECK failed: /home/stevenb/lra_powerpc64_autotester/lra-branch/libsanitizer/asan/asan_thread.cc:74 "((AddrIsInMem(stack_bottom_))) != (0)" (0x0, 0x0)
FAIL: c-c++-common/asan/memcmp-1.c  -O2 -flto -fuse-linker-plugin -fno-fat-lto-objects  output pattern test, is ==45566== AddressSanitizer CHECK failed: /home/stevenb/lra_powerpc64_autotester/lra-branch/libsanitizer/asan/asan_thread.cc:74 "((AddrIsInMem(stack_bottom_))) != (0)" (0x0, 0x0)
FAIL: c-c++-common/asan/null-deref-1.c  -O0  output pattern test, is ==46763== AddressSanitizer CHECK failed: /home/stevenb/lra_powerpc64_autotester/lra-branch/libsanitizer/asan/asan_thread.cc:74 "((AddrIsInMem(stack_bottom_))) != (0)" (0x0, 0x0)
FAIL: c-c++-common/asan/null-deref-1.c  -O1  output pattern test, is ==46885== AddressSanitizer CHECK failed: /home/stevenb/lra_powerpc64_autotester/lra-branch/libsanitizer/asan/asan_thread.cc:74 "((AddrIsInMem(stack_bottom_))) != (0)" (0x0, 0x0)
FAIL: c-c++-common/asan/null-deref-1.c  -O2  output pattern test, is ==47034== AddressSanitizer CHECK failed: /home/stevenb/lra_powerpc64_autotester/lra-branch/libsanitizer/asan/asan_thread.cc:74 "((AddrIsInMem(stack_bottom_))) != (0)" (0x0, 0x0)
FAIL: c-c++-common/asan/null-deref-1.c  -O3 -fomit-frame-pointer  output pattern test, is ==47198== AddressSanitizer CHECK failed: /home/stevenb/lra_powerpc64_autotester/lra-branch/libsanitizer/asan/asan_thread.cc:74 "((AddrIsInMem(stack_bottom_))) != (0)" (0x0, 0x0)
FAIL: c-c++-common/asan/null-deref-1.c  -O3 -g  output pattern test, is ==47376== AddressSanitizer CHECK failed: /home/stevenb/lra_powerpc64_autotester/lra-branch/libsanitizer/asan/asan_thread.cc:74 "((AddrIsInMem(stack_bottom_))) != (0)" (0x0, 0x0)
FAIL: c-c++-common/asan/null-deref-1.c  -Os  output pattern test, is ==47526== AddressSanitizer CHECK failed: /home/stevenb/lra_powerpc64_autotester/lra-branch/libsanitizer/asan/asan_thread.cc:74 "((AddrIsInMem(stack_bottom_))) != (0)" (0x0, 0x0)
FAIL: c-c++-common/asan/null-deref-1.c  -O2 -flto -fno-use-linker-plugin -flto-partition=none  output pattern test, is ==47879== AddressSanitizer CHECK failed: /home/stevenb/lra_powerpc64_autotester/lra-branch/libsanitizer/asan/asan_thread.cc:74 "((AddrIsInMem(stack_bottom_))) != (0)" (0x0, 0x0)
FAIL: c-c++-common/asan/null-deref-1.c  -O2 -flto -fuse-linker-plugin -fno-fat-lto-objects  output pattern test, is ==48106== AddressSanitizer CHECK failed: /home/stevenb/lra_powerpc64_autotester/lra-branch/libsanitizer/asan/asan_thread.cc:74 "((AddrIsInMem(stack_bottom_))) != (0)" (0x0, 0x0)
FAIL: c-c++-common/asan/rlimit-mmap-test-1.c  -O0  output pattern test, is ==49224== AddressSanitizer CHECK failed: /home/stevenb/lra_powerpc64_autotester/lra-branch/libsanitizer/asan/asan_thread.cc:74 "((AddrIsInMem(stack_bottom_))) != (0)" (0x0, 0x0)
FAIL: c-c++-common/asan/sanity-check-pure-c-1.c  -O0  output pattern test, is ==49320== AddressSanitizer CHECK failed: /home/stevenb/lra_powerpc64_autotester/lra-branch/libsanitizer/asan/asan_thread.cc:74 "((AddrIsInMem(stack_bottom_))) != (0)" (0x0, 0x0)
FAIL: c-c++-common/asan/sanity-check-pure-c-1.c  -O1  output pattern test, is ==49589== AddressSanitizer CHECK failed: /home/stevenb/lra_powerpc64_autotester/lra-branch/libsanitizer/asan/asan_thread.cc:74 "((AddrIsInMem(stack_bottom_))) != (0)" (0x0, 0x0)
FAIL: c-c++-common/asan/sanity-check-pure-c-1.c  -O2  output pattern test, is ==49741== AddressSanitizer CHECK failed: /home/stevenb/lra_powerpc64_autotester/lra-branch/libsanitizer/asan/asan_thread.cc:74 "((AddrIsInMem(stack_bottom_))) != (0)" (0x0, 0x0)
FAIL: c-c++-common/asan/sanity-check-pure-c-1.c  -O3 -fomit-frame-pointer  output pattern test, is ==49903== AddressSanitizer CHECK failed: /home/stevenb/lra_powerpc64_autotester/lra-branch/libsanitizer/asan/asan_thread.cc:74 "((AddrIsInMem(stack_bottom_))) != (0)" (0x0, 0x0)
FAIL: c-c++-common/asan/sanity-check-pure-c-1.c  -O3 -g  output pattern test, is ==50041== AddressSanitizer CHECK failed: /home/stevenb/lra_powerpc64_autotester/lra-branch/libsanitizer/asan/asan_thread.cc:74 "((AddrIsInMem(stack_bottom_))) != (0)" (0x0, 0x0)
FAIL: c-c++-common/asan/sanity-check-pure-c-1.c  -Os  output pattern test, is ==50209== AddressSanitizer CHECK failed: /home/stevenb/lra_powerpc64_autotester/lra-branch/libsanitizer/asan/asan_thread.cc:74 "((AddrIsInMem(stack_bottom_))) != (0)" (0x0, 0x0)
FAIL: c-c++-common/asan/sanity-check-pure-c-1.c  -O2 -flto -fno-use-linker-plugin -flto-partition=none  output pattern test, is ==50712== AddressSanitizer CHECK failed: /home/stevenb/lra_powerpc64_autotester/lra-branch/libsanitizer/asan/asan_thread.cc:74 "((AddrIsInMem(stack_bottom_))) != (0)" (0x0, 0x0)
FAIL: c-c++-common/asan/sanity-check-pure-c-1.c  -O2 -flto -fuse-linker-plugin -fno-fat-lto-objects  output pattern test, is ==51012== AddressSanitizer CHECK failed: /home/stevenb/lra_powerpc64_autotester/lra-branch/libsanitizer/asan/asan_thread.cc:74 "((AddrIsInMem(stack_bottom_))) != (0)" (0x0, 0x0)
FAIL: c-c++-common/asan/sleep-before-dying-1.c  -O2  output pattern test, is ==51228== AddressSanitizer CHECK failed: /home/stevenb/lra_powerpc64_autotester/lra-branch/libsanitizer/asan/asan_thread.cc:74 "((AddrIsInMem(stack_bottom_))) != (0)" (0x0, 0x0)
FAIL: c-c++-common/asan/sleep-before-dying-1.c  -O2 -flto -fno-use-linker-plugin -flto-partition=none  output pattern test, is ==51616== AddressSanitizer CHECK failed: /home/stevenb/lra_powerpc64_autotester/lra-branch/libsanitizer/asan/asan_thread.cc:74 "((AddrIsInMem(stack_bottom_))) != (0)" (0x0, 0x0)
FAIL: c-c++-common/asan/sleep-before-dying-1.c  -O2 -flto -fuse-linker-plugin -fno-fat-lto-objects  output pattern test, is ==51915== AddressSanitizer CHECK failed: /home/stevenb/lra_powerpc64_autotester/lra-branch/libsanitizer/asan/asan_thread.cc:74 "((AddrIsInMem(stack_bottom_))) != (0)" (0x0, 0x0)
FAIL: c-c++-common/asan/stack-overflow-1.c  -O0  output pattern test, is ==52015== AddressSanitizer CHECK failed: /home/stevenb/lra_powerpc64_autotester/lra-branch/libsanitizer/asan/asan_thread.cc:74 "((AddrIsInMem(stack_bottom_))) != (0)" (0x0, 0x0)
FAIL: c-c++-common/asan/stack-overflow-1.c  -O1  output pattern test, is ==52168== AddressSanitizer CHECK failed: /home/stevenb/lra_powerpc64_autotester/lra-branch/libsanitizer/asan/asan_thread.cc:74 "((AddrIsInMem(stack_bottom_))) != (0)" (0x0, 0x0)
FAIL: c-c++-common/asan/stack-overflow-1.c  -O2  output pattern test, is ==52384== AddressSanitizer CHECK failed: /home/stevenb/lra_powerpc64_autotester/lra-branch/libsanitizer/asan/asan_thread.cc:74 "((AddrIsInMem(stack_bottom_))) != (0)" (0x0, 0x0)
FAIL: c-c++-common/asan/stack-overflow-1.c  -O3 -fomit-frame-pointer  output pattern test, is ==52684== AddressSanitizer CHECK failed: /home/stevenb/lra_powerpc64_autotester/lra-branch/libsanitizer/asan/asan_thread.cc:74 "((AddrIsInMem(stack_bottom_))) != (0)" (0x0, 0x0)
FAIL: c-c++-common/asan/stack-overflow-1.c  -O3 -g  output pattern test, is ==52931== AddressSanitizer CHECK failed: /home/stevenb/lra_powerpc64_autotester/lra-branch/libsanitizer/asan/asan_thread.cc:74 "((AddrIsInMem(stack_bottom_))) != (0)" (0x0, 0x0)
FAIL: c-c++-common/asan/stack-overflow-1.c  -Os  output pattern test, is ==53150== AddressSanitizer CHECK failed: /home/stevenb/lra_powerpc64_autotester/lra-branch/libsanitizer/asan/asan_thread.cc:74 "((AddrIsInMem(stack_bottom_))) != (0)" (0x0, 0x0)
FAIL: c-c++-common/asan/stack-overflow-1.c  -O2 -flto -fno-use-linker-plugin -flto-partition=none  output pattern test, is ==53651== AddressSanitizer CHECK failed: /home/stevenb/lra_powerpc64_autotester/lra-branch/libsanitizer/asan/asan_thread.cc:74 "((AddrIsInMem(stack_bottom_))) != (0)" (0x0, 0x0)
FAIL: c-c++-common/asan/stack-overflow-1.c  -O2 -flto -fuse-linker-plugin -fno-fat-lto-objects  output pattern test, is ==53945== AddressSanitizer CHECK failed: /home/stevenb/lra_powerpc64_autotester/lra-branch/libsanitizer/asan/asan_thread.cc:74 "((AddrIsInMem(stack_bottom_))) != (0)" (0x0, 0x0)
FAIL: c-c++-common/asan/strip-path-prefix-1.c  -O2  output pattern test, is ==54158== AddressSanitizer CHECK failed: /home/stevenb/lra_powerpc64_autotester/lra-branch/libsanitizer/asan/asan_thread.cc:74 "((AddrIsInMem(stack_bottom_))) != (0)" (0x0, 0x0)
FAIL: c-c++-common/asan/strip-path-prefix-1.c  -O2 -flto -fno-use-linker-plugin -flto-partition=none  output pattern test, is ==54626== AddressSanitizer CHECK failed: /home/stevenb/lra_powerpc64_autotester/lra-branch/libsanitizer/asan/asan_thread.cc:74 "((AddrIsInMem(stack_bottom_))) != (0)" (0x0, 0x0)
FAIL: c-c++-common/asan/strip-path-prefix-1.c  -O2 -flto -fuse-linker-plugin -fno-fat-lto-objects  output pattern test, is ==54775== AddressSanitizer CHECK failed: /home/stevenb/lra_powerpc64_autotester/lra-branch/libsanitizer/asan/asan_thread.cc:74 "((AddrIsInMem(stack_bottom_))) != (0)" (0x0, 0x0)
FAIL: c-c++-common/asan/strncpy-overflow-1.c  -O0  output pattern test, is ==54867== AddressSanitizer CHECK failed: /home/stevenb/lra_powerpc64_autotester/lra-branch/libsanitizer/asan/asan_thread.cc:74 "((AddrIsInMem(stack_bottom_))) != (0)" (0x0, 0x0)
FAIL: c-c++-common/asan/strncpy-overflow-1.c  -O1  output pattern test, is ==54982== AddressSanitizer CHECK failed: /home/stevenb/lra_powerpc64_autotester/lra-branch/libsanitizer/asan/asan_thread.cc:74 "((AddrIsInMem(stack_bottom_))) != (0)" (0x0, 0x0)
FAIL: c-c++-common/asan/strncpy-overflow-1.c  -O2  output pattern test, is ==55097== AddressSanitizer CHECK failed: /home/stevenb/lra_powerpc64_autotester/lra-branch/libsanitizer/asan/asan_thread.cc:74 "((AddrIsInMem(stack_bottom_))) != (0)" (0x0, 0x0)
FAIL: c-c++-common/asan/strncpy-overflow-1.c  -O3 -fomit-frame-pointer  output pattern test, is ==55232== AddressSanitizer CHECK failed: /home/stevenb/lra_powerpc64_autotester/lra-branch/libsanitizer/asan/asan_thread.cc:74 "((AddrIsInMem(stack_bottom_))) != (0)" (0x0, 0x0)
FAIL: c-c++-common/asan/strncpy-overflow-1.c  -O3 -g  output pattern test, is ==55364== AddressSanitizer CHECK failed: /home/stevenb/lra_powerpc64_autotester/lra-branch/libsanitizer/asan/asan_thread.cc:74 "((AddrIsInMem(stack_bottom_))) != (0)" (0x0, 0x0)
FAIL: c-c++-common/asan/strncpy-overflow-1.c  -Os  output pattern test, is ==55449== AddressSanitizer CHECK failed: /home/stevenb/lra_powerpc64_autotester/lra-branch/libsanitizer/asan/asan_thread.cc:74 "((AddrIsInMem(stack_bottom_))) != (0)" (0x0, 0x0)
FAIL: c-c++-common/asan/strncpy-overflow-1.c  -O2 -flto -fno-use-linker-plugin -flto-partition=none  output pattern test, is ==55731== AddressSanitizer CHECK failed: /home/stevenb/lra_powerpc64_autotester/lra-branch/libsanitizer/asan/asan_thread.cc:74 "((AddrIsInMem(stack_bottom_))) != (0)" (0x0, 0x0)
FAIL: c-c++-common/asan/strncpy-overflow-1.c  -O2 -flto -fuse-linker-plugin -fno-fat-lto-objects  output pattern test, is ==56020== AddressSanitizer CHECK failed: /home/stevenb/lra_powerpc64_autotester/lra-branch/libsanitizer/asan/asan_thread.cc:74 "((AddrIsInMem(stack_bottom_))) != (0)" (0x0, 0x0)
FAIL: c-c++-common/asan/swapcontext-test-1.c  -O0  execution test
FAIL: c-c++-common/asan/swapcontext-test-1.c  -O1  execution test
FAIL: c-c++-common/asan/swapcontext-test-1.c  -O2  execution test
FAIL: c-c++-common/asan/swapcontext-test-1.c  -O3 -fomit-frame-pointer  execution test
FAIL: c-c++-common/asan/swapcontext-test-1.c  -O3 -fomit-frame-pointer -funroll-loops  execution test
FAIL: c-c++-common/asan/swapcontext-test-1.c  -O3 -fomit-frame-pointer -funroll-all-loops -finline-functions  execution test
FAIL: c-c++-common/asan/swapcontext-test-1.c  -O3 -g  execution test
FAIL: c-c++-common/asan/swapcontext-test-1.c  -Os  execution test
FAIL: c-c++-common/asan/swapcontext-test-1.c  -O2 -flto -fno-use-linker-plugin -flto-partition=none  execution test
FAIL: c-c++-common/asan/swapcontext-test-1.c  -O2 -flto -fuse-linker-plugin -fno-fat-lto-objects  execution test
FAIL: c-c++-common/asan/use-after-free-1.c  -O0  output pattern test, is ==58067== AddressSanitizer CHECK failed: /home/stevenb/lra_powerpc64_autotester/lra-branch/libsanitizer/asan/asan_thread.cc:74 "((AddrIsInMem(stack_bottom_))) != (0)" (0x0, 0x0)
FAIL: c-c++-common/asan/use-after-free-1.c  -O1  output pattern test, is ==58227== AddressSanitizer CHECK failed: /home/stevenb/lra_powerpc64_autotester/lra-branch/libsanitizer/asan/asan_thread.cc:74 "((AddrIsInMem(stack_bottom_))) != (0)" (0x0, 0x0)
FAIL: c-c++-common/asan/use-after-free-1.c  -O2  output pattern test, is ==58334== AddressSanitizer CHECK failed: /home/stevenb/lra_powerpc64_autotester/lra-branch/libsanitizer/asan/asan_thread.cc:74 "((AddrIsInMem(stack_bottom_))) != (0)" (0x0, 0x0)
FAIL: c-c++-common/asan/use-after-free-1.c  -O3 -fomit-frame-pointer  output pattern test, is ==58468== AddressSanitizer CHECK failed: /home/stevenb/lra_powerpc64_autotester/lra-branch/libsanitizer/asan/asan_thread.cc:74 "((AddrIsInMem(stack_bottom_))) != (0)" (0x0, 0x0)
FAIL: c-c++-common/asan/use-after-free-1.c  -O3 -g  output pattern test, is ==58610== AddressSanitizer CHECK failed: /home/stevenb/lra_powerpc64_autotester/lra-branch/libsanitizer/asan/asan_thread.cc:74 "((AddrIsInMem(stack_bottom_))) != (0)" (0x0, 0x0)
FAIL: c-c++-common/asan/use-after-free-1.c  -Os  output pattern test, is ==58759== AddressSanitizer CHECK failed: /home/stevenb/lra_powerpc64_autotester/lra-branch/libsanitizer/asan/asan_thread.cc:74 "((AddrIsInMem(stack_bottom_))) != (0)" (0x0, 0x0)
FAIL: c-c++-common/asan/use-after-free-1.c  -O2 -flto -fno-use-linker-plugin -flto-partition=none  output pattern test, is ==59015== AddressSanitizer CHECK failed: /home/stevenb/lra_powerpc64_autotester/lra-branch/libsanitizer/asan/asan_thread.cc:74 "((AddrIsInMem(stack_bottom_))) != (0)" (0x0, 0x0)
FAIL: c-c++-common/asan/use-after-free-1.c  -O2 -flto -fuse-linker-plugin -fno-fat-lto-objects  output pattern test, is ==59216== AddressSanitizer CHECK failed: /home/stevenb/lra_powerpc64_autotester/lra-branch/libsanitizer/asan/asan_thread.cc:74 "((AddrIsInMem(stack_bottom_))) != (0)" (0x0, 0x0)
FAIL: gcc.dg/and-1.c scan-assembler-not nand
FAIL: gcc.dg/pr44194-1.c scan-rtl-dump dse1 "global deletions = (2|3)"
XPASS: gcc.dg/guality/example.c  -O0  execution test
XPASS: gcc.dg/guality/example.c  -O1  execution test
XPASS: gcc.dg/guality/guality.c  -O0  execution test
XPASS: gcc.dg/guality/guality.c  -O1  execution test
XPASS: gcc.dg/guality/guality.c  -O2  execution test
XPASS: gcc.dg/guality/guality.c  -O3 -fomit-frame-pointer  execution test
XPASS: gcc.dg/guality/guality.c  -O3 -g  execution test
XPASS: gcc.dg/guality/guality.c  -Os  execution test
XPASS: gcc.dg/guality/guality.c  -O2 -flto -fno-use-linker-plugin -flto-partition=none  execution test
XPASS: gcc.dg/guality/guality.c  -O2 -flto -fuse-linker-plugin -fno-fat-lto-objects  execution test
XPASS: gcc.dg/guality/inline-params.c  -O2  execution test
XPASS: gcc.dg/guality/inline-params.c  -O3 -fomit-frame-pointer  execution test
XPASS: gcc.dg/guality/inline-params.c  -O3 -g  execution test
XPASS: gcc.dg/guality/inline-params.c  -Os  execution test
XPASS: gcc.dg/guality/inline-params.c  -O2 -flto -fno-use-linker-plugin -flto-partition=none  execution test
FAIL: gcc.dg/guality/pr36728-1.c  -O1  line 16 arg6 == 6
FAIL: gcc.dg/guality/pr36728-1.c  -O1  line 16 arg7 == 30
FAIL: gcc.dg/guality/pr36728-1.c  -O1  line 18 arg4 == 4
FAIL: gcc.dg/guality/pr36728-1.c  -O1  line 18 arg5 == 5
FAIL: gcc.dg/guality/pr36728-1.c  -O1  line 18 arg6 == 6
FAIL: gcc.dg/guality/pr36728-1.c  -O1  line 18 arg7 == 30
FAIL: gcc.dg/guality/pr36728-1.c  -O2  line 16 arg7 == 30
FAIL: gcc.dg/guality/pr36728-1.c  -O2  line 18 arg3 == 3
FAIL: gcc.dg/guality/pr36728-1.c  -O2  line 18 arg7 == 30
FAIL: gcc.dg/guality/pr36728-1.c  -O3 -fomit-frame-pointer  line 16 arg7 == 30
FAIL: gcc.dg/guality/pr36728-1.c  -O3 -fomit-frame-pointer  line 18 arg3 == 3
FAIL: gcc.dg/guality/pr36728-1.c  -O3 -fomit-frame-pointer  line 18 arg7 == 30
FAIL: gcc.dg/guality/pr36728-1.c  -O3 -g  line 16 arg7 == 30
FAIL: gcc.dg/guality/pr36728-1.c  -O3 -g  line 18 arg3 == 3
FAIL: gcc.dg/guality/pr36728-1.c  -O3 -g  line 18 arg7 == 30
FAIL: gcc.dg/guality/pr36728-1.c  -Os  line 16 arg5 == 5
FAIL: gcc.dg/guality/pr36728-1.c  -Os  line 16 arg7 == 30
FAIL: gcc.dg/guality/pr36728-1.c  -Os  line 16 y == 2
FAIL: gcc.dg/guality/pr36728-1.c  -Os  line 18 arg4 == 4
FAIL: gcc.dg/guality/pr36728-1.c  -Os  line 18 arg5 == 5
FAIL: gcc.dg/guality/pr36728-1.c  -Os  line 18 arg7 == 30
FAIL: gcc.dg/guality/pr36728-1.c  -Os  line 18 y == 2
FAIL: gcc.dg/guality/pr36728-1.c  -O2 -flto -fno-use-linker-plugin -flto-partition=none  line 16 arg7 == 30
FAIL: gcc.dg/guality/pr36728-1.c  -O2 -flto -fno-use-linker-plugin -flto-partition=none  line 18 arg3 == 3
FAIL: gcc.dg/guality/pr36728-1.c  -O2 -flto -fno-use-linker-plugin -flto-partition=none  line 18 arg7 == 30
FAIL: gcc.dg/guality/pr36728-1.c  -O2 -flto -fuse-linker-plugin -fno-fat-lto-objects  line 16 arg7 == 30
FAIL: gcc.dg/guality/pr36728-1.c  -O2 -flto -fuse-linker-plugin -fno-fat-lto-objects  line 18 arg5 == 5
FAIL: gcc.dg/guality/pr36728-1.c  -O2 -flto -fuse-linker-plugin -fno-fat-lto-objects  line 18 arg7 == 30
FAIL: gcc.dg/guality/pr36728-2.c  -O1  line 16 arg7 == 30
FAIL: gcc.dg/guality/pr36728-2.c  -O1  line 18 arg5 == 5
FAIL: gcc.dg/guality/pr36728-2.c  -O1  line 18 arg6 == 6
FAIL: gcc.dg/guality/pr36728-2.c  -O1  line 18 arg7 == 30
FAIL: gcc.dg/guality/pr36728-2.c  -O2  line 16 arg5 == 5
FAIL: gcc.dg/guality/pr36728-2.c  -O2  line 18 arg4 == 4
FAIL: gcc.dg/guality/pr36728-2.c  -O2  line 18 arg5 == 5
FAIL: gcc.dg/guality/pr36728-2.c  -O2  line 18 *x == (char) 25
FAIL: gcc.dg/guality/pr36728-2.c  -O3 -fomit-frame-pointer  line 16 arg5 == 5
FAIL: gcc.dg/guality/pr36728-2.c  -O3 -fomit-frame-pointer  line 18 arg4 == 4
FAIL: gcc.dg/guality/pr36728-2.c  -O3 -fomit-frame-pointer  line 18 arg5 == 5
FAIL: gcc.dg/guality/pr36728-2.c  -O3 -fomit-frame-pointer  line 18 *x == (char) 25
FAIL: gcc.dg/guality/pr36728-2.c  -O3 -g  line 16 arg5 == 5
FAIL: gcc.dg/guality/pr36728-2.c  -O3 -g  line 18 arg4 == 4
FAIL: gcc.dg/guality/pr36728-2.c  -O3 -g  line 18 arg5 == 5
FAIL: gcc.dg/guality/pr36728-2.c  -O3 -g  line 18 *x == (char) 25
FAIL: gcc.dg/guality/pr36728-2.c  -Os  line 16 arg6 == 6
FAIL: gcc.dg/guality/pr36728-2.c  -Os  line 18 arg5 == 5
FAIL: gcc.dg/guality/pr36728-2.c  -Os  line 18 arg6 == 6
FAIL: gcc.dg/guality/pr36728-2.c  -Os  line 18 *x == (char) 25
FAIL: gcc.dg/guality/pr36728-2.c  -O2 -flto -fno-use-linker-plugin -flto-partition=none  line 16 arg5 == 5
FAIL: gcc.dg/guality/pr36728-2.c  -O2 -flto -fno-use-linker-plugin -flto-partition=none  line 18 arg4 == 4
FAIL: gcc.dg/guality/pr36728-2.c  -O2 -flto -fno-use-linker-plugin -flto-partition=none  line 18 arg5 == 5
FAIL: gcc.dg/guality/pr36728-2.c  -O2 -flto -fno-use-linker-plugin -flto-partition=none  line 18 *x == (char) 25
FAIL: gcc.dg/guality/pr36728-2.c  -O2 -flto -fuse-linker-plugin -fno-fat-lto-objects  line 18 arg6 == 6
FAIL: gcc.dg/guality/pr36728-2.c  -O2 -flto -fuse-linker-plugin -fno-fat-lto-objects  line 18 *x == (char) 25
FAIL: gcc.dg/guality/pr36728-3.c  -O1  line 14 arg6 == 6
FAIL: gcc.dg/guality/pr36728-3.c  -O1  line 14 arg7 == 30
FAIL: gcc.dg/guality/pr36728-3.c  -O1  line 16 arg6 == 6
FAIL: gcc.dg/guality/pr36728-3.c  -O1  line 16 arg7 == 30
FAIL: gcc.dg/guality/pr36728-3.c  -O2  line 14 arg6 == 6
FAIL: gcc.dg/guality/pr36728-3.c  -O2  line 14 arg7 == 30
FAIL: gcc.dg/guality/pr36728-3.c  -O2  line 16 arg6 == 6
FAIL: gcc.dg/guality/pr36728-3.c  -O2  line 16 arg7 == 30
FAIL: gcc.dg/guality/pr36728-3.c  -O3 -fomit-frame-pointer  line 14 arg6 == 6
FAIL: gcc.dg/guality/pr36728-3.c  -O3 -fomit-frame-pointer  line 14 arg7 == 30
FAIL: gcc.dg/guality/pr36728-3.c  -O3 -fomit-frame-pointer  line 16 arg6 == 6
FAIL: gcc.dg/guality/pr36728-3.c  -O3 -fomit-frame-pointer  line 16 arg7 == 30
FAIL: gcc.dg/guality/pr36728-3.c  -O3 -g  line 14 arg6 == 6
FAIL: gcc.dg/guality/pr36728-3.c  -O3 -g  line 14 arg7 == 30
FAIL: gcc.dg/guality/pr36728-3.c  -O3 -g  line 16 arg6 == 6
FAIL: gcc.dg/guality/pr36728-3.c  -O3 -g  line 16 arg7 == 30
FAIL: gcc.dg/guality/pr36728-3.c  -Os  line 14 arg6 == 6
FAIL: gcc.dg/guality/pr36728-3.c  -Os  line 14 arg7 == 30
FAIL: gcc.dg/guality/pr36728-3.c  -Os  line 16 arg6 == 6
FAIL: gcc.dg/guality/pr36728-3.c  -Os  line 16 arg7 == 30
FAIL: gcc.dg/guality/pr36728-3.c  -O2 -flto -fno-use-linker-plugin -flto-partition=none  line 14 arg6 == 6
FAIL: gcc.dg/guality/pr36728-3.c  -O2 -flto -fno-use-linker-plugin -flto-partition=none  line 14 arg7 == 30
FAIL: gcc.dg/guality/pr36728-3.c  -O2 -flto -fno-use-linker-plugin -flto-partition=none  line 16 arg6 == 6
FAIL: gcc.dg/guality/pr36728-3.c  -O2 -flto -fno-use-linker-plugin -flto-partition=none  line 16 arg7 == 30
FAIL: gcc.dg/guality/pr36728-3.c  -O2 -flto -fuse-linker-plugin -fno-fat-lto-objects  line 14 arg6 == 6
FAIL: gcc.dg/guality/pr36728-3.c  -O2 -flto -fuse-linker-plugin -fno-fat-lto-objects  line 14 arg7 == 30
FAIL: gcc.dg/guality/pr36728-3.c  -O2 -flto -fuse-linker-plugin -fno-fat-lto-objects  line 16 arg6 == 6
FAIL: gcc.dg/guality/pr36728-3.c  -O2 -flto -fuse-linker-plugin -fno-fat-lto-objects  line 16 arg7 == 30
FAIL: gcc.dg/guality/pr36728-4.c  -O1  line 14 arg7 == 30
FAIL: gcc.dg/guality/pr36728-4.c  -O1  line 16 arg7 == 30
FAIL: gcc.dg/guality/pr36728-4.c  -O2  line 14 arg7 == 30
FAIL: gcc.dg/guality/pr36728-4.c  -O2  line 16 arg7 == 30
FAIL: gcc.dg/guality/pr36728-4.c  -O3 -fomit-frame-pointer  line 14 arg7 == 30
FAIL: gcc.dg/guality/pr36728-4.c  -O3 -fomit-frame-pointer  line 16 arg7 == 30
FAIL: gcc.dg/guality/pr36728-4.c  -O3 -g  line 14 arg7 == 30
FAIL: gcc.dg/guality/pr36728-4.c  -O3 -g  line 16 arg7 == 30
FAIL: gcc.dg/guality/pr36728-4.c  -Os  line 14 arg7 == 30
FAIL: gcc.dg/guality/pr36728-4.c  -Os  line 16 arg7 == 30
FAIL: gcc.dg/guality/pr36728-4.c  -O2 -flto -fno-use-linker-plugin -flto-partition=none  line 14 arg7 == 30
FAIL: gcc.dg/guality/pr36728-4.c  -O2 -flto -fno-use-linker-plugin -flto-partition=none  line 16 arg7 == 30
FAIL: gcc.dg/guality/pr36728-4.c  -O2 -flto -fuse-linker-plugin -fno-fat-lto-objects  line 14 arg7 == 30
FAIL: gcc.dg/guality/pr36728-4.c  -O2 -flto -fuse-linker-plugin -fno-fat-lto-objects  line 16 arg7 == 30
XPASS: gcc.dg/guality/pr41353-1.c  -O0  line 28 j == 28 + 37
FAIL: gcc.dg/guality/pr41353-1.c  -O1  line 28 i == 37
XPASS: gcc.dg/guality/pr41353-1.c  -O1  line 28 j == 28 + 37
FAIL: gcc.dg/guality/pr41353-1.c  -O1  line 28 i1 == 2 * 37
FAIL: gcc.dg/guality/pr41353-1.c  -O1  line 28 i2 == 3 * 37
FAIL: gcc.dg/guality/pr41353-1.c  -O2  line 28 i == 37
XPASS: gcc.dg/guality/pr41353-1.c  -O2  line 28 j == 28 + 37
FAIL: gcc.dg/guality/pr41353-1.c  -O2  line 28 i1 == 2 * 37
FAIL: gcc.dg/guality/pr41353-1.c  -O2  line 28 i2 == 3 * 37
FAIL: gcc.dg/guality/pr41353-1.c  -O3 -fomit-frame-pointer  line 28 i == 37
XPASS: gcc.dg/guality/pr41353-1.c  -O3 -fomit-frame-pointer  line 28 j == 28 + 37
FAIL: gcc.dg/guality/pr41353-1.c  -O3 -fomit-frame-pointer  line 28 i1 == 2 * 37
FAIL: gcc.dg/guality/pr41353-1.c  -O3 -fomit-frame-pointer  line 28 i2 == 3 * 37
FAIL: gcc.dg/guality/pr41353-1.c  -O3 -g  line 28 i == 37
XPASS: gcc.dg/guality/pr41353-1.c  -O3 -g  line 28 j == 28 + 37
FAIL: gcc.dg/guality/pr41353-1.c  -O3 -g  line 28 i1 == 2 * 37
FAIL: gcc.dg/guality/pr41353-1.c  -O3 -g  line 28 i2 == 3 * 37
FAIL: gcc.dg/guality/pr41353-1.c  -Os  line 28 i == 37
XPASS: gcc.dg/guality/pr41353-1.c  -Os  line 28 j == 28 + 37
FAIL: gcc.dg/guality/pr41353-1.c  -Os  line 28 i1 == 2 * 37
FAIL: gcc.dg/guality/pr41353-1.c  -Os  line 28 i2 == 3 * 37
FAIL: gcc.dg/guality/pr41353-1.c  -O2 -flto -fno-use-linker-plugin -flto-partition=none  line 28 i == 37
XPASS: gcc.dg/guality/pr41353-1.c  -O2 -flto -fno-use-linker-plugin -flto-partition=none  line 28 j == 28 + 37
FAIL: gcc.dg/guality/pr41353-1.c  -O2 -flto -fno-use-linker-plugin -flto-partition=none  line 28 i1 == 2 * 37
FAIL: gcc.dg/guality/pr41353-1.c  -O2 -flto -fno-use-linker-plugin -flto-partition=none  line 28 i2 == 3 * 37
FAIL: gcc.dg/guality/pr41353-1.c  -O2 -flto -fuse-linker-plugin -fno-fat-lto-objects  line 28 i == 37
XPASS: gcc.dg/guality/pr41353-1.c  -O2 -flto -fuse-linker-plugin -fno-fat-lto-objects  line 28 j == 28 + 37
FAIL: gcc.dg/guality/pr41353-1.c  -O2 -flto -fuse-linker-plugin -fno-fat-lto-objects  line 28 i1 == 2 * 37
FAIL: gcc.dg/guality/pr41353-1.c  -O2 -flto -fuse-linker-plugin -fno-fat-lto-objects  line 28 i2 == 3 * 37
XPASS: gcc.dg/guality/pr41447-1.c  -O0  execution test
XPASS: gcc.dg/guality/pr41447-1.c  -O1  execution test
XPASS: gcc.dg/guality/pr41447-1.c  -O2  execution test
XPASS: gcc.dg/guality/pr41447-1.c  -O3 -fomit-frame-pointer  execution test
XPASS: gcc.dg/guality/pr41447-1.c  -O3 -g  execution test
XPASS: gcc.dg/guality/pr41447-1.c  -Os  execution test
XPASS: gcc.dg/guality/pr41447-1.c  -O2 -flto -fno-use-linker-plugin -flto-partition=none  execution test
XPASS: gcc.dg/guality/pr41447-1.c  -O2 -flto -fuse-linker-plugin -fno-fat-lto-objects  execution test
XPASS: gcc.dg/guality/pr41616-1.c  -O0  execution test
XPASS: gcc.dg/guality/pr41616-1.c  -O1  execution test
XPASS: gcc.dg/guality/pr41616-1.c  -O2  execution test
XPASS: gcc.dg/guality/pr41616-1.c  -O3 -fomit-frame-pointer  execution test
XPASS: gcc.dg/guality/pr41616-1.c  -O3 -g  execution test
XPASS: gcc.dg/guality/pr41616-1.c  -Os  execution test
XPASS: gcc.dg/guality/pr41616-1.c  -O2 -flto -fno-use-linker-plugin -flto-partition=none  execution test
FAIL: gcc.dg/guality/pr43051-1.c  -O1  line 40 v == 1
FAIL: gcc.dg/guality/pr43051-1.c  -O2  line 40 v == 1
FAIL: gcc.dg/guality/pr43051-1.c  -O3 -fomit-frame-pointer  line 35 v == 1
FAIL: gcc.dg/guality/pr43051-1.c  -O3 -fomit-frame-pointer  line 40 v == 1
FAIL: gcc.dg/guality/pr43051-1.c  -O3 -fomit-frame-pointer -funroll-loops  line 35 v == 1
FAIL: gcc.dg/guality/pr43051-1.c  -O3 -fomit-frame-pointer -funroll-loops  line 40 v == 1
FAIL: gcc.dg/guality/pr43051-1.c  -O3 -fomit-frame-pointer -funroll-all-loops -finline-functions  line 35 v == 1
FAIL: gcc.dg/guality/pr43051-1.c  -O3 -fomit-frame-pointer -funroll-all-loops -finline-functions  line 40 v == 1
FAIL: gcc.dg/guality/pr43051-1.c  -O3 -g  line 35 v == 1
FAIL: gcc.dg/guality/pr43051-1.c  -O3 -g  line 40 v == 1
FAIL: gcc.dg/guality/pr43051-1.c  -Os  line 40 v == 1
FAIL: gcc.dg/guality/pr43051-1.c  -O2 -flto -fno-use-linker-plugin -flto-partition=none  line 40 v == 1
FAIL: gcc.dg/guality/pr43051-1.c  -O2 -flto -fuse-linker-plugin -fno-fat-lto-objects  line 40 v == 1
FAIL: gcc.dg/guality/pr54200.c  -O1  line 20 z == 3
FAIL: gcc.dg/guality/pr54200.c  -O2  line 20 z == 3
FAIL: gcc.dg/guality/pr54200.c  -O3 -fomit-frame-pointer  line 20 z == 3
FAIL: gcc.dg/guality/pr54200.c  -O3 -g  line 20 z == 3
FAIL: gcc.dg/guality/pr54200.c  -Os  line 20 z == 3
FAIL: gcc.dg/guality/pr54200.c  -O2 -flto -fno-use-linker-plugin -flto-partition=none  line 20 z == 3
FAIL: gcc.dg/guality/pr54200.c  -O2 -flto -fuse-linker-plugin -fno-fat-lto-objects  line 20 z == 3
FAIL: gcc.dg/guality/pr54519-1.c  -O1  line 20 x == 36
FAIL: gcc.dg/guality/pr54519-1.c  -O1  line 20 y == 25
FAIL: gcc.dg/guality/pr54519-1.c  -O1  line 23 x == 98
FAIL: gcc.dg/guality/pr54519-1.c  -O1  line 23 y == 117
FAIL: gcc.dg/guality/pr54519-1.c  -O2  line 20 x == 36
FAIL: gcc.dg/guality/pr54519-1.c  -O2  line 23 x == 98
FAIL: gcc.dg/guality/pr54519-1.c  -Os  line 20 x == 36
FAIL: gcc.dg/guality/pr54519-1.c  -Os  line 23 x == 98
FAIL: gcc.dg/guality/pr54519-1.c  -O2 -flto -fno-use-linker-plugin -flto-partition=none  line 20 x == 36
FAIL: gcc.dg/guality/pr54519-1.c  -O2 -flto -fno-use-linker-plugin -flto-partition=none  line 20 y == 25
FAIL: gcc.dg/guality/pr54519-1.c  -O2 -flto -fno-use-linker-plugin -flto-partition=none  line 20 z == 6
FAIL: gcc.dg/guality/pr54519-1.c  -O2 -flto -fno-use-linker-plugin -flto-partition=none  line 23 x == 98
FAIL: gcc.dg/guality/pr54519-1.c  -O2 -flto -fno-use-linker-plugin -flto-partition=none  line 23 y == 117
FAIL: gcc.dg/guality/pr54519-1.c  -O2 -flto -fno-use-linker-plugin -flto-partition=none  line 23 z == 8
FAIL: gcc.dg/guality/pr54519-1.c  -O2 -flto -fuse-linker-plugin -fno-fat-lto-objects  line 20 y == 25
FAIL: gcc.dg/guality/pr54519-1.c  -O2 -flto -fuse-linker-plugin -fno-fat-lto-objects  line 20 z == 6
FAIL: gcc.dg/guality/pr54519-2.c  -O1  line 17 x == 6
FAIL: gcc.dg/guality/pr54519-2.c  -O2 -flto -fno-use-linker-plugin -flto-partition=none  line 17 y == 25
FAIL: gcc.dg/guality/pr54519-2.c  -O2 -flto -fuse-linker-plugin -fno-fat-lto-objects  line 17 y == 25
FAIL: gcc.dg/guality/pr54519-3.c  -O1  line 20 x == 36
FAIL: gcc.dg/guality/pr54519-3.c  -O1  line 20 y == 25
FAIL: gcc.dg/guality/pr54519-3.c  -O1  line 20 z == 6
FAIL: gcc.dg/guality/pr54519-3.c  -O1  line 23 x == 98
FAIL: gcc.dg/guality/pr54519-3.c  -O1  line 23 y == 117
FAIL: gcc.dg/guality/pr54519-3.c  -O1  line 23 z == 8
FAIL: gcc.dg/guality/pr54519-3.c  -O2  line 20 z == 6
FAIL: gcc.dg/guality/pr54519-3.c  -O2  line 23 z == 8
FAIL: gcc.dg/guality/pr54519-3.c  -O3 -fomit-frame-pointer  line 20 z == 6
FAIL: gcc.dg/guality/pr54519-3.c  -O3 -fomit-frame-pointer  line 23 z == 8
FAIL: gcc.dg/guality/pr54519-3.c  -O3 -g  line 20 z == 6
FAIL: gcc.dg/guality/pr54519-3.c  -O3 -g  line 23 z == 8
FAIL: gcc.dg/guality/pr54519-3.c  -Os  line 20 z == 6
FAIL: gcc.dg/guality/pr54519-3.c  -Os  line 23 z == 8
FAIL: gcc.dg/guality/pr54519-3.c  -O2 -flto -fno-use-linker-plugin -flto-partition=none  line 20 y == 25
FAIL: gcc.dg/guality/pr54519-3.c  -O2 -flto -fno-use-linker-plugin -flto-partition=none  line 20 z == 6
FAIL: gcc.dg/guality/pr54519-3.c  -O2 -flto -fno-use-linker-plugin -flto-partition=none  line 23 y == 117
FAIL: gcc.dg/guality/pr54519-3.c  -O2 -flto -fno-use-linker-plugin -flto-partition=none  line 23 z == 8
FAIL: gcc.dg/guality/pr54519-3.c  -O2 -flto -fuse-linker-plugin -fno-fat-lto-objects  line 20 y == 25
FAIL: gcc.dg/guality/pr54519-3.c  -O2 -flto -fuse-linker-plugin -fno-fat-lto-objects  line 20 z == 6
FAIL: gcc.dg/guality/pr54519-3.c  -O2 -flto -fuse-linker-plugin -fno-fat-lto-objects  line 23 y == 117
FAIL: gcc.dg/guality/pr54519-3.c  -O2 -flto -fuse-linker-plugin -fno-fat-lto-objects  line 23 z == 8
FAIL: gcc.dg/guality/pr54519-4.c  -O1  line 17 x == 6
FAIL: gcc.dg/guality/pr54519-4.c  -O1  line 17 y == 25
FAIL: gcc.dg/guality/pr54519-4.c  -O2  line 17 y == 25
FAIL: gcc.dg/guality/pr54519-4.c  -O3 -fomit-frame-pointer  line 17 y == 25
FAIL: gcc.dg/guality/pr54519-4.c  -O3 -g  line 17 y == 25
FAIL: gcc.dg/guality/pr54519-4.c  -Os  line 17 y == 25
FAIL: gcc.dg/guality/pr54519-4.c  -O2 -flto -fno-use-linker-plugin -flto-partition=none  line 17 y == 25
FAIL: gcc.dg/guality/pr54519-4.c  -O2 -flto -fuse-linker-plugin -fno-fat-lto-objects  line 17 y == 25
FAIL: gcc.dg/guality/pr54519-5.c  -O1  line 17 x == 6
FAIL: gcc.dg/guality/pr54519-5.c  -O1  line 17 y == 25
FAIL: gcc.dg/guality/pr54519-5.c  -O2  line 17 y == 25
FAIL: gcc.dg/guality/pr54519-5.c  -O3 -fomit-frame-pointer  line 17 y == 25
FAIL: gcc.dg/guality/pr54519-5.c  -O3 -g  line 17 y == 25
FAIL: gcc.dg/guality/pr54519-5.c  -Os  line 17 y == 25
FAIL: gcc.dg/guality/pr54519-5.c  -O2 -flto -fno-use-linker-plugin -flto-partition=none  line 17 y == 25
FAIL: gcc.dg/guality/pr54519-5.c  -O2 -flto -fuse-linker-plugin -fno-fat-lto-objects  line 17 y == 25
FAIL: gcc.dg/guality/pr54551.c  -O1  line 18 a == 4
FAIL: gcc.dg/guality/pr54551.c  -O2  line 18 a == 4
FAIL: gcc.dg/guality/pr54551.c  -O3 -fomit-frame-pointer  line 18 a == 4
FAIL: gcc.dg/guality/pr54551.c  -O3 -g  line 18 a == 4
FAIL: gcc.dg/guality/pr54551.c  -Os  line 18 a == 4
FAIL: gcc.dg/guality/pr54551.c  -O2 -flto -fno-use-linker-plugin -flto-partition=none  line 18 a == 4
FAIL: gcc.dg/guality/pr54693-2.c  -O1  line 21 x == 10 - i
FAIL: gcc.dg/guality/pr54693-2.c  -O1  line 21 y == 20 - 2 * i
FAIL: gcc.dg/guality/pr54693-2.c  -O2  line 21 x == 10 - i
FAIL: gcc.dg/guality/pr54693-2.c  -O2  line 21 y == 20 - 2 * i
FAIL: gcc.dg/guality/pr54693-2.c  -O3 -fomit-frame-pointer  line 21 x == 10 - i
FAIL: gcc.dg/guality/pr54693-2.c  -O3 -fomit-frame-pointer  line 21 y == 20 - 2 * i
FAIL: gcc.dg/guality/pr54693-2.c  -O3 -fomit-frame-pointer -funroll-loops  line 21 x == 10 - i
FAIL: gcc.dg/guality/pr54693-2.c  -O3 -fomit-frame-pointer -funroll-loops  line 21 y == 20 - 2 * i
FAIL: gcc.dg/guality/pr54693-2.c  -O3 -fomit-frame-pointer -funroll-all-loops -finline-functions  line 21 x == 10 - i
FAIL: gcc.dg/guality/pr54693-2.c  -O3 -fomit-frame-pointer -funroll-all-loops -finline-functions  line 21 y == 20 - 2 * i
FAIL: gcc.dg/guality/pr54693-2.c  -O3 -g  line 21 x == 10 - i
FAIL: gcc.dg/guality/pr54693-2.c  -O3 -g  line 21 y == 20 - 2 * i
FAIL: gcc.dg/guality/pr54693-2.c  -Os  line 21 y == 20 - 2 * i
FAIL: gcc.dg/guality/pr54693-2.c  -Os  line 21 z == 30 - 3 * i
FAIL: gcc.dg/guality/pr54693-2.c  -O2 -flto -fno-use-linker-plugin -flto-partition=none  line 21 x == 10 - i
FAIL: gcc.dg/guality/pr54693-2.c  -O2 -flto -fno-use-linker-plugin -flto-partition=none  line 21 y == 20 - 2 * i
FAIL: gcc.dg/guality/pr54693-2.c  -O2 -flto -fuse-linker-plugin -fno-fat-lto-objects  line 21 x == 10 - i
FAIL: gcc.dg/guality/pr54693-2.c  -O2 -flto -fuse-linker-plugin -fno-fat-lto-objects  line 21 y == 20 - 2 * i
FAIL: gcc.dg/guality/pr54693.c  -O1  line 22 i == c - 48
FAIL: gcc.dg/guality/pr54693.c  -O2  line 22 i == c - 48
FAIL: gcc.dg/guality/pr54693.c  -O3 -fomit-frame-pointer  line 22 i == c - 48
FAIL: gcc.dg/guality/pr54693.c  -O3 -fomit-frame-pointer -funroll-loops  line 22 i == c - 48
FAIL: gcc.dg/guality/pr54693.c  -O3 -fomit-frame-pointer -funroll-all-loops -finline-functions  line 22 i == c - 48
FAIL: gcc.dg/guality/pr54693.c  -O3 -g  line 22 i == c - 48
FAIL: gcc.dg/guality/pr54693.c  -O2 -flto -fno-use-linker-plugin -flto-partition=none  line 22 i == c - 48
FAIL: gcc.dg/guality/pr54693.c  -O2 -flto -fuse-linker-plugin -fno-fat-lto-objects  line 22 i == c - 48
FAIL: gcc.dg/guality/pr54970.c  -O1  line 15 a[0] == 1
FAIL: gcc.dg/guality/pr54970.c  -O1  line 15 a[1] == 2
FAIL: gcc.dg/guality/pr54970.c  -O1  line 15 a[2] == 3
FAIL: gcc.dg/guality/pr54970.c  -O1  line 15 *p == 3
FAIL: gcc.dg/guality/pr54970.c  -O1  line 15 *q == 2
FAIL: gcc.dg/guality/pr54970.c  -O1  line 20 a[0] == 1
FAIL: gcc.dg/guality/pr54970.c  -O1  line 20 a[1] == 2
FAIL: gcc.dg/guality/pr54970.c  -O1  line 20 a[2] == 13
FAIL: gcc.dg/guality/pr54970.c  -O1  line 20 *p == 13
FAIL: gcc.dg/guality/pr54970.c  -O1  line 20 *q == 2
FAIL: gcc.dg/guality/pr54970.c  -O1  line 25 a[0] == 1
FAIL: gcc.dg/guality/pr54970.c  -O1  line 25 a[1] == 12
FAIL: gcc.dg/guality/pr54970.c  -O1  line 25 a[2] == 13
FAIL: gcc.dg/guality/pr54970.c  -O1  line 25 *p == 13
FAIL: gcc.dg/guality/pr54970.c  -O1  line 25 *q == 12
FAIL: gcc.dg/guality/pr54970.c  -O1  line 31 *p == 6
FAIL: gcc.dg/guality/pr54970.c  -O1  line 31 *q == 5
FAIL: gcc.dg/guality/pr54970.c  -O1  line 36 *p == 26
FAIL: gcc.dg/guality/pr54970.c  -O1  line 36 *q == 5
FAIL: gcc.dg/guality/pr54970.c  -O1  line 45 *p == 26
FAIL: gcc.dg/guality/pr54970.c  -O1  line 45 p[-1] == 25
FAIL: gcc.dg/guality/pr54970.c  -O1  line 45 p[-2] == 4
FAIL: gcc.dg/guality/pr54970.c  -O1  line 45 q[-1] == 4
FAIL: gcc.dg/guality/pr54970.c  -O1  line 45 q[1] == 26
FAIL: gcc.dg/guality/pr54970.c  -O1  line 45 *q == 25
FAIL: gcc.dg/guality/pr54970.c  -O2  line 15 a[0] == 1
FAIL: gcc.dg/guality/pr54970.c  -O2  line 15 a[1] == 2
FAIL: gcc.dg/guality/pr54970.c  -O2  line 15 a[2] == 3
FAIL: gcc.dg/guality/pr54970.c  -O2  line 15 *p == 3
FAIL: gcc.dg/guality/pr54970.c  -O2  line 15 *q == 2
FAIL: gcc.dg/guality/pr54970.c  -O2  line 20 a[0] == 1
FAIL: gcc.dg/guality/pr54970.c  -O2  line 20 a[1] == 2
FAIL: gcc.dg/guality/pr54970.c  -O2  line 20 a[2] == 13
FAIL: gcc.dg/guality/pr54970.c  -O2  line 20 *p == 13
FAIL: gcc.dg/guality/pr54970.c  -O2  line 20 *q == 2
FAIL: gcc.dg/guality/pr54970.c  -O2  line 25 a[0] == 1
FAIL: gcc.dg/guality/pr54970.c  -O2  line 25 a[1] == 12
FAIL: gcc.dg/guality/pr54970.c  -O2  line 25 a[2] == 13
FAIL: gcc.dg/guality/pr54970.c  -O2  line 25 *p == 13
FAIL: gcc.dg/guality/pr54970.c  -O2  line 25 *q == 12
FAIL: gcc.dg/guality/pr54970.c  -O2  line 31 *p == 6
FAIL: gcc.dg/guality/pr54970.c  -O2  line 31 *q == 5
FAIL: gcc.dg/guality/pr54970.c  -O2  line 36 *p == 26
FAIL: gcc.dg/guality/pr54970.c  -O2  line 36 *q == 5
FAIL: gcc.dg/guality/pr54970.c  -O2  line 45 *p == 26
FAIL: gcc.dg/guality/pr54970.c  -O2  line 45 p[-1] == 25
FAIL: gcc.dg/guality/pr54970.c  -O2  line 45 p[-2] == 4
FAIL: gcc.dg/guality/pr54970.c  -O2  line 45 q[-1] == 4
FAIL: gcc.dg/guality/pr54970.c  -O2  line 45 q[1] == 26
FAIL: gcc.dg/guality/pr54970.c  -O2  line 45 *q == 25
FAIL: gcc.dg/guality/pr54970.c  -O3 -fomit-frame-pointer  line 15 a[0] == 1
FAIL: gcc.dg/guality/pr54970.c  -O3 -fomit-frame-pointer  line 15 a[1] == 2
FAIL: gcc.dg/guality/pr54970.c  -O3 -fomit-frame-pointer  line 15 a[2] == 3
FAIL: gcc.dg/guality/pr54970.c  -O3 -fomit-frame-pointer  line 15 *p == 3
FAIL: gcc.dg/guality/pr54970.c  -O3 -fomit-frame-pointer  line 15 *q == 2
FAIL: gcc.dg/guality/pr54970.c  -O3 -fomit-frame-pointer  line 20 a[0] == 1
FAIL: gcc.dg/guality/pr54970.c  -O3 -fomit-frame-pointer  line 20 a[1] == 2
FAIL: gcc.dg/guality/pr54970.c  -O3 -fomit-frame-pointer  line 20 a[2] == 13
FAIL: gcc.dg/guality/pr54970.c  -O3 -fomit-frame-pointer  line 20 *p == 13
FAIL: gcc.dg/guality/pr54970.c  -O3 -fomit-frame-pointer  line 20 *q == 2
FAIL: gcc.dg/guality/pr54970.c  -O3 -fomit-frame-pointer  line 25 a[0] == 1
FAIL: gcc.dg/guality/pr54970.c  -O3 -fomit-frame-pointer  line 25 a[1] == 12
FAIL: gcc.dg/guality/pr54970.c  -O3 -fomit-frame-pointer  line 25 a[2] == 13
FAIL: gcc.dg/guality/pr54970.c  -O3 -fomit-frame-pointer  line 25 *p == 13
FAIL: gcc.dg/guality/pr54970.c  -O3 -fomit-frame-pointer  line 25 *q == 12
FAIL: gcc.dg/guality/pr54970.c  -O3 -fomit-frame-pointer  line 31 *p == 6
FAIL: gcc.dg/guality/pr54970.c  -O3 -fomit-frame-pointer  line 31 *q == 5
FAIL: gcc.dg/guality/pr54970.c  -O3 -fomit-frame-pointer  line 36 *p == 26
FAIL: gcc.dg/guality/pr54970.c  -O3 -fomit-frame-pointer  line 36 *q == 5
FAIL: gcc.dg/guality/pr54970.c  -O3 -fomit-frame-pointer  line 45 *p == 26
FAIL: gcc.dg/guality/pr54970.c  -O3 -fomit-frame-pointer  line 45 p[-1] == 25
FAIL: gcc.dg/guality/pr54970.c  -O3 -fomit-frame-pointer  line 45 p[-2] == 4
FAIL: gcc.dg/guality/pr54970.c  -O3 -fomit-frame-pointer  line 45 q[-1] == 4
FAIL: gcc.dg/guality/pr54970.c  -O3 -fomit-frame-pointer  line 45 q[1] == 26
FAIL: gcc.dg/guality/pr54970.c  -O3 -fomit-frame-pointer  line 45 *q == 25
FAIL: gcc.dg/guality/pr54970.c  -O3 -g  line 15 a[0] == 1
FAIL: gcc.dg/guality/pr54970.c  -O3 -g  line 15 a[1] == 2
FAIL: gcc.dg/guality/pr54970.c  -O3 -g  line 15 a[2] == 3
FAIL: gcc.dg/guality/pr54970.c  -O3 -g  line 15 *p == 3
FAIL: gcc.dg/guality/pr54970.c  -O3 -g  line 15 *q == 2
FAIL: gcc.dg/guality/pr54970.c  -O3 -g  line 20 a[0] == 1
FAIL: gcc.dg/guality/pr54970.c  -O3 -g  line 20 a[1] == 2
FAIL: gcc.dg/guality/pr54970.c  -O3 -g  line 20 a[2] == 13
FAIL: gcc.dg/guality/pr54970.c  -O3 -g  line 20 *p == 13
FAIL: gcc.dg/guality/pr54970.c  -O3 -g  line 20 *q == 2
FAIL: gcc.dg/guality/pr54970.c  -O3 -g  line 25 a[0] == 1
FAIL: gcc.dg/guality/pr54970.c  -O3 -g  line 25 a[1] == 12
FAIL: gcc.dg/guality/pr54970.c  -O3 -g  line 25 a[2] == 13
FAIL: gcc.dg/guality/pr54970.c  -O3 -g  line 25 *p == 13
FAIL: gcc.dg/guality/pr54970.c  -O3 -g  line 25 *q == 12
FAIL: gcc.dg/guality/pr54970.c  -O3 -g  line 31 *p == 6
FAIL: gcc.dg/guality/pr54970.c  -O3 -g  line 31 *q == 5
FAIL: gcc.dg/guality/pr54970.c  -O3 -g  line 36 *p == 26
FAIL: gcc.dg/guality/pr54970.c  -O3 -g  line 36 *q == 5
FAIL: gcc.dg/guality/pr54970.c  -O3 -g  line 45 *p == 26
FAIL: gcc.dg/guality/pr54970.c  -O3 -g  line 45 p[-1] == 25
FAIL: gcc.dg/guality/pr54970.c  -O3 -g  line 45 p[-2] == 4
FAIL: gcc.dg/guality/pr54970.c  -O3 -g  line 45 q[-1] == 4
FAIL: gcc.dg/guality/pr54970.c  -O3 -g  line 45 q[1] == 26
FAIL: gcc.dg/guality/pr54970.c  -O3 -g  line 45 *q == 25
FAIL: gcc.dg/guality/pr54970.c  -Os  line 15 a[0] == 1
FAIL: gcc.dg/guality/pr54970.c  -Os  line 15 a[1] == 2
FAIL: gcc.dg/guality/pr54970.c  -Os  line 15 a[2] == 3
FAIL: gcc.dg/guality/pr54970.c  -Os  line 15 *p == 3
FAIL: gcc.dg/guality/pr54970.c  -Os  line 15 *q == 2
FAIL: gcc.dg/guality/pr54970.c  -Os  line 20 a[0] == 1
FAIL: gcc.dg/guality/pr54970.c  -Os  line 20 a[1] == 2
FAIL: gcc.dg/guality/pr54970.c  -Os  line 20 a[2] == 13
FAIL: gcc.dg/guality/pr54970.c  -Os  line 20 *p == 13
FAIL: gcc.dg/guality/pr54970.c  -Os  line 20 *q == 2
FAIL: gcc.dg/guality/pr54970.c  -Os  line 25 a[0] == 1
FAIL: gcc.dg/guality/pr54970.c  -Os  line 25 a[1] == 12
FAIL: gcc.dg/guality/pr54970.c  -Os  line 25 a[2] == 13
FAIL: gcc.dg/guality/pr54970.c  -Os  line 25 *p == 13
FAIL: gcc.dg/guality/pr54970.c  -Os  line 25 *q == 12
FAIL: gcc.dg/guality/pr54970.c  -Os  line 31 *p == 6
FAIL: gcc.dg/guality/pr54970.c  -Os  line 31 *q == 5
FAIL: gcc.dg/guality/pr54970.c  -Os  line 36 *p == 26
FAIL: gcc.dg/guality/pr54970.c  -Os  line 36 *q == 5
FAIL: gcc.dg/guality/pr54970.c  -Os  line 45 *p == 26
FAIL: gcc.dg/guality/pr54970.c  -Os  line 45 p[-1] == 25
FAIL: gcc.dg/guality/pr54970.c  -Os  line 45 p[-2] == 4
FAIL: gcc.dg/guality/pr54970.c  -Os  line 45 q[-1] == 4
FAIL: gcc.dg/guality/pr54970.c  -Os  line 45 q[1] == 26
FAIL: gcc.dg/guality/pr54970.c  -Os  line 45 *q == 25
FAIL: gcc.dg/guality/pr54970.c  -O2 -flto -fno-use-linker-plugin -flto-partition=none  line 15 a[0] == 1
FAIL: gcc.dg/guality/pr54970.c  -O2 -flto -fno-use-linker-plugin -flto-partition=none  line 15 a[1] == 2
FAIL: gcc.dg/guality/pr54970.c  -O2 -flto -fno-use-linker-plugin -flto-partition=none  line 15 a[2] == 3
FAIL: gcc.dg/guality/pr54970.c  -O2 -flto -fno-use-linker-plugin -flto-partition=none  line 15 *p == 3
FAIL: gcc.dg/guality/pr54970.c  -O2 -flto -fno-use-linker-plugin -flto-partition=none  line 15 *q == 2
FAIL: gcc.dg/guality/pr54970.c  -O2 -flto -fno-use-linker-plugin -flto-partition=none  line 20 a[0] == 1
FAIL: gcc.dg/guality/pr54970.c  -O2 -flto -fno-use-linker-plugin -flto-partition=none  line 20 a[1] == 2
FAIL: gcc.dg/guality/pr54970.c  -O2 -flto -fno-use-linker-plugin -flto-partition=none  line 20 a[2] == 13
FAIL: gcc.dg/guality/pr54970.c  -O2 -flto -fno-use-linker-plugin -flto-partition=none  line 20 *p == 13
FAIL: gcc.dg/guality/pr54970.c  -O2 -flto -fno-use-linker-plugin -flto-partition=none  line 20 *q == 2
FAIL: gcc.dg/guality/pr54970.c  -O2 -flto -fno-use-linker-plugin -flto-partition=none  line 25 a[0] == 1
FAIL: gcc.dg/guality/pr54970.c  -O2 -flto -fno-use-linker-plugin -flto-partition=none  line 25 a[1] == 12
FAIL: gcc.dg/guality/pr54970.c  -O2 -flto -fno-use-linker-plugin -flto-partition=none  line 25 a[2] == 13
FAIL: gcc.dg/guality/pr54970.c  -O2 -flto -fno-use-linker-plugin -flto-partition=none  line 25 *p == 13
FAIL: gcc.dg/guality/pr54970.c  -O2 -flto -fno-use-linker-plugin -flto-partition=none  line 25 *q == 12
FAIL: gcc.dg/guality/pr54970.c  -O2 -flto -fno-use-linker-plugin -flto-partition=none  line 31 *p == 6
FAIL: gcc.dg/guality/pr54970.c  -O2 -flto -fno-use-linker-plugin -flto-partition=none  line 31 *q == 5
FAIL: gcc.dg/guality/pr54970.c  -O2 -flto -fno-use-linker-plugin -flto-partition=none  line 36 *p == 26
FAIL: gcc.dg/guality/pr54970.c  -O2 -flto -fno-use-linker-plugin -flto-partition=none  line 36 *q == 5
FAIL: gcc.dg/guality/pr54970.c  -O2 -flto -fno-use-linker-plugin -flto-partition=none  line 45 *p == 26
FAIL: gcc.dg/guality/pr54970.c  -O2 -flto -fno-use-linker-plugin -flto-partition=none  line 45 p[-1] == 25
FAIL: gcc.dg/guality/pr54970.c  -O2 -flto -fno-use-linker-plugin -flto-partition=none  line 45 p[-2] == 4
FAIL: gcc.dg/guality/pr54970.c  -O2 -flto -fno-use-linker-plugin -flto-partition=none  line 45 q[-1] == 4
FAIL: gcc.dg/guality/pr54970.c  -O2 -flto -fno-use-linker-plugin -flto-partition=none  line 45 q[1] == 26
FAIL: gcc.dg/guality/pr54970.c  -O2 -flto -fno-use-linker-plugin -flto-partition=none  line 45 *q == 25
FAIL: gcc.dg/guality/pr54970.c  -O2 -flto -fuse-linker-plugin -fno-fat-lto-objects  line 15 a[0] == 1
FAIL: gcc.dg/guality/pr54970.c  -O2 -flto -fuse-linker-plugin -fno-fat-lto-objects  line 15 a[1] == 2
FAIL: gcc.dg/guality/pr54970.c  -O2 -flto -fuse-linker-plugin -fno-fat-lto-objects  line 15 a[2] == 3
FAIL: gcc.dg/guality/pr54970.c  -O2 -flto -fuse-linker-plugin -fno-fat-lto-objects  line 15 *p == 3
FAIL: gcc.dg/guality/pr54970.c  -O2 -flto -fuse-linker-plugin -fno-fat-lto-objects  line 15 *q == 2
FAIL: gcc.dg/guality/pr54970.c  -O2 -flto -fuse-linker-plugin -fno-fat-lto-objects  line 20 a[0] == 1
FAIL: gcc.dg/guality/pr54970.c  -O2 -flto -fuse-linker-plugin -fno-fat-lto-objects  line 20 a[1] == 2
FAIL: gcc.dg/guality/pr54970.c  -O2 -flto -fuse-linker-plugin -fno-fat-lto-objects  line 20 a[2] == 13
FAIL: gcc.dg/guality/pr54970.c  -O2 -flto -fuse-linker-plugin -fno-fat-lto-objects  line 20 *p == 13
FAIL: gcc.dg/guality/pr54970.c  -O2 -flto -fuse-linker-plugin -fno-fat-lto-objects  line 20 *q == 2
FAIL: gcc.dg/guality/pr54970.c  -O2 -flto -fuse-linker-plugin -fno-fat-lto-objects  line 25 a[0] == 1
FAIL: gcc.dg/guality/pr54970.c  -O2 -flto -fuse-linker-plugin -fno-fat-lto-objects  line 25 a[1] == 12
FAIL: gcc.dg/guality/pr54970.c  -O2 -flto -fuse-linker-plugin -fno-fat-lto-objects  line 25 a[2] == 13
FAIL: gcc.dg/guality/pr54970.c  -O2 -flto -fuse-linker-plugin -fno-fat-lto-objects  line 25 *p == 13
FAIL: gcc.dg/guality/pr54970.c  -O2 -flto -fuse-linker-plugin -fno-fat-lto-objects  line 25 *q == 12
FAIL: gcc.dg/guality/pr54970.c  -O2 -flto -fuse-linker-plugin -fno-fat-lto-objects  line 31 *p == 6
FAIL: gcc.dg/guality/pr54970.c  -O2 -flto -fuse-linker-plugin -fno-fat-lto-objects  line 31 *q == 5
FAIL: gcc.dg/guality/pr54970.c  -O2 -flto -fuse-linker-plugin -fno-fat-lto-objects  line 36 *p == 26
FAIL: gcc.dg/guality/pr54970.c  -O2 -flto -fuse-linker-plugin -fno-fat-lto-objects  line 36 *q == 5
FAIL: gcc.dg/guality/pr54970.c  -O2 -flto -fuse-linker-plugin -fno-fat-lto-objects  line 45 *p == 26
FAIL: gcc.dg/guality/pr54970.c  -O2 -flto -fuse-linker-plugin -fno-fat-lto-objects  line 45 p[-1] == 25
FAIL: gcc.dg/guality/pr54970.c  -O2 -flto -fuse-linker-plugin -fno-fat-lto-objects  line 45 p[-2] == 4
FAIL: gcc.dg/guality/pr54970.c  -O2 -flto -fuse-linker-plugin -fno-fat-lto-objects  line 45 q[-1] == 4
FAIL: gcc.dg/guality/pr54970.c  -O2 -flto -fuse-linker-plugin -fno-fat-lto-objects  line 45 q[1] == 26
FAIL: gcc.dg/guality/pr54970.c  -O2 -flto -fuse-linker-plugin -fno-fat-lto-objects  line 45 *q == 25
FAIL: gcc.dg/guality/pr56154-1.c  -O1  line pr56154-1.c:20 x.a == 6
FAIL: gcc.dg/guality/pr56154-1.c  -Os  line pr56154-1.c:20 x.a == 6
FAIL: gcc.dg/guality/pr56154-1.c  -O2 -flto -fuse-linker-plugin -fno-fat-lto-objects  line pr56154-1.c:20 x.a == 6
FAIL: gcc.dg/guality/sra-1.c  -O1  line 43 a.j == 14
FAIL: gcc.dg/guality/sra-1.c  -O2  line 43 a.j == 14
FAIL: gcc.dg/guality/sra-1.c  -O3 -fomit-frame-pointer  line 43 a.j == 14
FAIL: gcc.dg/guality/sra-1.c  -O3 -g  line 43 a.j == 14
FAIL: gcc.dg/guality/sra-1.c  -Os  line 43 a.j == 14
FAIL: gcc.dg/guality/sra-1.c  -O2 -flto -fno-use-linker-plugin -flto-partition=none  line 43 a.j == 14
FAIL: gcc.dg/guality/sra-1.c  -O2 -flto -fuse-linker-plugin -fno-fat-lto-objects  line 43 a.j == 14
FAIL: gcc.dg/guality/vla-2.c  -O2  line 25 sizeof (a) == 6 * sizeof (int)
FAIL: gcc.dg/guality/vla-2.c  -O3 -fomit-frame-pointer  line 25 sizeof (a) == 6 * sizeof (int)
FAIL: gcc.dg/guality/vla-2.c  -O3 -g  line 25 sizeof (a) == 6 * sizeof (int)
FAIL: gcc.dg/guality/vla-2.c  -O2 -flto -fno-use-linker-plugin -flto-partition=none  line 25 sizeof (a) == 6 * sizeof (int)
FAIL: gcc.dg/guality/vla-2.c  -O2 -flto -fuse-linker-plugin -fno-fat-lto-objects  line 25 sizeof (a) == 6 * sizeof (int)
FAIL: gcc.dg/tree-ssa/ssa-dom-thread-4.c scan-tree-dump-times dom1 "Threaded" 3
FAIL: gcc.dg/tree-ssa/vrp47.c scan-tree-dump-times vrp1 "[xy][^ ]* !=" 0
FAIL: gcc.dg/tree-ssa/vrp47.c scan-tree-dump-times dom2 "x[^ ]* & y" 1
FAIL: gcc.dg/vect/slp-widen-mult-half.c execution test
FAIL: gcc.dg/vect/slp-widen-mult-half.c -flto execution test
FAIL: gcc.target/powerpc/ppc-vector-memcpy.c scan-assembler lvx
FAIL: gcc.target/powerpc/pr53199.c scan-assembler-times stwbrx 6

		=== gcc Summary ===

# of expected passes		90513
# of unexpected failures	516
# of unexpected successes	38
# of expected failures		254
# of unsupported tests		1566
/home/stevenb/lra_powerpc64_autotester/build-lra/gcc/xgcc  version 4.8.0 20130315 (experimental) [lra revision 196694] (GCC) 

		=== gfortran tests ===


Running target unix
FAIL: gfortran.dg/bessel_6.f90  -O0  execution test
FAIL: gfortran.dg/bessel_6.f90  -O1  execution test
FAIL: gfortran.dg/bessel_6.f90  -O2  execution test
FAIL: gfortran.dg/bessel_6.f90  -O3 -fomit-frame-pointer  execution test
FAIL: gfortran.dg/bessel_6.f90  -O3 -fomit-frame-pointer -funroll-loops  execution test
FAIL: gfortran.dg/bessel_6.f90  -O3 -fomit-frame-pointer -funroll-all-loops -finline-functions  execution test
FAIL: gfortran.dg/bessel_6.f90  -O3 -g  execution test
FAIL: gfortran.dg/bessel_6.f90  -Os  execution test
XPASS: gfortran.dg/do_1.f90  -O0  execution test
XPASS: gfortran.dg/do_1.f90  -O1  execution test
XPASS: gfortran.dg/do_1.f90  -O2  execution test
XPASS: gfortran.dg/do_1.f90  -O3 -fomit-frame-pointer  execution test
XPASS: gfortran.dg/do_1.f90  -O3 -fomit-frame-pointer -funroll-loops  execution test
XPASS: gfortran.dg/do_1.f90  -O3 -fomit-frame-pointer -funroll-all-loops -finline-functions  execution test
XPASS: gfortran.dg/do_1.f90  -O3 -g  execution test
XPASS: gfortran.dg/do_1.f90  -Os  execution test
XPASS: gfortran.dg/nint_2.f90  -O0  execution test
FAIL: gfortran.dg/lto/pr45586-2 f_lto_pr45586-2_0.o-f_lto_pr45586-2_0.o link, -O0 -flto -flto-partition=none -fuse-linker-plugin (internal compiler error)
UNRESOLVED: gfortran.dg/lto/pr45586-2 f_lto_pr45586-2_0.o-f_lto_pr45586-2_0.o execute -O0 -flto -flto-partition=none -fuse-linker-plugin
FAIL: gfortran.dg/lto/pr45586-2 f_lto_pr45586-2_0.o-f_lto_pr45586-2_0.o link, -O0 -flto -flto-partition=1to1 -fno-use-linker-plugin  (internal compiler error)
UNRESOLVED: gfortran.dg/lto/pr45586-2 f_lto_pr45586-2_0.o-f_lto_pr45586-2_0.o execute -O0 -flto -flto-partition=1to1 -fno-use-linker-plugin 
FAIL: gfortran.dg/lto/pr45586-2 f_lto_pr45586-2_0.o-f_lto_pr45586-2_0.o link, -O0 -flto -fuse-linker-plugin -fno-fat-lto-objects  (internal compiler error)
UNRESOLVED: gfortran.dg/lto/pr45586-2 f_lto_pr45586-2_0.o-f_lto_pr45586-2_0.o execute -O0 -flto -fuse-linker-plugin -fno-fat-lto-objects 
FAIL: gfortran.dg/lto/pr45586 f_lto_pr45586_0.o-f_lto_pr45586_0.o link, -O0 -flto -flto-partition=none -fuse-linker-plugin (internal compiler error)
UNRESOLVED: gfortran.dg/lto/pr45586 f_lto_pr45586_0.o-f_lto_pr45586_0.o execute -O0 -flto -flto-partition=none -fuse-linker-plugin
FAIL: gfortran.dg/lto/pr45586 f_lto_pr45586_0.o-f_lto_pr45586_0.o link, -O0 -flto -flto-partition=1to1 -fno-use-linker-plugin  (internal compiler error)
UNRESOLVED: gfortran.dg/lto/pr45586 f_lto_pr45586_0.o-f_lto_pr45586_0.o execute -O0 -flto -flto-partition=1to1 -fno-use-linker-plugin 
FAIL: gfortran.dg/lto/pr45586 f_lto_pr45586_0.o-f_lto_pr45586_0.o link, -O0 -flto -fuse-linker-plugin -fno-fat-lto-objects  (internal compiler error)
UNRESOLVED: gfortran.dg/lto/pr45586 f_lto_pr45586_0.o-f_lto_pr45586_0.o execute -O0 -flto -fuse-linker-plugin -fno-fat-lto-objects 

		=== gfortran Summary ===

# of expected passes		43353
# of unexpected failures	14
# of unexpected successes	9
# of expected failures		81
# of unresolved testcases	6
# of unsupported tests		70
/home/stevenb/lra_powerpc64_autotester/build-lra/gcc/testsuite/gfortran/../../gfortran  version 4.8.0 20130315 (experimental) [lra revision 196694] (GCC) 

		=== g++ tests ===


Running target unix
FAIL: c-c++-common/asan/clone-test-1.c  -O0  execution test
FAIL: c-c++-common/asan/clone-test-1.c  -O1  execution test
FAIL: c-c++-common/asan/clone-test-1.c  -O2  execution test
FAIL: c-c++-common/asan/clone-test-1.c  -O3 -fomit-frame-pointer  execution test
FAIL: c-c++-common/asan/clone-test-1.c  -O3 -fomit-frame-pointer -funroll-loops  execution test
FAIL: c-c++-common/asan/clone-test-1.c  -O3 -fomit-frame-pointer -funroll-all-loops -finline-functions  execution test
FAIL: c-c++-common/asan/clone-test-1.c  -O3 -g  execution test
FAIL: c-c++-common/asan/clone-test-1.c  -Os  execution test
FAIL: c-c++-common/asan/clone-test-1.c  -O2 -flto -fno-use-linker-plugin -flto-partition=none  execution test
FAIL: c-c++-common/asan/clone-test-1.c  -O2 -flto -fuse-linker-plugin -fno-fat-lto-objects  execution test
FAIL: c-c++-common/asan/global-overflow-1.c  -O0  output pattern test, is ==21485== AddressSanitizer CHECK failed: /home/stevenb/lra_powerpc64_autotester/lra-branch/libsanitizer/asan/asan_thread.cc:74 "((AddrIsInMem(stack_bottom_))) != (0)" (0x0, 0x0)
FAIL: c-c++-common/asan/global-overflow-1.c  -O1  output pattern test, is ==21559== AddressSanitizer CHECK failed: /home/stevenb/lra_powerpc64_autotester/lra-branch/libsanitizer/asan/asan_thread.cc:74 "((AddrIsInMem(stack_bottom_))) != (0)" (0x0, 0x0)
FAIL: c-c++-common/asan/global-overflow-1.c  -O2  output pattern test, is ==21704== AddressSanitizer CHECK failed: /home/stevenb/lra_powerpc64_autotester/lra-branch/libsanitizer/asan/asan_thread.cc:74 "((AddrIsInMem(stack_bottom_))) != (0)" (0x0, 0x0)
FAIL: c-c++-common/asan/global-overflow-1.c  -O3 -fomit-frame-pointer  output pattern test, is ==21984== AddressSanitizer CHECK failed: /home/stevenb/lra_powerpc64_autotester/lra-branch/libsanitizer/asan/asan_thread.cc:74 "((AddrIsInMem(stack_bottom_))) != (0)" (0x0, 0x0)
FAIL: c-c++-common/asan/global-overflow-1.c  -O3 -g  output pattern test, is ==22177== AddressSanitizer CHECK failed: /home/stevenb/lra_powerpc64_autotester/lra-branch/libsanitizer/asan/asan_thread.cc:74 "((AddrIsInMem(stack_bottom_))) != (0)" (0x0, 0x0)
FAIL: c-c++-common/asan/global-overflow-1.c  -Os  output pattern test, is ==22358== AddressSanitizer CHECK failed: /home/stevenb/lra_powerpc64_autotester/lra-branch/libsanitizer/asan/asan_thread.cc:74 "((AddrIsInMem(stack_bottom_))) != (0)" (0x0, 0x0)
FAIL: c-c++-common/asan/global-overflow-1.c  -O2 -flto -fno-use-linker-plugin -flto-partition=none  output pattern test, is ==22658== AddressSanitizer CHECK failed: /home/stevenb/lra_powerpc64_autotester/lra-branch/libsanitizer/asan/asan_thread.cc:74 "((AddrIsInMem(stack_bottom_))) != (0)" (0x0, 0x0)
FAIL: c-c++-common/asan/global-overflow-1.c  -O2 -flto -fuse-linker-plugin -fno-fat-lto-objects  output pattern test, is ==22872== AddressSanitizer CHECK failed: /home/stevenb/lra_powerpc64_autotester/lra-branch/libsanitizer/asan/asan_thread.cc:74 "((AddrIsInMem(stack_bottom_))) != (0)" (0x0, 0x0)
FAIL: c-c++-common/asan/heap-overflow-1.c  -O0  output pattern test, is ==23090== AddressSanitizer CHECK failed: /home/stevenb/lra_powerpc64_autotester/lra-branch/libsanitizer/asan/asan_thread.cc:74 "((AddrIsInMem(stack_bottom_))) != (0)" (0x0, 0x0)
FAIL: c-c++-common/asan/heap-overflow-1.c  -O1  output pattern test, is ==23323== AddressSanitizer CHECK failed: /home/stevenb/lra_powerpc64_autotester/lra-branch/libsanitizer/asan/asan_thread.cc:74 "((AddrIsInMem(stack_bottom_))) != (0)" (0x0, 0x0)
FAIL: c-c++-common/asan/heap-overflow-1.c  -O2  output pattern test, is ==23443== AddressSanitizer CHECK failed: /home/stevenb/lra_powerpc64_autotester/lra-branch/libsanitizer/asan/asan_thread.cc:74 "((AddrIsInMem(stack_bottom_))) != (0)" (0x0, 0x0)
FAIL: c-c++-common/asan/heap-overflow-1.c  -O3 -fomit-frame-pointer  output pattern test, is ==23692== AddressSanitizer CHECK failed: /home/stevenb/lra_powerpc64_autotester/lra-branch/libsanitizer/asan/asan_thread.cc:74 "((AddrIsInMem(stack_bottom_))) != (0)" (0x0, 0x0)
FAIL: c-c++-common/asan/heap-overflow-1.c  -O3 -g  output pattern test, is ==23868== AddressSanitizer CHECK failed: /home/stevenb/lra_powerpc64_autotester/lra-branch/libsanitizer/asan/asan_thread.cc:74 "((AddrIsInMem(stack_bottom_))) != (0)" (0x0, 0x0)
FAIL: c-c++-common/asan/heap-overflow-1.c  -Os  output pattern test, is ==24007== AddressSanitizer CHECK failed: /home/stevenb/lra_powerpc64_autotester/lra-branch/libsanitizer/asan/asan_thread.cc:74 "((AddrIsInMem(stack_bottom_))) != (0)" (0x0, 0x0)
FAIL: c-c++-common/asan/heap-overflow-1.c  -O2 -flto -fno-use-linker-plugin -flto-partition=none  output pattern test, is ==24398== AddressSanitizer CHECK failed: /home/stevenb/lra_powerpc64_autotester/lra-branch/libsanitizer/asan/asan_thread.cc:74 "((AddrIsInMem(stack_bottom_))) != (0)" (0x0, 0x0)
FAIL: c-c++-common/asan/heap-overflow-1.c  -O2 -flto -fuse-linker-plugin -fno-fat-lto-objects  output pattern test, is ==24617== AddressSanitizer CHECK failed: /home/stevenb/lra_powerpc64_autotester/lra-branch/libsanitizer/asan/asan_thread.cc:74 "((AddrIsInMem(stack_bottom_))) != (0)" (0x0, 0x0)
FAIL: c-c++-common/asan/memcmp-1.c  -O0  output pattern test, is ==24807== AddressSanitizer CHECK failed: /home/stevenb/lra_powerpc64_autotester/lra-branch/libsanitizer/asan/asan_thread.cc:74 "((AddrIsInMem(stack_bottom_))) != (0)" (0x0, 0x0)
FAIL: c-c++-common/asan/memcmp-1.c  -O1  output pattern test, is ==24941== AddressSanitizer CHECK failed: /home/stevenb/lra_powerpc64_autotester/lra-branch/libsanitizer/asan/asan_thread.cc:74 "((AddrIsInMem(stack_bottom_))) != (0)" (0x0, 0x0)
FAIL: c-c++-common/asan/memcmp-1.c  -O2  output pattern test, is ==25100== AddressSanitizer CHECK failed: /home/stevenb/lra_powerpc64_autotester/lra-branch/libsanitizer/asan/asan_thread.cc:74 "((AddrIsInMem(stack_bottom_))) != (0)" (0x0, 0x0)
FAIL: c-c++-common/asan/memcmp-1.c  -O3 -fomit-frame-pointer  output pattern test, is ==25306== AddressSanitizer CHECK failed: /home/stevenb/lra_powerpc64_autotester/lra-branch/libsanitizer/asan/asan_thread.cc:74 "((AddrIsInMem(stack_bottom_))) != (0)" (0x0, 0x0)
FAIL: c-c++-common/asan/memcmp-1.c  -O3 -g  output pattern test, is ==25505== AddressSanitizer CHECK failed: /home/stevenb/lra_powerpc64_autotester/lra-branch/libsanitizer/asan/asan_thread.cc:74 "((AddrIsInMem(stack_bottom_))) != (0)" (0x0, 0x0)
FAIL: c-c++-common/asan/memcmp-1.c  -Os  output pattern test, is ==25687== AddressSanitizer CHECK failed: /home/stevenb/lra_powerpc64_autotester/lra-branch/libsanitizer/asan/asan_thread.cc:74 "((AddrIsInMem(stack_bottom_))) != (0)" (0x0, 0x0)
FAIL: c-c++-common/asan/memcmp-1.c  -O2 -flto -fno-use-linker-plugin -flto-partition=none  output pattern test, is ==26189== AddressSanitizer CHECK failed: /home/stevenb/lra_powerpc64_autotester/lra-branch/libsanitizer/asan/asan_thread.cc:74 "((AddrIsInMem(stack_bottom_))) != (0)" (0x0, 0x0)
FAIL: c-c++-common/asan/memcmp-1.c  -O2 -flto -fuse-linker-plugin -fno-fat-lto-objects  output pattern test, is ==26534== AddressSanitizer CHECK failed: /home/stevenb/lra_powerpc64_autotester/lra-branch/libsanitizer/asan/asan_thread.cc:74 "((AddrIsInMem(stack_bottom_))) != (0)" (0x0, 0x0)
FAIL: c-c++-common/asan/null-deref-1.c  -O0  output pattern test, is ==27698== AddressSanitizer CHECK failed: /home/stevenb/lra_powerpc64_autotester/lra-branch/libsanitizer/asan/asan_thread.cc:74 "((AddrIsInMem(stack_bottom_))) != (0)" (0x0, 0x0)
FAIL: c-c++-common/asan/null-deref-1.c  -O1  output pattern test, is ==27869== AddressSanitizer CHECK failed: /home/stevenb/lra_powerpc64_autotester/lra-branch/libsanitizer/asan/asan_thread.cc:74 "((AddrIsInMem(stack_bottom_))) != (0)" (0x0, 0x0)
FAIL: c-c++-common/asan/null-deref-1.c  -O2  output pattern test, is ==28021== AddressSanitizer CHECK failed: /home/stevenb/lra_powerpc64_autotester/lra-branch/libsanitizer/asan/asan_thread.cc:74 "((AddrIsInMem(stack_bottom_))) != (0)" (0x0, 0x0)
FAIL: c-c++-common/asan/null-deref-1.c  -O3 -fomit-frame-pointer  output pattern test, is ==28181== AddressSanitizer CHECK failed: /home/stevenb/lra_powerpc64_autotester/lra-branch/libsanitizer/asan/asan_thread.cc:74 "((AddrIsInMem(stack_bottom_))) != (0)" (0x0, 0x0)
FAIL: c-c++-common/asan/null-deref-1.c  -O3 -g  output pattern test, is ==28412== AddressSanitizer CHECK failed: /home/stevenb/lra_powerpc64_autotester/lra-branch/libsanitizer/asan/asan_thread.cc:74 "((AddrIsInMem(stack_bottom_))) != (0)" (0x0, 0x0)
FAIL: c-c++-common/asan/null-deref-1.c  -Os  output pattern test, is ==28625== AddressSanitizer CHECK failed: /home/stevenb/lra_powerpc64_autotester/lra-branch/libsanitizer/asan/asan_thread.cc:74 "((AddrIsInMem(stack_bottom_))) != (0)" (0x0, 0x0)
FAIL: c-c++-common/asan/null-deref-1.c  -O2 -flto -fno-use-linker-plugin -flto-partition=none  output pattern test, is ==28950== AddressSanitizer CHECK failed: /home/stevenb/lra_powerpc64_autotester/lra-branch/libsanitizer/asan/asan_thread.cc:74 "((AddrIsInMem(stack_bottom_))) != (0)" (0x0, 0x0)
FAIL: c-c++-common/asan/null-deref-1.c  -O2 -flto -fuse-linker-plugin -fno-fat-lto-objects  output pattern test, is ==29187== AddressSanitizer CHECK failed: /home/stevenb/lra_powerpc64_autotester/lra-branch/libsanitizer/asan/asan_thread.cc:74 "((AddrIsInMem(stack_bottom_))) != (0)" (0x0, 0x0)
FAIL: c-c++-common/asan/rlimit-mmap-test-1.c  -O0  output pattern test, is ==40249== AddressSanitizer CHECK failed: /home/stevenb/lra_powerpc64_autotester/lra-branch/libsanitizer/asan/asan_thread.cc:74 "((AddrIsInMem(stack_bottom_))) != (0)" (0x0, 0x0)
FAIL: c-c++-common/asan/sanity-check-pure-c-1.c  -O0  output pattern test, is ==40345== AddressSanitizer CHECK failed: /home/stevenb/lra_powerpc64_autotester/lra-branch/libsanitizer/asan/asan_thread.cc:74 "((AddrIsInMem(stack_bottom_))) != (0)" (0x0, 0x0)
FAIL: c-c++-common/asan/sanity-check-pure-c-1.c  -O1  output pattern test, is ==40442== AddressSanitizer CHECK failed: /home/stevenb/lra_powerpc64_autotester/lra-branch/libsanitizer/asan/asan_thread.cc:74 "((AddrIsInMem(stack_bottom_))) != (0)" (0x0, 0x0)
FAIL: c-c++-common/asan/sanity-check-pure-c-1.c  -O2  output pattern test, is ==40538== AddressSanitizer CHECK failed: /home/stevenb/lra_powerpc64_autotester/lra-branch/libsanitizer/asan/asan_thread.cc:74 "((AddrIsInMem(stack_bottom_))) != (0)" (0x0, 0x0)
FAIL: c-c++-common/asan/sanity-check-pure-c-1.c  -O3 -fomit-frame-pointer  output pattern test, is ==40673== AddressSanitizer CHECK failed: /home/stevenb/lra_powerpc64_autotester/lra-branch/libsanitizer/asan/asan_thread.cc:74 "((AddrIsInMem(stack_bottom_))) != (0)" (0x0, 0x0)
FAIL: c-c++-common/asan/sanity-check-pure-c-1.c  -O3 -g  output pattern test, is ==40838== AddressSanitizer CHECK failed: /home/stevenb/lra_powerpc64_autotester/lra-branch/libsanitizer/asan/asan_thread.cc:74 "((AddrIsInMem(stack_bottom_))) != (0)" (0x0, 0x0)
FAIL: c-c++-common/asan/sanity-check-pure-c-1.c  -Os  output pattern test, is ==41008== AddressSanitizer CHECK failed: /home/stevenb/lra_powerpc64_autotester/lra-branch/libsanitizer/asan/asan_thread.cc:74 "((AddrIsInMem(stack_bottom_))) != (0)" (0x0, 0x0)
FAIL: c-c++-common/asan/sanity-check-pure-c-1.c  -O2 -flto -fno-use-linker-plugin -flto-partition=none  output pattern test, is ==41434== AddressSanitizer CHECK failed: /home/stevenb/lra_powerpc64_autotester/lra-branch/libsanitizer/asan/asan_thread.cc:74 "((AddrIsInMem(stack_bottom_))) != (0)" (0x0, 0x0)
FAIL: c-c++-common/asan/sanity-check-pure-c-1.c  -O2 -flto -fuse-linker-plugin -fno-fat-lto-objects  output pattern test, is ==41692== AddressSanitizer CHECK failed: /home/stevenb/lra_powerpc64_autotester/lra-branch/libsanitizer/asan/asan_thread.cc:74 "((AddrIsInMem(stack_bottom_))) != (0)" (0x0, 0x0)
FAIL: c-c++-common/asan/sleep-before-dying-1.c  -O2  output pattern test, is ==41842== AddressSanitizer CHECK failed: /home/stevenb/lra_powerpc64_autotester/lra-branch/libsanitizer/asan/asan_thread.cc:74 "((AddrIsInMem(stack_bottom_))) != (0)" (0x0, 0x0)
FAIL: c-c++-common/asan/sleep-before-dying-1.c  -O2 -flto -fno-use-linker-plugin -flto-partition=none  output pattern test, is ==42181== AddressSanitizer CHECK failed: /home/stevenb/lra_powerpc64_autotester/lra-branch/libsanitizer/asan/asan_thread.cc:74 "((AddrIsInMem(stack_bottom_))) != (0)" (0x0, 0x0)
FAIL: c-c++-common/asan/sleep-before-dying-1.c  -O2 -flto -fuse-linker-plugin -fno-fat-lto-objects  output pattern test, is ==42646== AddressSanitizer CHECK failed: /home/stevenb/lra_powerpc64_autotester/lra-branch/libsanitizer/asan/asan_thread.cc:74 "((AddrIsInMem(stack_bottom_))) != (0)" (0x0, 0x0)
FAIL: c-c++-common/asan/stack-overflow-1.c  -O0  output pattern test, is ==42779== AddressSanitizer CHECK failed: /home/stevenb/lra_powerpc64_autotester/lra-branch/libsanitizer/asan/asan_thread.cc:74 "((AddrIsInMem(stack_bottom_))) != (0)" (0x0, 0x0)
FAIL: c-c++-common/asan/stack-overflow-1.c  -O1  output pattern test, is ==43011== AddressSanitizer CHECK failed: /home/stevenb/lra_powerpc64_autotester/lra-branch/libsanitizer/asan/asan_thread.cc:74 "((AddrIsInMem(stack_bottom_))) != (0)" (0x0, 0x0)
FAIL: c-c++-common/asan/stack-overflow-1.c  -O2  output pattern test, is ==43158== AddressSanitizer CHECK failed: /home/stevenb/lra_powerpc64_autotester/lra-branch/libsanitizer/asan/asan_thread.cc:74 "((AddrIsInMem(stack_bottom_))) != (0)" (0x0, 0x0)
FAIL: c-c++-common/asan/stack-overflow-1.c  -O3 -fomit-frame-pointer  output pattern test, is ==43349== AddressSanitizer CHECK failed: /home/stevenb/lra_powerpc64_autotester/lra-branch/libsanitizer/asan/asan_thread.cc:74 "((AddrIsInMem(stack_bottom_))) != (0)" (0x0, 0x0)
FAIL: c-c++-common/asan/stack-overflow-1.c  -O3 -g  output pattern test, is ==43498== AddressSanitizer CHECK failed: /home/stevenb/lra_powerpc64_autotester/lra-branch/libsanitizer/asan/asan_thread.cc:74 "((AddrIsInMem(stack_bottom_))) != (0)" (0x0, 0x0)
FAIL: c-c++-common/asan/stack-overflow-1.c  -Os  output pattern test, is ==43737== AddressSanitizer CHECK failed: /home/stevenb/lra_powerpc64_autotester/lra-branch/libsanitizer/asan/asan_thread.cc:74 "((AddrIsInMem(stack_bottom_))) != (0)" (0x0, 0x0)
FAIL: c-c++-common/asan/stack-overflow-1.c  -O2 -flto -fno-use-linker-plugin -flto-partition=none  output pattern test, is ==44117== AddressSanitizer CHECK failed: /home/stevenb/lra_powerpc64_autotester/lra-branch/libsanitizer/asan/asan_thread.cc:74 "((AddrIsInMem(stack_bottom_))) != (0)" (0x0, 0x0)
FAIL: c-c++-common/asan/stack-overflow-1.c  -O2 -flto -fuse-linker-plugin -fno-fat-lto-objects  output pattern test, is ==44381== AddressSanitizer CHECK failed: /home/stevenb/lra_powerpc64_autotester/lra-branch/libsanitizer/asan/asan_thread.cc:74 "((AddrIsInMem(stack_bottom_))) != (0)" (0x0, 0x0)
FAIL: c-c++-common/asan/strip-path-prefix-1.c  -O2  output pattern test, is ==44674== AddressSanitizer CHECK failed: /home/stevenb/lra_powerpc64_autotester/lra-branch/libsanitizer/asan/asan_thread.cc:74 "((AddrIsInMem(stack_bottom_))) != (0)" (0x0, 0x0)
FAIL: c-c++-common/asan/strip-path-prefix-1.c  -O2 -flto -fno-use-linker-plugin -flto-partition=none  output pattern test, is ==45048== AddressSanitizer CHECK failed: /home/stevenb/lra_powerpc64_autotester/lra-branch/libsanitizer/asan/asan_thread.cc:74 "((AddrIsInMem(stack_bottom_))) != (0)" (0x0, 0x0)
FAIL: c-c++-common/asan/strip-path-prefix-1.c  -O2 -flto -fuse-linker-plugin -fno-fat-lto-objects  output pattern test, is ==45272== AddressSanitizer CHECK failed: /home/stevenb/lra_powerpc64_autotester/lra-branch/libsanitizer/asan/asan_thread.cc:74 "((AddrIsInMem(stack_bottom_))) != (0)" (0x0, 0x0)
FAIL: c-c++-common/asan/strncpy-overflow-1.c  -O0  output pattern test, is ==45430== AddressSanitizer CHECK failed: /home/stevenb/lra_powerpc64_autotester/lra-branch/libsanitizer/asan/asan_thread.cc:74 "((AddrIsInMem(stack_bottom_))) != (0)" (0x0, 0x0)
FAIL: c-c++-common/asan/strncpy-overflow-1.c  -O1  output pattern test, is ==45714== AddressSanitizer CHECK failed: /home/stevenb/lra_powerpc64_autotester/lra-branch/libsanitizer/asan/asan_thread.cc:74 "((AddrIsInMem(stack_bottom_))) != (0)" (0x0, 0x0)
FAIL: c-c++-common/asan/strncpy-overflow-1.c  -O2  output pattern test, is ==45922== AddressSanitizer CHECK failed: /home/stevenb/lra_powerpc64_autotester/lra-branch/libsanitizer/asan/asan_thread.cc:74 "((AddrIsInMem(stack_bottom_))) != (0)" (0x0, 0x0)
FAIL: c-c++-common/asan/strncpy-overflow-1.c  -O3 -fomit-frame-pointer  output pattern test, is ==46115== AddressSanitizer CHECK failed: /home/stevenb/lra_powerpc64_autotester/lra-branch/libsanitizer/asan/asan_thread.cc:74 "((AddrIsInMem(stack_bottom_))) != (0)" (0x0, 0x0)
FAIL: c-c++-common/asan/strncpy-overflow-1.c  -O3 -g  output pattern test, is ==46356== AddressSanitizer CHECK failed: /home/stevenb/lra_powerpc64_autotester/lra-branch/libsanitizer/asan/asan_thread.cc:74 "((AddrIsInMem(stack_bottom_))) != (0)" (0x0, 0x0)
FAIL: c-c++-common/asan/strncpy-overflow-1.c  -Os  output pattern test, is ==46570== AddressSanitizer CHECK failed: /home/stevenb/lra_powerpc64_autotester/lra-branch/libsanitizer/asan/asan_thread.cc:74 "((AddrIsInMem(stack_bottom_))) != (0)" (0x0, 0x0)
FAIL: c-c++-common/asan/strncpy-overflow-1.c  -O2 -flto -fno-use-linker-plugin -flto-partition=none  output pattern test, is ==46970== AddressSanitizer CHECK failed: /home/stevenb/lra_powerpc64_autotester/lra-branch/libsanitizer/asan/asan_thread.cc:74 "((AddrIsInMem(stack_bottom_))) != (0)" (0x0, 0x0)
FAIL: c-c++-common/asan/strncpy-overflow-1.c  -O2 -flto -fuse-linker-plugin -fno-fat-lto-objects  output pattern test, is ==47290== AddressSanitizer CHECK failed: /home/stevenb/lra_powerpc64_autotester/lra-branch/libsanitizer/asan/asan_thread.cc:74 "((AddrIsInMem(stack_bottom_))) != (0)" (0x0, 0x0)
FAIL: c-c++-common/asan/swapcontext-test-1.c  -O0  execution test
FAIL: c-c++-common/asan/swapcontext-test-1.c  -O1  execution test
FAIL: c-c++-common/asan/swapcontext-test-1.c  -O2  execution test
FAIL: c-c++-common/asan/swapcontext-test-1.c  -O3 -fomit-frame-pointer  execution test
FAIL: c-c++-common/asan/swapcontext-test-1.c  -O3 -fomit-frame-pointer -funroll-loops  execution test
FAIL: c-c++-common/asan/swapcontext-test-1.c  -O3 -fomit-frame-pointer -funroll-all-loops -finline-functions  execution test
FAIL: c-c++-common/asan/swapcontext-test-1.c  -O3 -g  execution test
FAIL: c-c++-common/asan/swapcontext-test-1.c  -Os  execution test
FAIL: c-c++-common/asan/swapcontext-test-1.c  -O2 -flto -fno-use-linker-plugin -flto-partition=none  execution test
FAIL: c-c++-common/asan/swapcontext-test-1.c  -O2 -flto -fuse-linker-plugin -fno-fat-lto-objects  execution test
FAIL: c-c++-common/asan/use-after-free-1.c  -O0  output pattern test, is ==50772== AddressSanitizer CHECK failed: /home/stevenb/lra_powerpc64_autotester/lra-branch/libsanitizer/asan/asan_thread.cc:74 "((AddrIsInMem(stack_bottom_))) != (0)" (0x0, 0x0)
FAIL: c-c++-common/asan/use-after-free-1.c  -O1  output pattern test, is ==50880== AddressSanitizer CHECK failed: /home/stevenb/lra_powerpc64_autotester/lra-branch/libsanitizer/asan/asan_thread.cc:74 "((AddrIsInMem(stack_bottom_))) != (0)" (0x0, 0x0)
FAIL: c-c++-common/asan/use-after-free-1.c  -O2  output pattern test, is ==51002== AddressSanitizer CHECK failed: /home/stevenb/lra_powerpc64_autotester/lra-branch/libsanitizer/asan/asan_thread.cc:74 "((AddrIsInMem(stack_bottom_))) != (0)" (0x0, 0x0)
FAIL: c-c++-common/asan/use-after-free-1.c  -O3 -fomit-frame-pointer  output pattern test, is ==51101== AddressSanitizer CHECK failed: /home/stevenb/lra_powerpc64_autotester/lra-branch/libsanitizer/asan/asan_thread.cc:74 "((AddrIsInMem(stack_bottom_))) != (0)" (0x0, 0x0)
FAIL: c-c++-common/asan/use-after-free-1.c  -O3 -g  output pattern test, is ==51204== AddressSanitizer CHECK failed: /home/stevenb/lra_powerpc64_autotester/lra-branch/libsanitizer/asan/asan_thread.cc:74 "((AddrIsInMem(stack_bottom_))) != (0)" (0x0, 0x0)
FAIL: c-c++-common/asan/use-after-free-1.c  -Os  output pattern test, is ==51427== AddressSanitizer CHECK failed: /home/stevenb/lra_powerpc64_autotester/lra-branch/libsanitizer/asan/asan_thread.cc:74 "((AddrIsInMem(stack_bottom_))) != (0)" (0x0, 0x0)
FAIL: c-c++-common/asan/use-after-free-1.c  -O2 -flto -fno-use-linker-plugin -flto-partition=none  output pattern test, is ==51895== AddressSanitizer CHECK failed: /home/stevenb/lra_powerpc64_autotester/lra-branch/libsanitizer/asan/asan_thread.cc:74 "((AddrIsInMem(stack_bottom_))) != (0)" (0x0, 0x0)
FAIL: c-c++-common/asan/use-after-free-1.c  -O2 -flto -fuse-linker-plugin -fno-fat-lto-objects  output pattern test, is ==52207== AddressSanitizer CHECK failed: /home/stevenb/lra_powerpc64_autotester/lra-branch/libsanitizer/asan/asan_thread.cc:74 "((AddrIsInMem(stack_bottom_))) != (0)" (0x0, 0x0)
FAIL: g++.dg/asan/deep-stack-uaf-1.C  -O0  output pattern test, is ==52724== AddressSanitizer CHECK failed: /home/stevenb/lra_powerpc64_autotester/lra-branch/libsanitizer/asan/asan_thread.cc:74 "((AddrIsInMem(stack_bottom_))) != (0)" (0x0, 0x0)
FAIL: g++.dg/asan/deep-stack-uaf-1.C  -O1  output pattern test, is ==53279== AddressSanitizer CHECK failed: /home/stevenb/lra_powerpc64_autotester/lra-branch/libsanitizer/asan/asan_thread.cc:74 "((AddrIsInMem(stack_bottom_))) != (0)" (0x0, 0x0)
FAIL: g++.dg/asan/deep-stack-uaf-1.C  -O2  output pattern test, is ==54010== AddressSanitizer CHECK failed: /home/stevenb/lra_powerpc64_autotester/lra-branch/libsanitizer/asan/asan_thread.cc:74 "((AddrIsInMem(stack_bottom_))) != (0)" (0x0, 0x0)
FAIL: g++.dg/asan/deep-stack-uaf-1.C  -O3 -fomit-frame-pointer  output pattern test, is ==54965== AddressSanitizer CHECK failed: /home/stevenb/lra_powerpc64_autotester/lra-branch/libsanitizer/asan/asan_thread.cc:74 "((AddrIsInMem(stack_bottom_))) != (0)" (0x0, 0x0)
FAIL: g++.dg/asan/deep-stack-uaf-1.C  -O3 -g  output pattern test, is ==55487== AddressSanitizer CHECK failed: /home/stevenb/lra_powerpc64_autotester/lra-branch/libsanitizer/asan/asan_thread.cc:74 "((AddrIsInMem(stack_bottom_))) != (0)" (0x0, 0x0)
FAIL: g++.dg/asan/deep-stack-uaf-1.C  -Os  output pattern test, is ==56319== AddressSanitizer CHECK failed: /home/stevenb/lra_powerpc64_autotester/lra-branch/libsanitizer/asan/asan_thread.cc:74 "((AddrIsInMem(stack_bottom_))) != (0)" (0x0, 0x0)
FAIL: g++.dg/asan/deep-tail-call-1.C  -O0  output pattern test, is ==56486== AddressSanitizer CHECK failed: /home/stevenb/lra_powerpc64_autotester/lra-branch/libsanitizer/asan/asan_thread.cc:74 "((AddrIsInMem(stack_bottom_))) != (0)" (0x0, 0x0)
FAIL: g++.dg/asan/deep-tail-call-1.C  -O1  output pattern test, is ==56660== AddressSanitizer CHECK failed: /home/stevenb/lra_powerpc64_autotester/lra-branch/libsanitizer/asan/asan_thread.cc:74 "((AddrIsInMem(stack_bottom_))) != (0)" (0x0, 0x0)
FAIL: g++.dg/asan/deep-tail-call-1.C  -O2  output pattern test, is ==56814== AddressSanitizer CHECK failed: /home/stevenb/lra_powerpc64_autotester/lra-branch/libsanitizer/asan/asan_thread.cc:74 "((AddrIsInMem(stack_bottom_))) != (0)" (0x0, 0x0)
FAIL: g++.dg/asan/deep-tail-call-1.C  -O3 -fomit-frame-pointer  output pattern test, is ==56945== AddressSanitizer CHECK failed: /home/stevenb/lra_powerpc64_autotester/lra-branch/libsanitizer/asan/asan_thread.cc:74 "((AddrIsInMem(stack_bottom_))) != (0)" (0x0, 0x0)
FAIL: g++.dg/asan/deep-tail-call-1.C  -O3 -g  output pattern test, is ==57137== AddressSanitizer CHECK failed: /home/stevenb/lra_powerpc64_autotester/lra-branch/libsanitizer/asan/asan_thread.cc:74 "((AddrIsInMem(stack_bottom_))) != (0)" (0x0, 0x0)
FAIL: g++.dg/asan/deep-tail-call-1.C  -Os  output pattern test, is ==57322== AddressSanitizer CHECK failed: /home/stevenb/lra_powerpc64_autotester/lra-branch/libsanitizer/asan/asan_thread.cc:74 "((AddrIsInMem(stack_bottom_))) != (0)" (0x0, 0x0)
FAIL: g++.dg/asan/deep-tail-call-1.C  -O2 -flto -fno-use-linker-plugin -flto-partition=none  output pattern test, is ==58006== AddressSanitizer CHECK failed: /home/stevenb/lra_powerpc64_autotester/lra-branch/libsanitizer/asan/asan_thread.cc:74 "((AddrIsInMem(stack_bottom_))) != (0)" (0x0, 0x0)
FAIL: g++.dg/asan/deep-tail-call-1.C  -O2 -flto -fuse-linker-plugin -fno-fat-lto-objects  output pattern test, is ==58461== AddressSanitizer CHECK failed: /home/stevenb/lra_powerpc64_autotester/lra-branch/libsanitizer/asan/asan_thread.cc:74 "((AddrIsInMem(stack_bottom_))) != (0)" (0x0, 0x0)
FAIL: g++.dg/asan/deep-thread-stack-1.C  -O0  output pattern test, is ==58899== AddressSanitizer CHECK failed: /home/stevenb/lra_powerpc64_autotester/lra-branch/libsanitizer/asan/asan_thread.cc:74 "((AddrIsInMem(stack_bottom_))) != (0)" (0x0, 0x0)
FAIL: g++.dg/asan/deep-thread-stack-1.C  -O1  output pattern test, is ==59259== AddressSanitizer CHECK failed: /home/stevenb/lra_powerpc64_autotester/lra-branch/libsanitizer/asan/asan_thread.cc:74 "((AddrIsInMem(stack_bottom_))) != (0)" (0x0, 0x0)
FAIL: g++.dg/asan/deep-thread-stack-1.C  -O2  output pattern test, is ==59516== AddressSanitizer CHECK failed: /home/stevenb/lra_powerpc64_autotester/lra-branch/libsanitizer/asan/asan_thread.cc:74 "((AddrIsInMem(stack_bottom_))) != (0)" (0x0, 0x0)
FAIL: g++.dg/asan/deep-thread-stack-1.C  -O3 -fomit-frame-pointer  output pattern test, is ==59759== AddressSanitizer CHECK failed: /home/stevenb/lra_powerpc64_autotester/lra-branch/libsanitizer/asan/asan_thread.cc:74 "((AddrIsInMem(stack_bottom_))) != (0)" (0x0, 0x0)
FAIL: g++.dg/asan/deep-thread-stack-1.C  -O3 -g  output pattern test, is ==59901== AddressSanitizer CHECK failed: /home/stevenb/lra_powerpc64_autotester/lra-branch/libsanitizer/asan/asan_thread.cc:74 "((AddrIsInMem(stack_bottom_))) != (0)" (0x0, 0x0)
FAIL: g++.dg/asan/deep-thread-stack-1.C  -Os  output pattern test, is ==60079== AddressSanitizer CHECK failed: /home/stevenb/lra_powerpc64_autotester/lra-branch/libsanitizer/asan/asan_thread.cc:74 "((AddrIsInMem(stack_bottom_))) != (0)" (0x0, 0x0)
FAIL: g++.dg/asan/deep-thread-stack-1.C  -O2 -flto -fno-use-linker-plugin -flto-partition=none  output pattern test, is ==60626== AddressSanitizer CHECK failed: /home/stevenb/lra_powerpc64_autotester/lra-branch/libsanitizer/asan/asan_thread.cc:74 "((AddrIsInMem(stack_bottom_))) != (0)" (0x0, 0x0)
FAIL: g++.dg/asan/deep-thread-stack-1.C  -O2 -flto -fuse-linker-plugin -fno-fat-lto-objects  output pattern test, is ==61037== AddressSanitizer CHECK failed: /home/stevenb/lra_powerpc64_autotester/lra-branch/libsanitizer/asan/asan_thread.cc:74 "((AddrIsInMem(stack_bottom_))) != (0)" (0x0, 0x0)
FAIL: g++.dg/asan/default-options-1.C  -O0  execution test
FAIL: g++.dg/asan/default-options-1.C  -O1  execution test
FAIL: g++.dg/asan/default-options-1.C  -O2  execution test
FAIL: g++.dg/asan/default-options-1.C  -O3 -fomit-frame-pointer  execution test
FAIL: g++.dg/asan/default-options-1.C  -O3 -g  execution test
FAIL: g++.dg/asan/default-options-1.C  -Os  execution test
FAIL: g++.dg/asan/default-options-1.C  -O2 -flto -fno-use-linker-plugin -flto-partition=none  execution test
FAIL: g++.dg/asan/default-options-1.C  -O2 -flto -fuse-linker-plugin -fno-fat-lto-objects  execution test
FAIL: g++.dg/asan/interception-failure-test-1.C  -O0  execution test
FAIL: g++.dg/asan/interception-failure-test-1.C  -O1  execution test
FAIL: g++.dg/asan/interception-failure-test-1.C  -O2  execution test
FAIL: g++.dg/asan/interception-failure-test-1.C  -O3 -fomit-frame-pointer  execution test
FAIL: g++.dg/asan/interception-failure-test-1.C  -O3 -g  execution test
FAIL: g++.dg/asan/interception-failure-test-1.C  -Os  execution test
FAIL: g++.dg/asan/interception-failure-test-1.C  -O2 -flto -fno-use-linker-plugin -flto-partition=none  execution test
FAIL: g++.dg/asan/interception-failure-test-1.C  -O2 -flto -fuse-linker-plugin -fno-fat-lto-objects  execution test
FAIL: g++.dg/asan/interception-malloc-test-1.C  -O0  output pattern test, is ==347== AddressSanitizer CHECK failed: /home/stevenb/lra_powerpc64_autotester/lra-branch/libsanitizer/asan/asan_thread.cc:74 "((AddrIsInMem(stack_bottom_))) != (0)" (0x0, 0x0)
FAIL: g++.dg/asan/interception-malloc-test-1.C  -O1  output pattern test, is ==693== AddressSanitizer CHECK failed: /home/stevenb/lra_powerpc64_autotester/lra-branch/libsanitizer/asan/asan_thread.cc:74 "((AddrIsInMem(stack_bottom_))) != (0)" (0x0, 0x0)
FAIL: g++.dg/asan/interception-malloc-test-1.C  -O2  output pattern test, is ==1049== AddressSanitizer CHECK failed: /home/stevenb/lra_powerpc64_autotester/lra-branch/libsanitizer/asan/asan_thread.cc:74 "((AddrIsInMem(stack_bottom_))) != (0)" (0x0, 0x0)
FAIL: g++.dg/asan/interception-malloc-test-1.C  -O3 -fomit-frame-pointer  output pattern test, is ==1376== AddressSanitizer CHECK failed: /home/stevenb/lra_powerpc64_autotester/lra-branch/libsanitizer/asan/asan_thread.cc:74 "((AddrIsInMem(stack_bottom_))) != (0)" (0x0, 0x0)
FAIL: g++.dg/asan/interception-malloc-test-1.C  -O3 -g  output pattern test, is ==1718== AddressSanitizer CHECK failed: /home/stevenb/lra_powerpc64_autotester/lra-branch/libsanitizer/asan/asan_thread.cc:74 "((AddrIsInMem(stack_bottom_))) != (0)" (0x0, 0x0)
FAIL: g++.dg/asan/interception-malloc-test-1.C  -Os  output pattern test, is ==1946== AddressSanitizer CHECK failed: /home/stevenb/lra_powerpc64_autotester/lra-branch/libsanitizer/asan/asan_thread.cc:74 "((AddrIsInMem(stack_bottom_))) != (0)" (0x0, 0x0)
FAIL: g++.dg/asan/interception-malloc-test-1.C  -O2 -flto -fno-use-linker-plugin -flto-partition=none  output pattern test, is ==2340== AddressSanitizer CHECK failed: /home/stevenb/lra_powerpc64_autotester/lra-branch/libsanitizer/asan/asan_thread.cc:74 "((AddrIsInMem(stack_bottom_))) != (0)" (0x0, 0x0)
FAIL: g++.dg/asan/interception-malloc-test-1.C  -O2 -flto -fuse-linker-plugin -fno-fat-lto-objects  output pattern test, is ==2835== AddressSanitizer CHECK failed: /home/stevenb/lra_powerpc64_autotester/lra-branch/libsanitizer/asan/asan_thread.cc:74 "((AddrIsInMem(stack_bottom_))) != (0)" (0x0, 0x0)
FAIL: g++.dg/asan/interception-test-1.C  -O0  output pattern test, is ==3074== AddressSanitizer CHECK failed: /home/stevenb/lra_powerpc64_autotester/lra-branch/libsanitizer/asan/asan_thread.cc:74 "((AddrIsInMem(stack_bottom_))) != (0)" (0x0, 0x0)
FAIL: g++.dg/asan/interception-test-1.C  -O1  output pattern test, is ==3382== AddressSanitizer CHECK failed: /home/stevenb/lra_powerpc64_autotester/lra-branch/libsanitizer/asan/asan_thread.cc:74 "((AddrIsInMem(stack_bottom_))) != (0)" (0x0, 0x0)
FAIL: g++.dg/asan/interception-test-1.C  -O2  output pattern test, is ==3529== AddressSanitizer CHECK failed: /home/stevenb/lra_powerpc64_autotester/lra-branch/libsanitizer/asan/asan_thread.cc:74 "((AddrIsInMem(stack_bottom_))) != (0)" (0x0, 0x0)
FAIL: g++.dg/asan/interception-test-1.C  -O3 -fomit-frame-pointer  output pattern test, is ==3768== AddressSanitizer CHECK failed: /home/stevenb/lra_powerpc64_autotester/lra-branch/libsanitizer/asan/asan_thread.cc:74 "((AddrIsInMem(stack_bottom_))) != (0)" (0x0, 0x0)
FAIL: g++.dg/asan/interception-test-1.C  -O3 -g  output pattern test, is ==4007== AddressSanitizer CHECK failed: /home/stevenb/lra_powerpc64_autotester/lra-branch/libsanitizer/asan/asan_thread.cc:74 "((AddrIsInMem(stack_bottom_))) != (0)" (0x0, 0x0)
FAIL: g++.dg/asan/interception-test-1.C  -Os  output pattern test, is ==4118== AddressSanitizer CHECK failed: /home/stevenb/lra_powerpc64_autotester/lra-branch/libsanitizer/asan/asan_thread.cc:74 "((AddrIsInMem(stack_bottom_))) != (0)" (0x0, 0x0)
FAIL: g++.dg/asan/interception-test-1.C  -O2 -flto -fno-use-linker-plugin -flto-partition=none  output pattern test, is ==4519== AddressSanitizer CHECK failed: /home/stevenb/lra_powerpc64_autotester/lra-branch/libsanitizer/asan/asan_thread.cc:74 "((AddrIsInMem(stack_bottom_))) != (0)" (0x0, 0x0)
FAIL: g++.dg/asan/interception-test-1.C  -O2 -flto -fuse-linker-plugin -fno-fat-lto-objects  output pattern test, is ==4869== AddressSanitizer CHECK failed: /home/stevenb/lra_powerpc64_autotester/lra-branch/libsanitizer/asan/asan_thread.cc:74 "((AddrIsInMem(stack_bottom_))) != (0)" (0x0, 0x0)
FAIL: g++.dg/asan/large-func-test-1.C  -O0  output pattern test, is ==5069== AddressSanitizer CHECK failed: /home/stevenb/lra_powerpc64_autotester/lra-branch/libsanitizer/asan/asan_thread.cc:74 "((AddrIsInMem(stack_bottom_))) != (0)" (0x0, 0x0)
FAIL: g++.dg/asan/large-func-test-1.C  -O1  output pattern test, is ==5211== AddressSanitizer CHECK failed: /home/stevenb/lra_powerpc64_autotester/lra-branch/libsanitizer/asan/asan_thread.cc:74 "((AddrIsInMem(stack_bottom_))) != (0)" (0x0, 0x0)
FAIL: g++.dg/asan/large-func-test-1.C  -O2  output pattern test, is ==5390== AddressSanitizer CHECK failed: /home/stevenb/lra_powerpc64_autotester/lra-branch/libsanitizer/asan/asan_thread.cc:74 "((AddrIsInMem(stack_bottom_))) != (0)" (0x0, 0x0)
FAIL: g++.dg/asan/large-func-test-1.C  -O3 -fomit-frame-pointer  output pattern test, is ==5616== AddressSanitizer CHECK failed: /home/stevenb/lra_powerpc64_autotester/lra-branch/libsanitizer/asan/asan_thread.cc:74 "((AddrIsInMem(stack_bottom_))) != (0)" (0x0, 0x0)
FAIL: g++.dg/asan/large-func-test-1.C  -O3 -g  output pattern test, is ==5859== AddressSanitizer CHECK failed: /home/stevenb/lra_powerpc64_autotester/lra-branch/libsanitizer/asan/asan_thread.cc:74 "((AddrIsInMem(stack_bottom_))) != (0)" (0x0, 0x0)
FAIL: g++.dg/asan/large-func-test-1.C  -Os  output pattern test, is ==6114== AddressSanitizer CHECK failed: /home/stevenb/lra_powerpc64_autotester/lra-branch/libsanitizer/asan/asan_thread.cc:74 "((AddrIsInMem(stack_bottom_))) != (0)" (0x0, 0x0)
FAIL: g++.dg/asan/large-func-test-1.C  -O2 -flto -fno-use-linker-plugin -flto-partition=none  output pattern test, is ==6745== AddressSanitizer CHECK failed: /home/stevenb/lra_powerpc64_autotester/lra-branch/libsanitizer/asan/asan_thread.cc:74 "((AddrIsInMem(stack_bottom_))) != (0)" (0x0, 0x0)
FAIL: g++.dg/asan/large-func-test-1.C  -O2 -flto -fuse-linker-plugin -fno-fat-lto-objects  output pattern test, is ==7078== AddressSanitizer CHECK failed: /home/stevenb/lra_powerpc64_autotester/lra-branch/libsanitizer/asan/asan_thread.cc:74 "((AddrIsInMem(stack_bottom_))) != (0)" (0x0, 0x0)
FAIL: g++.dg/asan/pr55617.C  -O0  execution test
FAIL: g++.dg/asan/pr55617.C  -O1  execution test
FAIL: g++.dg/asan/pr55617.C  -O2  execution test
FAIL: g++.dg/asan/pr55617.C  -O3 -fomit-frame-pointer  execution test
FAIL: g++.dg/asan/pr55617.C  -O3 -g  execution test
FAIL: g++.dg/asan/pr55617.C  -Os  execution test
FAIL: g++.dg/asan/pr55617.C  -O2 -flto -fno-use-linker-plugin -flto-partition=none  execution test
FAIL: g++.dg/asan/pr55617.C  -O2 -flto -fuse-linker-plugin -fno-fat-lto-objects  execution test
FAIL: g++.dg/asan/symbolize-callback-1.C  -O2  output pattern test, is ==8473== AddressSanitizer CHECK failed: /home/stevenb/lra_powerpc64_autotester/lra-branch/libsanitizer/asan/asan_thread.cc:74 "((AddrIsInMem(stack_bottom_))) != (0)" (0x0, 0x0)
FAIL: g++.dg/asan/symbolize-callback-1.C  -O2 -flto -fno-use-linker-plugin -flto-partition=none  output pattern test, is ==8828== AddressSanitizer CHECK failed: /home/stevenb/lra_powerpc64_autotester/lra-branch/libsanitizer/asan/asan_thread.cc:74 "((AddrIsInMem(stack_bottom_))) != (0)" (0x0, 0x0)
FAIL: g++.dg/asan/symbolize-callback-1.C  -O2 -flto -fuse-linker-plugin -fno-fat-lto-objects  output pattern test, is ==9045== AddressSanitizer CHECK failed: /home/stevenb/lra_powerpc64_autotester/lra-branch/libsanitizer/asan/asan_thread.cc:74 "((AddrIsInMem(stack_bottom_))) != (0)" (0x0, 0x0)

		=== g++ Summary ===

# of expected passes		52452
# of unexpected failures	164
# of expected failures		290
# of unsupported tests		919
/home/stevenb/lra_powerpc64_autotester/build-lra/gcc/testsuite/g++/../../xg++  version 4.8.0 20130315 (experimental) [lra revision 196694] (GCC) 

		=== libatomic tests ===


Running target unix

		=== libatomic Summary ===

# of expected passes		44
# of unsupported tests		5
		=== libgomp tests ===


Running target unix

		=== libgomp Summary ===

# of expected passes		2996
# of unsupported tests		1
		=== libitm tests ===


Running target unix

		=== libitm Summary ===

# of expected passes		26
# of expected failures		3
# of unsupported tests		1
		=== libmudflap tests ===


Running target unix
FAIL: libmudflap.c++/pass41-frag.cxx (-static) execution test
FAIL: libmudflap.c++/pass41-frag.cxx ( -O) execution test
FAIL: libmudflap.c++/pass41-frag.cxx (-O2) execution test
FAIL: libmudflap.c++/pass41-frag.cxx (-O3) execution test

		=== libmudflap Summary ===

# of expected passes		1902
# of unexpected failures	4
		=== libstdc++ tests ===


Running target unix

		=== libstdc++ Summary ===

# of expected passes		9252
# of expected failures		45
# of unsupported tests		221

Compiler version: 4.8.0 20130315 (experimental) [lra revision 196694] (GCC) 
Platform: powerpc64-unknown-linux-gnu
configure flags: --prefix=/home/stevenb/lra_powerpc64_autotester/install-lra --target=powerpc64-unknown-linux-gnu --enable-languages=c,c++,fortran --with-mpfr=/opt/cfarm/mpfr-latest --with-gmp=/opt/cfarm/gmp-latest --with-mpc=/opt/cfarm/mpc-latest --with-cloog=/opt/cfarm/cloog-latest --with-isl=/opt/cfarm/isl-latest


Index Nav: [Date Index] [Subject Index] [Author Index] [Thread Index]
Message Nav: [Date Prev] [Date Next] [Thread Prev] [Thread Next]