This is the mail archive of the
gcc-testresults@gcc.gnu.org
mailing list for the GCC project.
Results for 4.8.0 20130312 (experimental) [trunk revision 196608] testsuite on hppa2.0w-hp-hpux11.11
- From: John David Anglin <dave at hiauly3 dot hia dot nrc dot ca>
- To: dave at hiauly3 dot hia dot nrc dot ca, gcc-testresults at gcc dot gnu dot org
- Date: Wed, 13 Mar 2013 11:24:27 -0400 (EDT)
- Subject: Results for 4.8.0 20130312 (experimental) [trunk revision 196608] testsuite on hppa2.0w-hp-hpux11.11
=== acats tests ===
FAIL: c974013
FAIL: c9a011b
=== acats Summary ===
# of expected passes 2318
# of unexpected failures 2
Native configuration is hppa2.0w-hp-hpux11.11
=== g++ tests ===
Running target unix
UNRESOLVED: g++.dg/ext/label13.C -std=gnu++98 compilation failed to produce executable
UNRESOLVED: g++.dg/ext/label13.C -std=gnu++11 compilation failed to produce executable
WARNING: program timed out.
FAIL: c-c++-common/simulate-thread/bitfields-2.c -Os -g thread simulation test
=== g++ Summary ===
# of expected passes 45427
# of unexpected failures 1
# of expected failures 294
# of unresolved testcases 2
# of unsupported tests 1200
/test/gnu/gcc/objdir1/gcc/testsuite/g++/../../xg++ version 4.8.0 20130312 (experimental) [trunk revision 196608] (GCC)
=== gcc tests ===
Running target unix
WARNING: program timed out.
=== gcc Summary ===
# of expected passes 64865
# of expected failures 118
# of unsupported tests 1521
/test/gnu/gcc/objdir1/gcc/xgcc version 4.8.0 20130312 (experimental) [trunk revision 196608] (GCC)
=== gfortran tests ===
Running target unix
XPASS: gfortran.dg/do_1.f90 -O0 execution test
XPASS: gfortran.dg/do_1.f90 -O1 execution test
FAIL: gfortran.dg/pr45636.f90 -O scan-tree-dump-times forwprop2 "memset" 0
=== gnat tests ===
Running target unix
=== gnat Summary ===
# of expected passes 1146
# of expected failures 17
# of unsupported tests 12
/test/gnu/gcc/objdir1/gcc/gnatmake version 4.8.0 20130312 (experimental) [trunk revision 196608]
Compiler version: 4.8.0 20130312 (experimental) [trunk revision 196608]
Platform: hppa2.0w-hp-hpux11.11
configure flags:Test Run By dave on Tue Mar 12 23:07:16 EDT 2013