This is the mail archive of the
gcc-testresults@gcc.gnu.org
mailing list for the GCC project.
Results for 4.6.4 20130308 (prerelease) [gcc-4_6-branch revision 196529] (GCC) testsuite on i386-pc-solaris2.10
- From: Rainer Orth <ro at CeBiTec dot Uni-Bielefeld dot DE>
- To: gcc-testresults at gcc dot gnu dot org
- Date: Sat, 9 Mar 2013 20:56:09 +0100 (MET)
- Subject: Results for 4.6.4 20130308 (prerelease) [gcc-4_6-branch revision 196529] (GCC) testsuite on i386-pc-solaris2.10
LAST_UPDATED: Fri Mar 8 14:02:03 UTC 2013 (revision 196529)
=== acats tests ===
=== acats Summary ===
# of expected passes 2321
# of unexpected failures 0
Native configuration is i386-pc-solaris2.10
=== g++ tests ===
Running target unix
XPASS: g++.dg/uninit-pred-3_b.C (test for excess errors)
=== g++ Summary for unix ===
# of expected passes 27118
# of unexpected successes 1
# of expected failures 169
# of unsupported tests 190
Running target unix/-m64
XPASS: g++.dg/uninit-pred-3_b.C (test for excess errors)
=== g++ Summary for unix/-m64 ===
# of expected passes 27342
# of unexpected successes 1
# of expected failures 169
# of unsupported tests 397
=== g++ Summary ===
# of expected passes 54460
# of unexpected successes 2
# of expected failures 338
# of unsupported tests 587
/var/gcc/regression/gcc-4.6-branch/10-gcc-gas/build/gcc/testsuite/g++/../../g++ version 4.6.4 20130308 (prerelease) [gcc-4_6-branch revision 196529] (GCC)
=== gcc tests ===
Running target unix
FAIL: gcc.dg/lto/20110201-1 c_lto_20110201-1_0.o-c_lto_20110201-1_0.o link, -O0 -flto
UNRESOLVED: gcc.dg/lto/20110201-1 c_lto_20110201-1_0.o-c_lto_20110201-1_0.o execute -O0 -flto
=== gcc Summary for unix ===
# of expected passes 77113
# of unexpected failures 1
# of expected failures 213
# of unresolved testcases 1
# of unsupported tests 799
Running target unix/-m64
=== gcc Summary for unix/-m64 ===
# of expected passes 77209
# of expected failures 212
# of unsupported tests 1207
=== gcc Summary ===
# of expected passes 154322
# of unexpected failures 1
# of expected failures 425
# of unresolved testcases 1
# of unsupported tests 2006
/var/gcc/regression/gcc-4.6-branch/10-gcc-gas/build/gcc/xgcc version 4.6.4 20130308 (prerelease) [gcc-4_6-branch revision 196529] (GCC)
=== gfortran tests ===
Running target unix
=== gfortran Summary for unix ===
# of expected passes 38940
# of expected failures 41
# of unsupported tests 227
Running target unix/-m64
=== gfortran Summary for unix/-m64 ===
# of expected passes 39245
# of expected failures 41
# of unsupported tests 79
=== gfortran Summary ===
# of expected passes 78185
# of expected failures 82
# of unsupported tests 306
/var/gcc/regression/gcc-4.6-branch/10-gcc-gas/build/gcc/testsuite/gfortran/../../gfortran version 4.6.4 20130308 (prerelease) [gcc-4_6-branch revision 196529] (GCC)
=== gnat tests ===
Running target unix
=== gnat Summary for unix ===
# of expected passes 878
# of expected failures 10
# of unsupported tests 3
Running target unix/-m64
=== gnat Summary for unix/-m64 ===
# of expected passes 878
# of expected failures 10
# of unsupported tests 3
=== gnat Summary ===
# of expected passes 1756
# of expected failures 20
# of unsupported tests 6
/var/gcc/regression/gcc-4.6-branch/10-gcc-gas/build/gcc/gnatmake version 4.6.4 20130308 (prerelease) [gcc-4_6-branch revision 196529]
=== objc tests ===
Running target unix
=== objc Summary for unix ===
# of expected passes 2920
# of expected failures 6
# of unsupported tests 74
Running target unix/-m64
=== objc Summary for unix/-m64 ===
# of expected passes 2910
# of expected failures 16
# of unsupported tests 74
=== objc Summary ===
# of expected passes 5830
# of expected failures 22
# of unsupported tests 148
/var/gcc/regression/gcc-4.6-branch/10-gcc-gas/build/gcc/xgcc version 4.6.4 20130308 (prerelease) [gcc-4_6-branch revision 196529] (GCC)
=== libffi tests ===
Running target unix
=== libffi Summary for unix ===
# of expected passes 1634
# of expected failures 10
# of unsupported tests 15
Running target unix/-m64
=== libffi Summary for unix/-m64 ===
# of expected passes 1634
# of expected failures 10
# of unsupported tests 15
=== libffi Summary ===
# of expected passes 3268
# of expected failures 20
# of unsupported tests 30
=== libgomp tests ===
Running target unix
=== libgomp Summary for unix ===
# of expected passes 2628
# of unsupported tests 3
Running target unix/-m64
=== libgomp Summary for unix/-m64 ===
# of expected passes 2628
# of unsupported tests 3
=== libgomp Summary ===
# of expected passes 5256
# of unsupported tests 6
=== libjava tests ===
Running target unix
=== libjava Summary for unix ===
# of expected passes 2574
Running target unix/-m64
=== libjava Summary for unix/-m64 ===
# of expected passes 2574
=== libjava Summary ===
# of expected passes 5148
=== libstdc++ tests ===
Running target unix
XPASS: 22_locale/num_put/put/char/14220.cc execution test
XPASS: 22_locale/num_put/put/wchar_t/14220.cc execution test
=== libstdc++ Summary for unix ===
# of expected passes 7429
# of unexpected successes 2
# of expected failures 83
# of unsupported tests 463
Running target unix/-m64
=== libstdc++ Summary for unix/-m64 ===
# of expected passes 7431
# of expected failures 83
# of unsupported tests 463
=== libstdc++ Summary ===
# of expected passes 14860
# of unexpected successes 2
# of expected failures 166
# of unsupported tests 926
Compiler version: 4.6.4 20130308 (prerelease) [gcc-4_6-branch revision 196529] (GCC)
Platform: i386-pc-solaris2.10
configure flags: --prefix=/vol/gcc --target=i386-pc-solaris2.10 --with-as=/vol/gcc/bin/gas-2.23.1 --with-gnu-as --with-gmp-include=/vol/gcc/include --with-gmp-lib=/vol/gcc/lib --with-mpfr-include=/vol/gcc/include --with-mpfr-lib=/vol/gcc/lib --with-mpc-include=/vol/gcc/include --with-mpc-lib=/vol/gcc/lib --enable-languages=all,ada --without-ppl --without-isl --without-cloog
BOOT_CFLAGS=-g -O2