This is the mail archive of the
gcc-testresults@gcc.gnu.org
mailing list for the GCC project.
Results for 4.8.0 20130308 (experimental) [trunk revision 196532] (Debian 4.8-20130308-1) testsuite on powerpc-unknown-linux-gnu
- From: Matthias Klose <doko at debian dot org>
- To: gcc-testresults at gcc dot gnu dot org
- Cc: debian-gcc at lists dot debian dot org
- Date: Sat, 09 Mar 2013 17:54:13 +0000
- Subject: Results for 4.8.0 20130308 (experimental) [trunk revision 196532] (Debian 4.8-20130308-1) testsuite on powerpc-unknown-linux-gnu
- Reply-to: Matthias Klose <doko at debian dot org>
LAST_UPDATED: Fri Mar 8 04:01:01 UTC 2013 (revision 196532)
Target: powerpc-linux-gnu
gcc version 4.8.0 20130308 (experimental) [trunk revision 196532] (Debian 4.8-20130308-1)
Native configuration is powerpc-unknown-linux-gnu
=== g++ tests ===
Running target unix
FAIL: g++.dg/plugin/attribute_plugin.c compilation
FAIL: g++.dg/plugin/pragma_plugin.c compilation
FAIL: g++.dg/plugin/selfassign.c compilation
FAIL: g++.dg/plugin/dumb_plugin.c compilation
FAIL: g++.dg/plugin/header_plugin.c compilation
FAIL: g++.dg/plugin/decl_plugin.c compilation
=== g++ Summary for unix ===
# of expected passes 51166
# of unexpected failures 6
# of expected failures 290
# of unsupported tests 902
Running target unix/-fstack-protector
FAIL: g++.dg/plugin/attribute_plugin.c compilation
FAIL: g++.dg/plugin/pragma_plugin.c compilation
FAIL: g++.dg/plugin/selfassign.c compilation
FAIL: g++.dg/plugin/dumb_plugin.c compilation
FAIL: g++.dg/plugin/header_plugin.c compilation
FAIL: g++.dg/plugin/decl_plugin.c compilation
=== g++ Summary for unix/-fstack-protector ===
# of expected passes 51166
# of unexpected failures 6
# of expected failures 290
# of unsupported tests 902
Running target unix/-m64
FAIL: c-c++-common/asan/global-overflow-1.c -O0 output pattern test, is =================================================================
FAIL: c-c++-common/asan/global-overflow-1.c -O1 output pattern test, is =================================================================
FAIL: c-c++-common/asan/global-overflow-1.c -O2 output pattern test, is =================================================================
FAIL: c-c++-common/asan/global-overflow-1.c -O3 -fomit-frame-pointer output pattern test, is =================================================================
FAIL: c-c++-common/asan/global-overflow-1.c -O3 -g output pattern test, is =================================================================
FAIL: c-c++-common/asan/global-overflow-1.c -Os output pattern test, is =================================================================
FAIL: c-c++-common/asan/global-overflow-1.c -O2 -flto -fno-use-linker-plugin -flto-partition=none output pattern test, is =================================================================
FAIL: c-c++-common/asan/global-overflow-1.c -O2 -flto -fuse-linker-plugin -fno-fat-lto-objects output pattern test, is =================================================================
FAIL: c-c++-common/asan/heap-overflow-1.c -O0 output pattern test, is =================================================================
FAIL: c-c++-common/asan/heap-overflow-1.c -O1 output pattern test, is =================================================================
FAIL: c-c++-common/asan/heap-overflow-1.c -O2 output pattern test, is =================================================================
FAIL: c-c++-common/asan/heap-overflow-1.c -O3 -fomit-frame-pointer output pattern test, is =================================================================
FAIL: c-c++-common/asan/heap-overflow-1.c -O3 -g output pattern test, is =================================================================
FAIL: c-c++-common/asan/heap-overflow-1.c -Os output pattern test, is =================================================================
FAIL: c-c++-common/asan/heap-overflow-1.c -O2 -flto -fno-use-linker-plugin -flto-partition=none output pattern test, is =================================================================
FAIL: c-c++-common/asan/heap-overflow-1.c -O2 -flto -fuse-linker-plugin -fno-fat-lto-objects output pattern test, is =================================================================
FAIL: c-c++-common/asan/memcmp-1.c -O0 output pattern test, is =================================================================
FAIL: c-c++-common/asan/memcmp-1.c -O1 output pattern test, is =================================================================
FAIL: c-c++-common/asan/memcmp-1.c -O2 output pattern test, is =================================================================
FAIL: c-c++-common/asan/memcmp-1.c -O3 -fomit-frame-pointer output pattern test, is =================================================================
FAIL: c-c++-common/asan/memcmp-1.c -O3 -g output pattern test, is =================================================================
FAIL: c-c++-common/asan/memcmp-1.c -Os output pattern test, is =================================================================
FAIL: c-c++-common/asan/memcmp-1.c -O2 -flto -fno-use-linker-plugin -flto-partition=none output pattern test, is =================================================================
FAIL: c-c++-common/asan/memcmp-1.c -O2 -flto -fuse-linker-plugin -fno-fat-lto-objects output pattern test, is =================================================================
FAIL: c-c++-common/asan/null-deref-1.c -O0 output pattern test, is ASAN:SIGSEGV
FAIL: c-c++-common/asan/null-deref-1.c -O1 output pattern test, is ASAN:SIGSEGV
FAIL: c-c++-common/asan/null-deref-1.c -O2 output pattern test, is ASAN:SIGSEGV
FAIL: c-c++-common/asan/null-deref-1.c -O3 -fomit-frame-pointer output pattern test, is ASAN:SIGSEGV
FAIL: c-c++-common/asan/null-deref-1.c -O3 -g output pattern test, is ASAN:SIGSEGV
FAIL: c-c++-common/asan/null-deref-1.c -Os output pattern test, is ASAN:SIGSEGV
FAIL: c-c++-common/asan/null-deref-1.c -O2 -flto -fno-use-linker-plugin -flto-partition=none output pattern test, is ASAN:SIGSEGV
FAIL: c-c++-common/asan/null-deref-1.c -O2 -flto -fuse-linker-plugin -fno-fat-lto-objects output pattern test, is ASAN:SIGSEGV
FAIL: c-c++-common/asan/sanity-check-pure-c-1.c -O0 output pattern test, is =================================================================
FAIL: c-c++-common/asan/sanity-check-pure-c-1.c -O1 output pattern test, is =================================================================
FAIL: c-c++-common/asan/sanity-check-pure-c-1.c -O2 output pattern test, is =================================================================
FAIL: c-c++-common/asan/sanity-check-pure-c-1.c -O3 -fomit-frame-pointer output pattern test, is =================================================================
FAIL: c-c++-common/asan/sanity-check-pure-c-1.c -O3 -g output pattern test, is =================================================================
FAIL: c-c++-common/asan/sanity-check-pure-c-1.c -Os output pattern test, is =================================================================
FAIL: c-c++-common/asan/sanity-check-pure-c-1.c -O2 -flto -fno-use-linker-plugin -flto-partition=none output pattern test, is =================================================================
FAIL: c-c++-common/asan/sanity-check-pure-c-1.c -O2 -flto -fuse-linker-plugin -fno-fat-lto-objects output pattern test, is =================================================================
FAIL: c-c++-common/asan/stack-overflow-1.c -O0 output pattern test, is =================================================================
FAIL: c-c++-common/asan/stack-overflow-1.c -O1 output pattern test, is =================================================================
FAIL: c-c++-common/asan/stack-overflow-1.c -O2 output pattern test, is =================================================================
FAIL: c-c++-common/asan/stack-overflow-1.c -O3 -fomit-frame-pointer output pattern test, is =================================================================
FAIL: c-c++-common/asan/stack-overflow-1.c -O3 -g output pattern test, is =================================================================
FAIL: c-c++-common/asan/stack-overflow-1.c -Os output pattern test, is =================================================================
FAIL: c-c++-common/asan/stack-overflow-1.c -O2 -flto -fno-use-linker-plugin -flto-partition=none output pattern test, is =================================================================
FAIL: c-c++-common/asan/stack-overflow-1.c -O2 -flto -fuse-linker-plugin -fno-fat-lto-objects output pattern test, is =================================================================
FAIL: c-c++-common/asan/strncpy-overflow-1.c -O0 output pattern test, is =================================================================
FAIL: c-c++-common/asan/strncpy-overflow-1.c -O1 output pattern test, is =================================================================
FAIL: c-c++-common/asan/strncpy-overflow-1.c -O2 output pattern test, is =================================================================
FAIL: c-c++-common/asan/strncpy-overflow-1.c -O3 -fomit-frame-pointer output pattern test, is =================================================================
FAIL: c-c++-common/asan/strncpy-overflow-1.c -O3 -g output pattern test, is =================================================================
FAIL: c-c++-common/asan/strncpy-overflow-1.c -Os output pattern test, is =================================================================
FAIL: c-c++-common/asan/strncpy-overflow-1.c -O2 -flto -fno-use-linker-plugin -flto-partition=none output pattern test, is =================================================================
FAIL: c-c++-common/asan/strncpy-overflow-1.c -O2 -flto -fuse-linker-plugin -fno-fat-lto-objects output pattern test, is =================================================================
FAIL: c-c++-common/asan/swapcontext-test-1.c -O0 execution test
FAIL: c-c++-common/asan/swapcontext-test-1.c -O1 execution test
FAIL: c-c++-common/asan/swapcontext-test-1.c -O2 execution test
FAIL: c-c++-common/asan/swapcontext-test-1.c -O3 -fomit-frame-pointer execution test
FAIL: c-c++-common/asan/swapcontext-test-1.c -O3 -fomit-frame-pointer -funroll-loops execution test
FAIL: c-c++-common/asan/swapcontext-test-1.c -O3 -fomit-frame-pointer -funroll-all-loops -finline-functions execution test
FAIL: c-c++-common/asan/swapcontext-test-1.c -O3 -g execution test
FAIL: c-c++-common/asan/swapcontext-test-1.c -Os execution test
FAIL: c-c++-common/asan/swapcontext-test-1.c -O2 -flto -fno-use-linker-plugin -flto-partition=none execution test
FAIL: c-c++-common/asan/swapcontext-test-1.c -O2 -flto -fuse-linker-plugin -fno-fat-lto-objects execution test
FAIL: c-c++-common/asan/use-after-free-1.c -O0 output pattern test, is =================================================================
FAIL: c-c++-common/asan/use-after-free-1.c -O1 output pattern test, is =================================================================
FAIL: c-c++-common/asan/use-after-free-1.c -O2 output pattern test, is =================================================================
FAIL: c-c++-common/asan/use-after-free-1.c -O3 -fomit-frame-pointer output pattern test, is =================================================================
FAIL: c-c++-common/asan/use-after-free-1.c -O3 -g output pattern test, is =================================================================
FAIL: c-c++-common/asan/use-after-free-1.c -Os output pattern test, is =================================================================
FAIL: c-c++-common/asan/use-after-free-1.c -O2 -flto -fno-use-linker-plugin -flto-partition=none output pattern test, is =================================================================
FAIL: c-c++-common/asan/use-after-free-1.c -O2 -flto -fuse-linker-plugin -fno-fat-lto-objects output pattern test, is =================================================================
FAIL: g++.dg/asan/deep-stack-uaf-1.C -O0 output pattern test, is =================================================================
FAIL: g++.dg/asan/deep-stack-uaf-1.C -O1 output pattern test, is =================================================================
FAIL: g++.dg/asan/deep-stack-uaf-1.C -O2 output pattern test, is =================================================================
FAIL: g++.dg/asan/deep-stack-uaf-1.C -O3 -fomit-frame-pointer output pattern test, is =================================================================
FAIL: g++.dg/asan/deep-stack-uaf-1.C -O3 -g output pattern test, is =================================================================
FAIL: g++.dg/asan/deep-stack-uaf-1.C -Os output pattern test, is =================================================================
FAIL: g++.dg/asan/deep-tail-call-1.C -O0 output pattern test, is =================================================================
FAIL: g++.dg/asan/deep-tail-call-1.C -O1 output pattern test, is =================================================================
FAIL: g++.dg/asan/deep-tail-call-1.C -O2 output pattern test, is =================================================================
FAIL: g++.dg/asan/deep-tail-call-1.C -O3 -fomit-frame-pointer output pattern test, is =================================================================
FAIL: g++.dg/asan/deep-tail-call-1.C -O3 -g output pattern test, is =================================================================
FAIL: g++.dg/asan/deep-tail-call-1.C -Os output pattern test, is =================================================================
FAIL: g++.dg/asan/deep-tail-call-1.C -O2 -flto -fno-use-linker-plugin -flto-partition=none output pattern test, is =================================================================
FAIL: g++.dg/asan/deep-tail-call-1.C -O2 -flto -fuse-linker-plugin -fno-fat-lto-objects output pattern test, is =================================================================
FAIL: g++.dg/asan/large-func-test-1.C -O0 output pattern test, is =================================================================
FAIL: g++.dg/asan/large-func-test-1.C -O1 output pattern test, is =================================================================
FAIL: g++.dg/asan/large-func-test-1.C -O2 output pattern test, is =================================================================
FAIL: g++.dg/asan/large-func-test-1.C -O3 -fomit-frame-pointer output pattern test, is =================================================================
FAIL: g++.dg/asan/large-func-test-1.C -O3 -g output pattern test, is =================================================================
FAIL: g++.dg/asan/large-func-test-1.C -Os output pattern test, is =================================================================
FAIL: g++.dg/asan/large-func-test-1.C -O2 -flto -fno-use-linker-plugin -flto-partition=none output pattern test, is =================================================================
FAIL: g++.dg/asan/large-func-test-1.C -O2 -flto -fuse-linker-plugin -fno-fat-lto-objects output pattern test, is =================================================================
FAIL: g++.dg/plugin/attribute_plugin.c compilation
FAIL: g++.dg/plugin/pragma_plugin.c compilation
FAIL: g++.dg/plugin/selfassign.c compilation
FAIL: g++.dg/plugin/dumb_plugin.c compilation
FAIL: g++.dg/plugin/header_plugin.c compilation
FAIL: g++.dg/plugin/decl_plugin.c compilation
=== g++ Summary for unix/-m64 ===
# of expected passes 52298
# of unexpected failures 102
# of expected failures 290
# of unsupported tests 894
=== g++ Summary ===
# of expected passes 154630
# of unexpected failures 114
# of expected failures 870
# of unsupported tests 2698
/build/buildd-gcc-4.8_4.8-20130308-1-powerpc-wi5dGM/gcc-4.8-4.8-20130308/build/gcc/testsuite/g++/../../xg++ version 4.8.0 20130308 (experimental) [trunk revision 196532] (Debian 4.8-20130308-1)
=== gcc tests ===
Running target unix
FAIL: c-c++-common/asan/null-deref-1.c -O0 output pattern test, is ASAN:SIGSEGV
FAIL: c-c++-common/asan/null-deref-1.c -O1 output pattern test, is ASAN:SIGSEGV
FAIL: c-c++-common/asan/null-deref-1.c -O2 output pattern test, is ASAN:SIGSEGV
FAIL: c-c++-common/asan/null-deref-1.c -O3 -fomit-frame-pointer output pattern test, is ASAN:SIGSEGV
FAIL: c-c++-common/asan/null-deref-1.c -O3 -g output pattern test, is ASAN:SIGSEGV
FAIL: c-c++-common/asan/null-deref-1.c -Os output pattern test, is ASAN:SIGSEGV
FAIL: c-c++-common/asan/null-deref-1.c -O2 -flto -fno-use-linker-plugin -flto-partition=none output pattern test, is ASAN:SIGSEGV
FAIL: c-c++-common/asan/null-deref-1.c -O2 -flto -fuse-linker-plugin -fno-fat-lto-objects output pattern test, is ASAN:SIGSEGV
FAIL: gcc.dg/and-1.c scan-assembler-not nand
FAIL: gcc.dg/plugin/selfassign.c compilation
FAIL: gcc.dg/plugin/ggcplug.c compilation
FAIL: gcc.dg/plugin/one_time_plugin.c compilation
FAIL: gcc.dg/plugin/start_unit_plugin.c compilation
FAIL: gcc.dg/plugin/finish_unit_plugin.c compilation
FAIL: gcc.dg/tree-ssa/sra-12.c scan-tree-dump-times release_ssa "l;" 0
FAIL: gcc.dg/tree-ssa/ssa-dom-thread-4.c scan-tree-dump-times dom1 "Threaded" 3
FAIL: gcc.dg/tree-ssa/vrp47.c scan-tree-dump-times vrp1 "[xy][^ ]* !=" 0
FAIL: gcc.dg/tree-ssa/vrp47.c scan-tree-dump-times dom2 "x[^ ]* & y" 1
FAIL: gcc.dg/vect/slp-widen-mult-half.c execution test
FAIL: gcc.dg/vect/slp-widen-mult-half.c -flto execution test
FAIL: gcc.target/powerpc/405-dlmzb-strlen-1.c scan-assembler dlmzb\\\\.
FAIL: gcc.target/powerpc/440-dlmzb-strlen-1.c scan-assembler dlmzb\\\\.
FAIL: gcc.target/powerpc/ppc-vector-memcpy.c scan-assembler lvx
=== gcc Summary for unix ===
# of expected passes 87532
# of unexpected failures 23
# of expected failures 227
# of unsupported tests 1386
Running target unix/-fstack-protector
FAIL: c-c++-common/asan/null-deref-1.c -O0 output pattern test, is ASAN:SIGSEGV
FAIL: c-c++-common/asan/null-deref-1.c -O1 output pattern test, is ASAN:SIGSEGV
FAIL: c-c++-common/asan/null-deref-1.c -O2 output pattern test, is ASAN:SIGSEGV
FAIL: c-c++-common/asan/null-deref-1.c -O3 -fomit-frame-pointer output pattern test, is ASAN:SIGSEGV
FAIL: c-c++-common/asan/null-deref-1.c -O3 -g output pattern test, is ASAN:SIGSEGV
FAIL: c-c++-common/asan/null-deref-1.c -Os output pattern test, is ASAN:SIGSEGV
FAIL: c-c++-common/asan/null-deref-1.c -O2 -flto -fno-use-linker-plugin -flto-partition=none output pattern test, is ASAN:SIGSEGV
FAIL: c-c++-common/asan/null-deref-1.c -O2 -flto -fuse-linker-plugin -fno-fat-lto-objects output pattern test, is ASAN:SIGSEGV
FAIL: gcc.dg/and-1.c scan-assembler-not nand
FAIL: gcc.dg/stack-usage-1.c scan-file foo\\t(256|264)\\tstatic
FAIL: gcc.dg/superblock.c scan-rtl-dump-times sched2 "ADVANCING TO" 2
FAIL: gcc.dg/plugin/selfassign.c compilation
FAIL: gcc.dg/plugin/ggcplug.c compilation
FAIL: gcc.dg/plugin/one_time_plugin.c compilation
FAIL: gcc.dg/plugin/start_unit_plugin.c compilation
FAIL: gcc.dg/plugin/finish_unit_plugin.c compilation
FAIL: gcc.dg/tree-ssa/sra-12.c scan-tree-dump-times release_ssa "l;" 0
FAIL: gcc.dg/tree-ssa/ssa-dom-thread-4.c scan-tree-dump-times dom1 "Threaded" 3
FAIL: gcc.dg/tree-ssa/vrp47.c scan-tree-dump-times vrp1 "[xy][^ ]* !=" 0
FAIL: gcc.dg/tree-ssa/vrp47.c scan-tree-dump-times dom2 "x[^ ]* & y" 1
FAIL: gcc.dg/vect/slp-widen-mult-half.c execution test
FAIL: gcc.dg/vect/slp-widen-mult-half.c -flto execution test
FAIL: gcc.target/powerpc/405-dlmzb-strlen-1.c scan-assembler dlmzb\\\\.
FAIL: gcc.target/powerpc/440-dlmzb-strlen-1.c scan-assembler dlmzb\\\\.
FAIL: gcc.target/powerpc/dfmode_off.c object-size text == 320
FAIL: gcc.target/powerpc/dimode_off.c object-size text <= 640
FAIL: gcc.target/powerpc/lhs-1.c scan-assembler-times nop 3
FAIL: gcc.target/powerpc/ppc-fpconv-9.c scan-assembler-not stw
FAIL: gcc.target/powerpc/ppc-vector-memcpy.c scan-assembler lvx
FAIL: gcc.target/powerpc/pr48857.c scan-assembler-not stw
FAIL: gcc.target/powerpc/pr48857.c scan-assembler-not addi
FAIL: gcc.target/powerpc/tfmode_off.c object-size text == 544
=== gcc Summary for unix/-fstack-protector ===
# of expected passes 87523
# of unexpected failures 32
# of expected failures 227
# of unsupported tests 1386
Running target unix/-m64
FAIL: c-c++-common/asan/global-overflow-1.c -O0 output pattern test, is =================================================================
FAIL: c-c++-common/asan/global-overflow-1.c -O1 output pattern test, is =================================================================
FAIL: c-c++-common/asan/global-overflow-1.c -O2 output pattern test, is =================================================================
FAIL: c-c++-common/asan/global-overflow-1.c -O3 -fomit-frame-pointer output pattern test, is =================================================================
FAIL: c-c++-common/asan/global-overflow-1.c -O3 -g output pattern test, is =================================================================
FAIL: c-c++-common/asan/global-overflow-1.c -Os output pattern test, is =================================================================
FAIL: c-c++-common/asan/global-overflow-1.c -O2 -flto -fno-use-linker-plugin -flto-partition=none output pattern test, is =================================================================
FAIL: c-c++-common/asan/global-overflow-1.c -O2 -flto -fuse-linker-plugin -fno-fat-lto-objects output pattern test, is =================================================================
FAIL: c-c++-common/asan/heap-overflow-1.c -O0 output pattern test, is =================================================================
FAIL: c-c++-common/asan/heap-overflow-1.c -O1 output pattern test, is =================================================================
FAIL: c-c++-common/asan/heap-overflow-1.c -O2 output pattern test, is =================================================================
FAIL: c-c++-common/asan/heap-overflow-1.c -O3 -fomit-frame-pointer output pattern test, is =================================================================
FAIL: c-c++-common/asan/heap-overflow-1.c -O3 -g output pattern test, is =================================================================
FAIL: c-c++-common/asan/heap-overflow-1.c -Os output pattern test, is =================================================================
FAIL: c-c++-common/asan/heap-overflow-1.c -O2 -flto -fno-use-linker-plugin -flto-partition=none output pattern test, is =================================================================
FAIL: c-c++-common/asan/heap-overflow-1.c -O2 -flto -fuse-linker-plugin -fno-fat-lto-objects output pattern test, is =================================================================
FAIL: c-c++-common/asan/memcmp-1.c -O0 output pattern test, is =================================================================
FAIL: c-c++-common/asan/memcmp-1.c -O1 output pattern test, is =================================================================
FAIL: c-c++-common/asan/memcmp-1.c -O2 output pattern test, is =================================================================
FAIL: c-c++-common/asan/memcmp-1.c -O3 -fomit-frame-pointer output pattern test, is =================================================================
FAIL: c-c++-common/asan/memcmp-1.c -O3 -g output pattern test, is =================================================================
FAIL: c-c++-common/asan/memcmp-1.c -Os output pattern test, is =================================================================
FAIL: c-c++-common/asan/memcmp-1.c -O2 -flto -fno-use-linker-plugin -flto-partition=none output pattern test, is =================================================================
FAIL: c-c++-common/asan/memcmp-1.c -O2 -flto -fuse-linker-plugin -fno-fat-lto-objects output pattern test, is =================================================================
FAIL: c-c++-common/asan/null-deref-1.c -O0 output pattern test, is ASAN:SIGSEGV
FAIL: c-c++-common/asan/null-deref-1.c -O1 output pattern test, is ASAN:SIGSEGV
FAIL: c-c++-common/asan/null-deref-1.c -O2 output pattern test, is ASAN:SIGSEGV
FAIL: c-c++-common/asan/null-deref-1.c -O3 -fomit-frame-pointer output pattern test, is ASAN:SIGSEGV
FAIL: c-c++-common/asan/null-deref-1.c -O3 -g output pattern test, is ASAN:SIGSEGV
FAIL: c-c++-common/asan/null-deref-1.c -Os output pattern test, is ASAN:SIGSEGV
FAIL: c-c++-common/asan/null-deref-1.c -O2 -flto -fno-use-linker-plugin -flto-partition=none output pattern test, is ASAN:SIGSEGV
FAIL: c-c++-common/asan/null-deref-1.c -O2 -flto -fuse-linker-plugin -fno-fat-lto-objects output pattern test, is ASAN:SIGSEGV
FAIL: c-c++-common/asan/sanity-check-pure-c-1.c -O0 output pattern test, is =================================================================
FAIL: c-c++-common/asan/sanity-check-pure-c-1.c -O1 output pattern test, is =================================================================
FAIL: c-c++-common/asan/sanity-check-pure-c-1.c -O2 output pattern test, is =================================================================
FAIL: c-c++-common/asan/sanity-check-pure-c-1.c -O3 -fomit-frame-pointer output pattern test, is =================================================================
FAIL: c-c++-common/asan/sanity-check-pure-c-1.c -O3 -g output pattern test, is =================================================================
FAIL: c-c++-common/asan/sanity-check-pure-c-1.c -Os output pattern test, is =================================================================
FAIL: c-c++-common/asan/sanity-check-pure-c-1.c -O2 -flto -fno-use-linker-plugin -flto-partition=none output pattern test, is =================================================================
FAIL: c-c++-common/asan/sanity-check-pure-c-1.c -O2 -flto -fuse-linker-plugin -fno-fat-lto-objects output pattern test, is =================================================================
FAIL: c-c++-common/asan/stack-overflow-1.c -O0 output pattern test, is =================================================================
FAIL: c-c++-common/asan/stack-overflow-1.c -O1 output pattern test, is =================================================================
FAIL: c-c++-common/asan/stack-overflow-1.c -O2 output pattern test, is =================================================================
FAIL: c-c++-common/asan/stack-overflow-1.c -O3 -fomit-frame-pointer output pattern test, is =================================================================
FAIL: c-c++-common/asan/stack-overflow-1.c -O3 -g output pattern test, is =================================================================
FAIL: c-c++-common/asan/stack-overflow-1.c -Os output pattern test, is =================================================================
FAIL: c-c++-common/asan/stack-overflow-1.c -O2 -flto -fno-use-linker-plugin -flto-partition=none output pattern test, is =================================================================
FAIL: c-c++-common/asan/stack-overflow-1.c -O2 -flto -fuse-linker-plugin -fno-fat-lto-objects output pattern test, is =================================================================
FAIL: c-c++-common/asan/strncpy-overflow-1.c -O0 output pattern test, is =================================================================
FAIL: c-c++-common/asan/strncpy-overflow-1.c -O1 output pattern test, is =================================================================
FAIL: c-c++-common/asan/strncpy-overflow-1.c -O2 output pattern test, is =================================================================
FAIL: c-c++-common/asan/strncpy-overflow-1.c -O3 -fomit-frame-pointer output pattern test, is =================================================================
FAIL: c-c++-common/asan/strncpy-overflow-1.c -O3 -g output pattern test, is =================================================================
FAIL: c-c++-common/asan/strncpy-overflow-1.c -Os output pattern test, is =================================================================
FAIL: c-c++-common/asan/strncpy-overflow-1.c -O2 -flto -fno-use-linker-plugin -flto-partition=none output pattern test, is =================================================================
FAIL: c-c++-common/asan/strncpy-overflow-1.c -O2 -flto -fuse-linker-plugin -fno-fat-lto-objects output pattern test, is =================================================================
FAIL: c-c++-common/asan/swapcontext-test-1.c -O0 execution test
FAIL: c-c++-common/asan/swapcontext-test-1.c -O1 execution test
FAIL: c-c++-common/asan/swapcontext-test-1.c -O2 execution test
FAIL: c-c++-common/asan/swapcontext-test-1.c -O3 -fomit-frame-pointer execution test
FAIL: c-c++-common/asan/swapcontext-test-1.c -O3 -fomit-frame-pointer -funroll-loops execution test
FAIL: c-c++-common/asan/swapcontext-test-1.c -O3 -fomit-frame-pointer -funroll-all-loops -finline-functions execution test
FAIL: c-c++-common/asan/swapcontext-test-1.c -O3 -g execution test
FAIL: c-c++-common/asan/swapcontext-test-1.c -Os execution test
FAIL: c-c++-common/asan/swapcontext-test-1.c -O2 -flto -fno-use-linker-plugin -flto-partition=none execution test
FAIL: c-c++-common/asan/swapcontext-test-1.c -O2 -flto -fuse-linker-plugin -fno-fat-lto-objects execution test
FAIL: c-c++-common/asan/use-after-free-1.c -O0 output pattern test, is =================================================================
FAIL: c-c++-common/asan/use-after-free-1.c -O1 output pattern test, is =================================================================
FAIL: c-c++-common/asan/use-after-free-1.c -O2 output pattern test, is =================================================================
FAIL: c-c++-common/asan/use-after-free-1.c -O3 -fomit-frame-pointer output pattern test, is =================================================================
FAIL: c-c++-common/asan/use-after-free-1.c -O3 -g output pattern test, is =================================================================
FAIL: c-c++-common/asan/use-after-free-1.c -Os output pattern test, is =================================================================
FAIL: c-c++-common/asan/use-after-free-1.c -O2 -flto -fno-use-linker-plugin -flto-partition=none output pattern test, is =================================================================
FAIL: c-c++-common/asan/use-after-free-1.c -O2 -flto -fuse-linker-plugin -fno-fat-lto-objects output pattern test, is =================================================================
FAIL: gcc.dg/and-1.c scan-assembler-not nand
FAIL: gcc.dg/pr44194-1.c scan-rtl-dump dse1 "global deletions = (2|3)"
FAIL: gcc.dg/plugin/selfassign.c compilation
FAIL: gcc.dg/plugin/ggcplug.c compilation
FAIL: gcc.dg/plugin/one_time_plugin.c compilation
FAIL: gcc.dg/plugin/start_unit_plugin.c compilation
FAIL: gcc.dg/plugin/finish_unit_plugin.c compilation
FAIL: gcc.dg/tree-ssa/ssa-dom-thread-4.c scan-tree-dump-times dom1 "Threaded" 3
FAIL: gcc.dg/tree-ssa/vrp47.c scan-tree-dump-times vrp1 "[xy][^ ]* !=" 0
FAIL: gcc.dg/tree-ssa/vrp47.c scan-tree-dump-times dom2 "x[^ ]* & y" 1
FAIL: gcc.dg/vect/slp-widen-mult-half.c execution test
FAIL: gcc.dg/vect/slp-widen-mult-half.c -flto execution test
FAIL: gcc.target/powerpc/ppc-vector-memcpy.c scan-assembler lvx
=== gcc Summary for unix/-m64 ===
# of expected passes 88154
# of unexpected failures 87
# of expected failures 240
# of unsupported tests 1385
=== gcc Summary ===
# of expected passes 263209
# of unexpected failures 142
# of expected failures 694
# of unsupported tests 4157
/build/buildd-gcc-4.8_4.8-20130308-1-powerpc-wi5dGM/gcc-4.8-4.8-20130308/build/gcc/xgcc version 4.8.0 20130308 (experimental) [trunk revision 196532] (Debian 4.8-20130308-1)
=== gfortran tests ===
Running target unix
XPASS: gfortran.dg/do_1.f90 -O0 execution test
XPASS: gfortran.dg/do_1.f90 -O1 execution test
XPASS: gfortran.dg/nint_2.f90 -O0 execution test
=== gfortran Summary for unix ===
# of expected passes 43006
# of unexpected successes 3
# of expected failures 87
# of unsupported tests 247
Running target unix/-fstack-protector
XPASS: gfortran.dg/do_1.f90 -O0 execution test
XPASS: gfortran.dg/do_1.f90 -O1 execution test
XPASS: gfortran.dg/nint_2.f90 -O0 execution test
=== gfortran Summary for unix/-fstack-protector ===
# of expected passes 43006
# of unexpected successes 3
# of expected failures 87
# of unsupported tests 247
Running target unix/-m64
XPASS: gfortran.dg/do_1.f90 -O0 execution test
XPASS: gfortran.dg/do_1.f90 -O1 execution test
XPASS: gfortran.dg/nint_2.f90 -O0 execution test
=== gfortran Summary for unix/-m64 ===
# of expected passes 43333
# of unexpected successes 3
# of expected failures 87
# of unsupported tests 86
=== gfortran Summary ===
# of expected passes 129345
# of unexpected successes 9
# of expected failures 261
# of unsupported tests 580
/build/buildd-gcc-4.8_4.8-20130308-1-powerpc-wi5dGM/gcc-4.8-4.8-20130308/build/gcc/testsuite/gfortran/../../gfortran version 4.8.0 20130308 (experimental) [trunk revision 196532] (Debian 4.8-20130308-1)
=== go tests ===
Running target unix
=== go Summary for unix ===
# of expected passes 5081
# of expected failures 1
# of untested testcases 6
Running target unix/-fstack-protector
=== go Summary for unix/-fstack-protector ===
# of expected passes 5081
# of expected failures 1
# of untested testcases 6
Running target unix/-m64
=== go Summary for unix/-m64 ===
# of expected passes 4961
# of expected failures 1
# of untested testcases 6
=== go Summary ===
# of expected passes 15123
# of expected failures 3
# of untested testcases 18
/build/buildd-gcc-4.8_4.8-20130308-1-powerpc-wi5dGM/gcc-4.8-4.8-20130308/build/gcc/testsuite/go/../../gccgo version 4.8.0 20130308 (experimental) [trunk revision 196532] (Debian 4.8-20130308-1)
=== obj-c++ tests ===
Running target unix
=== obj-c++ Summary for unix ===
# of expected passes 1450
# of expected failures 2
# of unsupported tests 86
Running target unix/-fstack-protector
=== obj-c++ Summary for unix/-fstack-protector ===
# of expected passes 1450
# of expected failures 2
# of unsupported tests 86
Running target unix/-m64
=== obj-c++ Summary for unix/-m64 ===
# of expected passes 1442
# of expected failures 10
# of unsupported tests 86
=== obj-c++ Summary ===
# of expected passes 4342
# of expected failures 14
# of unsupported tests 258
/build/buildd-gcc-4.8_4.8-20130308-1-powerpc-wi5dGM/gcc-4.8-4.8-20130308/build/gcc/testsuite/obj-c++/../../xg++ version 4.8.0 20130308 (experimental) [trunk revision 196532] (Debian 4.8-20130308-1)
=== objc tests ===
Running target unix
=== objc Summary for unix ===
# of expected passes 2994
# of unsupported tests 74
Running target unix/-fstack-protector
=== objc Summary for unix/-fstack-protector ===
# of expected passes 2994
# of unsupported tests 74
Running target unix/-m64
=== objc Summary for unix/-m64 ===
# of expected passes 2994
# of unsupported tests 74
=== objc Summary ===
# of expected passes 8982
# of unsupported tests 222
/build/buildd-gcc-4.8_4.8-20130308-1-powerpc-wi5dGM/gcc-4.8-4.8-20130308/build/gcc/xgcc version 4.8.0 20130308 (experimental) [trunk revision 196532] (Debian 4.8-20130308-1)
=== boehm-gc tests ===
Running target unix
=== boehm-gc Summary for unix ===
# of expected passes 12
# of unsupported tests 1
Running target unix/-fstack-protector
=== boehm-gc Summary for unix/-fstack-protector ===
# of expected passes 12
# of unsupported tests 1
Running target unix/-m64
=== boehm-gc Summary for unix/-m64 ===
# of expected passes 12
# of unsupported tests 1
=== boehm-gc Summary ===
# of expected passes 36
# of unsupported tests 3
=== libatomic tests ===
Running target unix
=== libatomic Summary for unix ===
# of expected passes 34
# of unsupported tests 10
Running target unix/-fstack-protector
=== libatomic Summary for unix/-fstack-protector ===
# of expected passes 34
# of unsupported tests 10
Running target unix/-m64
=== libatomic Summary for unix/-m64 ===
# of expected passes 44
# of unsupported tests 5
=== libatomic Summary ===
# of expected passes 112
# of unsupported tests 25
=== libffi tests ===
Running target unix
=== libffi Summary for unix ===
# of expected passes 1819
# of unsupported tests 55
Running target unix/-fstack-protector
=== libffi Summary for unix/-fstack-protector ===
# of expected passes 1819
# of unsupported tests 55
Running target unix/-m64
FAIL: libffi.call/cls_struct_va1.c -O0 -W -Wall output pattern test, is 4 5 6 10 11 12 13 14 20 21
FAIL: libffi.call/cls_uint_va.c -O0 -W -Wall output pattern test, is 67: 67 4
FAIL: libffi.call/va_1.c -O0 -W -Wall output pattern test, is 5 6 10 11 12 13 14 7 8 uc=9 sc=10 11 12 13 14 15 16 2.120000 3.130000
FAIL: libffi.call/va_struct1.c -O0 -W -Wall output pattern test, is 5 6 10 11 12 13 14 7 8
FAIL: libffi.call/cls_struct_va1.c -O2 output pattern test, is 4 5 6 10 11 12 13 14 20 21
FAIL: libffi.call/cls_uint_va.c -O2 output pattern test, is 67: 67 4
FAIL: libffi.call/va_1.c -O2 output pattern test, is 5 6 10 11 12 13 14 7 8 uc=9 sc=10 11 12 13 14 15 16 2.120000 3.130000
FAIL: libffi.call/va_struct1.c -O2 output pattern test, is 5 6 10 11 12 13 14 7 8
FAIL: libffi.call/cls_struct_va1.c -O3 output pattern test, is 4 5 6 10 11 12 13 14 20 21
FAIL: libffi.call/cls_uint_va.c -O3 output pattern test, is 67: 67 4
FAIL: libffi.call/va_1.c -O3 output pattern test, is 5 6 10 11 12 13 14 7 8 uc=9 sc=10 11 12 13 14 15 16 2.120000 3.130000
FAIL: libffi.call/va_struct1.c -O3 output pattern test, is 5 6 10 11 12 13 14 7 8
FAIL: libffi.call/cls_struct_va1.c -Os output pattern test, is 4 5 6 10 11 12 13 14 20 21
FAIL: libffi.call/cls_uint_va.c -Os output pattern test, is 67: 67 4
FAIL: libffi.call/va_1.c -Os output pattern test, is 5 6 10 11 12 13 14 7 8 uc=9 sc=10 11 12 13 14 15 16 2.120000 3.130000
FAIL: libffi.call/va_struct1.c -Os output pattern test, is 5 6 10 11 12 13 14 7 8
FAIL: libffi.call/cls_struct_va1.c -O2 -fomit-frame-pointer output pattern test, is 4 5 6 10 11 12 13 14 20 21
FAIL: libffi.call/cls_uint_va.c -O2 -fomit-frame-pointer output pattern test, is 67: 67 4
FAIL: libffi.call/va_1.c -O2 -fomit-frame-pointer output pattern test, is 5 6 10 11 12 13 14 7 8 uc=9 sc=10 11 12 13 14 15 16 2.120000 3.130000
FAIL: libffi.call/va_struct1.c -O2 -fomit-frame-pointer output pattern test, is 5 6 10 11 12 13 14 7 8
=== libffi Summary for unix/-m64 ===
# of expected passes 1799
# of unexpected failures 20
# of unsupported tests 55
=== libffi Summary ===
# of expected passes 5437
# of unexpected failures 20
# of unsupported tests 165
=== libgo tests ===
Running target unix
FAIL: math
FAIL: time
FAIL: sync/atomic
FAIL: testing/quick
=== libgo Summary for unix ===
# of expected passes 127
# of unexpected failures 4
Running target unix/-m64 -fPIC
=== libgo Summary for unix/-m64 -fPIC ===
=== libgo Summary ===
/build/buildd-gcc-4.8_4.8-20130308-1-powerpc-wi5dGM/gcc-4.8-4.8-20130308/build/./gcc/gccgo version 4.8.0 20130308 (experimental) [trunk revision 196532] (Debian 4.8-20130308-1)
=== libgomp tests ===
Running target unix
=== libgomp Summary for unix ===
# of expected passes 2996
# of unsupported tests 1
Running target unix/-fstack-protector
=== libgomp Summary for unix/-fstack-protector ===
# of expected passes 2996
# of unsupported tests 1
Running target unix/-m64
=== libgomp Summary for unix/-m64 ===
# of expected passes 2996
# of unsupported tests 1
=== libgomp Summary ===
# of expected passes 8988
# of unsupported tests 3
=== libmudflap tests ===
Running target unix
FAIL: libmudflap.c/fail37-frag.c (-O2) crash test
FAIL: libmudflap.c/fail37-frag.c (-O2) output pattern test
FAIL: libmudflap.c/fail37-frag.c (-O3) crash test
FAIL: libmudflap.c/fail37-frag.c (-O3) output pattern test
FAIL: libmudflap.c++/pass41-frag.cxx (-static) execution test
FAIL: libmudflap.c++/pass41-frag.cxx ( -O) execution test
FAIL: libmudflap.c++/pass41-frag.cxx (-O2) execution test
FAIL: libmudflap.c++/pass41-frag.cxx (-O3) execution test
=== libmudflap Summary for unix ===
# of expected passes 1898
# of unexpected failures 8
Running target unix/-fstack-protector
FAIL: libmudflap.c/fail37-frag.c (-O2) crash test
FAIL: libmudflap.c/fail37-frag.c (-O2) output pattern test
FAIL: libmudflap.c/fail37-frag.c (-O3) crash test
FAIL: libmudflap.c/fail37-frag.c (-O3) output pattern test
FAIL: libmudflap.c++/pass41-frag.cxx (-static) execution test
FAIL: libmudflap.c++/pass41-frag.cxx ( -O) execution test
FAIL: libmudflap.c++/pass41-frag.cxx (-O2) execution test
FAIL: libmudflap.c++/pass41-frag.cxx (-O3) execution test
=== libmudflap Summary for unix/-fstack-protector ===
# of expected passes 1898
# of unexpected failures 8
Running target unix/-m64
FAIL: libmudflap.c/fail37-frag.c (-O2) crash test
FAIL: libmudflap.c/fail37-frag.c (-O2) output pattern test
FAIL: libmudflap.c/fail37-frag.c (-O3) crash test
FAIL: libmudflap.c/fail37-frag.c (-O3) output pattern test
FAIL: libmudflap.c++/pass41-frag.cxx (-static) execution test
FAIL: libmudflap.c++/pass41-frag.cxx ( -O) execution test
FAIL: libmudflap.c++/pass41-frag.cxx (-O2) execution test
FAIL: libmudflap.c++/pass41-frag.cxx (-O3) execution test
=== libmudflap Summary for unix/-m64 ===
# of expected passes 1898
# of unexpected failures 8
=== libmudflap Summary ===
# of expected passes 5694
# of unexpected failures 24
=== libstdc++ tests ===
Running target unix
FAIL: 22_locale/time_get/get_date/wchar_t/4.cc execution test
=== libstdc++ Summary for unix ===
# of expected passes 9201
# of unexpected failures 1
# of expected failures 45
# of unsupported tests 222
Running target unix/-fstack-protector
FAIL: 22_locale/time_get/get_date/wchar_t/4.cc execution test
=== libstdc++ Summary for unix/-fstack-protector ===
# of expected passes 9201
# of unexpected failures 1
# of expected failures 45
# of unsupported tests 222
Running target unix/-m64
FAIL: libstdc++-abi/abi_check
FAIL: 22_locale/time_get/get_date/wchar_t/4.cc execution test
=== libstdc++ Summary for unix/-m64 ===
# of expected passes 9200
# of unexpected failures 2
# of expected failures 45
# of unsupported tests 222
=== libstdc++ Summary ===
# of expected passes 27602
# of unexpected failures 4
# of expected failures 135
# of unsupported tests 666
Compiler version: 4.8.0 20130308 (experimental) [trunk revision 196532] (Debian 4.8-20130308-1)
Platform: powerpc-unknown-linux-gnu
configure flags: -v --with-pkgversion='Debian 4.8-20130308-1' --with-bugurl=file:///usr/share/doc/gcc-4.8/README.Bugs --enable-languages=c,c++,go,fortran,objc,obj-c++ --prefix=/usr --program-suffix=-4.8 --enable-shared --enable-linker-build-id --libexecdir=/usr/lib --without-included-gettext --enable-threads=posix --with-gxx-include-dir=/usr/include/c++/4.8 --libdir=/usr/lib --enable-nls --with-sysroot=/ --enable-clocale=gnu --enable-libstdcxx-debug --enable-libstdcxx-time=yes --enable-gnu-unique-object --disable-libitm --enable-plugin --with-system-zlib --enable-objc-gc --enable-secureplt --disable-softfloat --with-cpu=default32 --disable-softfloat --enable-targets=powerpc-linux,powerpc64-linux --enable-multiarch --with-long-double-128 --enable-checking=release --build=powerpc-linux-gnu --host=powerpc-linux-gnu --target=powerpc-linux-gnu
BOOT_CFLAGS=
Build Dependencies:
Desired=Unknown/Install/Remove/Purge/Hold
| Status=Not/Inst/Conf-files/Unpacked/halF-conf/Half-inst/trig-aWait/Trig-pend
|/ Err?=(none)/Reinst-required (Status,Err: uppercase=bad)
||/ Name Version Architecture Description
+++-==================================-======================-============-===============================================================================
ii binutils 2.22-8 powerpc GNU assembler, linker and binary utilities
ii binutils-spu 2.22-8 powerpc GNU assembler, linker and binary utilities targeted for spu-elf
ii g++-4.6 4.6.3-15 powerpc GNU C++ compiler
ii g++-4.6-multilib 4.6.3-15 powerpc GNU C++ compiler (multilib files)
ii g++-multilib 4:4.6.3-8 powerpc GNU C++ compiler (multilib files)
ii libc6:powerpc 2.13-38 powerpc Embedded GNU C Library: Shared libraries
ii libcloog-isl-dev:powerpc 0.18.0-1 powerpc Chunky Loop Generator (development files)
ii libgmp-dev:powerpc 2:5.0.5+dfsg-2 powerpc Multiprecision arithmetic library developers tools
ii libisl-dev:powerpc 0.11.1-2 powerpc manipulating sets and relations of integer points bounded by linear constraints
ii libmpc-dev:powerpc 0.9-4 powerpc multiple precision complex floating-point library development package
ii libmpfr-dev:powerpc 3.1.1-1 powerpc multiple precision floating-point computation developers tools
gcc-gfdl-build:
Build a dummy s-tm-texi without access to the texinfo sources
gcc-textdomain:
Set gettext's domain and textdomain to the versioned package name.
gcc-driver-extra-langs:
Add options and specs for languages that are not built from a source
(but built from separate sources).
gcc-hash-style-both:
Link using --hash-style=both (alpha, amd64, armel, armhf, ia64, i386, powerpc, ppc64, s390, sparc)
libstdc++-pic:
Build and install libstdc++_pic.a library.
libstdc++-doclink:
adjust hrefs to point to the local documentation
libstdc++-man-3cxx:
Install libstdc++ man pages with suffix .3cxx instead of .3
libstdc++-test-installed:
Add support to run the libstdc++-v3 testsuite using the
installed shared libraries.
libjava-stacktrace:
libgcj: Lookup source file name and line number in separated
debug files found in /usr/lib/debug
libjava-jnipath:
- Add /usr/lib/jni and /usr/lib/<multiarch>/jni to java.library.path.
- When running the i386 binaries on amd64, look in
- /usr/lib32/gcj-x.y and /usr/lib32/jni instead.
libjava-sjlj:
Don't try to use _Unwind_Backtrace on SJLJ targets.
See bug #387875, #388505, GCC PR 29206.
libjava-disable-plugin:
Don't build the gcjwebplugin, even when configured with --enable-plugin
alpha-no-ev4-directive:
never emit .ev4 directive.
boehm-gc-getnprocs:
boehm-gc/pthread_support.c (GC_get_nprocs): Use sysconf as fallback.
note-gnu-stack:
Add .note.GNU-stack sections for gcc's crt files, libffi and boehm-gc
Taken from FC.
libgomp-omp_h-multilib:
Fix up omp.h for multilibs.
sparc-force-cpu:
On sparc default to ultrasparc (v9a) in 32bit mode
pr24619:
Proposed patch for PR mudflap/24619 (instrumentation of dlopen)
gccgo-version:
Omit the subminor number from the go libdir
pr45078:
Proposed patch for PR plugin/45078
pr47818:
Fix PR ada/47818: Pragma Assert is rejected with No_Implementation_Pragmas restriction.
pr49940:
Apply proposed patch for PR ada/49940.
pr49944:
apply proposed patch for PR ada/49444.
gcc-base-version:
Set base version to 4.8, introduce full version 4.8.x.
mudflapth-link:
Link libmudflapth.so with -lpthread
libmudflap-x32:
Fix libmudflap build failure for x32 multilibs
libgo-testsuite:
Only run the libgo testsuite for flags configured in RUNTESTFLAGS
gcc-target-include-asm:
Search \$(builddir)/sys-include for the asm header files
libgo-revert-timeout-exp:
gcc-sysroot:
Allow building --with-sysroot=/
ada-kfreebsd:
Fix gnat build failure on kfreebsd.
arm-multilib-soft:
ARM hard/soft float multilib support
arm-multilib-defaults:
Set MULTILIB_DEFAULTS for ARM multilib builds
gcc-ice-hack:
Retry the build on an ice, save the calling options and preprocessed
source when the ice is reproducible.
gcc-ice-apport:
Report an ICE to apport (if apport is available
and the environment variable GCC_NOAPPORT is not set)
libjava-fixed-symlinks:
Remove unneed '..' elements from symlinks in JAVA_HOME
libstdc++-arm-wno-abi:
Temporary work around:
On arm-linux-gnueabi run the libstdc++v3 testsuite with -Wno-abi
ada-mips:
Improve support for mips.
libffi-ro-eh_frame_sect:
PR libffi/47248, force a read only eh frame section.
gcc-multiarch:
- Remaining multiarch patches, not yet submitted upstream.
- Add MULTIARCH_DIRNAME definitions for multilib configurations,
which are used for the non-multilib builds.
libjava-multiarch:
Install libjava libraries to multiarch location
libjava-nobiarch-check:
For biarch builds, disable the testsuite for the non-default architecture
for runtime libraries, which are not built by default (libjava).
config-ml:
- Disable some biarch libraries for biarch builds.
- Fix multilib builds on kernels which don't support all multilibs.
g++-multiarch-incdir:
Use /usr/include/<multiarch>/c++/4.x as the include directory
for host dependent c++ header files.
gcc-multilib-multiarch:
Don't auto-detect multilib osdirnames.
mips-fix-loongson2f-nop:
On mips, pass -mfix-loongson2f-nop to as, if -mno-fix-loongson2f-nop
is not passed.
libgomp-kfreebsd-testsuite:
Disable lock-2.c test on kfreebsd-*
Counting all warnings,
there are 0 warnings in stage3 of this bootstrap.
Number of warnings per file:
Number of warning types: