This is the mail archive of the
gcc-testresults@gcc.gnu.org
mailing list for the GCC project.
Results for 4.7.3 20130301 (prerelease) [gcc-4_7-branch revision 196399] (GCC) gcc testsuite on cris-axis-elf
- From: Mike Stein <mstein dot lists at googlemail dot com>
- To: gcc-testresults at gcc dot gnu dot org
- Date: Sat, 2 Mar 2013 23:55:09 +0100
- Subject: Results for 4.7.3 20130301 (prerelease) [gcc-4_7-branch revision 196399] (GCC) gcc testsuite on cris-axis-elf
- Reply-to: gcc at gcc dot gnu dot org
Debian 5 on x86_64
cross tool versions:
GNU assembler (GNU Binutils) 2.18.50.20080419
GNU gdb 6.8.50.20080419-cvs
GNU ld (GNU Binutils) 2.18.50.20080419
GNU Make 3.81
expect version 5.43.0
host gcc version: gcc (GCC) 4.8.0 20130228 (experimental) [trunk revision 196362]
LAST_UPDATED: Fri Mar 1 23:36:32 UTC 2013 (revision 196399)
Target is cris-axis-elf
Host is x86_64-unknown-linux-gnu
=== gcc tests ===
Running target cris-sim
FAIL: gcc.c-torture/execute/20101011-1.c execution, -O0
FAIL: gcc.c-torture/execute/20101011-1.c execution, -O1
FAIL: gcc.c-torture/execute/20101011-1.c execution, -O2
FAIL: gcc.c-torture/execute/20101011-1.c execution, -O3 -fomit-frame-pointer
FAIL: gcc.c-torture/execute/20101011-1.c execution, -O3 -g
FAIL: gcc.c-torture/execute/20101011-1.c execution, -Os
FAIL: gcc.c-torture/execute/20101011-1.c execution, -O2 -flto -flto-partition=none
FAIL: gcc.c-torture/execute/20101011-1.c execution, -O2 -flto
FAIL: gcc.dg/54455.c (test for excess errors)
FAIL: gcc.dg/c1x-align-4.c (test for errors, line 8)
FAIL: gcc.dg/c99-stdint-7.c (test for excess errors)
FAIL: gcc.dg/const-uniq-1.c scan-tree-dump-times gimple "L\\\\\$?C0" 2
FAIL: gcc.dg/large-size-array-2.c (internal compiler error)
FAIL: gcc.dg/large-size-array-2.c (test for errors, line 6)
FAIL: gcc.dg/large-size-array-2.c (test for excess errors)
FAIL: gcc.dg/large-size-array-4.c (internal compiler error)
FAIL: gcc.dg/large-size-array-4.c (test for errors, line 6)
FAIL: gcc.dg/large-size-array-4.c (test for excess errors)
FAIL: gcc.dg/pr42629.c (test for excess errors)
FAIL: gcc.dg/pr46309.c scan-tree-dump-times reassoc1 "Optimizing range tests a_[0-9]*.D. -.1, 1. and -.2, 2. and -.3, 3. and -.4, 4.[\\n\\r]* into" 2
FAIL: gcc.dg/pr46309.c scan-tree-dump-times reassoc1 "Optimizing range tests a_[0-9]*.D. -.1, 1. and -.3, 3.[\\n\\r]* into" 1
FAIL: gcc.dg/pr46309.c scan-tree-dump-times reassoc1 "Optimizing range tests a_[0-9]*.D. -.1, 1. and -.2, 2.[\\n\\r]* into" 1
FAIL: gcc.dg/pr46309.c scan-tree-dump-times reassoc1 "Optimizing range tests a_[0-9]*.D. -.0, 31. and -.64, 95.[\\n\\r]* into" 2
FAIL: gcc.dg/pr46309.c scan-tree-dump-times reassoc1 "Optimizing range tests a_[0-9]*.D. -.128, 159. and -.192, 223.[\\n\\r]* into" 1
FAIL: gcc.dg/pr46309.c scan-tree-dump-times reassoc2 "Optimizing range tests D.[0-9]*_[0-9]* -.0, 31. and -.128, 159.[\\n\\r]* into" 1
FAIL: gcc.dg/pr46647.c scan-tree-dump-not optimized "memset"
FAIL: gcc.dg/pr50251.c (internal compiler error)
FAIL: gcc.dg/pr50251.c (test for excess errors)
FAIL: gcc.dg/stack-usage-1.c (test for excess errors)
FAIL: gcc.dg/stack-usage-1.c scan-file foo\\t(256|264)\\tstatic
FAIL: gcc.dg/stack-usage-2.c (test for bogus messages, line 9)
FAIL: gcc.dg/stack-usage-2.c (test for warnings, line 16)
FAIL: gcc.dg/stack-usage-2.c (test for warnings, line 26)
FAIL: gcc.dg/stack-usage-2.c (test for warnings, line 33)
FAIL: gcc.dg/strlenopt-10.c scan-tree-dump-times strlen "memcpy \\\\(" 8
FAIL: gcc.dg/strlenopt-11.c scan-tree-dump-times strlen "memcpy \\\\(" 7
FAIL: gcc.dg/strlenopt-11.c scan-tree-dump-times strlen " D.[0-9_]* = strlen \\\\([^\\n\\r]*;[\\n\\r]* l.0. = " 1
FAIL: gcc.dg/strlenopt-11.c scan-tree-dump-times strlen " D.[0-9_]* = strlen \\\\([^\\n\\r]*;[\\n\\r]* l.6. = " 1
FAIL: gcc.dg/strlenopt-11.c scan-tree-dump-times strlen " D.[0-9_]* = strlen \\\\([^\\n\\r]*;[\\n\\r]* l.9. = " 1
FAIL: gcc.dg/strlenopt-13.c scan-tree-dump-times strlen "memcpy \\\\(" 7
FAIL: gcc.dg/strlenopt-13.c scan-tree-dump-times strlen " D.[0-9_]* = strlen \\\\([^\\n\\r]*;[\\n\\r]* l.0. = " 1
FAIL: gcc.dg/strlenopt-13.c scan-tree-dump-times strlen " D.[0-9_]* = strlen \\\\([^\\n\\r]*;[\\n\\r]* l.1. = " 1
FAIL: gcc.dg/strlenopt-13.c scan-tree-dump-times strlen " D.[0-9_]* = strlen \\\\([^\\n\\r]*;[\\n\\r]* l.5. = " 1
FAIL: gcc.dg/strlenopt-13.c scan-tree-dump-times strlen " D.[0-9_]* = strlen \\\\([^\\n\\r]*;[\\n\\r]* l.6. = " 1
FAIL: gcc.dg/trampoline-1.c execution test
FAIL: gcc.dg/torture/pr47917.c -O0 (test for excess errors)
FAIL: gcc.dg/torture/pr47917.c -O1 (test for excess errors)
FAIL: gcc.dg/torture/pr47917.c -O2 (test for excess errors)
FAIL: gcc.dg/torture/pr47917.c -O3 -fomit-frame-pointer (test for excess errors)
FAIL: gcc.dg/torture/pr47917.c -O3 -g (test for excess errors)
FAIL: gcc.dg/torture/pr47917.c -Os (test for excess errors)
FAIL: gcc.dg/torture/pr47917.c -O2 -flto -flto-partition=none (test for excess errors)
FAIL: gcc.dg/torture/pr47917.c -O2 -flto (test for excess errors)
FAIL: gcc.dg/tree-ssa/ssa-dom-thread-4.c scan-tree-dump-times dom1 "Threaded" 3
FAIL: gcc.dg/tree-ssa/vrp47.c scan-tree-dump-times vrp1 "[xy][^ ]* !=" 0
FAIL: gcc.dg/tree-ssa/vrp47.c scan-tree-dump-times dom2 "x[^ ]* & y" 1
FAIL: gcc.dg/tree-ssa/vrp47.c scan-tree-dump-times vrp1 "x[^ ]* [|] y" 1
=== gcc Summary ===
# of expected passes 71339
# of unexpected failures 57
# of expected failures 102
# of unsupported tests 1329
/home/mstein/sim/gcc-4_7-branch/cris-elf/build/gcc/xgcc version 4.7.3 20130301 (prerelease) [gcc-4_7-branch revision 196399] (GCC)
Compiler version: 4.7.3 20130301 (prerelease) [gcc-4_7-branch revision 196399] (GCC) gcc
Platform: cris-axis-elf
configure flags: --target=cris-elf --prefix=/home/mstein/cross-local/cris-elf --enable-languages=c --disable-nls --disable-build-warnings --with-sysroot=/home/mstein/cross-local/cris-elf --with-build-sysroot=/home/mstein/cross-local/cris-elf --with-ld=/home/mstein/cross-local/cris-elf/usr/bin/ld --with-as=/home/mstein/cross-local/cris-elf/usr/bin/as --disable-libssp --with-mpfr=/opt/cfarm/mpfr-2.4.1 --with-gmp=/opt/cfarm/gmp-4.2.4 --with-libelf=/opt/cfarm/libelf-0.8.12 --with-mpc=/opt/cfarm/mpc-0.8