This is the mail archive of the
gcc-testresults@gcc.gnu.org
mailing list for the GCC project.
Results for 4.8.0 20130228 (experimental) [trunk revision 196362] (Debian 4.8-20130228-1) testsuite on ia64-unknown-linux-gnu
- From: Matthias Klose <doko at debian dot org>
- To: gcc-testresults at gcc dot gnu dot org
- Cc: debian-gcc at lists dot debian dot org
- Date: Sat, 02 Mar 2013 17:54:07 +0000
- Subject: Results for 4.8.0 20130228 (experimental) [trunk revision 196362] (Debian 4.8-20130228-1) testsuite on ia64-unknown-linux-gnu
- Reply-to: Matthias Klose <doko at debian dot org>
LAST_UPDATED: Thu Feb 28 23:07:26 UTC 2013 (revision 196362)
Target: ia64-linux-gnu
gcc version 4.8.0 20130228 (experimental) [trunk revision 196362] (Debian 4.8-20130228-1)
Native configuration is ia64-unknown-linux-gnu
=== g++ tests ===
Running target unix
FAIL: g++.dg/inherit/covariant7.C -std=gnu++98 scan-tree-dump class "48 .*c6::_ZTcv0_n32_v0_n24_NV2c62f2Ev"
FAIL: g++.dg/inherit/covariant7.C -std=gnu++98 scan-tree-dump class "56 .*c6::f2"
FAIL: g++.dg/inherit/covariant7.C -std=gnu++98 scan-tree-dump class "168 .*c6::_ZTv0_n32_NV2c62f2Ev"
FAIL: g++.dg/inherit/covariant7.C -std=gnu++11 scan-tree-dump class "48 .*c6::_ZTcv0_n32_v0_n24_NV2c62f2Ev"
FAIL: g++.dg/inherit/covariant7.C -std=gnu++11 scan-tree-dump class "56 .*c6::f2"
FAIL: g++.dg/inherit/covariant7.C -std=gnu++11 scan-tree-dump class "168 .*c6::_ZTv0_n32_NV2c62f2Ev"
FAIL: g++.dg/tree-ssa/pr45605.C -std=gnu++98 scan-tree-dump-times fre1 "D::Run \\\\(" 1
FAIL: g++.dg/tree-ssa/pr45605.C -std=gnu++11 scan-tree-dump-times fre1 "D::Run \\\\(" 1
FAIL: g++.dg/plugin/attribute_plugin.c compilation
FAIL: g++.dg/plugin/pragma_plugin.c compilation
FAIL: g++.dg/plugin/selfassign.c compilation
FAIL: g++.dg/plugin/dumb_plugin.c compilation
FAIL: g++.dg/plugin/header_plugin.c compilation
FAIL: g++.dg/plugin/decl_plugin.c compilation
=== g++ Summary ===
# of expected passes 49991
# of unexpected failures 14
# of expected failures 290
# of unsupported tests 856
/build/buildd-gcc-4.8_4.8-20130228-1-ia64-8SP0Zl/gcc-4.8-4.8-20130228/build/gcc/testsuite/g++/../../xg++ version 4.8.0 20130228 (experimental) [trunk revision 196362] (Debian 4.8-20130228-1)
=== gcc tests ===
Running target unix
FAIL: gcc.c-torture/execute/pr53645-2.c execution, -O1
FAIL: gcc.c-torture/execute/pr53645-2.c execution, -O2
FAIL: gcc.c-torture/execute/pr53645-2.c execution, -O3 -fomit-frame-pointer
FAIL: gcc.c-torture/execute/pr53645-2.c execution, -O3 -fomit-frame-pointer -funroll-loops
FAIL: gcc.c-torture/execute/pr53645-2.c execution, -O3 -fomit-frame-pointer -funroll-all-loops -finline-functions
FAIL: gcc.c-torture/execute/pr53645-2.c execution, -O3 -g
FAIL: gcc.c-torture/execute/pr53645-2.c execution, -Os
FAIL: gcc.c-torture/execute/pr53645-2.c execution, -Og -g
FAIL: gcc.c-torture/execute/pr53645-2.c execution, -O2 -flto -fno-use-linker-plugin -flto-partition=none
FAIL: gcc.c-torture/execute/pr53645-2.c execution, -O2 -flto -fuse-linker-plugin -fno-fat-lto-objects
FAIL: gcc.c-torture/execute/pr53645.c execution, -O1
FAIL: gcc.c-torture/execute/pr53645.c execution, -O2
FAIL: gcc.c-torture/execute/pr53645.c execution, -O3 -fomit-frame-pointer
FAIL: gcc.c-torture/execute/pr53645.c execution, -O3 -fomit-frame-pointer -funroll-loops
FAIL: gcc.c-torture/execute/pr53645.c execution, -O3 -fomit-frame-pointer -funroll-all-loops -finline-functions
FAIL: gcc.c-torture/execute/pr53645.c execution, -O3 -g
FAIL: gcc.c-torture/execute/pr53645.c execution, -Os
FAIL: gcc.c-torture/execute/pr53645.c execution, -Og -g
FAIL: gcc.c-torture/execute/pr53645.c execution, -O2 -flto -fno-use-linker-plugin -flto-partition=none
FAIL: gcc.c-torture/execute/pr53645.c execution, -O2 -flto -fuse-linker-plugin -fno-fat-lto-objects
FAIL: gcc.c-torture/execute/scal-to-vec1.c execution, -O1
FAIL: gcc.c-torture/execute/scal-to-vec1.c execution, -O2
FAIL: gcc.c-torture/execute/scal-to-vec1.c execution, -O3 -fomit-frame-pointer
FAIL: gcc.c-torture/execute/scal-to-vec1.c execution, -O3 -fomit-frame-pointer -funroll-loops
FAIL: gcc.c-torture/execute/scal-to-vec1.c execution, -O3 -fomit-frame-pointer -funroll-all-loops -finline-functions
FAIL: gcc.c-torture/execute/scal-to-vec1.c execution, -O3 -g
FAIL: gcc.c-torture/execute/scal-to-vec1.c execution, -Os
FAIL: gcc.c-torture/execute/scal-to-vec1.c execution, -Og -g
FAIL: gcc.c-torture/execute/scal-to-vec1.c execution, -O2 -flto -fno-use-linker-plugin -flto-partition=none
FAIL: gcc.c-torture/execute/scal-to-vec1.c execution, -O2 -flto -fuse-linker-plugin -fno-fat-lto-objects
FAIL: gcc.dg/pr53749.c (internal compiler error)
FAIL: gcc.dg/pr53749.c (test for excess errors)
UNRESOLVED: gcc.dg/superblock.c scan-rtl-dump-times sched2 "ADVANCING TO" 2
FAIL: gcc.dg/plugin/selfassign.c compilation
FAIL: gcc.dg/plugin/ggcplug.c compilation
FAIL: gcc.dg/plugin/one_time_plugin.c compilation
FAIL: gcc.dg/plugin/start_unit_plugin.c compilation
FAIL: gcc.dg/plugin/finish_unit_plugin.c compilation
XPASS: gcc.dg/tree-ssa/20040204-1.c scan-tree-dump-times optimized "link_error" 0
XPASS: gcc.dg/tree-ssa/loop-1.c scan-assembler-times foo 5
FAIL: gcc.dg/vect/vec-scal-opt.c scan-tree-dump-times veclower21 ">> k.[0-9_]*" 1
FAIL: gcc.dg/vect/vec-scal-opt1.c scan-tree-dump-times veclower21 ">> 2" 1
FAIL: gcc.dg/vect/vec-scal-opt2.c scan-tree-dump-times veclower21 ">> 2" 1
XPASS: gcc.dg/vect/pr33804.c scan-tree-dump-times vect "vectorized 1 loops" 1
XPASS: gcc.dg/vect/pr33804.c scan-tree-dump-times vect "vectorizing stmts using SLP" 1
XPASS: gcc.dg/vect/pr33953.c scan-tree-dump-times vect "vectorized 1 loops" 1
XPASS: gcc.dg/vect/pr33953.c scan-tree-dump-times vect "vectorizing stmts using SLP" 1
FAIL: gcc.dg/vect/pr37539.c (internal compiler error)
FAIL: gcc.dg/vect/pr37539.c (test for excess errors)
UNRESOLVED: gcc.dg/vect/pr37539.c compilation failed to produce executable
FAIL: gcc.dg/vect/pr37539.c scan-tree-dump-times vect "vectorized 1 loops" 2
XPASS: gcc.dg/vect/vect-35-big-array.c scan-tree-dump-times vect "vectorized 2 loops" 1
XPASS: gcc.dg/vect/vect-35.c scan-tree-dump-times vect "vectorized 2 loops" 1
XPASS: gcc.dg/vect/vect-outer-5.c scan-tree-dump vect "zero step in outer loop."
FAIL: gcc.dg/vect/slp-perm-9.c scan-tree-dump-times vect "vectorized 1 loops" 1
FAIL: gcc.dg/vect/slp-perm-9.c scan-tree-dump-times vect "vectorizing stmts using SLP" 0
XPASS: gcc.dg/vect/pr33804.c -flto scan-tree-dump-times vect "vectorized 1 loops" 1
XPASS: gcc.dg/vect/pr33804.c -flto scan-tree-dump-times vect "vectorizing stmts using SLP" 1
XPASS: gcc.dg/vect/pr33953.c -flto scan-tree-dump-times vect "vectorized 1 loops" 1
XPASS: gcc.dg/vect/pr33953.c -flto scan-tree-dump-times vect "vectorizing stmts using SLP" 1
FAIL: gcc.dg/vect/pr37539.c -flto (internal compiler error)
FAIL: gcc.dg/vect/pr37539.c -flto (test for excess errors)
UNRESOLVED: gcc.dg/vect/pr37539.c -flto compilation failed to produce executable
FAIL: gcc.dg/vect/pr37539.c -flto scan-tree-dump-times vect "vectorized 1 loops" 2
XPASS: gcc.dg/vect/vect-35-big-array.c -flto scan-tree-dump-times vect "vectorized 2 loops" 1
XPASS: gcc.dg/vect/vect-35.c -flto scan-tree-dump-times vect "vectorized 2 loops" 1
XPASS: gcc.dg/vect/vect-outer-5.c -flto scan-tree-dump vect "zero step in outer loop."
FAIL: gcc.dg/vect/slp-perm-9.c -flto scan-tree-dump-times vect "vectorized 1 loops" 1
FAIL: gcc.dg/vect/slp-perm-9.c -flto scan-tree-dump-times vect "vectorizing stmts using SLP" 0
XPASS: gcc.dg/vect/no-scevccp-outer-21.c scan-tree-dump-times vect "OUTER LOOP VECTORIZED." 1
XPASS: gcc.dg/vect/if-cvt-stores-vect-ifcvt-18.c scan-tree-dump-times vect "vectorized 1 loops" 1
=== gcc Summary ===
# of expected passes 82762
# of unexpected failures 50
# of unexpected successes 18
# of expected failures 347
# of unresolved testcases 3
# of unsupported tests 1202
/build/buildd-gcc-4.8_4.8-20130228-1-ia64-8SP0Zl/gcc-4.8-4.8-20130228/build/gcc/xgcc version 4.8.0 20130228 (experimental) [trunk revision 196362] (Debian 4.8-20130228-1)
=== gfortran tests ===
Running target unix
XPASS: gfortran.dg/do_1.f90 -O0 execution test
XPASS: gfortran.dg/do_1.f90 -O1 execution test
=== gfortran Summary ===
# of expected passes 43267
# of unexpected successes 2
# of expected failures 71
# of unsupported tests 79
/build/buildd-gcc-4.8_4.8-20130228-1-ia64-8SP0Zl/gcc-4.8-4.8-20130228/build/gcc/testsuite/gfortran/../../gfortran version 4.8.0 20130228 (experimental) [trunk revision 196362] (Debian 4.8-20130228-1)
=== go tests ===
Running target unix
FAIL: go.go-torture/execute/array-1.go execution, -O0
FAIL: go.go-torture/execute/array-1.go execution, -O1
FAIL: go.go-torture/execute/array-1.go execution, -O2
FAIL: go.go-torture/execute/array-1.go execution, -O2 -fomit-frame-pointer -finline-functions
FAIL: go.go-torture/execute/array-1.go execution, -O2 -fomit-frame-pointer -finline-functions -funroll-loops
FAIL: go.go-torture/execute/array-1.go execution, -O2 -fbounds-check
FAIL: go.go-torture/execute/array-1.go execution, -O3 -g
FAIL: go.go-torture/execute/array-1.go execution, -Os
FAIL: go.go-torture/execute/array-2.go execution, -O0
FAIL: go.go-torture/execute/array-2.go execution, -O1
FAIL: go.go-torture/execute/array-2.go execution, -O2
FAIL: go.go-torture/execute/array-2.go execution, -O2 -fomit-frame-pointer -finline-functions
FAIL: go.go-torture/execute/array-2.go execution, -O2 -fomit-frame-pointer -finline-functions -funroll-loops
FAIL: go.go-torture/execute/array-2.go execution, -O2 -fbounds-check
FAIL: go.go-torture/execute/array-2.go execution, -O3 -g
FAIL: go.go-torture/execute/array-2.go execution, -Os
FAIL: go.go-torture/execute/chan-1.go execution, -O0
FAIL: go.go-torture/execute/chan-1.go execution, -O1
FAIL: go.go-torture/execute/chan-1.go execution, -O2
FAIL: go.go-torture/execute/chan-1.go execution, -O2 -fomit-frame-pointer -finline-functions
FAIL: go.go-torture/execute/chan-1.go execution, -O2 -fomit-frame-pointer -finline-functions -funroll-loops
FAIL: go.go-torture/execute/chan-1.go execution, -O2 -fbounds-check
FAIL: go.go-torture/execute/chan-1.go execution, -O3 -g
FAIL: go.go-torture/execute/chan-1.go execution, -Os
FAIL: go.go-torture/execute/const-1.go execution, -O0
FAIL: go.go-torture/execute/const-1.go execution, -O1
FAIL: go.go-torture/execute/const-1.go execution, -O2
FAIL: go.go-torture/execute/const-1.go execution, -O2 -fomit-frame-pointer -finline-functions
FAIL: go.go-torture/execute/const-1.go execution, -O2 -fomit-frame-pointer -finline-functions -funroll-loops
FAIL: go.go-torture/execute/const-1.go execution, -O2 -fbounds-check
FAIL: go.go-torture/execute/const-1.go execution, -O3 -g
FAIL: go.go-torture/execute/const-1.go execution, -Os
FAIL: go.go-torture/execute/const-2.go execution, -O0
FAIL: go.go-torture/execute/const-2.go execution, -O1
FAIL: go.go-torture/execute/const-2.go execution, -O2
FAIL: go.go-torture/execute/const-2.go execution, -O2 -fomit-frame-pointer -finline-functions
FAIL: go.go-torture/execute/const-2.go execution, -O2 -fomit-frame-pointer -finline-functions -funroll-loops
FAIL: go.go-torture/execute/const-2.go execution, -O2 -fbounds-check
FAIL: go.go-torture/execute/const-2.go execution, -O3 -g
FAIL: go.go-torture/execute/const-2.go execution, -Os
FAIL: go.go-torture/execute/expr-1.go execution, -O0
FAIL: go.go-torture/execute/expr-1.go execution, -O1
FAIL: go.go-torture/execute/expr-1.go execution, -O2
FAIL: go.go-torture/execute/expr-1.go execution, -O2 -fomit-frame-pointer -finline-functions
FAIL: go.go-torture/execute/expr-1.go execution, -O2 -fomit-frame-pointer -finline-functions -funroll-loops
FAIL: go.go-torture/execute/expr-1.go execution, -O2 -fbounds-check
FAIL: go.go-torture/execute/expr-1.go execution, -O3 -g
FAIL: go.go-torture/execute/expr-1.go execution, -Os
FAIL: go.go-torture/execute/for-1.go execution, -O0
FAIL: go.go-torture/execute/for-1.go execution, -O1
FAIL: go.go-torture/execute/for-1.go execution, -O2
FAIL: go.go-torture/execute/for-1.go execution, -O2 -fomit-frame-pointer -finline-functions
FAIL: go.go-torture/execute/for-1.go execution, -O2 -fomit-frame-pointer -finline-functions -funroll-loops
FAIL: go.go-torture/execute/for-1.go execution, -O2 -fbounds-check
FAIL: go.go-torture/execute/for-1.go execution, -O3 -g
FAIL: go.go-torture/execute/for-1.go execution, -Os
FAIL: go.go-torture/execute/for-2.go execution, -O0
FAIL: go.go-torture/execute/for-2.go execution, -O1
FAIL: go.go-torture/execute/for-2.go execution, -O2
FAIL: go.go-torture/execute/for-2.go execution, -O2 -fomit-frame-pointer -finline-functions
FAIL: go.go-torture/execute/for-2.go execution, -O2 -fomit-frame-pointer -finline-functions -funroll-loops
FAIL: go.go-torture/execute/for-2.go execution, -O2 -fbounds-check
FAIL: go.go-torture/execute/for-2.go execution, -O3 -g
FAIL: go.go-torture/execute/for-2.go execution, -Os
FAIL: go.go-torture/execute/function-1.go execution, -O0
FAIL: go.go-torture/execute/function-1.go execution, -O1
FAIL: go.go-torture/execute/function-1.go execution, -O2
FAIL: go.go-torture/execute/function-1.go execution, -O2 -fomit-frame-pointer -finline-functions
FAIL: go.go-torture/execute/function-1.go execution, -O2 -fomit-frame-pointer -finline-functions -funroll-loops
FAIL: go.go-torture/execute/function-1.go execution, -O2 -fbounds-check
FAIL: go.go-torture/execute/function-1.go execution, -O3 -g
FAIL: go.go-torture/execute/function-1.go execution, -Os
FAIL: go.go-torture/execute/function-2.go execution, -O0
FAIL: go.go-torture/execute/function-2.go execution, -O1
FAIL: go.go-torture/execute/function-2.go execution, -O2
FAIL: go.go-torture/execute/function-2.go execution, -O2 -fomit-frame-pointer -finline-functions
FAIL: go.go-torture/execute/function-2.go execution, -O2 -fomit-frame-pointer -finline-functions -funroll-loops
FAIL: go.go-torture/execute/function-2.go execution, -O2 -fbounds-check
FAIL: go.go-torture/execute/function-2.go execution, -O3 -g
FAIL: go.go-torture/execute/function-2.go execution, -Os
FAIL: go.go-torture/execute/go-1.go execution, -O0
FAIL: go.go-torture/execute/go-1.go execution, -O1
FAIL: go.go-torture/execute/go-1.go execution, -O2
FAIL: go.go-torture/execute/go-1.go execution, -O2 -fomit-frame-pointer -finline-functions
FAIL: go.go-torture/execute/go-1.go execution, -O2 -fomit-frame-pointer -finline-functions -funroll-loops
FAIL: go.go-torture/execute/go-1.go execution, -O2 -fbounds-check
FAIL: go.go-torture/execute/go-1.go execution, -O3 -g
FAIL: go.go-torture/execute/go-1.go execution, -Os
FAIL: go.go-torture/execute/go-2.go execution, -O0
FAIL: go.go-torture/execute/go-2.go execution, -O1
FAIL: go.go-torture/execute/go-2.go execution, -O2
FAIL: go.go-torture/execute/go-2.go execution, -O2 -fomit-frame-pointer -finline-functions
FAIL: go.go-torture/execute/go-2.go execution, -O2 -fomit-frame-pointer -finline-functions -funroll-loops
FAIL: go.go-torture/execute/go-2.go execution, -O2 -fbounds-check
FAIL: go.go-torture/execute/go-2.go execution, -O3 -g
FAIL: go.go-torture/execute/go-2.go execution, -Os
FAIL: go.go-torture/execute/go-3.go execution, -O0
FAIL: go.go-torture/execute/go-3.go execution, -O1
FAIL: go.go-torture/execute/go-3.go execution, -O2
FAIL: go.go-torture/execute/go-3.go execution, -O2 -fomit-frame-pointer -finline-functions
FAIL: go.go-torture/execute/go-3.go execution, -O2 -fomit-frame-pointer -finline-functions -funroll-loops
FAIL: go.go-torture/execute/go-3.go execution, -O2 -fbounds-check
FAIL: go.go-torture/execute/go-3.go execution, -O3 -g
FAIL: go.go-torture/execute/go-3.go execution, -Os
FAIL: go.go-torture/execute/goto-1.go execution, -O0
FAIL: go.go-torture/execute/goto-1.go execution, -O1
FAIL: go.go-torture/execute/goto-1.go execution, -O2
FAIL: go.go-torture/execute/goto-1.go execution, -O2 -fomit-frame-pointer -finline-functions
FAIL: go.go-torture/execute/goto-1.go execution, -O2 -fomit-frame-pointer -finline-functions -funroll-loops
FAIL: go.go-torture/execute/goto-1.go execution, -O2 -fbounds-check
FAIL: go.go-torture/execute/goto-1.go execution, -O3 -g
FAIL: go.go-torture/execute/goto-1.go execution, -Os
FAIL: go.go-torture/execute/map-1.go execution, -O0
FAIL: go.go-torture/execute/map-1.go execution, -O1
FAIL: go.go-torture/execute/map-1.go execution, -O2
FAIL: go.go-torture/execute/map-1.go execution, -O2 -fomit-frame-pointer -finline-functions
FAIL: go.go-torture/execute/map-1.go execution, -O2 -fomit-frame-pointer -finline-functions -funroll-loops
FAIL: go.go-torture/execute/map-1.go execution, -O2 -fbounds-check
FAIL: go.go-torture/execute/map-1.go execution, -O3 -g
FAIL: go.go-torture/execute/map-1.go execution, -Os
FAIL: go.go-torture/execute/method-1.go execution, -O0
FAIL: go.go-torture/execute/method-1.go execution, -O1
FAIL: go.go-torture/execute/method-1.go execution, -O2
FAIL: go.go-torture/execute/method-1.go execution, -O2 -fomit-frame-pointer -finline-functions
FAIL: go.go-torture/execute/method-1.go execution, -O2 -fomit-frame-pointer -finline-functions -funroll-loops
FAIL: go.go-torture/execute/method-1.go execution, -O2 -fbounds-check
FAIL: go.go-torture/execute/method-1.go execution, -O3 -g
FAIL: go.go-torture/execute/method-1.go execution, -Os
FAIL: go.go-torture/execute/nested-1.go execution, -O0
FAIL: go.go-torture/execute/nested-1.go execution, -O1
FAIL: go.go-torture/execute/nested-1.go execution, -O2
FAIL: go.go-torture/execute/nested-1.go execution, -O2 -fomit-frame-pointer -finline-functions
FAIL: go.go-torture/execute/nested-1.go execution, -O2 -fomit-frame-pointer -finline-functions -funroll-loops
FAIL: go.go-torture/execute/nested-1.go execution, -O2 -fbounds-check
FAIL: go.go-torture/execute/nested-1.go execution, -O3 -g
FAIL: go.go-torture/execute/nested-1.go execution, -Os
FAIL: go.go-torture/execute/pointer-1.go execution, -O0
FAIL: go.go-torture/execute/pointer-1.go execution, -O1
FAIL: go.go-torture/execute/pointer-1.go execution, -O2
FAIL: go.go-torture/execute/pointer-1.go execution, -O2 -fomit-frame-pointer -finline-functions
FAIL: go.go-torture/execute/pointer-1.go execution, -O2 -fomit-frame-pointer -finline-functions -funroll-loops
FAIL: go.go-torture/execute/pointer-1.go execution, -O2 -fbounds-check
FAIL: go.go-torture/execute/pointer-1.go execution, -O3 -g
FAIL: go.go-torture/execute/pointer-1.go execution, -Os
FAIL: go.go-torture/execute/return-1.go execution, -O0
FAIL: go.go-torture/execute/return-1.go execution, -O1
FAIL: go.go-torture/execute/return-1.go execution, -O2
FAIL: go.go-torture/execute/return-1.go execution, -O2 -fomit-frame-pointer -finline-functions
FAIL: go.go-torture/execute/return-1.go execution, -O2 -fomit-frame-pointer -finline-functions -funroll-loops
FAIL: go.go-torture/execute/return-1.go execution, -O2 -fbounds-check
FAIL: go.go-torture/execute/return-1.go execution, -O3 -g
FAIL: go.go-torture/execute/return-1.go execution, -Os
FAIL: go.go-torture/execute/return-2.go execution, -O0
FAIL: go.go-torture/execute/return-2.go execution, -O1
FAIL: go.go-torture/execute/return-2.go execution, -O2
FAIL: go.go-torture/execute/return-2.go execution, -O2 -fomit-frame-pointer -finline-functions
FAIL: go.go-torture/execute/return-2.go execution, -O2 -fomit-frame-pointer -finline-functions -funroll-loops
FAIL: go.go-torture/execute/return-2.go execution, -O2 -fbounds-check
FAIL: go.go-torture/execute/return-2.go execution, -O3 -g
FAIL: go.go-torture/execute/return-2.go execution, -Os
FAIL: go.go-torture/execute/return-3.go execution, -O0
FAIL: go.go-torture/execute/return-3.go execution, -O1
FAIL: go.go-torture/execute/return-3.go execution, -O2
FAIL: go.go-torture/execute/return-3.go execution, -O2 -fomit-frame-pointer -finline-functions
FAIL: go.go-torture/execute/return-3.go execution, -O2 -fomit-frame-pointer -finline-functions -funroll-loops
FAIL: go.go-torture/execute/return-3.go execution, -O2 -fbounds-check
FAIL: go.go-torture/execute/return-3.go execution, -O3 -g
FAIL: go.go-torture/execute/return-3.go execution, -Os
FAIL: go.go-torture/execute/select-1.go execution, -O0
FAIL: go.go-torture/execute/select-1.go execution, -O1
FAIL: go.go-torture/execute/select-1.go execution, -O2
FAIL: go.go-torture/execute/select-1.go execution, -O2 -fomit-frame-pointer -finline-functions
FAIL: go.go-torture/execute/select-1.go execution, -O2 -fomit-frame-pointer -finline-functions -funroll-loops
FAIL: go.go-torture/execute/select-1.go execution, -O2 -fbounds-check
FAIL: go.go-torture/execute/select-1.go execution, -O3 -g
FAIL: go.go-torture/execute/select-1.go execution, -Os
FAIL: go.go-torture/execute/string-1.go execution, -O0
FAIL: go.go-torture/execute/string-1.go execution, -O1
FAIL: go.go-torture/execute/string-1.go execution, -O2
FAIL: go.go-torture/execute/string-1.go execution, -O2 -fomit-frame-pointer -finline-functions
FAIL: go.go-torture/execute/string-1.go execution, -O2 -fomit-frame-pointer -finline-functions -funroll-loops
FAIL: go.go-torture/execute/string-1.go execution, -O2 -fbounds-check
FAIL: go.go-torture/execute/string-1.go execution, -O3 -g
FAIL: go.go-torture/execute/string-1.go execution, -Os
FAIL: go.go-torture/execute/string-2.go execution, -O0
FAIL: go.go-torture/execute/string-2.go execution, -O1
FAIL: go.go-torture/execute/string-2.go execution, -O2
FAIL: go.go-torture/execute/string-2.go execution, -O2 -fomit-frame-pointer -finline-functions
FAIL: go.go-torture/execute/string-2.go execution, -O2 -fomit-frame-pointer -finline-functions -funroll-loops
FAIL: go.go-torture/execute/string-2.go execution, -O2 -fbounds-check
FAIL: go.go-torture/execute/string-2.go execution, -O3 -g
FAIL: go.go-torture/execute/string-2.go execution, -Os
FAIL: go.go-torture/execute/struct-1.go execution, -O0
FAIL: go.go-torture/execute/struct-1.go execution, -O1
FAIL: go.go-torture/execute/struct-1.go execution, -O2
FAIL: go.go-torture/execute/struct-1.go execution, -O2 -fomit-frame-pointer -finline-functions
FAIL: go.go-torture/execute/struct-1.go execution, -O2 -fomit-frame-pointer -finline-functions -funroll-loops
FAIL: go.go-torture/execute/struct-1.go execution, -O2 -fbounds-check
FAIL: go.go-torture/execute/struct-1.go execution, -O3 -g
FAIL: go.go-torture/execute/struct-1.go execution, -Os
FAIL: go.go-torture/execute/struct-2.go execution, -O0
FAIL: go.go-torture/execute/struct-2.go execution, -O1
FAIL: go.go-torture/execute/struct-2.go execution, -O2
FAIL: go.go-torture/execute/struct-2.go execution, -O2 -fomit-frame-pointer -finline-functions
FAIL: go.go-torture/execute/struct-2.go execution, -O2 -fomit-frame-pointer -finline-functions -funroll-loops
FAIL: go.go-torture/execute/struct-2.go execution, -O2 -fbounds-check
FAIL: go.go-torture/execute/struct-2.go execution, -O3 -g
FAIL: go.go-torture/execute/struct-2.go execution, -Os
FAIL: go.go-torture/execute/switch-1.go execution, -O0
FAIL: go.go-torture/execute/switch-1.go execution, -O1
FAIL: go.go-torture/execute/switch-1.go execution, -O2
FAIL: go.go-torture/execute/switch-1.go execution, -O2 -fomit-frame-pointer -finline-functions
FAIL: go.go-torture/execute/switch-1.go execution, -O2 -fomit-frame-pointer -finline-functions -funroll-loops
FAIL: go.go-torture/execute/switch-1.go execution, -O2 -fbounds-check
FAIL: go.go-torture/execute/switch-1.go execution, -O3 -g
FAIL: go.go-torture/execute/switch-1.go execution, -Os
FAIL: go.go-torture/execute/var-1.go execution, -O0
FAIL: go.go-torture/execute/var-1.go execution, -O1
FAIL: go.go-torture/execute/var-1.go execution, -O2
FAIL: go.go-torture/execute/var-1.go execution, -O2 -fomit-frame-pointer -finline-functions
FAIL: go.go-torture/execute/var-1.go execution, -O2 -fomit-frame-pointer -finline-functions -funroll-loops
FAIL: go.go-torture/execute/var-1.go execution, -O2 -fbounds-check
FAIL: go.go-torture/execute/var-1.go execution, -O3 -g
FAIL: go.go-torture/execute/var-1.go execution, -Os
FAIL: go.go-torture/execute/var-2.go execution, -O0
FAIL: go.go-torture/execute/var-2.go execution, -O1
FAIL: go.go-torture/execute/var-2.go execution, -O2
FAIL: go.go-torture/execute/var-2.go execution, -O2 -fomit-frame-pointer -finline-functions
FAIL: go.go-torture/execute/var-2.go execution, -O2 -fomit-frame-pointer -finline-functions -funroll-loops
FAIL: go.go-torture/execute/var-2.go execution, -O2 -fbounds-check
FAIL: go.go-torture/execute/var-2.go execution, -O3 -g
FAIL: go.go-torture/execute/var-2.go execution, -Os
FAIL: go.go-torture/execute/var-3.go execution, -O0
FAIL: go.go-torture/execute/var-3.go execution, -O1
FAIL: go.go-torture/execute/var-3.go execution, -O2
FAIL: go.go-torture/execute/var-3.go execution, -O2 -fomit-frame-pointer -finline-functions
FAIL: go.go-torture/execute/var-3.go execution, -O2 -fomit-frame-pointer -finline-functions -funroll-loops
FAIL: go.go-torture/execute/var-3.go execution, -O2 -fbounds-check
FAIL: go.go-torture/execute/var-3.go execution, -O3 -g
FAIL: go.go-torture/execute/var-3.go execution, -Os
UNRESOLVED: go.test/test/235.go compilation, -O2 -g
FAIL: go.test/test/235.go execution, -O2 -g
UNRESOLVED: go.test/test/64bit.go -O (test for excess errors)
FAIL: go.test/test/64bit.go execution
FAIL: go.test/test/alias1.go execution, -O2 -g
FAIL: go.test/test/append.go execution, -O2 -g
FAIL: go.test/test/args.go execution, -O2 -g
FAIL: go.test/test/bigalg.go execution, -O2 -g
FAIL: go.test/test/bigmap.go execution, -O2 -g
FAIL: go.test/test/blank.go execution, -O2 -g
FAIL: go.test/test/bom.go execution
UNRESOLVED: go.test/test/chan/doubleselect.go compilation, -O2 -g
FAIL: go.test/test/chan/doubleselect.go execution, -O2 -g
FAIL: go.test/test/chan/fifo.go execution, -O2 -g
FAIL: go.test/test/chan/goroutines.go execution, -O2 -g
FAIL: go.test/test/chan/nonblock.go execution, -O2 -g
FAIL: go.test/test/chan/powser1.go execution, -O2 -g
FAIL: go.test/test/chan/powser2.go execution, -O2 -g
FAIL: go.test/test/chan/select.go execution, -O2 -g
FAIL: go.test/test/chan/select3.go execution, -O2 -g
FAIL: go.test/test/chan/select4.go execution, -O2 -g
FAIL: go.test/test/chan/select5.go execution
FAIL: go.test/test/chan/select6.go execution, -O2 -g
FAIL: go.test/test/chan/select7.go execution, -O2 -g
FAIL: go.test/test/chan/sendstmt.go execution, -O2 -g
FAIL: go.test/test/chan/sieve1.go execution, -O2 -g
FAIL: go.test/test/chan/sieve2.go execution, -O2 -g
FAIL: go.test/test/chan/zerosize.go execution, -O2 -g
FAIL: go.test/test/chancap.go execution, -O2 -g
FAIL: go.test/test/char_lit.go execution, -O2 -g
FAIL: go.test/test/closedchan.go execution, -O2 -g
FAIL: go.test/test/cmp.go execution, -O2 -g
FAIL: go.test/test/cmplxdivide.go
FAIL: go.test/test/complit.go execution, -O2 -g
FAIL: go.test/test/compos.go execution, -O2 -g
FAIL: go.test/test/const.go execution, -O2 -g
FAIL: go.test/test/const3.go execution, -O2 -g
FAIL: go.test/test/const4.go execution, -O2 -g
FAIL: go.test/test/convT2X.go execution, -O2 -g
FAIL: go.test/test/convert.go execution, -O2 -g
FAIL: go.test/test/copy.go execution, -O2 -g
FAIL: go.test/test/crlf.go execution
FAIL: go.test/test/ddd.go execution, -O2 -g
FAIL: go.test/test/ddd3.go
FAIL: go.test/test/decl.go execution, -O2 -g
FAIL: go.test/test/defer.go execution, -O2 -g
FAIL: go.test/test/deferprint.go execution
FAIL: go.test/test/divide.go execution, -O2 -g
FAIL: go.test/test/dwarf/linedirectives.go execution, -O2 -g
FAIL: go.test/test/dwarf/main.go execution, -O2 -g
FAIL: go.test/test/env.go execution, -O2 -g
FAIL: go.test/test/escape.go execution, -O2 -g
FAIL: go.test/test/escape3.go execution, -O2 -g
FAIL: go.test/test/fixedbugs/bug000.go execution, -O2 -g
FAIL: go.test/test/fixedbugs/bug002.go execution, -O2 -g
FAIL: go.test/test/fixedbugs/bug003.go execution, -O2 -g
FAIL: go.test/test/fixedbugs/bug004.go execution, -O2 -g
FAIL: go.test/test/fixedbugs/bug005.go execution, -O2 -g
FAIL: go.test/test/fixedbugs/bug006.go execution, -O2 -g
FAIL: go.test/test/fixedbugs/bug007.go execution, -O2 -g
FAIL: go.test/test/fixedbugs/bug008.go execution, -O2 -g
FAIL: go.test/test/fixedbugs/bug009.go execution, -O2 -g
FAIL: go.test/test/fixedbugs/bug010.go execution, -O2 -g
FAIL: go.test/test/fixedbugs/bug011.go execution, -O2 -g
FAIL: go.test/test/fixedbugs/bug012.go execution, -O2 -g
FAIL: go.test/test/fixedbugs/bug013.go execution, -O2 -g
FAIL: go.test/test/fixedbugs/bug017.go execution, -O2 -g
FAIL: go.test/test/fixedbugs/bug021.go execution, -O2 -g
FAIL: go.test/test/fixedbugs/bug023.go execution, -O2 -g
FAIL: go.test/test/fixedbugs/bug024.go execution, -O2 -g
FAIL: go.test/test/fixedbugs/bug026.go execution, -O2 -g
FAIL: go.test/test/fixedbugs/bug027.go execution, -O2 -g
FAIL: go.test/test/fixedbugs/bug028.go execution, -O2 -g
FAIL: go.test/test/fixedbugs/bug031.go execution, -O2 -g
FAIL: go.test/test/fixedbugs/bug045.go execution, -O2 -g
FAIL: go.test/test/fixedbugs/bug047.go execution, -O2 -g
FAIL: go.test/test/fixedbugs/bug048.go execution, -O2 -g
FAIL: go.test/test/fixedbugs/bug052.go execution, -O2 -g
FAIL: go.test/test/fixedbugs/bug053.go execution, -O2 -g
FAIL: go.test/test/fixedbugs/bug054.go execution, -O2 -g
FAIL: go.test/test/fixedbugs/bug055.go execution, -O2 -g
FAIL: go.test/test/fixedbugs/bug056.go execution, -O2 -g
FAIL: go.test/test/fixedbugs/bug058.go execution, -O2 -g
FAIL: go.test/test/fixedbugs/bug059.go execution, -O2 -g
FAIL: go.test/test/fixedbugs/bug060.go execution, -O2 -g
FAIL: go.test/test/fixedbugs/bug061.go execution, -O2 -g
FAIL: go.test/test/fixedbugs/bug065.go execution, -O2 -g
FAIL: go.test/test/fixedbugs/bug067.go execution, -O2 -g
FAIL: go.test/test/fixedbugs/bug070.go execution, -O2 -g
FAIL: go.test/test/fixedbugs/bug075.go execution, -O2 -g
FAIL: go.test/test/fixedbugs/bug078.go execution, -O2 -g
FAIL: go.test/test/fixedbugs/bug082.go execution, -O2 -g
FAIL: go.test/test/fixedbugs/bug084.go execution, -O2 -g
FAIL: go.test/test/fixedbugs/bug092.go execution, -O2 -g
FAIL: go.test/test/fixedbugs/bug093.go execution, -O2 -g
FAIL: go.test/test/fixedbugs/bug097.go execution, -O2 -g
FAIL: go.test/test/fixedbugs/bug099.go execution, -O2 -g
FAIL: go.test/test/fixedbugs/bug101.go execution, -O2 -g
FAIL: go.test/test/fixedbugs/bug102.go execution, -O2 -g
FAIL: go.test/test/fixedbugs/bug111.go execution, -O2 -g
FAIL: go.test/test/fixedbugs/bug113.go execution, -O2 -g
FAIL: go.test/test/fixedbugs/bug114.go execution, -O2 -g
FAIL: go.test/test/fixedbugs/bug116.go execution, -O2 -g
FAIL: go.test/test/fixedbugs/bug119.go execution, -O2 -g
FAIL: go.test/test/fixedbugs/bug120.go execution, -O2 -g
FAIL: go.test/test/fixedbugs/bug128.go execution, -O2 -g
FAIL: go.test/test/fixedbugs/bug130.go execution, -O2 -g
FAIL: go.test/test/fixedbugs/bug141.go execution, -O2 -g
FAIL: go.test/test/fixedbugs/bug142.go execution, -O2 -g
FAIL: go.test/test/fixedbugs/bug147.go execution, -O2 -g
FAIL: go.test/test/fixedbugs/bug148.go execution, -O2 -g
FAIL: go.test/test/fixedbugs/bug1515.go execution, -O2 -g
FAIL: go.test/test/fixedbugs/bug152.go execution, -O2 -g
FAIL: go.test/test/fixedbugs/bug154.go execution, -O2 -g
FAIL: go.test/test/fixedbugs/bug159.go execution, -O2 -g
FAIL: go.test/test/fixedbugs/bug160.go
FAIL: go.test/test/fixedbugs/bug168.go execution, -O2 -g
FAIL: go.test/test/fixedbugs/bug177.go execution, -O2 -g
FAIL: go.test/test/fixedbugs/bug178.go execution, -O2 -g
FAIL: go.test/test/fixedbugs/bug180.go execution, -O2 -g
FAIL: go.test/test/fixedbugs/bug184.go execution, -O2 -g
FAIL: go.test/test/fixedbugs/bug185.go execution, -O2 -g
FAIL: go.test/test/fixedbugs/bug187.go execution, -O2 -g
FAIL: go.test/test/fixedbugs/bug194.go execution, -O2 -g
FAIL: go.test/test/fixedbugs/bug196.go execution, -O2 -g
FAIL: go.test/test/fixedbugs/bug199.go execution, -O2 -g
FAIL: go.test/test/fixedbugs/bug201.go execution, -O2 -g
FAIL: go.test/test/fixedbugs/bug202.go execution, -O2 -g
FAIL: go.test/test/fixedbugs/bug203.go execution, -O2 -g
FAIL: go.test/test/fixedbugs/bug204.go execution, -O2 -g
FAIL: go.test/test/fixedbugs/bug206.go execution
FAIL: go.test/test/fixedbugs/bug207.go execution, -O2 -g
FAIL: go.test/test/fixedbugs/bug221.go execution, -O2 -g
FAIL: go.test/test/fixedbugs/bug225.go execution, -O2 -g
FAIL: go.test/test/fixedbugs/bug227.go execution, -O2 -g
FAIL: go.test/test/fixedbugs/bug230.go execution, -O2 -g
FAIL: go.test/test/fixedbugs/bug234.go execution, -O2 -g
FAIL: go.test/test/fixedbugs/bug236.go execution, -O2 -g
FAIL: go.test/test/fixedbugs/bug237.go execution, -O2 -g
FAIL: go.test/test/fixedbugs/bug242.go execution, -O2 -g
FAIL: go.test/test/fixedbugs/bug243.go execution, -O2 -g
FAIL: go.test/test/fixedbugs/bug244.go execution, -O2 -g
FAIL: go.test/test/fixedbugs/bug246.go execution, -O2 -g
FAIL: go.test/test/fixedbugs/bug247.go execution, -O2 -g
FAIL: go.test/test/fixedbugs/bug248.go
FAIL: go.test/test/fixedbugs/bug253.go execution, -O2 -g
FAIL: go.test/test/fixedbugs/bug254.go execution, -O2 -g
FAIL: go.test/test/fixedbugs/bug257.go execution, -O2 -g
FAIL: go.test/test/fixedbugs/bug258.go execution, -O2 -g
FAIL: go.test/test/fixedbugs/bug259.go execution, -O2 -g
FAIL: go.test/test/fixedbugs/bug260.go execution, -O2 -g
FAIL: go.test/test/fixedbugs/bug261.go execution, -O2 -g
FAIL: go.test/test/fixedbugs/bug262.go execution, -O2 -g
FAIL: go.test/test/fixedbugs/bug263.go execution, -O2 -g
FAIL: go.test/test/fixedbugs/bug264.go execution, -O2 -g
FAIL: go.test/test/fixedbugs/bug265.go execution, -O2 -g
FAIL: go.test/test/fixedbugs/bug266.go execution, -O2 -g
FAIL: go.test/test/fixedbugs/bug269.go execution, -O2 -g
FAIL: go.test/test/fixedbugs/bug271.go execution, -O2 -g
FAIL: go.test/test/fixedbugs/bug272.go execution, -O2 -g
FAIL: go.test/test/fixedbugs/bug273.go execution, -O2 -g
FAIL: go.test/test/fixedbugs/bug276.go execution, -O2 -g
FAIL: go.test/test/fixedbugs/bug279.go execution, -O2 -g
FAIL: go.test/test/fixedbugs/bug281.go execution, -O2 -g
FAIL: go.test/test/fixedbugs/bug285.go execution, -O2 -g
FAIL: go.test/test/fixedbugs/bug286.go execution, -O2 -g
FAIL: go.test/test/fixedbugs/bug290.go execution, -O2 -g
FAIL: go.test/test/fixedbugs/bug291.go execution, -O2 -g
FAIL: go.test/test/fixedbugs/bug292.go execution, -O2 -g
FAIL: go.test/test/fixedbugs/bug293.go execution, -O2 -g
FAIL: go.test/test/fixedbugs/bug294.go execution, -O2 -g
FAIL: go.test/test/fixedbugs/bug295.go execution, -O2 -g
FAIL: go.test/test/fixedbugs/bug296.go execution, -O2 -g
FAIL: go.test/test/fixedbugs/bug303.go execution, -O2 -g
FAIL: go.test/test/fixedbugs/bug311.go execution, -O2 -g
FAIL: go.test/test/fixedbugs/bug312.go execution, -O2 -g
FAIL: go.test/test/fixedbugs/bug314.go execution, -O2 -g
FAIL: go.test/test/fixedbugs/bug317.go execution, -O2 -g
FAIL: go.test/test/fixedbugs/bug320.go execution, -O2 -g
FAIL: go.test/test/fixedbugs/bug321.go execution, -O2 -g
FAIL: go.test/test/fixedbugs/bug322.go
FAIL: go.test/test/fixedbugs/bug324.go
FAIL: go.test/test/fixedbugs/bug327.go execution, -O2 -g
FAIL: go.test/test/fixedbugs/bug328.go execution
FAIL: go.test/test/fixedbugs/bug329.go execution, -O2 -g
FAIL: go.test/test/fixedbugs/bug331.go execution, -O2 -g
FAIL: go.test/test/fixedbugs/bug333.go execution, -O2 -g
FAIL: go.test/test/fixedbugs/bug336.go execution, -O2 -g
FAIL: go.test/test/fixedbugs/bug339.go execution, -O2 -g
FAIL: go.test/test/fixedbugs/bug341.go execution, -O2 -g
FAIL: go.test/test/fixedbugs/bug343.go execution, -O2 -g
FAIL: go.test/test/fixedbugs/bug346.go execution, -O2 -g
FAIL: go.test/test/fixedbugs/bug347.go execution, -O0 -g
FAIL: go.test/test/fixedbugs/bug348.go execution, -O0 -g
FAIL: go.test/test/fixedbugs/bug352.go execution, -O2 -g
FAIL: go.test/test/fixedbugs/bug355.go execution, -O2 -g
FAIL: go.test/test/fixedbugs/bug356.go execution, -O2 -g
FAIL: go.test/test/fixedbugs/bug364.go execution, -O2 -g
FAIL: go.test/test/fixedbugs/bug366.go execution, -O2 -g
FAIL: go.test/test/fixedbugs/bug367.go
FAIL: go.test/test/fixedbugs/bug368.go execution, -O2 -g
FAIL: go.test/test/fixedbugs/bug369.go
FAIL: go.test/test/fixedbugs/bug370.go execution, -O2 -g
FAIL: go.test/test/fixedbugs/bug372.go execution, -O2 -g
FAIL: go.test/test/fixedbugs/bug375.go execution, -O2 -g
FAIL: go.test/test/fixedbugs/bug378.go execution, -O2 -g
FAIL: go.test/test/fixedbugs/bug401.go execution, -O2 -g
FAIL: go.test/test/fixedbugs/bug402.go execution, -O2 -g
FAIL: go.test/test/fixedbugs/bug405.go execution, -O2 -g
FAIL: go.test/test/fixedbugs/bug406.go execution, -O2 -g
FAIL: go.test/test/fixedbugs/bug409.go execution
FAIL: go.test/test/fixedbugs/bug414.go
FAIL: go.test/test/fixedbugs/bug423.go execution, -O2 -g
FAIL: go.test/test/fixedbugs/bug424.go
FAIL: go.test/test/fixedbugs/bug428.go execution, -O2 -g
FAIL: go.test/test/fixedbugs/bug433.go execution, -O2 -g
FAIL: go.test/test/fixedbugs/bug434.go execution, -O2 -g
FAIL: go.test/test/fixedbugs/bug436.go execution, -O2 -g
FAIL: go.test/test/fixedbugs/bug437.go
FAIL: go.test/test/fixedbugs/bug440_32.go execution, -O2 -g
FAIL: go.test/test/fixedbugs/bug440_64.go execution, -O2 -g
FAIL: go.test/test/fixedbugs/bug441.go execution, -O2 -g
FAIL: go.test/test/fixedbugs/bug442.go execution, -O2 -g
FAIL: go.test/test/fixedbugs/bug444.go execution, -O2 -g
FAIL: go.test/test/fixedbugs/bug446.go execution, -O2 -g
FAIL: go.test/test/fixedbugs/bug447.go execution
FAIL: go.test/test/fixedbugs/bug449.go execution
FAIL: go.test/test/fixedbugs/bug450.go execution, -O2 -g
FAIL: go.test/test/fixedbugs/bug452.go execution, -O2 -g
FAIL: go.test/test/float_lit.go execution, -O2 -g
FAIL: go.test/test/floatcmp.go execution, -O2 -g
FAIL: go.test/test/for.go execution, -O2 -g
FAIL: go.test/test/func.go execution, -O2 -g
FAIL: go.test/test/func5.go execution, -O2 -g
FAIL: go.test/test/func6.go execution, -O2 -g
FAIL: go.test/test/func7.go execution, -O2 -g
FAIL: go.test/test/func8.go execution, -O2 -g
FAIL: go.test/test/gc.go execution, -O2 -g
FAIL: go.test/test/gc1.go execution, -O2 -g
FAIL: go.test/test/gc2.go execution, -O2 -g
FAIL: go.test/test/goprint.go execution
FAIL: go.test/test/helloworld.go execution
UNRESOLVED: go.test/test/if.go compilation, -O2 -g
FAIL: go.test/test/if.go execution, -O2 -g
FAIL: go.test/test/index0.go execution
FAIL: go.test/test/index1.go execution
FAIL: go.test/test/index2.go execution
FAIL: go.test/test/indirect.go execution, -O2 -g
FAIL: go.test/test/initcomma.go execution, -O2 -g
FAIL: go.test/test/initialize.go execution, -O2 -g
FAIL: go.test/test/int_lit.go execution, -O2 -g
FAIL: go.test/test/intcvt.go execution, -O2 -g
FAIL: go.test/test/interface/bigdata.go execution, -O2 -g
FAIL: go.test/test/interface/convert.go execution, -O2 -g
FAIL: go.test/test/interface/convert1.go execution, -O2 -g
FAIL: go.test/test/interface/convert2.go execution, -O2 -g
FAIL: go.test/test/interface/embed.go execution, -O2 -g
FAIL: go.test/test/interface/embed1.go
FAIL: go.test/test/interface/fail.go execution, -O2 -g
FAIL: go.test/test/interface/fake.go execution, -O2 -g
FAIL: go.test/test/interface/noeq.go execution, -O2 -g
FAIL: go.test/test/interface/receiver.go execution, -O2 -g
FAIL: go.test/test/interface/returntype.go execution, -O2 -g
FAIL: go.test/test/interface/struct.go execution, -O2 -g
FAIL: go.test/test/iota.go execution, -O2 -g
FAIL: go.test/test/ken/array.go execution, -O2 -g
FAIL: go.test/test/ken/chan.go execution, -O2 -g
FAIL: go.test/test/ken/chan1.go execution, -O2 -g
FAIL: go.test/test/ken/complit.go execution, -O2 -g
FAIL: go.test/test/ken/convert.go execution, -O2 -g
FAIL: go.test/test/ken/cplx0.go execution
FAIL: go.test/test/ken/cplx1.go execution, -O2 -g
FAIL: go.test/test/ken/cplx2.go execution, -O2 -g
FAIL: go.test/test/ken/cplx3.go execution, -O2 -g
FAIL: go.test/test/ken/cplx4.go execution, -O2 -g
FAIL: go.test/test/ken/cplx5.go execution, -O2 -g
FAIL: go.test/test/ken/divconst.go execution, -O2 -g
FAIL: go.test/test/ken/divmod.go execution, -O2 -g
FAIL: go.test/test/ken/embed.go execution, -O2 -g
FAIL: go.test/test/ken/for.go execution, -O2 -g
FAIL: go.test/test/ken/interbasic.go execution, -O2 -g
FAIL: go.test/test/ken/interfun.go execution, -O2 -g
FAIL: go.test/test/ken/intervar.go execution, -O2 -g
FAIL: go.test/test/ken/label.go execution, -O2 -g
FAIL: go.test/test/ken/litfun.go execution, -O2 -g
FAIL: go.test/test/ken/mfunc.go execution, -O2 -g
FAIL: go.test/test/ken/modconst.go execution, -O2 -g
FAIL: go.test/test/ken/ptrfun.go execution, -O2 -g
FAIL: go.test/test/ken/ptrvar.go execution, -O2 -g
FAIL: go.test/test/ken/range.go execution, -O2 -g
FAIL: go.test/test/ken/rob1.go execution, -O2 -g
FAIL: go.test/test/ken/rob2.go execution, -O2 -g
FAIL: go.test/test/ken/robfor.go execution, -O2 -g
FAIL: go.test/test/ken/robfunc.go execution, -O2 -g
FAIL: go.test/test/ken/shift.go execution, -O2 -g
FAIL: go.test/test/ken/simparray.go execution, -O2 -g
FAIL: go.test/test/ken/simpbool.go execution, -O2 -g
FAIL: go.test/test/ken/simpconv.go execution, -O2 -g
FAIL: go.test/test/ken/simpfun.go execution, -O2 -g
FAIL: go.test/test/ken/simpswitch.go execution, -O2 -g
FAIL: go.test/test/ken/simpvar.go execution, -O2 -g
FAIL: go.test/test/ken/slicearray.go execution, -O2 -g
FAIL: go.test/test/ken/sliceslice.go execution, -O2 -g
FAIL: go.test/test/ken/string.go execution
FAIL: go.test/test/ken/strvar.go execution, -O2 -g
FAIL: go.test/test/literal.go execution, -O2 -g
FAIL: go.test/test/mallocfin.go execution, -O2 -g
FAIL: go.test/test/map.go execution, -O2 -g
FAIL: go.test/test/method.go execution, -O2 -g
FAIL: go.test/test/method3.go execution, -O2 -g
FAIL: go.test/test/method4.go
FAIL: go.test/test/named.go execution, -O2 -g
FAIL: go.test/test/nil.go execution, -O2 -g
FAIL: go.test/test/nilptr.go execution, -O2 -g
FAIL: go.test/test/nul1.go execution
FAIL: go.test/test/peano.go execution, -O2 -g
FAIL: go.test/test/printbig.go execution
FAIL: go.test/test/range.go execution, -O2 -g
FAIL: go.test/test/recover.go execution, -O2 -g
FAIL: go.test/test/recover1.go execution, -O2 -g
FAIL: go.test/test/recover2.go execution, -O2 -g
FAIL: go.test/test/recover3.go execution, -O2 -g
FAIL: go.test/test/rename.go execution, -O2 -g
FAIL: go.test/test/reorder.go execution, -O2 -g
FAIL: go.test/test/reorder2.go execution, -O2 -g
FAIL: go.test/test/sigchld.go execution
FAIL: go.test/test/simassign.go execution, -O2 -g
FAIL: go.test/test/string_lit.go execution, -O2 -g
FAIL: go.test/test/stringrange.go execution, -O2 -g
FAIL: go.test/test/struct0.go execution, -O2 -g
FAIL: go.test/test/switch.go execution, -O2 -g
FAIL: go.test/test/turing.go execution, -O2 -g
FAIL: go.test/test/typeswitch.go execution, -O2 -g
FAIL: go.test/test/typeswitch1.go execution, -O2 -g
FAIL: go.test/test/utf.go execution, -O2 -g
FAIL: go.test/test/varinit.go execution, -O2 -g
FAIL: go.test/test/zerodivide.go execution, -O2 -g
ERROR: ia64-unknown-linux-gnu: unhandled architecture
ERROR: ia64-unknown-linux-gnu: unhandled architecture
ERROR: ia64-unknown-linux-gnu: unhandled architecture
ERROR: ia64-unknown-linux-gnu: unhandled architecture
=== go Summary ===
# of expected passes 1708
# of unexpected failures 573
# of expected failures 1
# of untested testcases 15
# of unresolved testcases 4
/build/buildd-gcc-4.8_4.8-20130228-1-ia64-8SP0Zl/gcc-4.8-4.8-20130228/build/gcc/testsuite/go/../../gccgo version 4.8.0 20130228 (experimental) [trunk revision 196362] (Debian 4.8-20130228-1)
=== obj-c++ tests ===
Running target unix
=== obj-c++ Summary ===
# of expected passes 1442
# of expected failures 10
# of unsupported tests 86
/build/buildd-gcc-4.8_4.8-20130228-1-ia64-8SP0Zl/gcc-4.8-4.8-20130228/build/gcc/testsuite/obj-c++/../../xg++ version 4.8.0 20130228 (experimental) [trunk revision 196362] (Debian 4.8-20130228-1)
=== objc tests ===
Running target unix
=== objc Summary ===
# of expected passes 2992
# of unsupported tests 75
/build/buildd-gcc-4.8_4.8-20130228-1-ia64-8SP0Zl/gcc-4.8-4.8-20130228/build/gcc/xgcc version 4.8.0 20130228 (experimental) [trunk revision 196362] (Debian 4.8-20130228-1)
=== boehm-gc tests ===
Running target unix
=== boehm-gc Summary ===
# of expected passes 12
# of unsupported tests 1
=== libatomic tests ===
Running target unix
=== libatomic Summary ===
# of expected passes 34
# of unsupported tests 10
=== libffi tests ===
Running target unix
=== libffi Summary ===
# of expected passes 1819
# of unsupported tests 55
=== libgo tests ===
Running target unix
FAIL: bufio
FAIL: bytes
FAIL: errors
FAIL: expvar
FAIL: flag
FAIL: fmt
FAIL: html
FAIL: image
FAIL: io
FAIL: log
FAIL: math
FAIL: mime
FAIL: net
FAIL: os
FAIL: path
FAIL: reflect
FAIL: regexp
FAIL: runtime
FAIL: sort
FAIL: strconv
FAIL: strings
FAIL: sync
FAIL: syscall
FAIL: time
FAIL: unicode
FAIL: archive/tar
FAIL: archive/zip
FAIL: compress/bzip2
FAIL: compress/flate
FAIL: compress/gzip
FAIL: compress/lzw
FAIL: compress/zlib
FAIL: container/heap
FAIL: container/list
FAIL: container/ring
FAIL: crypto/aes
FAIL: crypto/cipher
FAIL: crypto/des
FAIL: crypto/dsa
FAIL: crypto/ecdsa
FAIL: crypto/elliptic
FAIL: crypto/hmac
FAIL: crypto/md5
FAIL: crypto/rand
FAIL: crypto/rc4
FAIL: crypto/rsa
FAIL: crypto/sha1
FAIL: crypto/sha256
FAIL: crypto/sha512
FAIL: crypto/subtle
FAIL: crypto/tls
FAIL: crypto/x509
FAIL: database/sql
FAIL: database/sql/driver
FAIL: debug/dwarf
FAIL: debug/elf
FAIL: debug/macho
FAIL: debug/pe
FAIL: encoding/ascii85
FAIL: encoding/asn1
FAIL: encoding/base32
FAIL: encoding/base64
FAIL: encoding/binary
FAIL: encoding/csv
FAIL: encoding/gob
FAIL: encoding/hex
FAIL: encoding/json
FAIL: encoding/pem
FAIL: encoding/xml
FAIL: exp/cookiejar
FAIL: exp/ebnf
FAIL: exp/html
FAIL: exp/html/atom
FAIL: exp/locale/collate
FAIL: exp/locale/collate/build
FAIL: exp/norm
FAIL: exp/proxy
FAIL: exp/terminal
FAIL: exp/utf8string
FAIL: html/template
FAIL: go/ast
FAIL: go/doc
FAIL: go/format
FAIL: go/parser
FAIL: go/printer
FAIL: go/scanner
FAIL: go/token
FAIL: go/types
FAIL: hash/adler32
FAIL: hash/crc32
FAIL: hash/crc64
FAIL: hash/fnv
FAIL: image/color
FAIL: image/draw
FAIL: image/jpeg
FAIL: image/png
FAIL: index/suffixarray
FAIL: io/ioutil
FAIL: log/syslog
FAIL: math/big
FAIL: math/cmplx
FAIL: math/rand
FAIL: mime/multipart
FAIL: net/http
FAIL: net/http/cgi
FAIL: net/http/fcgi
FAIL: net/http/httptest
FAIL: net/http/httputil
FAIL: net/mail
FAIL: net/rpc
FAIL: net/smtp
FAIL: net/textproto
FAIL: net/url
FAIL: net/rpc/jsonrpc
FAIL: old/netchan
FAIL: old/regexp
FAIL: old/template
FAIL: os/exec
FAIL: os/signal
FAIL: os/user
FAIL: path/filepath
FAIL: regexp/syntax
FAIL: runtime/pprof
FAIL: sync/atomic
FAIL: text/scanner
FAIL: text/tabwriter
FAIL: text/template
FAIL: text/template/parse
FAIL: testing/quick
FAIL: unicode/utf16
FAIL: unicode/utf8
=== libgo Summary ===
# of unexpected failures 131
/build/buildd-gcc-4.8_4.8-20130228-1-ia64-8SP0Zl/gcc-4.8-4.8-20130228/build/./gcc/gccgo version 4.8.0 20130228 (experimental) [trunk revision 196362] (Debian 4.8-20130228-1)
=== libgomp tests ===
Running target unix
=== libgomp Summary ===
# of expected passes 2998
=== libmudflap tests ===
Running target unix
FAIL: libmudflap.c/fail37-frag.c (-O2) crash test
FAIL: libmudflap.c/fail37-frag.c (-O2) output pattern test
FAIL: libmudflap.c/fail37-frag.c (-O3) crash test
FAIL: libmudflap.c/fail37-frag.c (-O3) output pattern test
FAIL: libmudflap.c++/pass41-frag.cxx (-static) execution test
FAIL: libmudflap.c++/pass41-frag.cxx ( -O) execution test
FAIL: libmudflap.c++/pass41-frag.cxx (-O2) execution test
FAIL: libmudflap.c++/pass41-frag.cxx (-O3) execution test
=== libmudflap Summary ===
# of expected passes 1898
# of unexpected failures 8
=== libstdc++ tests ===
Running target unix
FAIL: libstdc++-abi/abi_check
FAIL: 22_locale/time_get/get_date/wchar_t/4.cc execution test
=== libstdc++ Summary ===
# of expected passes 8957
# of unexpected failures 2
# of expected failures 45
# of unsupported tests 235
Compiler version: 4.8.0 20130228 (experimental) [trunk revision 196362] (Debian 4.8-20130228-1)
Platform: ia64-unknown-linux-gnu
configure flags: -v --with-pkgversion='Debian 4.8-20130228-1' --with-bugurl=file:///usr/share/doc/gcc-4.8/README.Bugs --enable-languages=c,c++,go,fortran,objc,obj-c++ --prefix=/usr --program-suffix=-4.8 --enable-shared --enable-linker-build-id --libexecdir=/usr/lib --without-included-gettext --enable-threads=posix --with-gxx-include-dir=/usr/include/c++/4.8 --libdir=/usr/lib --enable-nls --with-sysroot=/ --enable-clocale=gnu --enable-libstdcxx-debug --enable-libstdcxx-time=yes --enable-gnu-unique-object --disable-libssp --disable-libitm --enable-plugin --with-system-zlib --enable-objc-gc --enable-multiarch --with-system-libunwind --enable-checking=release --build=ia64-linux-gnu --host=ia64-linux-gnu --target=ia64-linux-gnu
BOOT_CFLAGS=
Build Dependencies:
Desired=Unknown/Install/Remove/Purge/Hold
| Status=Not/Inst/Conf-files/Unpacked/halF-conf/Half-inst/trig-aWait/Trig-pend
|/ Err?=(none)/Reinst-required (Status,Err: uppercase=bad)
||/ Name Version Architecture Description
+++-==================================-========================-============-===============================================================================
ii binutils 2.22-7 ia64 GNU assembler, linker and binary utilities
ii g++-4.6 4.6.3-8 ia64 GNU C++ compiler
ii libc6.1:ia64 2.13-34 ia64 Embedded GNU C Library: Shared libraries
ii libcloog-isl-dev:ia64 0.18.0-1 ia64 Chunky Loop Generator (development files)
ii libgmp-dev:ia64 2:5.0.5+dfsg-2 ia64 Multiprecision arithmetic library developers tools
ii libisl-dev:ia64 0.11.1-2 ia64 manipulating sets and relations of integer points bounded by linear constraints
ii libmpc-dev:ia64 0.9-4 ia64 multiple precision complex floating-point library development package
ii libmpfr-dev:ia64 3.1.1-1 ia64 multiple precision floating-point computation developers tools
gcc-gfdl-build:
Build a dummy s-tm-texi without access to the texinfo sources
gcc-textdomain:
Set gettext's domain and textdomain to the versioned package name.
gcc-driver-extra-langs:
Add options and specs for languages that are not built from a source
(but built from separate sources).
gcc-hash-style-both:
Link using --hash-style=both (alpha, amd64, armel, armhf, ia64, i386, powerpc, ppc64, s390, sparc)
libstdc++-pic:
Build and install libstdc++_pic.a library.
libstdc++-doclink:
adjust hrefs to point to the local documentation
libstdc++-man-3cxx:
Install libstdc++ man pages with suffix .3cxx instead of .3
libstdc++-test-installed:
Add support to run the libstdc++-v3 testsuite using the
installed shared libraries.
libjava-stacktrace:
libgcj: Lookup source file name and line number in separated
debug files found in /usr/lib/debug
libjava-jnipath:
- Add /usr/lib/jni and /usr/lib/<multiarch>/jni to java.library.path.
- When running the i386 binaries on amd64, look in
- /usr/lib32/gcj-x.y and /usr/lib32/jni instead.
libjava-sjlj:
Don't try to use _Unwind_Backtrace on SJLJ targets.
See bug #387875, #388505, GCC PR 29206.
libjava-disable-plugin:
Don't build the gcjwebplugin, even when configured with --enable-plugin
alpha-no-ev4-directive:
never emit .ev4 directive.
boehm-gc-getnprocs:
boehm-gc/pthread_support.c (GC_get_nprocs): Use sysconf as fallback.
note-gnu-stack:
Add .note.GNU-stack sections for gcc's crt files, libffi and boehm-gc
Taken from FC.
libgomp-omp_h-multilib:
Fix up omp.h for multilibs.
sparc-force-cpu:
On sparc default to ultrasparc (v9a) in 32bit mode
pr24619:
Proposed patch for PR mudflap/24619 (instrumentation of dlopen)
gccgo-version:
Omit the subminor number from the go libdir
pr45078:
Proposed patch for PR plugin/45078
pr47818:
Fix PR ada/47818: Pragma Assert is rejected with No_Implementation_Pragmas restriction.
pr49940:
Apply proposed patch for PR ada/49940.
pr49944:
apply proposed patch for PR ada/49444.
gcc-base-version:
Set base version to 4.8, introduce full version 4.8.x.
mudflapth-link:
Link libmudflapth.so with -lpthread
libmudflap-x32:
Fix libmudflap build failure for x32 multilibs
libgo-testsuite:
Only run the libgo testsuite for flags configured in RUNTESTFLAGS
gcc-target-include-asm:
Search \$(builddir)/sys-include for the asm header files
libgo-revert-timeout-exp:
gcc-sysroot:
Allow building --with-sysroot=/
ada-kfreebsd:
Fix gnat build failure on kfreebsd.
arm-multilib-defaults:
Set MULTILIB_DEFAULTS for ARM multilib builds
gcc-ice-hack:
Retry the build on an ice, save the calling options and preprocessed
source when the ice is reproducible.
gcc-ice-apport:
Report an ICE to apport (if apport is available
and the environment variable GCC_NOAPPORT is not set)
libjava-fixed-symlinks:
Remove unneed '..' elements from symlinks in JAVA_HOME
libstdc++-arm-wno-abi:
Temporary work around:
On arm-linux-gnueabi run the libstdc++v3 testsuite with -Wno-abi
ada-mips:
Improve support for mips.
libffi-ro-eh_frame_sect:
PR libffi/47248, force a read only eh frame section.
gcc-multiarch:
- Remaining multiarch patches, not yet submitted upstream.
- Add MULTIARCH_DIRNAME definitions for multilib configurations,
which are used for the non-multilib builds.
libjava-multiarch:
Install libjava libraries to multiarch location
libjava-nobiarch-check:
For biarch builds, disable the testsuite for the non-default architecture
for runtime libraries, which are not built by default (libjava).
config-ml:
- Disable some biarch libraries for biarch builds.
- Fix multilib builds on kernels which don't support all multilibs.
g++-multiarch-incdir:
Use /usr/include/<multiarch>/c++/4.x as the include directory
for host dependent c++ header files.
gcc-multilib-multiarch:
Don't auto-detect multilib osdirnames.
mips-fix-loongson2f-nop:
On mips, pass -mfix-loongson2f-nop to as, if -mno-fix-loongson2f-nop
is not passed.
libgomp-kfreebsd-testsuite:
Disable lock-2.c test on kfreebsd-*
Counting all warnings,
there are 0 warnings in stage3 of this bootstrap.
Number of warnings per file:
Number of warning types: