This is the mail archive of the
gcc-testresults@gcc.gnu.org
mailing list for the GCC project.
Results for 4.8.0 20130228 (experimental) [trunk revision 196362] (Debian 4.8-20130228-1) testsuite on x86_64-pc-linux-gnu
- From: Matthias Klose <doko at debian dot org>
- To: gcc-testresults at gcc dot gnu dot org
- Cc: debian-gcc at lists dot debian dot org
- Date: Fri, 01 Mar 2013 17:54:05 +0000
- Subject: Results for 4.8.0 20130228 (experimental) [trunk revision 196362] (Debian 4.8-20130228-1) testsuite on x86_64-pc-linux-gnu
- Reply-to: Matthias Klose <doko at debian dot org>
LAST_UPDATED: Thu Feb 28 23:07:26 UTC 2013 (revision 196362)
Target: x86_64-linux-gnu
gcc version 4.8.0 20130228 (experimental) [trunk revision 196362] (Debian 4.8-20130228-1)
Native configuration is x86_64-pc-linux-gnu
=== g++ tests ===
Running target unix
FAIL: g++.dg/plugin/attribute_plugin.c compilation
FAIL: g++.dg/plugin/pragma_plugin.c compilation
FAIL: g++.dg/plugin/selfassign.c compilation
FAIL: g++.dg/plugin/dumb_plugin.c compilation
FAIL: g++.dg/plugin/header_plugin.c compilation
FAIL: g++.dg/plugin/decl_plugin.c compilation
=== g++ Summary for unix ===
# of expected passes 53768
# of unexpected failures 6
# of expected failures 290
# of unsupported tests 815
Running target unix/-fstack-protector
FAIL: g++.dg/asan/asan_test.C -O2 AddressSanitizer_SimpleStackTest A[kSize + 31] = 0 execution test
FAIL: g++.dg/asan/asan_test.C -O2 AddressSanitizer_SimpleStackTest A[kSize + 31] = 0 execution test
FAIL: g++.dg/asan/asan_test.C -O2 AddressSanitizer_SimpleStackTest A[kSize + 31] = 0 execution test
FAIL: g++.dg/asan/asan_test.C -O2 AddressSanitizer_SimpleStackTest A[kSize + 31] = 0 execution test
FAIL: g++.dg/plugin/attribute_plugin.c compilation
FAIL: g++.dg/plugin/pragma_plugin.c compilation
FAIL: g++.dg/plugin/selfassign.c compilation
FAIL: g++.dg/plugin/dumb_plugin.c compilation
FAIL: g++.dg/plugin/header_plugin.c compilation
FAIL: g++.dg/plugin/decl_plugin.c compilation
=== g++ Summary for unix/-fstack-protector ===
# of expected passes 53760
# of unexpected failures 10
# of expected failures 290
# of unsupported tests 815
Running target unix/-m32
FAIL: g++.dg/plugin/attribute_plugin.c compilation
FAIL: g++.dg/plugin/pragma_plugin.c compilation
FAIL: g++.dg/plugin/selfassign.c compilation
FAIL: g++.dg/plugin/dumb_plugin.c compilation
FAIL: g++.dg/plugin/header_plugin.c compilation
FAIL: g++.dg/plugin/decl_plugin.c compilation
=== g++ Summary for unix/-m32 ===
# of expected passes 53018
# of unexpected failures 6
# of expected failures 290
# of unsupported tests 571
Running target unix/-mx32
FAIL: g++.dg/plugin/attribute_plugin.c compilation
FAIL: g++.dg/plugin/pragma_plugin.c compilation
FAIL: g++.dg/plugin/selfassign.c compilation
FAIL: g++.dg/plugin/dumb_plugin.c compilation
FAIL: g++.dg/plugin/header_plugin.c compilation
FAIL: g++.dg/plugin/decl_plugin.c compilation
=== g++ Summary for unix/-mx32 ===
# of expected passes 53891
# of unexpected failures 6
# of expected failures 290
# of unsupported tests 803
=== g++ Summary ===
# of expected passes 214437
# of unexpected failures 28
# of expected failures 1160
# of unsupported tests 3004
/home/packages/gcc/4.8/gcc-4.8-4.8-20130228/build/gcc/testsuite/g++/../../xg++ version 4.8.0 20130228 (experimental) [trunk revision 196362] (Debian 4.8-20130228-1)
=== gcc tests ===
Running target unix
XPASS: gcc.dg/inline_3.c (test for excess errors)
XPASS: gcc.dg/inline_4.c (test for excess errors)
XPASS: gcc.dg/unroll_2.c (test for excess errors)
XPASS: gcc.dg/unroll_3.c (test for excess errors)
XPASS: gcc.dg/unroll_4.c (test for excess errors)
FAIL: gcc.dg/plugin/selfassign.c compilation
FAIL: gcc.dg/plugin/ggcplug.c compilation
FAIL: gcc.dg/plugin/one_time_plugin.c compilation
FAIL: gcc.dg/plugin/start_unit_plugin.c compilation
FAIL: gcc.dg/plugin/finish_unit_plugin.c compilation
=== gcc Summary for unix ===
# of expected passes 93136
# of unexpected failures 5
# of unexpected successes 5
# of expected failures 261
# of unsupported tests 1363
Running target unix/-fstack-protector
XPASS: gcc.dg/inline_3.c (test for excess errors)
XPASS: gcc.dg/inline_4.c (test for excess errors)
FAIL: gcc.dg/stack-usage-1.c scan-file foo\\t(256|264)\\tstatic
FAIL: gcc.dg/superblock.c scan-rtl-dump-times sched2 "ADVANCING TO" 2
XPASS: gcc.dg/unroll_2.c (test for excess errors)
XPASS: gcc.dg/unroll_3.c (test for excess errors)
XPASS: gcc.dg/unroll_4.c (test for excess errors)
FAIL: gcc.dg/plugin/selfassign.c compilation
FAIL: gcc.dg/plugin/ggcplug.c compilation
FAIL: gcc.dg/plugin/one_time_plugin.c compilation
FAIL: gcc.dg/plugin/start_unit_plugin.c compilation
FAIL: gcc.dg/plugin/finish_unit_plugin.c compilation
=== gcc Summary for unix/-fstack-protector ===
# of expected passes 93134
# of unexpected failures 7
# of unexpected successes 5
# of expected failures 261
# of unsupported tests 1363
Running target unix/-m32
XPASS: gcc.dg/inline_3.c (test for excess errors)
XPASS: gcc.dg/inline_4.c (test for excess errors)
FAIL: gcc.dg/pr45352-1.c (test for excess errors)
XPASS: gcc.dg/unroll_2.c (test for excess errors)
XPASS: gcc.dg/unroll_3.c (test for excess errors)
XPASS: gcc.dg/unroll_4.c (test for excess errors)
FAIL: gcc.dg/plugin/selfassign.c compilation
FAIL: gcc.dg/plugin/ggcplug.c compilation
FAIL: gcc.dg/plugin/one_time_plugin.c compilation
FAIL: gcc.dg/plugin/start_unit_plugin.c compilation
FAIL: gcc.dg/plugin/finish_unit_plugin.c compilation
FAIL: gcc.dg/tm/memopt-15.c scan-assembler _ITM_LM128
FAIL: gcc.dg/tree-ssa/pr44423.c (test for excess errors)
UNRESOLVED: gcc.dg/tree-ssa/pr44423.c scan-tree-dump-times esra "Created a replacement" 0
=== gcc Summary for unix/-m32 ===
# of expected passes 92722
# of unexpected failures 8
# of unexpected successes 5
# of expected failures 259
# of unresolved testcases 1
# of unsupported tests 1070
Running target unix/-mx32
XPASS: gcc.dg/inline_3.c (test for excess errors)
XPASS: gcc.dg/inline_4.c (test for excess errors)
XPASS: gcc.dg/unroll_2.c (test for excess errors)
XPASS: gcc.dg/unroll_3.c (test for excess errors)
XPASS: gcc.dg/unroll_4.c (test for excess errors)
FAIL: gcc.dg/plugin/selfassign.c compilation
FAIL: gcc.dg/plugin/ggcplug.c compilation
FAIL: gcc.dg/plugin/one_time_plugin.c compilation
FAIL: gcc.dg/plugin/start_unit_plugin.c compilation
FAIL: gcc.dg/plugin/finish_unit_plugin.c compilation
FAIL: gcc.dg/simulate-thread/atomic-load-longlong.c -O0 -g thread simulation test
FAIL: gcc.dg/simulate-thread/atomic-load-longlong.c -O2 -g thread simulation test
FAIL: gcc.dg/simulate-thread/atomic-load-longlong.c -O3 -g thread simulation test
FAIL: gcc.dg/simulate-thread/atomic-other-longlong.c -O0 -g thread simulation test
FAIL: gcc.misc-tests/linkage.c link
=== gcc Summary for unix/-mx32 ===
# of expected passes 92770
# of unexpected failures 10
# of unexpected successes 5
# of expected failures 258
# of unsupported tests 1376
=== gcc Summary ===
# of expected passes 371762
# of unexpected failures 30
# of unexpected successes 20
# of expected failures 1039
# of unresolved testcases 1
# of unsupported tests 5172
/home/packages/gcc/4.8/gcc-4.8-4.8-20130228/build/gcc/xgcc version 4.8.0 20130228 (experimental) [trunk revision 196362] (Debian 4.8-20130228-1)
=== gfortran tests ===
Running target unix
XPASS: gfortran.dg/do_1.f90 -O0 execution test
XPASS: gfortran.dg/do_1.f90 -O1 execution test
FAIL: gfortran.dg/guality/pr41558.f90 -O0 line 7 s == 'foo'
FAIL: gfortran.dg/guality/pr41558.f90 -O1 line 7 s == 'foo'
FAIL: gfortran.dg/guality/pr41558.f90 -O2 line 7 s == 'foo'
FAIL: gfortran.dg/guality/pr41558.f90 -O3 -fomit-frame-pointer line 7 s == 'foo'
FAIL: gfortran.dg/guality/pr41558.f90 -O3 -fomit-frame-pointer -funroll-loops line 7 s == 'foo'
FAIL: gfortran.dg/guality/pr41558.f90 -O3 -fomit-frame-pointer -funroll-all-loops -finline-functions line 7 s == 'foo'
FAIL: gfortran.dg/guality/pr41558.f90 -O3 -g line 7 s == 'foo'
FAIL: gfortran.dg/guality/pr41558.f90 -Os line 7 s == 'foo'
=== gfortran Summary for unix ===
# of expected passes 43371
# of unexpected failures 8
# of unexpected successes 2
# of expected failures 62
# of unsupported tests 71
Running target unix/-fstack-protector
XPASS: gfortran.dg/do_1.f90 -O0 execution test
XPASS: gfortran.dg/do_1.f90 -O1 execution test
FAIL: gfortran.dg/guality/pr41558.f90 -O0 line 7 s == 'foo'
FAIL: gfortran.dg/guality/pr41558.f90 -O1 line 7 s == 'foo'
FAIL: gfortran.dg/guality/pr41558.f90 -O2 line 7 s == 'foo'
FAIL: gfortran.dg/guality/pr41558.f90 -O3 -fomit-frame-pointer line 7 s == 'foo'
FAIL: gfortran.dg/guality/pr41558.f90 -O3 -fomit-frame-pointer -funroll-loops line 7 s == 'foo'
FAIL: gfortran.dg/guality/pr41558.f90 -O3 -fomit-frame-pointer -funroll-all-loops -finline-functions line 7 s == 'foo'
FAIL: gfortran.dg/guality/pr41558.f90 -O3 -g line 7 s == 'foo'
FAIL: gfortran.dg/guality/pr41558.f90 -Os line 7 s == 'foo'
=== gfortran Summary for unix/-fstack-protector ===
# of expected passes 43371
# of unexpected failures 8
# of unexpected successes 2
# of expected failures 62
# of unsupported tests 71
Running target unix/-m32
XPASS: gfortran.dg/do_1.f90 -O0 execution test
XPASS: gfortran.dg/do_1.f90 -O1 execution test
FAIL: gfortran.dg/guality/pr41558.f90 -O0 line 7 s == 'foo'
FAIL: gfortran.dg/guality/pr41558.f90 -O1 line 7 s == 'foo'
FAIL: gfortran.dg/guality/pr41558.f90 -O2 line 7 s == 'foo'
FAIL: gfortran.dg/guality/pr41558.f90 -O3 -fomit-frame-pointer line 7 s == 'foo'
FAIL: gfortran.dg/guality/pr41558.f90 -O3 -fomit-frame-pointer -funroll-loops line 7 s == 'foo'
FAIL: gfortran.dg/guality/pr41558.f90 -O3 -fomit-frame-pointer -funroll-all-loops -finline-functions line 7 s == 'foo'
FAIL: gfortran.dg/guality/pr41558.f90 -O3 -g line 7 s == 'foo'
FAIL: gfortran.dg/guality/pr41558.f90 -Os line 7 s == 'foo'
=== gfortran Summary for unix/-m32 ===
# of expected passes 43084
# of unexpected failures 8
# of unexpected successes 2
# of expected failures 62
# of unsupported tests 209
Running target unix/-mx32
XPASS: gfortran.dg/do_1.f90 -O0 execution test
XPASS: gfortran.dg/do_1.f90 -O1 execution test
=== gfortran Summary for unix/-mx32 ===
# of expected passes 43392
# of unexpected successes 2
# of expected failures 62
# of unsupported tests 66
=== gfortran Summary ===
# of expected passes 173218
# of unexpected failures 24
# of unexpected successes 8
# of expected failures 248
# of unsupported tests 417
/home/packages/gcc/4.8/gcc-4.8-4.8-20130228/build/gcc/testsuite/gfortran/../../gfortran version 4.8.0 20130228 (experimental) [trunk revision 196362] (Debian 4.8-20130228-1)
=== go tests ===
Running target unix
=== go Summary for unix ===
# of expected passes 4967
# of expected failures 1
# of untested testcases 3
Running target unix/-fstack-protector
=== go Summary for unix/-fstack-protector ===
# of expected passes 4967
# of expected failures 1
# of untested testcases 3
Running target unix/-m32
=== go Summary for unix/-m32 ===
# of expected passes 5087
# of expected failures 1
# of untested testcases 3
Running target unix/-mx32
=== go Summary for unix/-mx32 ===
# of expected passes 5087
# of expected failures 1
# of untested testcases 3
=== go Summary ===
# of expected passes 20108
# of expected failures 4
# of untested testcases 12
/home/packages/gcc/4.8/gcc-4.8-4.8-20130228/build/gcc/testsuite/go/../../gccgo version 4.8.0 20130228 (experimental) [trunk revision 196362] (Debian 4.8-20130228-1)
=== obj-c++ tests ===
Running target unix
=== obj-c++ Summary for unix ===
# of expected passes 1442
# of expected failures 10
# of unsupported tests 86
Running target unix/-fstack-protector
=== obj-c++ Summary for unix/-fstack-protector ===
# of expected passes 1442
# of expected failures 10
# of unsupported tests 86
Running target unix/-m32
=== obj-c++ Summary for unix/-m32 ===
# of expected passes 1450
# of expected failures 2
# of unsupported tests 86
Running target unix/-mx32
=== obj-c++ Summary for unix/-mx32 ===
# of expected passes 1450
# of expected failures 2
# of unsupported tests 86
=== obj-c++ Summary ===
# of expected passes 5784
# of expected failures 24
# of unsupported tests 344
/home/packages/gcc/4.8/gcc-4.8-4.8-20130228/build/gcc/testsuite/obj-c++/../../xg++ version 4.8.0 20130228 (experimental) [trunk revision 196362] (Debian 4.8-20130228-1)
=== objc tests ===
Running target unix
=== objc Summary for unix ===
# of expected passes 2988
# of expected failures 6
# of unsupported tests 74
Running target unix/-fstack-protector
=== objc Summary for unix/-fstack-protector ===
# of expected passes 2988
# of expected failures 6
# of unsupported tests 74
Running target unix/-m32
=== objc Summary for unix/-m32 ===
# of expected passes 2988
# of expected failures 6
# of unsupported tests 74
Running target unix/-mx32
=== objc Summary for unix/-mx32 ===
# of expected passes 2988
# of expected failures 6
# of unsupported tests 74
=== objc Summary ===
# of expected passes 11952
# of expected failures 24
# of unsupported tests 296
/home/packages/gcc/4.8/gcc-4.8-4.8-20130228/build/gcc/xgcc version 4.8.0 20130228 (experimental) [trunk revision 196362] (Debian 4.8-20130228-1)
=== boehm-gc tests ===
Running target unix
=== boehm-gc Summary for unix ===
# of expected passes 12
# of unsupported tests 1
Running target unix/-fstack-protector
=== boehm-gc Summary for unix/-fstack-protector ===
# of expected passes 12
# of unsupported tests 1
Running target unix/-m32
=== boehm-gc Summary for unix/-m32 ===
# of expected passes 12
# of unsupported tests 1
Running target unix/-mx32
=== boehm-gc Summary for unix/-mx32 ===
# of expected passes 12
# of unsupported tests 1
=== boehm-gc Summary ===
# of expected passes 48
# of unsupported tests 4
=== libatomic tests ===
Running target unix
=== libatomic Summary for unix ===
# of expected passes 54
Running target unix/-fstack-protector
=== libatomic Summary for unix/-fstack-protector ===
# of expected passes 54
Running target unix/-m32
=== libatomic Summary for unix/-m32 ===
# of expected passes 44
# of unsupported tests 5
Running target unix/-mx32
=== libatomic Summary for unix/-mx32 ===
# of expected passes 54
=== libatomic Summary ===
# of expected passes 206
# of unsupported tests 5
=== libffi tests ===
Running target unix
=== libffi Summary for unix ===
# of expected passes 1819
# of unsupported tests 55
Running target unix/-fstack-protector
=== libffi Summary for unix/-fstack-protector ===
# of expected passes 1819
# of unsupported tests 55
Running target unix/-m32
=== libffi Summary for unix/-m32 ===
# of expected passes 1819
# of unsupported tests 55
Running target unix/-mx32
=== libffi Summary for unix/-mx32 ===
# of expected passes 1819
# of unsupported tests 55
=== libffi Summary ===
# of expected passes 7276
# of unsupported tests 220
=== libgo tests ===
Running target unix
=== libgo Summary for unix ===
# of expected passes 131
Running target unix/-m32
=== libgo Summary for unix/-m32 ===
# of expected passes 131
Running target unix/-mx32
=== libgo Summary for unix/-mx32 ===
=== libgo Summary ===
/home/packages/gcc/4.8/gcc-4.8-4.8-20130228/build/./gcc/gccgo version 4.8.0 20130228 (experimental) [trunk revision 196362] (Debian 4.8-20130228-1)
=== libgomp tests ===
Running target unix
WARNING: program timed out.
FAIL: libgomp.graphite/force-parallel-6.c execution test
=== libgomp Summary for unix ===
# of expected passes 2997
# of unexpected failures 1
Running target unix/-fstack-protector
=== libgomp Summary for unix/-fstack-protector ===
# of expected passes 2998
Running target unix/-m32
=== libgomp Summary for unix/-m32 ===
# of expected passes 2998
Running target unix/-mx32
=== libgomp Summary for unix/-mx32 ===
# of expected passes 2998
=== libgomp Summary ===
# of expected passes 11991
# of unexpected failures 1
=== libitm tests ===
Running target unix
=== libitm Summary for unix ===
# of expected passes 26
# of expected failures 3
# of unsupported tests 1
Running target unix/-fstack-protector
=== libitm Summary for unix/-fstack-protector ===
# of expected passes 26
# of expected failures 3
# of unsupported tests 1
Running target unix/-m32
=== libitm Summary for unix/-m32 ===
# of expected passes 26
# of expected failures 3
# of unsupported tests 1
Running target unix/-mx32
=== libitm Summary for unix/-mx32 ===
# of expected passes 26
# of expected failures 3
# of unsupported tests 1
=== libitm Summary ===
# of expected passes 104
# of expected failures 12
# of unsupported tests 4
=== libmudflap tests ===
Running target unix
FAIL: libmudflap.c/fail37-frag.c (-O2) crash test
FAIL: libmudflap.c/fail37-frag.c (-O2) output pattern test
FAIL: libmudflap.c/fail37-frag.c (-O3) crash test
FAIL: libmudflap.c/fail37-frag.c (-O3) output pattern test
FAIL: libmudflap.c++/pass41-frag.cxx ( -O) execution test
FAIL: libmudflap.c++/pass41-frag.cxx (-O2) execution test
FAIL: libmudflap.c++/pass41-frag.cxx (-O3) execution test
=== libmudflap Summary for unix ===
# of expected passes 1429
# of unexpected failures 7
Running target unix/-fstack-protector
FAIL: libmudflap.c/fail37-frag.c (-O2) crash test
FAIL: libmudflap.c/fail37-frag.c (-O2) output pattern test
FAIL: libmudflap.c/fail37-frag.c (-O3) crash test
FAIL: libmudflap.c/fail37-frag.c (-O3) output pattern test
FAIL: libmudflap.c++/pass41-frag.cxx ( -O) execution test
FAIL: libmudflap.c++/pass41-frag.cxx (-O2) execution test
FAIL: libmudflap.c++/pass41-frag.cxx (-O3) execution test
=== libmudflap Summary for unix/-fstack-protector ===
# of expected passes 1429
# of unexpected failures 7
Running target unix/-m32
FAIL: libmudflap.c/fail37-frag.c (-O2) crash test
FAIL: libmudflap.c/fail37-frag.c (-O2) output pattern test
FAIL: libmudflap.c/fail37-frag.c (-O3) crash test
FAIL: libmudflap.c/fail37-frag.c (-O3) output pattern test
FAIL: libmudflap.c++/pass41-frag.cxx ( -O) execution test
FAIL: libmudflap.c++/pass41-frag.cxx (-O2) execution test
FAIL: libmudflap.c++/pass41-frag.cxx (-O3) execution test
=== libmudflap Summary for unix/-m32 ===
# of expected passes 1429
# of unexpected failures 7
Running target unix/-mx32
FAIL: libmudflap.c/fail37-frag.c (-O2) crash test
FAIL: libmudflap.c/fail37-frag.c (-O2) output pattern test
FAIL: libmudflap.c/fail37-frag.c (-O3) crash test
FAIL: libmudflap.c/fail37-frag.c (-O3) output pattern test
FAIL: libmudflap.c++/pass41-frag.cxx ( -O) execution test
FAIL: libmudflap.c++/pass41-frag.cxx (-O2) execution test
FAIL: libmudflap.c++/pass41-frag.cxx (-O3) execution test
=== libmudflap Summary for unix/-mx32 ===
# of expected passes 1429
# of unexpected failures 7
=== libmudflap Summary ===
# of expected passes 5716
# of unexpected failures 28
=== libstdc++ tests ===
Running target unix
FAIL: libstdc++-abi/abi_check
FAIL: 22_locale/time_get/get_date/wchar_t/4.cc execution test
=== libstdc++ Summary for unix ===
# of expected passes 9201
# of unexpected failures 2
# of expected failures 45
# of unsupported tests 218
Running target unix/-fstack-protector
FAIL: libstdc++-abi/abi_check
FAIL: 22_locale/time_get/get_date/wchar_t/4.cc execution test
=== libstdc++ Summary for unix/-fstack-protector ===
# of expected passes 9201
# of unexpected failures 2
# of expected failures 45
# of unsupported tests 218
Running target unix/-m32
FAIL: libstdc++-abi/abi_check
FAIL: 22_locale/time_get/get_date/wchar_t/4.cc execution test
=== libstdc++ Summary for unix/-m32 ===
# of expected passes 9201
# of unexpected failures 2
# of expected failures 45
# of unsupported tests 218
Running target unix/-mx32
FAIL: libstdc++-abi/abi_check
FAIL: 22_locale/time_get/get_date/wchar_t/4.cc execution test
=== libstdc++ Summary for unix/-mx32 ===
# of expected passes 9201
# of unexpected failures 2
# of expected failures 45
# of unsupported tests 218
=== libstdc++ Summary ===
# of expected passes 36804
# of unexpected failures 8
# of expected failures 180
# of unsupported tests 872
Compiler version: 4.8.0 20130228 (experimental) [trunk revision 196362] (Debian 4.8-20130228-1)
Platform: x86_64-pc-linux-gnu
configure flags: -v --with-pkgversion='Debian 4.8-20130228-1' --with-bugurl=file:///usr/share/doc/gcc-4.8/README.Bugs --enable-languages=c,c++,go,fortran,objc,obj-c++ --prefix=/usr --program-suffix=-4.8 --enable-shared --enable-linker-build-id --libexecdir=/usr/lib --without-included-gettext --enable-threads=posix --with-gxx-include-dir=/usr/include/c++/4.8 --libdir=/usr/lib --enable-nls --with-sysroot=/ --enable-clocale=gnu --enable-libstdcxx-debug --enable-libstdcxx-time=yes --enable-gnu-unique-object --enable-plugin --with-system-zlib --enable-objc-gc --enable-multiarch --with-arch-32=i586 --with-abi=m64 --with-multilib-list=m32,m64,mx32 --with-tune=generic --enable-checking=release --build=x86_64-linux-gnu --host=x86_64-linux-gnu --target=x86_64-linux-gnu
BOOT_CFLAGS=
Build Dependencies:
Desired=Unknown/Install/Remove/Purge/Hold
| Status=Not/Inst/Conf-files/Unpacked/halF-conf/Half-inst/trig-aWait/Trig-pend
|/ Err?=(none)/Reinst-required (Status,Err: uppercase=bad)
||/ Name Version Architecture Description
+++-=====================================-============================-============-================================================================================================
ii binutils 2.22-8 amd64 GNU assembler, linker and binary utilities
rc binutils-gold 2.22-7.1 amd64 GNU gold linker utility
rc binutils-multiarch 2.22-7.1 amd64 Binary utilities that support multi-arch targets
ii g++-4.6 4.6.3-15 amd64 GNU C++ compiler
ii g++-4.7 4.7.2-22 amd64 GNU C++ compiler
ii g++-4.7-multilib 4.7.2-22 amd64 GNU C++ compiler (multilib files)
ii g++-4.8 4.8-20130222-1 amd64 GNU C++ compiler
ii g++-4.8-multilib 4.8-20130222-1 amd64 GNU C++ compiler (multilib files)
ii g++-multilib 4:4.8-0exp2 amd64 GNU C++ compiler (multilib files)
ii libc6:amd64 2.17-0experimental2 amd64 Embedded GNU C Library: Shared libraries
ii libcloog-isl-dev:amd64 0.18.0-1 amd64 Chunky Loop Generator (development files)
ii libgmp-dev:amd64 2:5.0.5+dfsg-2 amd64 Multiprecision arithmetic library developers tools
ii libgmp3-dev 2:5.0.5+dfsg-2 amd64 Multiprecision arithmetic library developers tools
ii libisl-dev:amd64 0.11.1-1 amd64 manipulating sets and relations of integer points bounded by linear constraints
ii libmpc-dev:amd64 0.9-4 amd64 multiple precision complex floating-point library development package
ii libmpfr-dev:amd64 3.1.1-1 amd64 multiple precision floating-point computation developers tools
gcc-gfdl-build:
Build a dummy s-tm-texi without access to the texinfo sources
gcc-textdomain:
Set gettext's domain and textdomain to the versioned package name.
gcc-driver-extra-langs:
Add options and specs for languages that are not built from a source
(but built from separate sources).
gcc-hash-style-both:
Link using --hash-style=both (alpha, amd64, armel, armhf, ia64, i386, powerpc, ppc64, s390, sparc)
libstdc++-pic:
Build and install libstdc++_pic.a library.
libstdc++-doclink:
adjust hrefs to point to the local documentation
libstdc++-man-3cxx:
Install libstdc++ man pages with suffix .3cxx instead of .3
libstdc++-test-installed:
Add support to run the libstdc++-v3 testsuite using the
installed shared libraries.
libjava-stacktrace:
libgcj: Lookup source file name and line number in separated
debug files found in /usr/lib/debug
libjava-jnipath:
- Add /usr/lib/jni and /usr/lib/<multiarch>/jni to java.library.path.
- When running the i386 binaries on amd64, look in
- /usr/lib32/gcj-x.y and /usr/lib32/jni instead.
libjava-sjlj:
Don't try to use _Unwind_Backtrace on SJLJ targets.
See bug #387875, #388505, GCC PR 29206.
libjava-disable-plugin:
Don't build the gcjwebplugin, even when configured with --enable-plugin
alpha-no-ev4-directive:
never emit .ev4 directive.
boehm-gc-getnprocs:
boehm-gc/pthread_support.c (GC_get_nprocs): Use sysconf as fallback.
note-gnu-stack:
Add .note.GNU-stack sections for gcc's crt files, libffi and boehm-gc
Taken from FC.
libgomp-omp_h-multilib:
Fix up omp.h for multilibs.
sparc-force-cpu:
On sparc default to ultrasparc (v9a) in 32bit mode
pr24619:
Proposed patch for PR mudflap/24619 (instrumentation of dlopen)
gccgo-version:
Omit the subminor number from the go libdir
pr45078:
Proposed patch for PR plugin/45078
pr47818:
Fix PR ada/47818: Pragma Assert is rejected with No_Implementation_Pragmas restriction.
pr49940:
Apply proposed patch for PR ada/49940.
pr49944:
apply proposed patch for PR ada/49444.
gcc-base-version:
Set base version to 4.8, introduce full version 4.8.x.
mudflapth-link:
Link libmudflapth.so with -lpthread
libmudflap-x32:
Fix libmudflap build failure for x32 multilibs
libgo-testsuite:
Only run the libgo testsuite for flags configured in RUNTESTFLAGS
gcc-target-include-asm:
Search \$(builddir)/sys-include for the asm header files
libgo-revert-timeout-exp:
gcc-sysroot:
Allow building --with-sysroot=/
ada-kfreebsd:
Fix gnat build failure on kfreebsd.
arm-multilib-soft:
ARM hard/soft float multilib support
arm-multilib-defaults:
Set MULTILIB_DEFAULTS for ARM multilib builds
gcc-ice-hack:
Retry the build on an ice, save the calling options and preprocessed
source when the ice is reproducible.
gcc-ice-apport:
Report an ICE to apport (if apport is available
and the environment variable GCC_NOAPPORT is not set)
libjava-fixed-symlinks:
Remove unneed '..' elements from symlinks in JAVA_HOME
libstdc++-arm-wno-abi:
Temporary work around:
On arm-linux-gnueabi run the libstdc++v3 testsuite with -Wno-abi
ada-mips:
Improve support for mips.
libffi-ro-eh_frame_sect:
PR libffi/47248, force a read only eh frame section.
gcc-multiarch:
- Remaining multiarch patches, not yet submitted upstream.
- Add MULTIARCH_DIRNAME definitions for multilib configurations,
which are used for the non-multilib builds.
libjava-multiarch:
Install libjava libraries to multiarch location
libjava-nobiarch-check:
For biarch builds, disable the testsuite for the non-default architecture
for runtime libraries, which are not built by default (libjava).
config-ml:
- Disable some biarch libraries for biarch builds.
- Fix multilib builds on kernels which don't support all multilibs.
g++-multiarch-incdir:
Use /usr/include/<multiarch>/c++/4.x as the include directory
for host dependent c++ header files.
gcc-multilib-multiarch:
Don't auto-detect multilib osdirnames.
mips-fix-loongson2f-nop:
On mips, pass -mfix-loongson2f-nop to as, if -mno-fix-loongson2f-nop
is not passed.
libgomp-kfreebsd-testsuite:
Disable lock-2.c test on kfreebsd-*
Counting all warnings,
there are 0 warnings in stage3 of this bootstrap.
Number of warnings per file:
Number of warning types: