This is the mail archive of the
gcc-testresults@gcc.gnu.org
mailing list for the GCC project.
Results for 4.8.0 20130201 (experimental) [trunk revision 195647] (GCC) testsuite on i386-pc-solaris2.9
- From: Rainer Orth <ro at CeBiTec dot Uni-Bielefeld dot DE>
- To: gcc-testresults at gcc dot gnu dot org
- Date: Mon, 4 Feb 2013 10:49:20 +0100 (MET)
- Subject: Results for 4.8.0 20130201 (experimental) [trunk revision 195647] (GCC) testsuite on i386-pc-solaris2.9
LAST_UPDATED: Fri Feb 1 14:02:00 UTC 2013 (revision 195647)
=== acats tests ===
=== acats Summary ===
# of expected passes 2320
# of unexpected failures 0
Native configuration is i386-pc-solaris2.9
=== g++ tests ===
Running target unix
FAIL: g++.dg/compat/eh/ctor2 cp_compat_x_tst.o compile
FAIL: g++.dg/compat/eh/ctor2 cp_compat_y_tst.o compile
FAIL: g++.dg/debug/dwarf2/thunk1.C -std=gnu++98 scan-assembler-times LFB3 1
FAIL: g++.dg/debug/dwarf2/thunk1.C -std=gnu++11 scan-assembler-times LFB3 1
FAIL: g++.dg/abi/covariant2.C -std=c++98 (test for excess errors)
FAIL: g++.dg/abi/covariant2.C -std=c++11 (test for excess errors)
FAIL: g++.dg/abi/covariant3.C -std=c++98 (test for excess errors)
FAIL: g++.dg/abi/covariant3.C -std=c++11 (test for excess errors)
FAIL: g++.dg/abi/covariant4.C -std=c++98 (test for excess errors)
FAIL: g++.dg/abi/covariant4.C -std=c++11 (test for excess errors)
FAIL: g++.dg/abi/covariant6.C -std=c++98 (test for excess errors)
FAIL: g++.dg/abi/covariant6.C -std=c++11 (test for excess errors)
FAIL: g++.dg/abi/dcast1.C -std=c++98 (test for excess errors)
FAIL: g++.dg/abi/dcast1.C -std=c++11 (test for excess errors)
FAIL: g++.dg/abi/empty7.C -std=gnu++98 (test for excess errors)
FAIL: g++.dg/abi/empty7.C -std=gnu++11 (test for excess errors)
FAIL: g++.dg/abi/layout2.C -std=c++98 (test for excess errors)
FAIL: g++.dg/abi/layout2.C -std=c++11 (test for excess errors)
FAIL: g++.dg/abi/mangle1.C -std=gnu++98 (test for excess errors)
FAIL: g++.dg/abi/mangle1.C -std=gnu++11 (test for excess errors)
FAIL: g++.dg/abi/thunk1.C -std=c++98 (test for excess errors)
FAIL: g++.dg/abi/thunk1.C -std=c++11 (test for excess errors)
FAIL: g++.dg/abi/vbase12.C -std=gnu++98 (test for excess errors)
FAIL: g++.dg/abi/vbase12.C -std=gnu++11 (test for excess errors)
FAIL: g++.dg/abi/vbase15.C -std=c++98 (test for excess errors)
FAIL: g++.dg/abi/vbase15.C -std=c++11 (test for excess errors)
FAIL: g++.dg/abi/vthunk1.C -std=c++98 (test for excess errors)
FAIL: g++.dg/abi/vthunk1.C -std=c++11 (test for excess errors)
FAIL: g++.dg/abi/vthunk2.C -std=c++98 (test for excess errors)
FAIL: g++.dg/abi/vthunk2.C -std=c++11 (test for excess errors)
FAIL: g++.dg/abi/vthunk3.C -std=gnu++98 (test for excess errors)
FAIL: g++.dg/abi/vthunk3.C -std=gnu++11 (test for excess errors)
FAIL: g++.dg/cpp0x/dc5.C (test for excess errors)
FAIL: g++.dg/cpp0x/dc6.C -std=c++11 (test for excess errors)
FAIL: g++.dg/cpp0x/nsdmi-virtual1.C (test for excess errors)
FAIL: g++.dg/cpp0x/regress/abi-empty7.C (test for excess errors)
FAIL: g++.dg/eh/ctor2.C -std=c++98 (test for excess errors)
FAIL: g++.dg/eh/ctor2.C -std=c++11 (test for excess errors)
FAIL: g++.dg/eh/synth2.C -std=c++98 (test for excess errors)
FAIL: g++.dg/eh/synth2.C -std=c++11 (test for excess errors)
FAIL: g++.dg/inherit/access5.C -std=c++98 (test for excess errors)
FAIL: g++.dg/inherit/access5.C -std=c++11 (test for excess errors)
FAIL: g++.dg/inherit/covariant17.C -std=c++98 (test for excess errors)
FAIL: g++.dg/inherit/covariant17.C -std=c++11 (test for excess errors)
FAIL: g++.dg/inherit/covariant18.C -std=c++98 (test for excess errors)
FAIL: g++.dg/inherit/covariant18.C -std=c++11 (test for excess errors)
FAIL: g++.dg/inherit/covariant5.C -std=c++98 (test for excess errors)
FAIL: g++.dg/inherit/covariant5.C -std=c++11 (test for excess errors)
FAIL: g++.dg/inherit/covariant6.C -std=c++98 (test for excess errors)
FAIL: g++.dg/inherit/covariant6.C -std=c++11 (test for excess errors)
FAIL: g++.dg/inherit/covariant8.C -std=c++98 (test for excess errors)
FAIL: g++.dg/inherit/covariant8.C -std=c++11 (test for excess errors)
FAIL: g++.dg/inherit/thunk1.C -std=c++98 (test for excess errors)
FAIL: g++.dg/inherit/thunk1.C -std=c++11 (test for excess errors)
FAIL: g++.dg/inherit/thunk7.C -std=c++98 (test for excess errors)
FAIL: g++.dg/inherit/thunk7.C -std=c++11 (test for excess errors)
FAIL: g++.dg/inherit/virtual8.C -std=c++98 (test for excess errors)
FAIL: g++.dg/inherit/virtual8.C -std=c++11 (test for excess errors)
FAIL: g++.dg/inherit/virtual9.C -std=c++98 (test for excess errors)
FAIL: g++.dg/inherit/virtual9.C -std=c++11 (test for excess errors)
FAIL: g++.dg/init/assign1.C -std=c++98 (test for excess errors)
FAIL: g++.dg/init/assign1.C -std=c++11 (test for excess errors)
FAIL: g++.dg/init/ctor2.C -std=c++98 (test for excess errors)
FAIL: g++.dg/init/ctor2.C -std=c++11 (test for excess errors)
FAIL: g++.dg/init/ctor6.C -std=c++98 (test for excess errors)
FAIL: g++.dg/init/ctor6.C -std=c++11 (test for excess errors)
FAIL: g++.dg/init/ctor7.C -std=c++98 (test for excess errors)
FAIL: g++.dg/init/ctor7.C -std=c++11 (test for excess errors)
FAIL: g++.dg/init/value10.C -std=c++98 (test for excess errors)
FAIL: g++.dg/init/value10.C -std=c++11 (test for excess errors)
FAIL: g++.dg/init/vbase1.C -std=c++98 (test for excess errors)
FAIL: g++.dg/init/vbase1.C -std=c++11 (test for excess errors)
FAIL: g++.dg/lookup/scoped3.C -std=c++98 (test for excess errors)
FAIL: g++.dg/lookup/scoped3.C -std=c++11 (test for excess errors)
FAIL: g++.dg/opt/anchor1.C -std=gnu++98 (test for excess errors)
FAIL: g++.dg/opt/anchor1.C -std=gnu++11 (test for excess errors)
FAIL: g++.dg/opt/memcpy1.C -std=gnu++98 (test for excess errors)
FAIL: g++.dg/opt/memcpy1.C -std=gnu++11 (test for excess errors)
FAIL: g++.dg/opt/pr47366.C -std=gnu++98 (test for excess errors)
FAIL: g++.dg/opt/pr47366.C -std=gnu++11 (test for excess errors)
FAIL: g++.dg/opt/thunk4.C -std=gnu++98 (test for excess errors)
FAIL: g++.dg/opt/thunk4.C -std=gnu++11 (test for excess errors)
FAIL: g++.dg/parse/parse5.C -std=c++98 (test for excess errors)
FAIL: g++.dg/parse/parse5.C -std=c++11 (test for excess errors)
FAIL: g++.dg/rtti/crash4.C -std=gnu++98 (test for excess errors)
FAIL: g++.dg/rtti/crash4.C -std=gnu++11 (test for excess errors)
FAIL: g++.dg/rtti/dyncast3.C -std=c++98 (test for excess errors)
FAIL: g++.dg/rtti/dyncast3.C -std=c++11 (test for excess errors)
FAIL: g++.dg/template/ctor3.C -std=c++98 (test for excess errors)
FAIL: g++.dg/template/ctor3.C -std=c++11 (test for excess errors)
FAIL: g++.dg/tree-ssa/pr22488.C -std=gnu++98 (test for excess errors)
FAIL: g++.dg/tree-ssa/pr22488.C -std=gnu++11 (test for excess errors)
FAIL: g++.dg/warn/pr11159.C -std=gnu++98 (test for excess errors)
FAIL: g++.dg/warn/pr11159.C -std=gnu++11 (test for excess errors)
FAIL: g++.dg/gomp/tls-wrap4.C scan-assembler-not _ZTW1i@PLT
FAIL: g++.dg/lto/20091219 cp_lto_20091219_0.o-cp_lto_20091219_0.o link, -O3 -flto
UNRESOLVED: g++.dg/lto/20091219 cp_lto_20091219_0.o-cp_lto_20091219_0.o execute -O3 -flto
FAIL: g++.dg/tls/thread_local-wrap4.C scan-assembler-not _ZTW1i@PLT
FAIL: g++.dg/torture/pr31863.C -O0 (test for excess errors)
FAIL: g++.dg/torture/pr31863.C -O1 (test for excess errors)
FAIL: g++.dg/torture/pr31863.C -O2 (test for excess errors)
FAIL: g++.dg/torture/pr31863.C -O3 -fomit-frame-pointer (test for excess errors)
FAIL: g++.dg/torture/pr31863.C -O3 -g (test for excess errors)
FAIL: g++.dg/torture/pr31863.C -Os (test for excess errors)
FAIL: g++.dg/torture/pr31863.C -O2 -flto -flto-partition=none (test for excess errors)
FAIL: g++.dg/torture/pr31863.C -O2 -flto (test for excess errors)
FAIL: g++.dg/torture/pr36960.C -O0 (test for excess errors)
FAIL: g++.dg/torture/pr43801.C -O0 (test for excess errors)
FAIL: g++.old-deja/g++.abi/primary2.C -std=c++98 (test for excess errors)
FAIL: g++.old-deja/g++.abi/primary2.C -std=c++11 (test for excess errors)
FAIL: g++.old-deja/g++.abi/primary3.C -std=c++98 (test for excess errors)
FAIL: g++.old-deja/g++.abi/primary3.C -std=c++11 (test for excess errors)
FAIL: g++.old-deja/g++.abi/primary4.C -std=c++98 (test for excess errors)
FAIL: g++.old-deja/g++.abi/primary4.C -std=c++11 (test for excess errors)
FAIL: g++.old-deja/g++.abi/primary5.C -std=c++98 (test for excess errors)
FAIL: g++.old-deja/g++.abi/primary5.C -std=c++11 (test for excess errors)
FAIL: g++.old-deja/g++.abi/vbase1.C -std=c++98 (test for excess errors)
FAIL: g++.old-deja/g++.abi/vbase1.C -std=c++11 (test for excess errors)
FAIL: g++.old-deja/g++.abi/vbase2.C -std=c++98 (test for excess errors)
FAIL: g++.old-deja/g++.abi/vbase2.C -std=c++11 (test for excess errors)
FAIL: g++.old-deja/g++.abi/vbase3.C -std=c++98 (test for excess errors)
FAIL: g++.old-deja/g++.abi/vbase3.C -std=c++11 (test for excess errors)
FAIL: g++.old-deja/g++.abi/vbase4.C -std=c++98 (test for excess errors)
FAIL: g++.old-deja/g++.abi/vbase4.C -std=c++11 (test for excess errors)
FAIL: g++.old-deja/g++.abi/vbase7.C -std=c++98 (test for excess errors)
FAIL: g++.old-deja/g++.abi/vbase7.C -std=c++11 (test for excess errors)
FAIL: g++.old-deja/g++.abi/vtable.C -std=gnu++98 (test for excess errors)
FAIL: g++.old-deja/g++.abi/vtable.C -std=gnu++11 (test for excess errors)
FAIL: g++.old-deja/g++.abi/vtable2.C -std=gnu++98 (test for excess errors)
FAIL: g++.old-deja/g++.abi/vtable2.C -std=gnu++11 (test for excess errors)
FAIL: g++.old-deja/g++.abi/vtable3a.C -std=c++98 (test for excess errors)
FAIL: g++.old-deja/g++.abi/vtable3a.C -std=c++11 (test for excess errors)
FAIL: g++.old-deja/g++.abi/vtable3b.C -std=c++98 (test for excess errors)
FAIL: g++.old-deja/g++.abi/vtable3b.C -std=c++11 (test for excess errors)
FAIL: g++.old-deja/g++.abi/vtable3c.C -std=c++98 (test for excess errors)
FAIL: g++.old-deja/g++.abi/vtable3c.C -std=c++11 (test for excess errors)
FAIL: g++.old-deja/g++.abi/vtable3d.C -std=c++98 (test for excess errors)
FAIL: g++.old-deja/g++.abi/vtable3d.C -std=c++11 (test for excess errors)
FAIL: g++.old-deja/g++.abi/vtable3e.C -std=c++98 (test for excess errors)
FAIL: g++.old-deja/g++.abi/vtable3e.C -std=c++11 (test for excess errors)
FAIL: g++.old-deja/g++.abi/vtable3f.C -std=c++98 (test for excess errors)
FAIL: g++.old-deja/g++.abi/vtable3f.C -std=c++11 (test for excess errors)
FAIL: g++.old-deja/g++.abi/vtable3g.C -std=c++98 (test for excess errors)
FAIL: g++.old-deja/g++.abi/vtable3g.C -std=c++11 (test for excess errors)
FAIL: g++.old-deja/g++.abi/vtable3h.C -std=c++98 (test for excess errors)
FAIL: g++.old-deja/g++.abi/vtable3h.C -std=c++11 (test for excess errors)
FAIL: g++.old-deja/g++.abi/vtable3i.C -std=c++98 (test for excess errors)
FAIL: g++.old-deja/g++.abi/vtable3i.C -std=c++11 (test for excess errors)
FAIL: g++.old-deja/g++.abi/vtable3j.C -std=c++98 (test for excess errors)
FAIL: g++.old-deja/g++.abi/vtable3j.C -std=c++11 (test for excess errors)
FAIL: g++.old-deja/g++.brendan/misc11.C -std=c++98 (test for excess errors)
FAIL: g++.old-deja/g++.brendan/misc11.C -std=c++11 (test for excess errors)
FAIL: g++.old-deja/g++.eh/catch11.C -std=c++98 (test for excess errors)
FAIL: g++.old-deja/g++.eh/catch11.C -std=c++11 (test for excess errors)
FAIL: g++.old-deja/g++.eh/catch12.C -std=c++98 (test for excess errors)
FAIL: g++.old-deja/g++.eh/catch12.C -std=c++11 (test for excess errors)
FAIL: g++.old-deja/g++.eh/vbase2.C -std=c++98 (test for excess errors)
FAIL: g++.old-deja/g++.eh/vbase2.C -std=c++11 (test for excess errors)
FAIL: g++.old-deja/g++.jason/access16.C -std=c++98 (test for excess errors)
FAIL: g++.old-deja/g++.jason/access16.C -std=c++11 (test for excess errors)
FAIL: g++.old-deja/g++.jason/dcast3.C -std=c++98 (test for excess errors)
FAIL: g++.old-deja/g++.jason/dcast3.C -std=c++11 (test for excess errors)
FAIL: g++.old-deja/g++.jason/opeq5.C -std=c++98 (test for excess errors)
FAIL: g++.old-deja/g++.jason/opeq5.C -std=c++11 (test for excess errors)
FAIL: g++.old-deja/g++.jason/opeq6.C -std=c++98 (test for excess errors)
FAIL: g++.old-deja/g++.jason/opeq6.C -std=c++11 (test for excess errors)
FAIL: g++.old-deja/g++.jason/overload13.C -std=c++98 (test for excess errors)
FAIL: g++.old-deja/g++.jason/overload13.C -std=c++11 (test for excess errors)
FAIL: g++.old-deja/g++.jason/ref10.C -std=c++98 (test for excess errors)
FAIL: g++.old-deja/g++.jason/ref10.C -std=c++11 (test for excess errors)
FAIL: g++.old-deja/g++.jason/template41.C -std=c++98 (test for excess errors)
FAIL: g++.old-deja/g++.jason/template41.C -std=c++11 (test for excess errors)
FAIL: g++.old-deja/g++.law/code-gen2.C -std=c++98 (test for excess errors)
FAIL: g++.old-deja/g++.law/code-gen2.C -std=c++11 (test for excess errors)
FAIL: g++.old-deja/g++.law/vbase1.C -std=c++98 (test for excess errors)
FAIL: g++.old-deja/g++.law/vbase1.C -std=c++11 (test for excess errors)
FAIL: g++.old-deja/g++.law/virtual3.C -std=c++98 (test for excess errors)
FAIL: g++.old-deja/g++.law/virtual3.C -std=c++11 (test for excess errors)
FAIL: g++.old-deja/g++.law/vtable2.C -std=c++98 (test for excess errors)
FAIL: g++.old-deja/g++.law/vtable2.C -std=c++11 (test for excess errors)
FAIL: g++.old-deja/g++.mike/align1.C -std=c++98 (test for excess errors)
FAIL: g++.old-deja/g++.mike/align1.C -std=c++11 (test for excess errors)
FAIL: g++.old-deja/g++.mike/dyncast5.C -std=c++98 (test for excess errors)
FAIL: g++.old-deja/g++.mike/dyncast5.C -std=c++11 (test for excess errors)
FAIL: g++.old-deja/g++.mike/dyncast9.C -std=c++98 (test for excess errors)
FAIL: g++.old-deja/g++.mike/dyncast9.C -std=c++11 (test for excess errors)
FAIL: g++.old-deja/g++.mike/eh46.C -std=gnu++98 (test for excess errors)
FAIL: g++.old-deja/g++.mike/eh46.C -std=gnu++11 (test for excess errors)
FAIL: g++.old-deja/g++.mike/mi2.C -std=c++98 (test for excess errors)
FAIL: g++.old-deja/g++.mike/mi2.C -std=c++11 (test for excess errors)
FAIL: g++.old-deja/g++.mike/net17.C -std=c++98 (test for excess errors)
FAIL: g++.old-deja/g++.mike/net17.C -std=c++11 (test for excess errors)
FAIL: g++.old-deja/g++.mike/net35.C -std=c++98 (test for excess errors)
FAIL: g++.old-deja/g++.mike/net35.C -std=c++11 (test for excess errors)
FAIL: g++.old-deja/g++.mike/offset1.C -std=c++98 (test for excess errors)
FAIL: g++.old-deja/g++.mike/offset1.C -std=c++11 (test for excess errors)
FAIL: g++.old-deja/g++.mike/p12306a.C -std=c++98 (test for excess errors)
FAIL: g++.old-deja/g++.mike/p12306a.C -std=c++11 (test for excess errors)
FAIL: g++.old-deja/g++.mike/p16146.C -std=c++98 (test for excess errors)
FAIL: g++.old-deja/g++.mike/p16146.C -std=c++11 (test for excess errors)
FAIL: g++.old-deja/g++.mike/p3041.C -std=c++98 (test for excess errors)
FAIL: g++.old-deja/g++.mike/p3041.C -std=c++11 (test for excess errors)
FAIL: g++.old-deja/g++.mike/p3139.C -std=c++98 (test for excess errors)
FAIL: g++.old-deja/g++.mike/p3139.C -std=c++11 (test for excess errors)
FAIL: g++.old-deja/g++.mike/p3708.C -std=c++98 (test for excess errors)
FAIL: g++.old-deja/g++.mike/p3708.C -std=c++11 (test for excess errors)
FAIL: g++.old-deja/g++.mike/p3708a.C -std=c++98 (test for excess errors)
FAIL: g++.old-deja/g++.mike/p3708a.C -std=c++11 (test for excess errors)
FAIL: g++.old-deja/g++.mike/p3708b.C -std=c++98 (test for excess errors)
FAIL: g++.old-deja/g++.mike/p3708b.C -std=c++11 (test for excess errors)
FAIL: g++.old-deja/g++.mike/p4623.C -std=c++98 (test for excess errors)
FAIL: g++.old-deja/g++.mike/p4623.C -std=c++11 (test for excess errors)
FAIL: g++.old-deja/g++.mike/p4667.C -std=c++98 (test for excess errors)
FAIL: g++.old-deja/g++.mike/p4667.C -std=c++11 (test for excess errors)
FAIL: g++.old-deja/g++.mike/p6610a.C -std=c++98 (test for excess errors)
FAIL: g++.old-deja/g++.mike/p6610a.C -std=c++11 (test for excess errors)
FAIL: g++.old-deja/g++.mike/p6610b.C -std=c++98 (test for excess errors)
FAIL: g++.old-deja/g++.mike/p6610b.C -std=c++11 (test for excess errors)
FAIL: g++.old-deja/g++.mike/rtti3.C -std=c++98 (test for excess errors)
FAIL: g++.old-deja/g++.mike/rtti3.C -std=c++11 (test for excess errors)
FAIL: g++.old-deja/g++.mike/thunk1.C -std=c++98 (test for excess errors)
FAIL: g++.old-deja/g++.mike/thunk1.C -std=c++11 (test for excess errors)
FAIL: g++.old-deja/g++.mike/virt1.C -std=c++98 (test for excess errors)
FAIL: g++.old-deja/g++.mike/virt1.C -std=c++11 (test for excess errors)
FAIL: g++.old-deja/g++.mike/virt2.C -std=c++98 (test for excess errors)
FAIL: g++.old-deja/g++.mike/virt2.C -std=c++11 (test for excess errors)
FAIL: g++.old-deja/g++.mike/virt4.C -std=gnu++98 (test for excess errors)
FAIL: g++.old-deja/g++.mike/virt4.C -std=gnu++11 (test for excess errors)
FAIL: g++.old-deja/g++.mike/virt5.C -std=c++98 (test for excess errors)
FAIL: g++.old-deja/g++.mike/virt5.C -std=c++11 (test for excess errors)
FAIL: g++.old-deja/g++.niklas/t115.C -std=c++98 (test for excess errors)
FAIL: g++.old-deja/g++.niklas/t115.C -std=c++11 (test for excess errors)
FAIL: g++.old-deja/g++.oliva/thunk1.C -std=c++98 (test for excess errors)
FAIL: g++.old-deja/g++.oliva/thunk1.C -std=c++11 (test for excess errors)
FAIL: g++.old-deja/g++.other/access3.C -std=c++98 (test for excess errors)
FAIL: g++.old-deja/g++.other/access3.C -std=c++11 (test for excess errors)
FAIL: g++.old-deja/g++.other/defarg9.C -std=c++98 (test for excess errors)
FAIL: g++.old-deja/g++.other/defarg9.C -std=c++11 (test for excess errors)
FAIL: g++.old-deja/g++.other/dtor9.C -std=c++98 (test for excess errors)
FAIL: g++.old-deja/g++.other/dtor9.C -std=c++11 (test for excess errors)
FAIL: g++.old-deja/g++.other/dyncast3.C -std=c++98 (test for excess errors)
FAIL: g++.old-deja/g++.other/dyncast3.C -std=c++11 (test for excess errors)
FAIL: g++.old-deja/g++.other/thunk1.C -std=c++98 (test for excess errors)
FAIL: g++.old-deja/g++.other/thunk1.C -std=c++11 (test for excess errors)
FAIL: g++.old-deja/g++.other/vbase4.C -std=c++98 (test for excess errors)
FAIL: g++.old-deja/g++.other/vbase4.C -std=c++11 (test for excess errors)
FAIL: g++.old-deja/g++.other/vbase5.C -std=c++98 (test for excess errors)
FAIL: g++.old-deja/g++.other/vbase5.C -std=c++11 (test for excess errors)
FAIL: g++.old-deja/g++.other/virtual9.C -std=c++98 (test for excess errors)
FAIL: g++.old-deja/g++.other/virtual9.C -std=c++11 (test for excess errors)
FAIL: g++.old-deja/g++.pt/derived2.C -std=gnu++98 (test for excess errors)
FAIL: g++.old-deja/g++.pt/derived2.C -std=gnu++11 (test for excess errors)
FAIL: g++.old-deja/g++.pt/mi1.C -std=c++98 (test for excess errors)
FAIL: g++.old-deja/g++.pt/mi1.C -std=c++11 (test for excess errors)
FAIL: g++.old-deja/g++.pt/repo3.C -std=gnu++98 (test for excess errors)
FAIL: g++.old-deja/g++.pt/repo3.C -std=gnu++11 (test for excess errors)
FAIL: g++.old-deja/g++.pt/vbase1.C -std=c++98 (test for excess errors)
FAIL: g++.old-deja/g++.pt/vbase1.C -std=c++11 (test for excess errors)
FAIL: g++.old-deja/g++.robertl/eb19.C -std=c++98 (test for excess errors)
FAIL: g++.old-deja/g++.robertl/eb19.C -std=c++11 (test for excess errors)
FAIL: g++.old-deja/g++.robertl/eb30.C -std=c++98 (test for excess errors)
FAIL: g++.old-deja/g++.robertl/eb30.C -std=c++11 (test for excess errors)
FAIL: g++.old-deja/g++.robertl/eb45.C -std=c++98 (test for excess errors)
FAIL: g++.old-deja/g++.robertl/eb45.C -std=c++11 (test for excess errors)
FAIL: g++.old-deja/g++.robertl/eb46.C -std=c++98 (test for excess errors)
FAIL: g++.old-deja/g++.robertl/eb46.C -std=c++11 (test for excess errors)
FAIL: g++.old-deja/g++.robertl/eb52.C -std=c++98 (test for excess errors)
FAIL: g++.old-deja/g++.robertl/eb52.C -std=c++11 (test for excess errors)
FAIL: g++.old-deja/g++.robertl/eh990323-2.C -std=c++98 (test for excess errors)
FAIL: g++.old-deja/g++.robertl/eh990323-2.C -std=c++11 (test for excess errors)
FAIL: g++.old-deja/g++.robertl/eh990323-4.C -std=c++98 (test for excess errors)
FAIL: g++.old-deja/g++.robertl/eh990323-4.C -std=c++11 (test for excess errors)
=== g++ Summary ===
# of expected passes 49752
# of unexpected failures 271
# of expected failures 291
# of unresolved testcases 1
# of unsupported tests 692
/var/gcc/regression/trunk/9-gcc/build/gcc/testsuite/g++/../../xg++ version 4.8.0 20130201 (experimental) [trunk revision 195647] (GCC)
=== gcc tests ===
Running target unix
=== gcc Summary ===
# of expected passes 88642
# of expected failures 258
# of unsupported tests 2170
/var/gcc/regression/trunk/9-gcc/build/gcc/xgcc version 4.8.0 20130201 (experimental) [trunk revision 195647] (GCC)
=== gfortran tests ===
Running target unix
FAIL: gfortran.dg/class_optional_2.f90 -O2 execution test
FAIL: gfortran.dg/class_optional_2.f90 -O3 -fomit-frame-pointer execution test
FAIL: gfortran.dg/class_optional_2.f90 -O3 -fomit-frame-pointer -funroll-loops execution test
FAIL: gfortran.dg/class_optional_2.f90 -O3 -fomit-frame-pointer -funroll-all-loops -finline-functions execution test
FAIL: gfortran.dg/class_optional_2.f90 -O3 -g execution test
XPASS: gfortran.dg/do_1.f90 -O0 execution test
XPASS: gfortran.dg/do_1.f90 -O1 execution test
FAIL: gfortran.dg/quad_2.f90 -O0 execution test
FAIL: gfortran.dg/quad_2.f90 -O1 execution test
FAIL: gfortran.dg/quad_2.f90 -O2 execution test
FAIL: gfortran.dg/quad_2.f90 -O3 -fomit-frame-pointer execution test
FAIL: gfortran.dg/quad_2.f90 -O3 -fomit-frame-pointer -funroll-loops execution test
FAIL: gfortran.dg/quad_2.f90 -O3 -fomit-frame-pointer -funroll-all-loops -finline-functions execution test
FAIL: gfortran.dg/quad_2.f90 -O3 -g execution test
FAIL: gfortran.dg/quad_2.f90 -Os execution test
FAIL: gfortran.dg/quad_3.f90 -O0 execution test
FAIL: gfortran.dg/quad_3.f90 -O1 execution test
FAIL: gfortran.dg/quad_3.f90 -O2 execution test
FAIL: gfortran.dg/quad_3.f90 -O3 -fomit-frame-pointer execution test
FAIL: gfortran.dg/quad_3.f90 -O3 -fomit-frame-pointer -funroll-loops execution test
FAIL: gfortran.dg/quad_3.f90 -O3 -fomit-frame-pointer -funroll-all-loops -finline-functions execution test
FAIL: gfortran.dg/quad_3.f90 -O3 -g execution test
FAIL: gfortran.dg/quad_3.f90 -Os execution test
FAIL: gfortran.dg/lto/pr45586-2 f_lto_pr45586-2_0.o-f_lto_pr45586-2_0.o link, -O0 -flto -flto-partition=none (internal compiler error)
UNRESOLVED: gfortran.dg/lto/pr45586-2 f_lto_pr45586-2_0.o-f_lto_pr45586-2_0.o execute -O0 -flto -flto-partition=none
FAIL: gfortran.dg/lto/pr45586-2 f_lto_pr45586-2_0.o-f_lto_pr45586-2_0.o link, -O0 -flto -flto-partition=1to1 (internal compiler error)
UNRESOLVED: gfortran.dg/lto/pr45586-2 f_lto_pr45586-2_0.o-f_lto_pr45586-2_0.o execute -O0 -flto -flto-partition=1to1
FAIL: gfortran.dg/lto/pr45586-2 f_lto_pr45586-2_0.o-f_lto_pr45586-2_0.o link, -O0 -flto (internal compiler error)
UNRESOLVED: gfortran.dg/lto/pr45586-2 f_lto_pr45586-2_0.o-f_lto_pr45586-2_0.o execute -O0 -flto
FAIL: gfortran.dg/lto/pr45586 f_lto_pr45586_0.o-f_lto_pr45586_0.o link, -O0 -flto -flto-partition=none (internal compiler error)
UNRESOLVED: gfortran.dg/lto/pr45586 f_lto_pr45586_0.o-f_lto_pr45586_0.o execute -O0 -flto -flto-partition=none
FAIL: gfortran.dg/lto/pr45586 f_lto_pr45586_0.o-f_lto_pr45586_0.o link, -O0 -flto -flto-partition=1to1 (internal compiler error)
UNRESOLVED: gfortran.dg/lto/pr45586 f_lto_pr45586_0.o-f_lto_pr45586_0.o execute -O0 -flto -flto-partition=1to1
FAIL: gfortran.dg/lto/pr45586 f_lto_pr45586_0.o-f_lto_pr45586_0.o link, -O0 -flto (internal compiler error)
UNRESOLVED: gfortran.dg/lto/pr45586 f_lto_pr45586_0.o-f_lto_pr45586_0.o execute -O0 -flto
=== gfortran Summary ===
# of expected passes 42655
# of unexpected failures 27
# of unexpected successes 2
# of expected failures 62
# of unresolved testcases 6
# of unsupported tests 366
/var/gcc/regression/trunk/9-gcc/build/gcc/testsuite/gfortran/../../gfortran version 4.8.0 20130201 (experimental) [trunk revision 195647] (GCC)
=== gnat tests ===
Running target unix
=== gnat Summary ===
# of expected passes 1156
# of expected failures 17
# of unsupported tests 6
/var/gcc/regression/trunk/9-gcc/build/gcc/gnatmake version 4.8.0 20130201 (experimental) [trunk revision 195647]
=== go tests ===
Running target unix
=== go Summary ===
# of expected passes 5083
# of expected failures 1
# of untested testcases 5
/var/gcc/regression/trunk/9-gcc/build/gcc/testsuite/go/../../gccgo version 4.8.0 20130201 (experimental) [trunk revision 195647] (GCC)
=== obj-c++ tests ===
Running target unix
=== obj-c++ Summary ===
# of expected passes 1450
# of expected failures 2
# of unsupported tests 86
/var/gcc/regression/trunk/9-gcc/build/gcc/testsuite/obj-c++/../../xg++ version 4.8.0 20130201 (experimental) [trunk revision 195647] (GCC)
=== objc tests ===
Running target unix
=== objc Summary ===
# of expected passes 2988
# of expected failures 6
# of unsupported tests 74
/var/gcc/regression/trunk/9-gcc/build/gcc/xgcc version 4.8.0 20130201 (experimental) [trunk revision 195647] (GCC)
=== boehm-gc tests ===
Running target unix
=== boehm-gc Summary ===
# of expected passes 12
# of unsupported tests 1
=== libatomic tests ===
Running target unix
=== libatomic Summary ===
# of expected passes 44
# of unsupported tests 5
=== libffi tests ===
Running target unix
=== libffi Summary ===
# of expected passes 1819
# of unsupported tests 55
=== libgo tests ===
Running target unix
FAIL: net
FAIL: syscall
FAIL: runtime/pprof
=== libgo Summary ===
# of expected passes 128
# of unexpected failures 3
=== libgomp tests ===
Running target unix
=== libgomp Summary ===
# of expected passes 2976
# of unsupported tests 3
=== libitm tests ===
Running target unix
=== libitm Summary ===
# of expected passes 26
# of expected failures 3
# of unsupported tests 1
=== libjava tests ===
Running target unix
FAIL: Divide_1 output - source compiled test
FAIL: Divide_1 -findirect-dispatch output - source compiled test
FAIL: Divide_1 -O3 output - source compiled test
FAIL: Divide_1 -O3 -findirect-dispatch output - source compiled test
FAIL: InvokeInterface execution - source compiled test
FAIL: InvokeInterface -O3 execution - source compiled test
FAIL: sourcelocation output - source compiled test
FAIL: sourcelocation -findirect-dispatch output - source compiled test
FAIL: sourcelocation -O3 output - source compiled test
FAIL: sourcelocation -O3 -findirect-dispatch output - source compiled test
=== libjava Summary ===
# of expected passes 2574
# of unexpected failures 10
# of untested testcases 2
=== libstdc++ tests ===
Running target unix
FAIL: 18_support/bad_alloc/cons_virtual_derivation.cc (test for excess errors)
FAIL: 18_support/bad_cast/cons_virtual_derivation.cc (test for excess errors)
FAIL: 18_support/bad_exception/cons_virtual_derivation.cc (test for excess errors)
FAIL: 18_support/bad_typeid/cons_virtual_derivation.cc (test for excess errors)
FAIL: 19_diagnostics/logic_error/cons_virtual_derivation.cc (test for excess errors)
FAIL: 19_diagnostics/runtime_error/cons_virtual_derivation.cc (test for excess errors)
FAIL: 19_diagnostics/system_error/cons_virtual_derivation.cc (test for excess errors)
FAIL: 20_util/bad_function_call/cons_virtual_derivation.cc (test for excess errors)
FAIL: 22_locale/numpunct/members/pod/2.cc (test for excess errors)
FAIL: 26_numerics/complex/inserters_extractors/char/1.cc (test for excess errors)
FAIL: 26_numerics/complex/inserters_extractors/wchar_t/1.cc (test for excess errors)
FAIL: 27_io/basic_fstream/cons/1.cc (test for excess errors)
FAIL: 27_io/basic_fstream/requirements/explicit_instantiation.cc (test for excess errors)
FAIL: 27_io/basic_ifstream/cons/2020.cc (test for excess errors)
FAIL: 27_io/basic_ifstream/requirements/explicit_instantiation.cc (test for excess errors)
FAIL: 27_io/basic_ios/cons/char/3.cc (test for excess errors)
FAIL: 27_io/basic_ios/imbue/14072.cc (test for excess errors)
FAIL: 27_io/basic_iostream/cons/2020.cc (test for excess errors)
FAIL: 27_io/basic_iostream/requirements/explicit_instantiation.cc (test for excess errors)
FAIL: 27_io/basic_istream/extractors_character/char/9826.cc (test for excess errors)
FAIL: 27_io/basic_istringstream/cons/2020.cc (test for excess errors)
FAIL: 27_io/basic_istringstream/requirements/explicit_instantiation.cc (test for excess errors)
FAIL: 27_io/basic_ofstream/cons/2020.cc (test for excess errors)
FAIL: 27_io/basic_ofstream/requirements/explicit_instantiation.cc (test for excess errors)
FAIL: 27_io/basic_ostream/inserters_arithmetic/pod/23875.cc (test for excess errors)
FAIL: 27_io/basic_ostringstream/cons/2020.cc (test for excess errors)
FAIL: 27_io/basic_ostringstream/requirements/explicit_instantiation.cc (test for excess errors)
FAIL: 27_io/basic_ostringstream/str/char/2.cc (test for excess errors)
FAIL: 27_io/basic_ostringstream/str/wchar_t/2.cc (test for excess errors)
FAIL: 27_io/basic_stringstream/cons/2020.cc (test for excess errors)
FAIL: 27_io/basic_stringstream/requirements/explicit_instantiation.cc (test for excess errors)
FAIL: 27_io/ios_base/failure/cons_virtual_derivation.cc (test for excess errors)
FAIL: ext/concurrence_lock_error/cons_virtual_derivation.cc (test for excess errors)
FAIL: ext/concurrence_unlock_error/cons_virtual_derivation.cc (test for excess errors)
FAIL: ext/forced_error/cons_virtual_derivation.cc (test for excess errors)
=== libstdc++ Summary ===
# of expected passes 7594
# of unexpected failures 35
# of expected failures 49
# of unsupported tests 882
Compiler version: 4.8.0 20130201 (experimental) [trunk revision 195647] (GCC)
Platform: i386-pc-solaris2.9
configure flags: --prefix=/vol/gcc --target=i386-pc-solaris2.9 --enable-objc-gc --with-gmp-include=/vol/gcc/include --with-gmp-lib=/vol/gcc/lib --with-mpfr-include=/vol/gcc/include --with-mpfr-lib=/vol/gcc/lib --with-mpc-include=/vol/gcc/include --with-mpc-lib=/vol/gcc/lib --enable-languages=all,ada,obj-c++,go --with-isl-include=/vol/gcc/include --with-isl-lib=/vol/gcc/lib --with-cloog-include=/vol/gcc/include --with-cloog-lib=/vol/gcc/lib --enable-cloog-backend=isl
BOOT_CFLAGS=-g -O2