This is the mail archive of the
gcc-testresults@gcc.gnu.org
mailing list for the GCC project.
Results for 4.6.4 20130201 (prerelease) [gcc-4_6-branch revision 195644] (GCC) testsuite on i386-pc-solaris2.9
- From: Rainer Orth <ro at CeBiTec dot Uni-Bielefeld dot DE>
- To: gcc-testresults at gcc dot gnu dot org
- Date: Mon, 4 Feb 2013 10:49:18 +0100 (MET)
- Subject: Results for 4.6.4 20130201 (prerelease) [gcc-4_6-branch revision 195644] (GCC) testsuite on i386-pc-solaris2.9
LAST_UPDATED: Fri Feb 1 14:04:14 UTC 2013 (revision 195644)
=== acats tests ===
=== acats Summary ===
# of expected passes 2321
# of unexpected failures 0
Native configuration is i386-pc-solaris2.9
=== g++ tests ===
Running target unix
XPASS: g++.dg/uninit-pred-3_b.C (test for excess errors)
=== g++ Summary ===
# of expected passes 27115
# of unexpected successes 1
# of expected failures 169
# of unsupported tests 191
/var/gcc/regression/gcc-4.6-branch/9-gcc-gas/build/gcc/testsuite/g++/../../g++ version 4.6.4 20130201 (prerelease) [gcc-4_6-branch revision 195644] (GCC)
=== gcc tests ===
Running target unix
FAIL: gcc.dg/lto/20110201-1 c_lto_20110201-1_0.o-c_lto_20110201-1_0.o link, -O0 -flto
UNRESOLVED: gcc.dg/lto/20110201-1 c_lto_20110201-1_0.o-c_lto_20110201-1_0.o execute -O0 -flto
=== gcc Summary ===
# of expected passes 77007
# of unexpected failures 1
# of expected failures 212
# of unresolved testcases 1
# of unsupported tests 847
/var/gcc/regression/gcc-4.6-branch/9-gcc-gas/build/gcc/xgcc version 4.6.4 20130201 (prerelease) [gcc-4_6-branch revision 195644] (GCC)
=== gfortran tests ===
Running target unix
=== gfortran Summary ===
# of expected passes 38628
# of expected failures 41
# of unsupported tests 364
/var/gcc/regression/gcc-4.6-branch/9-gcc-gas/build/gcc/testsuite/gfortran/../../gfortran version 4.6.4 20130201 (prerelease) [gcc-4_6-branch revision 195644] (GCC)
=== gnat tests ===
Running target unix
=== gnat Summary ===
# of expected passes 878
# of expected failures 10
# of unsupported tests 3
/var/gcc/regression/gcc-4.6-branch/9-gcc-gas/build/gcc/gnatmake version 4.6.4 20130201 (prerelease) [gcc-4_6-branch revision 195644]
=== objc tests ===
Running target unix
=== objc Summary ===
# of expected passes 2872
# of expected failures 6
# of unsupported tests 98
/var/gcc/regression/gcc-4.6-branch/9-gcc-gas/build/gcc/xgcc version 4.6.4 20130201 (prerelease) [gcc-4_6-branch revision 195644] (GCC)
=== libffi tests ===
Running target unix
=== libffi Summary ===
# of expected passes 1634
# of expected failures 10
# of unsupported tests 15
=== libgomp tests ===
Running target unix
=== libgomp Summary ===
# of expected passes 2628
# of unsupported tests 3
=== libjava tests ===
Running target unix
FAIL: Divide_1 output - source compiled test
FAIL: Divide_1 -findirect-dispatch output - source compiled test
FAIL: Divide_1 -O3 output - source compiled test
FAIL: Divide_1 -O3 -findirect-dispatch output - source compiled test
=== libjava Summary ===
# of expected passes 2570
# of unexpected failures 4
=== libstdc++ tests ===
Running target unix
=== libstdc++ Summary ===
# of expected passes 6908
# of expected failures 86
# of unsupported tests 745
Compiler version: 4.6.4 20130201 (prerelease) [gcc-4_6-branch revision 195644] (GCC)
Platform: i386-pc-solaris2.9
configure flags: --prefix=/vol/gcc --target=i386-pc-solaris2.9 --with-as=/vol/gcc/bin/gas-2.23.1 --with-gnu-as --with-gmp-include=/vol/gcc/include --with-gmp-lib=/vol/gcc/lib --with-mpfr-include=/vol/gcc/include --with-mpfr-lib=/vol/gcc/lib --with-mpc-include=/vol/gcc/include --with-mpc-lib=/vol/gcc/lib --enable-languages=all,ada --without-ppl --without-isl --without-cloog
BOOT_CFLAGS=-g -O2