This is the mail archive of the
gcc-testresults@gcc.gnu.org
mailing list for the GCC project.
Results for 4.8.0 20121229 (experimental) (GCC) testsuite on armv7l-unknown-linux-gnueabihf
- From: Robert Nelson <robertcnelson at gmail dot com>
- To: gcc-testresults at gcc dot gnu dot org
- Date: Sun, 30 Dec 2012 00:08:01 -0600
- Subject: Results for 4.8.0 20121229 (experimental) (GCC) testsuite on armv7l-unknown-linux-gnueabihf
Native configuration is armv7l-unknown-linux-gnueabihf
=== libatomic tests ===
Running target unix
=== libatomic Summary ===
# of expected passes 44
# of unsupported tests 5
=== libgomp tests ===
Running target unix
=== libgomp Summary ===
# of expected passes 1241
# of unsupported tests 1
=== libitm tests ===
Running target unix
=== libitm Summary ===
# of expected passes 26
# of expected failures 3
# of unsupported tests 1
=== libmudflap tests ===
Running target unix
FAIL: libmudflap.c/fail37-frag.c (-O2) crash test
FAIL: libmudflap.c/fail37-frag.c (-O2) output pattern test
FAIL: libmudflap.c/fail37-frag.c (-O3) crash test
FAIL: libmudflap.c/fail37-frag.c (-O3) output pattern test
FAIL: libmudflap.c++/pass41-frag.cxx (-static) execution test
FAIL: libmudflap.c++/pass41-frag.cxx ( -O) execution test
FAIL: libmudflap.c++/pass41-frag.cxx (-O2) execution test
FAIL: libmudflap.c++/pass41-frag.cxx (-O3) execution test
=== libmudflap Summary ===
# of expected passes 1898
# of unexpected failures 8
=== libstdc++ tests ===
Running target unix
=== libstdc++ Summary ===
# of expected passes 8319
# of expected failures 43
# of unsupported tests 539
=== gcc tests ===
Running target unix
FAIL: gcc.dg/cpp/_Pragma3.c (test for excess errors)
FAIL: gcc.dg/builtin-apply2.c execution test
FAIL: gcc.dg/c99-stdint-1.c (test for excess errors)
FAIL: gcc.dg/c99-stdint-7.c (test for excess errors)
FAIL: gcc.dg/fshort-wchar.c (test for excess errors)
FAIL: gcc.dg/tls/pr42894.c (test for excess errors)
FAIL: gcc.dg/tree-ssa/pr42585.c scan-tree-dump-times optimized "struct _fat_ptr _ans" 0
FAIL: gcc.dg/tree-ssa/pr42585.c scan-tree-dump-times optimized "struct _fat_ptr _T2" 0
FAIL: gcc.dg/tree-ssa/pr43491.c scan-tree-dump-times pre "Eliminated: 3" 1
FAIL: gcc.dg/tree-ssa/sra-12.c scan-tree-dump-times release_ssa "l;" 0
FAIL: gcc.dg/vect/aligned-section-anchors-nest-1.c scan-ipa-dump-times increase_alignment "Increasing alignment of decl" 3
FAIL: gcc.target/arm/ftest-armv4t-thumb.c (test for excess errors)
UNRESOLVED: gcc.target/arm/ftest-armv4t-thumb.c compilation failed to produce executable
FAIL: gcc.target/arm/ftest-armv5t-thumb.c (test for excess errors)
UNRESOLVED: gcc.target/arm/ftest-armv5t-thumb.c compilation failed to produce executable
FAIL: gcc.target/arm/ftest-armv5te-thumb.c (test for excess errors)
UNRESOLVED: gcc.target/arm/ftest-armv5te-thumb.c compilation failed to produce executable
FAIL: gcc.target/arm/ftest-armv6-thumb.c (test for excess errors)
UNRESOLVED: gcc.target/arm/ftest-armv6-thumb.c compilation failed to produce executable
FAIL: gcc.target/arm/ftest-armv6k-thumb.c (test for excess errors)
UNRESOLVED: gcc.target/arm/ftest-armv6k-thumb.c compilation failed to produce executable
FAIL: gcc.target/arm/ftest-armv6z-thumb.c (test for excess errors)
UNRESOLVED: gcc.target/arm/ftest-armv6z-thumb.c compilation failed to produce executable
FAIL: gcc.target/arm/mmx-2.c (internal compiler error)
FAIL: gcc.target/arm/mmx-2.c (test for excess errors)
FAIL: gcc.target/arm/neon-vld1_dupQ.c (test for excess errors)
FAIL: gcc.target/arm/pr42575.c scan-assembler-not mov
FAIL: gcc.target/arm/thumb-ltu.c (test for excess errors)
UNRESOLVED: gcc.target/arm/thumb-ltu.c scan-assembler-not uxtb
FAIL: gcc.target/arm/unsigned-extend-1.c scan-assembler-not uxtb
FAIL: gcc.target/arm/volatile-bitfields-1.c scan-assembler ldrb[\\\\t ]+[^\\n]*,[\\\\t ]*\\\\[[^\\n]*\\\\]
=== gcc Summary ===
# of expected passes 88669
# of unexpected failures 24
# of expected failures 255
# of unresolved testcases 7
# of unsupported tests 1244
/opt/gcc-build/gcc/xgcc version 4.8.0 20121229 (experimental) (GCC)
=== g++ tests ===
Running target unix
FAIL: g++.dg/debug/dwarf2/non-virtual-thunk.C -std=gnu++98 scan-assembler thunk.C:30
FAIL: g++.dg/debug/dwarf2/non-virtual-thunk.C -std=gnu++11 scan-assembler thunk.C:30
=== g++ Summary ===
# of expected passes 49831
# of unexpected failures 2
# of expected failures 290
# of unsupported tests 798
/opt/gcc-build/gcc/testsuite/g++/../../xg++ version 4.8.0 20121229 (experimental) (GCC)
Compiler version: 4.8.0 20121229 (experimental) (GCC)
Platform: armv7l-unknown-linux-gnueabihf
configure flags: --enable-languages=c,c++ --with-cpu=cortex-a9 --with-fpu=vfpv3 --with-float=hard
Build Logs: http://rcn-ee.homeip.net:81/dl/gcc/archive/20121229-23:21-git5ec797a-trunk-panda-es-1gb-a3/