This is the mail archive of the gcc-testresults@gcc.gnu.org mailing list for the GCC project.


Index Nav: [Date Index] [Subject Index] [Author Index] [Thread Index]
Message Nav: [Date Prev] [Date Next] [Thread Prev] [Thread Next]
Other format: [Raw text]

Results for 4.8.0 20120923 (prerelease) (GCC) testsuite on arm-unknown-rtems4.11


Based on GCC 4.8.0 20120923 with the attached patch applied.

arm-rtems4.11-gcc --version --verbose
Using built-in specs.
COLLECT_GCC=./arm-rtems4.11-gcc
COLLECT_LTO_WRAPPER=/home/sh/install-4.8-20120923/libexec/gcc/arm-rtems4.11/4.8.0/lto-wrapper
arm-rtems4.11-gcc (GCC) 4.8.0 20120923 (experimental)
Copyright (C) 2012 Free Software Foundation, Inc.
This is free software; see the source for copying conditions.  There is NO
warranty; not even for MERCHANTABILITY or FITNESS FOR A PARTICULAR PURPOSE.


Target: arm-rtems4.11
Configured with: /home/sh/archive/gcc-4.8-20120923/configure 'CFLAGS_FOR_TARGET=-B/home/sh/install-4.8-20120923/arm-rtems4.11/edb7312/lib/ ' --with-ppl=/users/joel/test-gcc/install-svn/ --enable-threads=rtems --with-gnu-as --with-gnu-ld --disable-newlib --verbose --with-system-zlib --disable-nls --enable-version-specific-runtime-libs --enable-languages=c,fortran --target=arm-rtems4.11 --prefix=/home/sh/install-4.8-20120923
Thread model: rtems
gcc version 4.8.0 20120923 (experimental) (GCC)
COLLECT_GCC_OPTIONS='--version' '-v'
/home/sh/install-4.8-20120923/libexec/gcc/arm-rtems4.11/4.8.0/cc1 -quiet -v -D__USES_INITFINI__ help-dummy -quiet -dumpbase help-dummy -auxbase help-dummy -version --version -o /tmp/ccgCPY0S.s
GNU C (GCC) version 4.8.0 20120923 (experimental) (arm-rtems4.11)
compiled by GNU C version 4.4.1 [gcc-4_4-branch revision 150839], GMP version 5.0.5, MPFR version 3.1.1, MPC version 1.0.1
GGC heuristics: --param ggc-min-expand=30 --param ggc-min-heapsize=4096
COLLECT_GCC_OPTIONS='--version' '-v'


Test Run By sh on Mon Sep 24 17:54:57 2012
Target is arm-unknown-rtems4.11
Host   is x86_64-unknown-linux-gnu

=== gcc tests ===

Schedule of variations:
    rtems-arm-edb7312

Running target rtems-arm-edb7312
Using /home/sh/git-rtems-testing/dejagnu/boards/rtems-arm-edb7312.exp as board description file for target.
Using /usr/share/dejagnu/config/sim.exp as generic interface file for target.
Using /usr/share/dejagnu/baseboards/basic-sim.exp as board description file for target.
Using /home/sh/archive/gcc-4.8-20120923/gcc/testsuite/config/default.exp as tool-and-target-specific interface file.
Running /home/sh/archive/gcc-4.8-20120923/gcc/testsuite/gcc.c-torture/compile/compile.exp ...
Running /home/sh/archive/gcc-4.8-20120923/gcc/testsuite/gcc.c-torture/execute/builtins/builtins.exp ...
FAIL: gcc.c-torture/execute/builtins/20010124-1.c compilation, -O2 -flto -fuse-linker-plugin -fno-fat-lto-objects
FAIL: gcc.c-torture/execute/builtins/fprintf.c compilation, -O2 -flto -fuse-linker-plugin -fno-fat-lto-objects
FAIL: gcc.c-torture/execute/builtins/memchr.c compilation, -O2 -flto -fuse-linker-plugin -fno-fat-lto-objects
FAIL: gcc.c-torture/execute/builtins/memcpy-chk.c compilation, -O2 -flto -fuse-linker-plugin -fno-fat-lto-objects
FAIL: gcc.c-torture/execute/builtins/memmove-2.c compilation, -O2 -flto -fuse-linker-plugin -fno-fat-lto-objects
FAIL: gcc.c-torture/execute/builtins/memmove-chk.c compilation, -O2 -flto -fuse-linker-plugin -fno-fat-lto-objects
FAIL: gcc.c-torture/execute/builtins/memmove.c compilation, -O2 -flto -fuse-linker-plugin -fno-fat-lto-objects
FAIL: gcc.c-torture/execute/builtins/memops-asm.c compilation, -O2 -flto -fuse-linker-plugin -fno-fat-lto-objects
FAIL: gcc.c-torture/execute/builtins/mempcpy-chk.c compilation, -O2 -flto -fuse-linker-plugin -fno-fat-lto-objects
FAIL: gcc.c-torture/execute/builtins/memset-chk.c compilation, -O2 -flto -fuse-linker-plugin -fno-fat-lto-objects
FAIL: gcc.c-torture/execute/builtins/memset.c compilation, -O2 -flto -fuse-linker-plugin -fno-fat-lto-objects
FAIL: gcc.c-torture/execute/builtins/pr22237.c compilation, -O2 -flto -fuse-linker-plugin -fno-fat-lto-objects
FAIL: gcc.c-torture/execute/builtins/pr23484-chk.c compilation, -O2 -flto -fuse-linker-plugin -fno-fat-lto-objects
FAIL: gcc.c-torture/execute/builtins/snprintf-chk.c compilation, -O2 -flto -fuse-linker-plugin -fno-fat-lto-objects
FAIL: gcc.c-torture/execute/builtins/sprintf-chk.c compilation, -O2 -flto -fuse-linker-plugin -fno-fat-lto-objects
FAIL: gcc.c-torture/execute/builtins/stpcpy-chk.c compilation, -O2 -flto -fuse-linker-plugin -fno-fat-lto-objects
FAIL: gcc.c-torture/execute/builtins/stpncpy-chk.c compilation, -O2 -flto -fuse-linker-plugin -fno-fat-lto-objects
FAIL: gcc.c-torture/execute/builtins/strcat-chk.c compilation, -O2 -flto -fuse-linker-plugin -fno-fat-lto-objects
FAIL: gcc.c-torture/execute/builtins/strcat.c compilation, -O2 -flto -fuse-linker-plugin -fno-fat-lto-objects
FAIL: gcc.c-torture/execute/builtins/strchr.c compilation, -O2 -flto -fuse-linker-plugin -fno-fat-lto-objects
FAIL: gcc.c-torture/execute/builtins/strcmp.c compilation, -O2 -flto -fuse-linker-plugin -fno-fat-lto-objects
FAIL: gcc.c-torture/execute/builtins/strcpy-2.c compilation, -O2 -flto -fuse-linker-plugin -fno-fat-lto-objects
FAIL: gcc.c-torture/execute/builtins/strcpy-chk.c compilation, -O2 -flto -fuse-linker-plugin -fno-fat-lto-objects
FAIL: gcc.c-torture/execute/builtins/strcpy.c compilation, -O2 -flto -fuse-linker-plugin -fno-fat-lto-objects
FAIL: gcc.c-torture/execute/builtins/strlen-2.c compilation, -O2 -flto -fuse-linker-plugin -fno-fat-lto-objects
FAIL: gcc.c-torture/execute/builtins/strlen-3.c compilation, -O2 -flto -fuse-linker-plugin -fno-fat-lto-objects
FAIL: gcc.c-torture/execute/builtins/strlen.c compilation, -O2 -flto -fuse-linker-plugin -fno-fat-lto-objects
FAIL: gcc.c-torture/execute/builtins/strncat-chk.c compilation, -O2 -flto -fuse-linker-plugin -fno-fat-lto-objects
FAIL: gcc.c-torture/execute/builtins/strncmp-2.c compilation, -O2 -flto -fuse-linker-plugin -fno-fat-lto-objects
FAIL: gcc.c-torture/execute/builtins/strncmp.c compilation, -O2 -flto -fuse-linker-plugin -fno-fat-lto-objects
FAIL: gcc.c-torture/execute/builtins/strncpy-chk.c compilation, -O2 -flto -fuse-linker-plugin -fno-fat-lto-objects
FAIL: gcc.c-torture/execute/builtins/strncpy.c compilation, -O2 -flto -fuse-linker-plugin -fno-fat-lto-objects
FAIL: gcc.c-torture/execute/builtins/vsnprintf-chk.c compilation, -O2 -flto -fuse-linker-plugin -fno-fat-lto-objects
FAIL: gcc.c-torture/execute/builtins/vsprintf-chk.c compilation, -O2 -flto -fuse-linker-plugin -fno-fat-lto-objects
Running /home/sh/archive/gcc-4.8-20120923/gcc/testsuite/gcc.c-torture/execute/execute.exp ...
FAIL: gcc.c-torture/execute/20101011-1.c execution, -O0
FAIL: gcc.c-torture/execute/20101011-1.c execution, -O1
FAIL: gcc.c-torture/execute/20101011-1.c execution, -O2
FAIL: gcc.c-torture/execute/20101011-1.c execution, -O3 -fomit-frame-pointer
FAIL: gcc.c-torture/execute/20101011-1.c execution, -O3 -g
FAIL: gcc.c-torture/execute/20101011-1.c execution, -Os
FAIL: gcc.c-torture/execute/20101011-1.c execution, -Og -g
FAIL: gcc.c-torture/execute/20101011-1.c execution, -O2 -flto -fno-use-linker-plugin -flto-partition=none
FAIL: gcc.c-torture/execute/20101011-1.c execution, -O2 -flto -fuse-linker-plugin -fno-fat-lto-objects
Running /home/sh/archive/gcc-4.8-20120923/gcc/testsuite/gcc.c-torture/execute/ieee/ieee.exp ...
Running /home/sh/archive/gcc-4.8-20120923/gcc/testsuite/gcc.c-torture/unsorted/unsorted.exp ...


Running /home/sh/archive/gcc-4.8-20120923/gcc/testsuite/gcc.dg/autopar/autopar.exp ...
Running /home/sh/archive/gcc-4.8-20120923/gcc/testsuite/gcc.dg/charset/charset.exp ...
Running /home/sh/archive/gcc-4.8-20120923/gcc/testsuite/gcc.dg/compat/compat.exp ...
Running /home/sh/archive/gcc-4.8-20120923/gcc/testsuite/gcc.dg/compat/struct-layout-1.exp ...
Running /home/sh/archive/gcc-4.8-20120923/gcc/testsuite/gcc.dg/cpp/cpp.exp ...
Running /home/sh/archive/gcc-4.8-20120923/gcc/testsuite/gcc.dg/cpp/trad/trad.exp ...
Running /home/sh/archive/gcc-4.8-20120923/gcc/testsuite/gcc.dg/debug/debug.exp ...
FAIL: gcc.dg/debug/20020220-1.c -gdwarf-2 -g3 (test for excess errors)
WARNING: gcc.dg/debug/20020220-1.c -gdwarf-2 -g3 compilation failed to produce executable
FAIL: gcc.dg/debug/20020220-1.c -gdwarf-2 -g3 -O (test for excess errors)
WARNING: gcc.dg/debug/20020220-1.c -gdwarf-2 -g3 -O compilation failed to produce executable
FAIL: gcc.dg/debug/20020220-1.c -gdwarf-2 -g3 -O3 (test for excess errors)
WARNING: gcc.dg/debug/20020220-1.c -gdwarf-2 -g3 -O3 compilation failed to produce executable
FAIL: gcc.dg/debug/20020327-1.c -gdwarf-2 -g3 (test for excess errors)
FAIL: gcc.dg/debug/20020327-1.c -gdwarf-2 -g3 -O (test for excess errors)
FAIL: gcc.dg/debug/20020327-1.c -gdwarf-2 -g3 -O3 (test for excess errors)
FAIL: gcc.dg/debug/20050907-1.c -gdwarf-2 -g3 (test for excess errors)
FAIL: gcc.dg/debug/20050907-1.c -gdwarf-2 -g3 -O (test for excess errors)
FAIL: gcc.dg/debug/20050907-1.c -gdwarf-2 -g3 -O3 (test for excess errors)
FAIL: gcc.dg/debug/pr29609-1.c -gdwarf-2 -g3 (test for excess errors)
WARNING: gcc.dg/debug/pr29609-1.c -gdwarf-2 -g3 compilation failed to produce executable
FAIL: gcc.dg/debug/pr29609-1.c -gdwarf-2 -g3 -O (test for excess errors)
WARNING: gcc.dg/debug/pr29609-1.c -gdwarf-2 -g3 -O compilation failed to produce executable
FAIL: gcc.dg/debug/pr29609-1.c -gdwarf-2 -g3 -O3 (test for excess errors)
WARNING: gcc.dg/debug/pr29609-1.c -gdwarf-2 -g3 -O3 compilation failed to produce executable
FAIL: gcc.dg/debug/pr29609-2.c -gdwarf-2 -g3 (test for excess errors)
WARNING: gcc.dg/debug/pr29609-2.c -gdwarf-2 -g3 compilation failed to produce executable
FAIL: gcc.dg/debug/pr29609-2.c -gdwarf-2 -g3 -O (test for excess errors)
WARNING: gcc.dg/debug/pr29609-2.c -gdwarf-2 -g3 -O compilation failed to produce executable
FAIL: gcc.dg/debug/pr29609-2.c -gdwarf-2 -g3 -O3 (test for excess errors)
WARNING: gcc.dg/debug/pr29609-2.c -gdwarf-2 -g3 -O3 compilation failed to produce executable
FAIL: gcc.dg/debug/pr36690-1.c -gdwarf-2 -g3 (test for excess errors)
WARNING: gcc.dg/debug/pr36690-1.c -gdwarf-2 -g3 compilation failed to produce executable
FAIL: gcc.dg/debug/pr36690-1.c -gdwarf-2 -g3 -O (test for excess errors)
WARNING: gcc.dg/debug/pr36690-1.c -gdwarf-2 -g3 -O compilation failed to produce executable
FAIL: gcc.dg/debug/pr36690-1.c -gdwarf-2 -g3 -O3 (test for excess errors)
WARNING: gcc.dg/debug/pr36690-1.c -gdwarf-2 -g3 -O3 compilation failed to produce executable
FAIL: gcc.dg/debug/pr36690-2.c -gdwarf-2 -g3 (test for excess errors)
WARNING: gcc.dg/debug/pr36690-2.c -gdwarf-2 -g3 compilation failed to produce executable
FAIL: gcc.dg/debug/pr36690-2.c -gdwarf-2 -g3 -O (test for excess errors)
WARNING: gcc.dg/debug/pr36690-2.c -gdwarf-2 -g3 -O compilation failed to produce executable
FAIL: gcc.dg/debug/pr36690-2.c -gdwarf-2 -g3 -O3 (test for excess errors)
WARNING: gcc.dg/debug/pr36690-2.c -gdwarf-2 -g3 -O3 compilation failed to produce executable
FAIL: gcc.dg/debug/pr36690-3.c -gdwarf-2 -g3 (test for excess errors)
WARNING: gcc.dg/debug/pr36690-3.c -gdwarf-2 -g3 compilation failed to produce executable
FAIL: gcc.dg/debug/pr36690-3.c -gdwarf-2 -g3 -O (test for excess errors)
WARNING: gcc.dg/debug/pr36690-3.c -gdwarf-2 -g3 -O compilation failed to produce executable
FAIL: gcc.dg/debug/pr36690-3.c -gdwarf-2 -g3 -O3 (test for excess errors)
WARNING: gcc.dg/debug/pr36690-3.c -gdwarf-2 -g3 -O3 compilation failed to produce executable
FAIL: gcc.dg/debug/pr37616.c -gdwarf-2 -g3 (test for excess errors)
WARNING: gcc.dg/debug/pr37616.c -gdwarf-2 -g3 compilation failed to produce executable
FAIL: gcc.dg/debug/pr37616.c -gdwarf-2 -g3 -O (test for excess errors)
WARNING: gcc.dg/debug/pr37616.c -gdwarf-2 -g3 -O compilation failed to produce executable
FAIL: gcc.dg/debug/pr37616.c -gdwarf-2 -g3 -O3 (test for excess errors)
WARNING: gcc.dg/debug/pr37616.c -gdwarf-2 -g3 -O3 compilation failed to produce executable
FAIL: gcc.dg/debug/pr49032.c -gdwarf-2 -g3 (test for excess errors)
FAIL: gcc.dg/debug/pr49032.c -gdwarf-2 -g3 -O (test for excess errors)
FAIL: gcc.dg/debug/pr49032.c -gdwarf-2 -g3 -O3 (test for excess errors)
FAIL: gcc.dg/debug/tls-1.c -gdwarf-2 -g3 (test for excess errors)
FAIL: gcc.dg/debug/tls-1.c -gdwarf-2 -g3 -O (test for excess errors)
FAIL: gcc.dg/debug/tls-1.c -gdwarf-2 -g3 -O3 (test for excess errors)
FAIL: gcc.dg/debug/trivial.c -gdwarf-2 -g3 (test for excess errors)
WARNING: gcc.dg/debug/trivial.c -gdwarf-2 -g3 compilation failed to produce executable
FAIL: gcc.dg/debug/trivial.c -gdwarf-2 -g3 -O (test for excess errors)
WARNING: gcc.dg/debug/trivial.c -gdwarf-2 -g3 -O compilation failed to produce executable
FAIL: gcc.dg/debug/trivial.c -gdwarf-2 -g3 -O3 (test for excess errors)
WARNING: gcc.dg/debug/trivial.c -gdwarf-2 -g3 -O3 compilation failed to produce executable
Running /home/sh/archive/gcc-4.8-20120923/gcc/testsuite/gcc.dg/debug/dwarf2/dwarf2.exp ...
Running /home/sh/archive/gcc-4.8-20120923/gcc/testsuite/gcc.dg/dfp/dfp.exp ...
Running /home/sh/archive/gcc-4.8-20120923/gcc/testsuite/gcc.dg/dg.exp ...
XPASS: gcc.dg/Wstrict-overflow-18.c (test for bogus messages, line 20)
FAIL: gcc.dg/atomic-flag.c (test for excess errors)
WARNING: gcc.dg/atomic-flag.c compilation failed to produce executable
FAIL: gcc.dg/attr-weakref-1.c (test for excess errors)
WARNING: gcc.dg/attr-weakref-1.c compilation failed to produce executable
FAIL: gcc.dg/builtin-object-size-8.c execution test
FAIL: gcc.dg/fshort-wchar.c (test for excess errors)
FAIL: gcc.dg/pr41574.c (test for excess errors)
FAIL: gcc.dg/uninit-13.c unconditional (test for warnings, line 8)
FAIL: gcc.dg/uninit-13.c (test for excess errors)
Running /home/sh/archive/gcc-4.8-20120923/gcc/testsuite/gcc.dg/fixed-point/fixed-point.exp ...
Running /home/sh/archive/gcc-4.8-20120923/gcc/testsuite/gcc.dg/format/format.exp ...
Running /home/sh/archive/gcc-4.8-20120923/gcc/testsuite/gcc.dg/gomp/gomp.exp ...
Running /home/sh/archive/gcc-4.8-20120923/gcc/testsuite/gcc.dg/graphite/graphite.exp ...
Running /home/sh/archive/gcc-4.8-20120923/gcc/testsuite/gcc.dg/guality/guality.exp ...
Running /home/sh/archive/gcc-4.8-20120923/gcc/testsuite/gcc.dg/ipa/ipa.exp ...
Running /home/sh/archive/gcc-4.8-20120923/gcc/testsuite/gcc.dg/lto/lto.exp ...
Running /home/sh/archive/gcc-4.8-20120923/gcc/testsuite/gcc.dg/noncompile/noncompile.exp ...
Running /home/sh/archive/gcc-4.8-20120923/gcc/testsuite/gcc.dg/pch/pch.exp ...
FAIL: gcc.dg/pch/save-temps-1.c -O0 -g assembly comparison
FAIL: gcc.dg/pch/save-temps-1.c -O3 -g assembly comparison
Running /home/sh/archive/gcc-4.8-20120923/gcc/testsuite/gcc.dg/plugin/plugin.exp ...
Running /home/sh/archive/gcc-4.8-20120923/gcc/testsuite/gcc.dg/simulate-thread/simulate-thread.exp ...
Running /home/sh/archive/gcc-4.8-20120923/gcc/testsuite/gcc.dg/special/mips-abi.exp ...
Running /home/sh/archive/gcc-4.8-20120923/gcc/testsuite/gcc.dg/special/special.exp ...
Running /home/sh/archive/gcc-4.8-20120923/gcc/testsuite/gcc.dg/tls/tls.exp ...
FAIL: gcc.dg/tls/pr42894.c (test for excess errors)
Running /home/sh/archive/gcc-4.8-20120923/gcc/testsuite/gcc.dg/tm/tm.exp ...
Running /home/sh/archive/gcc-4.8-20120923/gcc/testsuite/gcc.dg/torture/dg-torture.exp ...
FAIL: gcc.dg/torture/pr51106-2.c -O0 (internal compiler error)
FAIL: gcc.dg/torture/pr51106-2.c -O0 (test for excess errors)
FAIL: gcc.dg/torture/pr51106-2.c -O1 (internal compiler error)
FAIL: gcc.dg/torture/pr51106-2.c -O1 (test for excess errors)
FAIL: gcc.dg/torture/pr51106-2.c -O2 (internal compiler error)
FAIL: gcc.dg/torture/pr51106-2.c -O2 (test for excess errors)
FAIL: gcc.dg/torture/pr51106-2.c -O3 -fomit-frame-pointer (internal compiler error)
FAIL: gcc.dg/torture/pr51106-2.c -O3 -fomit-frame-pointer (test for excess errors)
FAIL: gcc.dg/torture/pr51106-2.c -O3 -g (internal compiler error)
FAIL: gcc.dg/torture/pr51106-2.c -O3 -g (test for excess errors)
FAIL: gcc.dg/torture/pr51106-2.c -Os (internal compiler error)
FAIL: gcc.dg/torture/pr51106-2.c -Os (test for excess errors)
FAIL: gcc.dg/torture/pr51106-2.c -O2 -flto -fno-use-linker-plugin -flto-partition=none (internal compiler error)
FAIL: gcc.dg/torture/pr51106-2.c -O2 -flto -fno-use-linker-plugin -flto-partition=none (test for excess errors)
Running /home/sh/archive/gcc-4.8-20120923/gcc/testsuite/gcc.dg/torture/stackalign/stackalign.exp ...
Running /home/sh/archive/gcc-4.8-20120923/gcc/testsuite/gcc.dg/torture/tls/tls.exp ...
Running /home/sh/archive/gcc-4.8-20120923/gcc/testsuite/gcc.dg/tree-prof/tree-prof.exp ...
Running /home/sh/archive/gcc-4.8-20120923/gcc/testsuite/gcc.dg/tree-ssa/tree-ssa.exp ...
FAIL: gcc.dg/tree-ssa/pr37508.c scan-tree-dump-times vrp1 "Folding" 3
FAIL: gcc.dg/tree-ssa/sra-12.c scan-tree-dump-times release_ssa "l;" 0
Running /home/sh/archive/gcc-4.8-20120923/gcc/testsuite/gcc.dg/vect/costmodel/i386/i386-costmodel-vect.exp ...
Running /home/sh/archive/gcc-4.8-20120923/gcc/testsuite/gcc.dg/vect/costmodel/ppc/ppc-costmodel-vect.exp ...
Running /home/sh/archive/gcc-4.8-20120923/gcc/testsuite/gcc.dg/vect/costmodel/spu/spu-costmodel-vect.exp ...
Running /home/sh/archive/gcc-4.8-20120923/gcc/testsuite/gcc.dg/vect/costmodel/x86_64/x86_64-costmodel-vect.exp ...
Running /home/sh/archive/gcc-4.8-20120923/gcc/testsuite/gcc.dg/vect/vect.exp ...
Running /home/sh/archive/gcc-4.8-20120923/gcc/testsuite/gcc.dg/vmx/vmx.exp ...
Running /home/sh/archive/gcc-4.8-20120923/gcc/testsuite/gcc.dg/vxworks/vxworks.exp ...
Running /home/sh/archive/gcc-4.8-20120923/gcc/testsuite/gcc.dg/weak/weak.exp ...
Running /home/sh/archive/gcc-4.8-20120923/gcc/testsuite/gcc.misc-tests/acker1.exp ...
Running /home/sh/archive/gcc-4.8-20120923/gcc/testsuite/gcc.misc-tests/arm-isr.exp ...
Running /home/sh/archive/gcc-4.8-20120923/gcc/testsuite/gcc.misc-tests/bprob.exp ...
Running /home/sh/archive/gcc-4.8-20120923/gcc/testsuite/gcc.misc-tests/dectest.exp ...
Running /home/sh/archive/gcc-4.8-20120923/gcc/testsuite/gcc.misc-tests/dhry.exp ...
Running /home/sh/archive/gcc-4.8-20120923/gcc/testsuite/gcc.misc-tests/gcov.exp ...
Running /home/sh/archive/gcc-4.8-20120923/gcc/testsuite/gcc.misc-tests/help.exp ...
Running /home/sh/archive/gcc-4.8-20120923/gcc/testsuite/gcc.misc-tests/i386-prefetch.exp ...
Running /home/sh/archive/gcc-4.8-20120923/gcc/testsuite/gcc.misc-tests/linkage.exp ...
Running /home/sh/archive/gcc-4.8-20120923/gcc/testsuite/gcc.misc-tests/matrix1.exp ...
Running /home/sh/archive/gcc-4.8-20120923/gcc/testsuite/gcc.misc-tests/mg-2.exp ...
Running /home/sh/archive/gcc-4.8-20120923/gcc/testsuite/gcc.misc-tests/mg.exp ...
Running /home/sh/archive/gcc-4.8-20120923/gcc/testsuite/gcc.misc-tests/options.exp ...
Running /home/sh/archive/gcc-4.8-20120923/gcc/testsuite/gcc.misc-tests/sieve.exp ...
Running /home/sh/archive/gcc-4.8-20120923/gcc/testsuite/gcc.misc-tests/sort2.exp ...
Running /home/sh/archive/gcc-4.8-20120923/gcc/testsuite/gcc.target/alpha/alpha.exp ...
Running /home/sh/archive/gcc-4.8-20120923/gcc/testsuite/gcc.target/arm/aapcs/aapcs.exp ...
Running /home/sh/archive/gcc-4.8-20120923/gcc/testsuite/gcc.target/arm/arm.exp ...
FAIL: gcc.target/arm/fma-sp.c scan-assembler-times vfma.f32\ts[0-9] 1
FAIL: gcc.target/arm/fma-sp.c scan-assembler-times vfms.f32\ts[0-9] 1
FAIL: gcc.target/arm/fma-sp.c scan-assembler-times vfnma.f32\ts[0-9] 1
FAIL: gcc.target/arm/fma-sp.c scan-assembler-times vfnms.f32\ts[0-9] 1
FAIL: gcc.target/arm/fma.c scan-assembler-times vfma.f64\td[0-9] 1
FAIL: gcc.target/arm/fma.c scan-assembler-times vfma.f32\ts[0-9] 1
FAIL: gcc.target/arm/fma.c scan-assembler-times vfms.f64\td[0-9] 1
FAIL: gcc.target/arm/fma.c scan-assembler-times vfms.f32\ts[0-9] 1
FAIL: gcc.target/arm/fma.c scan-assembler-times vfnma.f64\td[0-9] 1
FAIL: gcc.target/arm/fma.c scan-assembler-times vfnma.f32\ts[0-9] 1
FAIL: gcc.target/arm/fma.c scan-assembler-times vfnms.f64\td[0-9] 1
FAIL: gcc.target/arm/fma.c scan-assembler-times vfnms.f32\ts[0-9] 1
FAIL: gcc.target/arm/g2.c scan-assembler mla[ \t].*
FAIL: gcc.target/arm/neon-vext-execute.c execution test
FAIL: gcc.target/arm/pr42172-1.c scan-assembler-times ldr 1
FAIL: gcc.target/arm/pr42575.c scan-assembler-not mov
FAIL: gcc.target/arm/scd42-2.c scan-assembler mov[ \t].*272
Running /home/sh/archive/gcc-4.8-20120923/gcc/testsuite/gcc.target/arm/neon/neon.exp ...
Running /home/sh/archive/gcc-4.8-20120923/gcc/testsuite/gcc.target/avr/avr.exp ...
Running /home/sh/archive/gcc-4.8-20120923/gcc/testsuite/gcc.target/avr/torture/avr-torture.exp ...
Running /home/sh/archive/gcc-4.8-20120923/gcc/testsuite/gcc.target/bfin/bfin.exp ...
Running /home/sh/archive/gcc-4.8-20120923/gcc/testsuite/gcc.target/bfin/builtins/bfin-builtins.exp ...
Running /home/sh/archive/gcc-4.8-20120923/gcc/testsuite/gcc.target/cris/cris.exp ...
Running /home/sh/archive/gcc-4.8-20120923/gcc/testsuite/gcc.target/cris/torture/cris-torture.exp ...
Running /home/sh/archive/gcc-4.8-20120923/gcc/testsuite/gcc.target/epiphany/epiphany.exp ...
Running /home/sh/archive/gcc-4.8-20120923/gcc/testsuite/gcc.target/frv/frv.exp ...
Running /home/sh/archive/gcc-4.8-20120923/gcc/testsuite/gcc.target/i386/i386.exp ...
Running /home/sh/archive/gcc-4.8-20120923/gcc/testsuite/gcc.target/i386/math-torture/math-torture.exp ...
Running /home/sh/archive/gcc-4.8-20120923/gcc/testsuite/gcc.target/i386/stackalign/stackalign.exp ...
Running /home/sh/archive/gcc-4.8-20120923/gcc/testsuite/gcc.target/ia64/ia64.exp ...
Running /home/sh/archive/gcc-4.8-20120923/gcc/testsuite/gcc.target/m68k/m68k.exp ...
Running /home/sh/archive/gcc-4.8-20120923/gcc/testsuite/gcc.target/microblaze/microblaze.exp ...
Running /home/sh/archive/gcc-4.8-20120923/gcc/testsuite/gcc.target/mips/inter/mips16-inter.exp ...
Running /home/sh/archive/gcc-4.8-20120923/gcc/testsuite/gcc.target/mips/mips-nonpic/mips-nonpic.exp ...
Running /home/sh/archive/gcc-4.8-20120923/gcc/testsuite/gcc.target/mips/mips.exp ...
Running /home/sh/archive/gcc-4.8-20120923/gcc/testsuite/gcc.target/powerpc/powerpc.exp ...
Running /home/sh/archive/gcc-4.8-20120923/gcc/testsuite/gcc.target/rx/rx.exp ...
Running /home/sh/archive/gcc-4.8-20120923/gcc/testsuite/gcc.target/s390/s390.exp ...
Running /home/sh/archive/gcc-4.8-20120923/gcc/testsuite/gcc.target/sh/sh.exp ...
Running /home/sh/archive/gcc-4.8-20120923/gcc/testsuite/gcc.target/sparc/sparc.exp ...
Running /home/sh/archive/gcc-4.8-20120923/gcc/testsuite/gcc.target/spu/ea/ea.exp ...
Running /home/sh/archive/gcc-4.8-20120923/gcc/testsuite/gcc.target/spu/spu.exp ...
Running /home/sh/archive/gcc-4.8-20120923/gcc/testsuite/gcc.target/tic6x/builtins/c6x-builtins.exp ...
Running /home/sh/archive/gcc-4.8-20120923/gcc/testsuite/gcc.target/tic6x/tic6x.exp ...
Running /home/sh/archive/gcc-4.8-20120923/gcc/testsuite/gcc.target/x86_64/abi/abi-x86_64.exp ...
Running /home/sh/archive/gcc-4.8-20120923/gcc/testsuite/gcc.target/x86_64/abi/avx/abi-avx.exp ...
Running /home/sh/archive/gcc-4.8-20120923/gcc/testsuite/gcc.target/x86_64/abi/callabi/callabi.exp ...
Running /home/sh/archive/gcc-4.8-20120923/gcc/testsuite/gcc.target/xstormy16/xstormy16.exp ...
Running /home/sh/archive/gcc-4.8-20120923/gcc/testsuite/gcc.test-framework/test-framework.exp ...
skipping test framework tests, CHECK_TEST_FRAMEWORK is not defined


=== gcc Summary ===

# of expected passes		84090
# of unexpected failures	122
# of unexpected successes	1
# of expected failures		241
# of unresolved testcases	34
# of unsupported tests		1622

Test Run By sh on Mon Sep 24 19:51:12 2012
Target is arm-unknown-rtems4.11
Host   is x86_64-unknown-linux-gnu

=== g++ tests ===

Schedule of variations:
    rtems-arm-edb7312

Running target rtems-arm-edb7312
Using /home/sh/git-rtems-testing/dejagnu/boards/rtems-arm-edb7312.exp as board description file for target.
Using /usr/share/dejagnu/config/sim.exp as generic interface file for target.
Using /usr/share/dejagnu/baseboards/basic-sim.exp as board description file for target.
Using /home/sh/archive/gcc-4.8-20120923/gcc/testsuite/config/default.exp as tool-and-target-specific interface file.
Running /home/sh/archive/gcc-4.8-20120923/gcc/testsuite/g++.dg/bprob/bprob.exp ...
Running /home/sh/archive/gcc-4.8-20120923/gcc/testsuite/g++.dg/charset/charset.exp ...
Running /home/sh/archive/gcc-4.8-20120923/gcc/testsuite/g++.dg/compat/compat.exp ...
Running /home/sh/archive/gcc-4.8-20120923/gcc/testsuite/g++.dg/compat/struct-layout-1.exp ...
Running /home/sh/archive/gcc-4.8-20120923/gcc/testsuite/g++.dg/debug/debug.exp ...
FAIL: g++.dg/debug/const1.C -gdwarf-2 -g3 (test for excess errors)
FAIL: g++.dg/debug/const1.C -gdwarf-2 -g3 -O2 (test for excess errors)
FAIL: g++.dg/debug/const1.C -gdwarf-2 -g3 -O3 (test for excess errors)
FAIL: g++.dg/debug/debug4.C -gdwarf-2 -g3 (test for excess errors)
FAIL: g++.dg/debug/debug4.C -gdwarf-2 -g3 -O2 (test for excess errors)
FAIL: g++.dg/debug/debug4.C -gdwarf-2 -g3 -O3 (test for excess errors)
FAIL: g++.dg/debug/pr27657.C -gdwarf-2 -g3 (test for excess errors)
FAIL: g++.dg/debug/pr27657.C -gdwarf-2 -g3 -O2 (test for excess errors)
FAIL: g++.dg/debug/pr27657.C -gdwarf-2 -g3 -O3 (test for excess errors)
FAIL: g++.dg/debug/trivial.C -gdwarf-2 -g3 (test for excess errors)
WARNING: g++.dg/debug/trivial.C -gdwarf-2 -g3 compilation failed to produce executable
FAIL: g++.dg/debug/trivial.C -gdwarf-2 -g3 -O2 (test for excess errors)
WARNING: g++.dg/debug/trivial.C -gdwarf-2 -g3 -O2 compilation failed to produce executable
FAIL: g++.dg/debug/trivial.C -gdwarf-2 -g3 -O3 (test for excess errors)
WARNING: g++.dg/debug/trivial.C -gdwarf-2 -g3 -O3 compilation failed to produce executable
Running /home/sh/archive/gcc-4.8-20120923/gcc/testsuite/g++.dg/debug/dwarf2/dwarf2.exp ...
Running /home/sh/archive/gcc-4.8-20120923/gcc/testsuite/g++.dg/dfp/dfp.exp ...
Running /home/sh/archive/gcc-4.8-20120923/gcc/testsuite/g++.dg/dg.exp ...
WARNING: program timed out.
FAIL: g++.dg/cpp0x/initlist25.C execution test
WARNING: program timed out.
FAIL: g++.dg/cpp0x/udlit-general.C execution test
WARNING: program timed out.
FAIL: g++.dg/cpp0x/variadic-tuple.C execution test
WARNING: program timed out.
FAIL: g++.dg/eh/crossjump1.C -std=gnu++98 execution test
WARNING: program timed out.
FAIL: g++.dg/eh/crossjump1.C -std=gnu++11 execution test
WARNING: program timed out.
FAIL: g++.dg/eh/omit-frame-pointer.C -std=gnu++98 execution test
WARNING: program timed out.
FAIL: g++.dg/eh/omit-frame-pointer.C -std=gnu++11 execution test
WARNING: program timed out.
FAIL: g++.dg/opt/pr15551.C -std=gnu++98 execution test
WARNING: program timed out.
FAIL: g++.dg/opt/pr15551.C -std=gnu++11 execution test
WARNING: program timed out.
FAIL: g++.dg/rtti/typeid4.C -std=gnu++98 execution test
WARNING: program timed out.
FAIL: g++.dg/rtti/typeid4.C -std=gnu++11 execution test
WARNING: program timed out.
FAIL: g++.dg/template/friend10.C -std=c++98 execution test
WARNING: program timed out.
FAIL: g++.dg/template/friend10.C -std=c++11 execution test
WARNING: program timed out.
FAIL: g++.dg/tree-ssa/pr20458.C -std=gnu++98 execution test
WARNING: program timed out.
FAIL: g++.dg/tree-ssa/pr20458.C -std=gnu++11 execution test
Running /home/sh/archive/gcc-4.8-20120923/gcc/testsuite/g++.dg/gcov/gcov.exp ...
Running /home/sh/archive/gcc-4.8-20120923/gcc/testsuite/g++.dg/gomp/gomp.exp ...
Running /home/sh/archive/gcc-4.8-20120923/gcc/testsuite/g++.dg/graphite/graphite.exp ...
Running /home/sh/archive/gcc-4.8-20120923/gcc/testsuite/g++.dg/guality/guality.exp ...
Running /home/sh/archive/gcc-4.8-20120923/gcc/testsuite/g++.dg/lto/lto.exp ...
Running /home/sh/archive/gcc-4.8-20120923/gcc/testsuite/g++.dg/pch/pch.exp ...
Running /home/sh/archive/gcc-4.8-20120923/gcc/testsuite/g++.dg/plugin/plugin.exp ...
Running /home/sh/archive/gcc-4.8-20120923/gcc/testsuite/g++.dg/simulate-thread/simulate-thread.exp ...
FAIL: g++.dg/simulate-thread/atomics-1.C -O0 -g (test for excess errors)
FAIL: g++.dg/simulate-thread/atomics-1.C -O1 -g (test for excess errors)
FAIL: g++.dg/simulate-thread/atomics-1.C -O2 -g -std=c++98 (test for excess errors)
FAIL: g++.dg/simulate-thread/atomics-1.C -O3 -g -std=c++11 (test for excess errors)
FAIL: g++.dg/simulate-thread/atomics-1.C -Os -g (test for excess errors)
FAIL: g++.dg/simulate-thread/atomics-2.C -O0 -g (test for excess errors)
FAIL: g++.dg/simulate-thread/atomics-2.C -O1 -g (test for excess errors)
FAIL: g++.dg/simulate-thread/atomics-2.C -O2 -g -std=c++98 (test for excess errors)
FAIL: g++.dg/simulate-thread/atomics-2.C -O3 -g -std=c++11 (test for excess errors)
FAIL: g++.dg/simulate-thread/atomics-2.C -Os -g (test for excess errors)
Running /home/sh/archive/gcc-4.8-20120923/gcc/testsuite/g++.dg/special/ecos.exp ...
Running /home/sh/archive/gcc-4.8-20120923/gcc/testsuite/g++.dg/tls/tls.exp ...
Running /home/sh/archive/gcc-4.8-20120923/gcc/testsuite/g++.dg/tm/tm.exp ...
Running /home/sh/archive/gcc-4.8-20120923/gcc/testsuite/g++.dg/torture/dg-torture.exp ...
Running /home/sh/archive/gcc-4.8-20120923/gcc/testsuite/g++.dg/torture/stackalign/stackalign.exp ...
Running /home/sh/archive/gcc-4.8-20120923/gcc/testsuite/g++.dg/tree-prof/tree-prof.exp ...
Running /home/sh/archive/gcc-4.8-20120923/gcc/testsuite/g++.dg/vect/vect.exp ...
Running /home/sh/archive/gcc-4.8-20120923/gcc/testsuite/g++.old-deja/old-deja.exp ...
WARNING: program timed out.
FAIL: g++.old-deja/g++.benjamin/15071.C -std=c++98 execution test
WARNING: program timed out.
FAIL: g++.old-deja/g++.benjamin/15071.C -std=c++11 execution test
WARNING: program timed out.
FAIL: g++.old-deja/g++.brendan/copy9.C -std=c++98 execution test
WARNING: program timed out.
FAIL: g++.old-deja/g++.brendan/copy9.C -std=c++11 execution test
WARNING: program timed out.
FAIL: g++.old-deja/g++.brendan/nest21.C -std=c++98 execution test
WARNING: program timed out.
FAIL: g++.old-deja/g++.brendan/nest21.C -std=c++11 execution test
WARNING: program timed out.
FAIL: g++.old-deja/g++.brendan/ptolemy2.C -std=c++98 execution test
WARNING: program timed out.
FAIL: g++.old-deja/g++.brendan/ptolemy2.C -std=c++11 execution test
WARNING: program timed out.
FAIL: g++.old-deja/g++.jason/2371.C -std=gnu++98 execution test
WARNING: program timed out.
FAIL: g++.old-deja/g++.jason/2371.C -std=gnu++11 execution test
WARNING: program timed out.
FAIL: g++.old-deja/g++.jason/template24.C -std=c++98 execution test
WARNING: program timed out.
FAIL: g++.old-deja/g++.jason/template24.C -std=c++11 execution test
WARNING: program timed out.
FAIL: g++.old-deja/g++.jason/template31.C -std=c++98 execution test
WARNING: program timed out.
FAIL: g++.old-deja/g++.jason/template31.C -std=c++11 execution test
WARNING: program timed out.
FAIL: g++.old-deja/g++.law/arg8.C -std=c++98 execution test
WARNING: program timed out.
FAIL: g++.old-deja/g++.law/arg8.C -std=c++11 execution test
WARNING: program timed out.
FAIL: g++.old-deja/g++.law/code-gen5.C -std=c++98 execution test
WARNING: program timed out.
FAIL: g++.old-deja/g++.law/code-gen5.C -std=c++11 execution test
WARNING: program timed out.
FAIL: g++.old-deja/g++.law/ctors12.C -std=c++98 execution test
WARNING: program timed out.
FAIL: g++.old-deja/g++.law/ctors12.C -std=c++11 execution test
WARNING: program timed out.
FAIL: g++.old-deja/g++.law/cvt2.C -std=c++98 execution test
WARNING: program timed out.
FAIL: g++.old-deja/g++.law/cvt2.C -std=c++11 execution test
WARNING: program timed out.
FAIL: g++.old-deja/g++.law/virtual3.C -std=c++98 execution test
WARNING: program timed out.
FAIL: g++.old-deja/g++.law/virtual3.C -std=c++11 execution test
WARNING: program timed out.
FAIL: g++.old-deja/g++.mike/eh2.C -std=gnu++98 execution test
WARNING: program timed out.
FAIL: g++.old-deja/g++.mike/eh2.C -std=gnu++11 execution test
WARNING: program timed out.
FAIL: g++.old-deja/g++.mike/net34.C -std=gnu++98 execution test
WARNING: program timed out.
FAIL: g++.old-deja/g++.mike/net34.C -std=gnu++11 execution test
WARNING: program timed out.
FAIL: g++.old-deja/g++.mike/net46.C -std=c++98 execution test
WARNING: program timed out.
FAIL: g++.old-deja/g++.mike/net46.C -std=c++11 execution test
WARNING: program timed out.
FAIL: g++.old-deja/g++.mike/p658.C -std=c++98 execution test
WARNING: program timed out.
FAIL: g++.old-deja/g++.mike/p658.C -std=c++11 execution test
WARNING: program timed out.
FAIL: g++.old-deja/g++.other/headers1.C -std=c++98 execution test
WARNING: program timed out.
FAIL: g++.old-deja/g++.other/headers1.C -std=c++11 execution test
WARNING: program timed out.
FAIL: g++.old-deja/g++.other/sibcall1.C -std=gnu++98 execution test
WARNING: program timed out.
FAIL: g++.old-deja/g++.other/sibcall1.C -std=gnu++11 execution test
WARNING: program timed out.
FAIL: g++.old-deja/g++.other/unchanging1.C -std=gnu++98 execution test
WARNING: program timed out.
FAIL: g++.old-deja/g++.other/unchanging1.C -std=gnu++11 execution test
WARNING: program timed out.
FAIL: g++.old-deja/g++.robertl/eb115.C -std=gnu++98 execution test
WARNING: program timed out.
FAIL: g++.old-deja/g++.robertl/eb115.C -std=gnu++11 execution test
WARNING: program timed out.
FAIL: g++.old-deja/g++.robertl/eb21.C -std=c++98 execution test
WARNING: program timed out.
FAIL: g++.old-deja/g++.robertl/eb21.C -std=c++11 execution test
WARNING: program timed out.
FAIL: g++.old-deja/g++.robertl/eb31.C -std=c++98 execution test
WARNING: program timed out.
FAIL: g++.old-deja/g++.robertl/eb31.C -std=c++11 execution test
WARNING: program timed out.
FAIL: g++.old-deja/g++.robertl/eb41.C -std=c++98 execution test
WARNING: program timed out.
FAIL: g++.old-deja/g++.robertl/eb41.C -std=c++11 execution test
WARNING: program timed out.
FAIL: g++.old-deja/g++.robertl/eb46.C -std=c++98 execution test
WARNING: program timed out.
FAIL: g++.old-deja/g++.robertl/eb46.C -std=c++11 execution test
WARNING: program timed out.
FAIL: g++.old-deja/g++.robertl/eb54.C -std=c++98 execution test
WARNING: program timed out.
FAIL: g++.old-deja/g++.robertl/eb54.C -std=c++11 execution test
WARNING: program timed out.
FAIL: g++.old-deja/g++.robertl/eb66.C -std=c++98 execution test
WARNING: program timed out.
FAIL: g++.old-deja/g++.robertl/eb66.C -std=c++11 execution test
WARNING: program timed out.
FAIL: g++.old-deja/g++.robertl/eb73.C -std=gnu++98 execution test
WARNING: program timed out.
FAIL: g++.old-deja/g++.robertl/eb73.C -std=gnu++11 execution test
WARNING: program timed out.
FAIL: g++.old-deja/g++.robertl/eb77.C -std=c++98 execution test
WARNING: program timed out.
FAIL: g++.old-deja/g++.robertl/eb77.C -std=c++11 execution test


=== g++ Summary ===

# of expected passes		46019
# of unexpected failures	93
# of expected failures		281
# of unsupported tests		824

--
Sebastian Huber, embedded brains GmbH

Address : Obere Lagerstr. 30, D-82178 Puchheim, Germany
Phone   : +49 89 18 90 80 79-6
Fax     : +49 89 18 90 80 79-9
E-Mail  : sebastian.huber@embedded-brains.de
PGP     : Public key available on request.

Diese Nachricht ist keine geschäftliche Mitteilung im Sinne des EHUG.


>From ae5e26220e743ffcb6ed10d11e07e83c12de59ca Mon Sep 17 00:00:00 2001
From: Sebastian Huber <sebastian.huber@embedded-brains.de>
Date: Mon, 24 Sep 2012 17:49:36 +0200
Subject: [PATCH] ARM RTEMS changes

2012-09-25  Sebastian Huber <sebastian.huber@embedded-brains.de>

	* config.gcc
	(arm*-*-eabi* | arm*-*-symbianelf* | arm*-*-rtemseabi*): Rename
	"arm*-*-rtemseabi*" to "arm*-*-rtems*".

2012-09-25  Sebastian Huber <sebastian.huber@embedded-brains.de>

	* config.host
	(arm*-*-eabi* | arm*-*-symbianelf* | arm*-*-rtemseabi*): Rename
	"arm*-*-rtemseabi*" to "arm*-*-rtems*".
---
 gcc/config.gcc     |    6 +++---
 libgcc/config.host |    8 ++------
 2 files changed, 5 insertions(+), 9 deletions(-)

diff --git a/gcc/config.gcc b/gcc/config.gcc
index d6c8153..2400b3c 100644
--- a/gcc/config.gcc
+++ b/gcc/config.gcc
@@ -270,7 +270,6 @@ case ${target} in
  | arm*-*-elf				\
  | arm*-*-freebsd*			\
  | arm*-*-linux*			\
- | arm*-*-rtems*			\
  | arm*-*-uclinux*			\
  | i[34567]86-go32-*			\
  | i[34567]86-*-go32*			\
@@ -858,7 +857,7 @@ arm*-*-uclinux*eabi*)		# ARM ucLinux
 	# The EABI requires the use of __cxa_atexit.
 	default_use_cxa_atexit=yes
 	;;
-arm*-*-eabi* | arm*-*-symbianelf* | arm*-*-rtemseabi*)
+arm*-*-eabi* | arm*-*-symbianelf* | arm*-*-rtems*)
 	# The BPABI long long divmod functions return a 128-bit value in
 	# registers r0-r3.  Correctly modeling that requires the use of
 	# TImode.
@@ -872,9 +871,10 @@ arm*-*-eabi* | arm*-*-symbianelf* | arm*-*-rtemseabi*)
 	  tmake_file="${tmake_file} arm/t-bpabi"
 	  use_gcc_stdint=wrap
 	  ;;
-	arm*-*-rtemseabi*)
+	arm*-*-rtems*)
 	  tm_file="${tm_file} rtems.h arm/rtems-eabi.h newlib-stdint.h"
 	  tmake_file="${tmake_file} arm/t-bpabi t-rtems arm/t-rtems-eabi"
+	  use_gcc_stdint=provide
 	  ;;
 	arm*-*-symbianelf*)
 	  tm_file="${tm_file} arm/symbian.h"
diff --git a/libgcc/config.host b/libgcc/config.host
index 3689024..a93e0de 100644
--- a/libgcc/config.host
+++ b/libgcc/config.host
@@ -343,11 +343,11 @@ arm*-*-ecos-elf)
 	tmake_file="$tmake_file arm/t-arm arm/t-elf t-softfp-sfdf t-softfp-excl arm/t-softfp t-softfp"
 	extra_parts="$extra_parts crti.o crtn.o"
 	;;
-arm*-*-eabi* | arm*-*-symbianelf* | arm*-*-rtemseabi*)
+arm*-*-eabi* | arm*-*-symbianelf* | arm*-*-rtems*)
 	tmake_file="${tmake_file} arm/t-arm arm/t-elf t-fixedpoint-gnu-prefix"
 	tm_file="$tm_file arm/bpabi-lib.h"
 	case ${host} in
-	arm*-*-eabi* | arm*-*-rtemseabi*)
+	arm*-*-eabi* | arm*-*-rtems*)
 	  tmake_file="${tmake_file} arm/t-bpabi"
 	  extra_parts="crtbegin.o crtend.o crti.o crtn.o"
 	  ;;
@@ -360,10 +360,6 @@ arm*-*-eabi* | arm*-*-symbianelf* | arm*-*-rtemseabi*)
 	tmake_file="$tmake_file t-softfp-sfdf t-softfp-excl arm/t-softfp t-softfp"
 	unwind_header=config/arm/unwind-arm.h
 	;;
-arm*-*-rtems*)
-	tmake_file="$tmake_file arm/t-arm arm/t-elf t-softfp-sfdf t-softfp-excl arm/t-softfp t-softfp"
-	extra_parts="$extra_parts crti.o crtn.o"
-	;;
 arm*-*-elf)
 	tmake_file="$tmake_file arm/t-arm arm/t-elf t-softfp-sfdf t-softfp-excl arm/t-softfp t-softfp"
 	extra_parts="$extra_parts crti.o crtn.o"
-- 
1.7.7


Index Nav: [Date Index] [Subject Index] [Author Index] [Thread Index]
Message Nav: [Date Prev] [Date Next] [Thread Prev] [Thread Next]