This is the mail archive of the gcc-testresults@gcc.gnu.org mailing list for the GCC project.


Index Nav: [Date Index] [Subject Index] [Author Index] [Thread Index]
Message Nav: [Date Prev] [Date Next] [Thread Prev] [Thread Next]
Other format: [Raw text]

Results for 4.4.7 (Debian 4.4.7-3) testsuite on s390x-ibm-linux-gnu


LAST_UPDATED: Obtained from SVN: tags/gcc_4_4_7_release revision 185319

Target: s390x-linux-gnu
gcc version 4.4.7 (Debian 4.4.7-3) 
Native configuration is s390x-ibm-linux-gnu

		=== g++ tests ===


Running target unix
FAIL: g++.dg/graphite/pr39447.C (test for excess errors)

		=== g++ Summary for unix ===

# of expected passes		19690
# of unexpected failures	1
# of expected failures		159
# of unsupported tests		174

Running target unix/-fstack-protector
FAIL: g++.dg/graphite/pr39447.C (test for excess errors)

		=== g++ Summary for unix/-fstack-protector ===

# of expected passes		19690
# of unexpected failures	1
# of expected failures		159
# of unsupported tests		174

		=== g++ Summary ===

# of expected passes		39380
# of unexpected failures	2
# of expected failures		318
# of unsupported tests		348
/build/buildd-gcc-4.4_4.4.7-3-s390x-OwPuaT/gcc-4.4-4.4.7/build/gcc/testsuite/g++/../../g++  version 4.4.7 (Debian 4.4.7-3) 

		=== gcc tests ===


Running target unix
FAIL: gcc.dg/uninit-13.c unconditional (test for warnings, line 8)
FAIL: gcc.dg/uninit-13.c (test for excess errors)
FAIL: gcc.dg/tree-prof/bb-reorg.c compilation,  -fprofile-use -D_PROFILE_USE
UNRESOLVED: gcc.dg/tree-prof/bb-reorg.c execution,    -fprofile-use -D_PROFILE_USE
FAIL: gcc.dg/tree-prof/pr34999.c compilation,  -fprofile-use -D_PROFILE_USE
UNRESOLVED: gcc.dg/tree-prof/pr34999.c execution,    -fprofile-use -D_PROFILE_USE
XPASS: gcc.dg/tree-ssa/20040204-1.c scan-tree-dump-times optimized "link_error" 0
FAIL: gcc.dg/tree-ssa/pr42585.c scan-tree-dump-times optimized "struct _fat_ptr _ans" 0
FAIL: gcc.dg/tree-ssa/pr42585.c scan-tree-dump-times optimized "struct _fat_ptr _T2" 0
FAIL: gcc.dg/tree-ssa/vrp47.c scan-tree-dump-times vrp1 "[xy][^ ]* !=" 0
FAIL: gcc.dg/tree-ssa/vrp47.c scan-tree-dump-times dom1 "x[^ ]* & y" 1
FAIL: gcc.dg/tree-ssa/vrp47.c scan-tree-dump-times vrp1 "x[^ ]* [|] y" 1

		=== gcc Summary for unix ===

# of expected passes		51165
# of unexpected failures	9
# of unexpected successes	1
# of expected failures		116
# of unresolved testcases	2
# of unsupported tests		527

Running target unix/-fstack-protector
FAIL: gcc.c-torture/compile/limits-blockid.c  -O0  (test for excess errors)
FAIL: gcc.dg/c90-intconst-1.c (test for excess errors)
FAIL: gcc.dg/uninit-13.c unconditional (test for warnings, line 8)
FAIL: gcc.dg/uninit-13.c (test for excess errors)
FAIL: gcc.dg/tree-prof/bb-reorg.c compilation,  -fprofile-use -D_PROFILE_USE
UNRESOLVED: gcc.dg/tree-prof/bb-reorg.c execution,    -fprofile-use -D_PROFILE_USE
FAIL: gcc.dg/tree-prof/pr34999.c compilation,  -fprofile-use -D_PROFILE_USE
UNRESOLVED: gcc.dg/tree-prof/pr34999.c execution,    -fprofile-use -D_PROFILE_USE
XPASS: gcc.dg/tree-ssa/20040204-1.c scan-tree-dump-times optimized "link_error" 0
FAIL: gcc.dg/tree-ssa/pr42585.c scan-tree-dump-times optimized "struct _fat_ptr _ans" 0
FAIL: gcc.dg/tree-ssa/pr42585.c scan-tree-dump-times optimized "struct _fat_ptr _T2" 0
FAIL: gcc.dg/tree-ssa/vrp47.c scan-tree-dump-times vrp1 "[xy][^ ]* !=" 0
FAIL: gcc.dg/tree-ssa/vrp47.c scan-tree-dump-times dom1 "x[^ ]* & y" 1
FAIL: gcc.dg/tree-ssa/vrp47.c scan-tree-dump-times vrp1 "x[^ ]* [|] y" 1

		=== gcc Summary for unix/-fstack-protector ===

# of expected passes		51163
# of unexpected failures	11
# of unexpected successes	1
# of expected failures		116
# of unresolved testcases	2
# of unsupported tests		527

		=== gcc Summary ===

# of expected passes		102328
# of unexpected failures	20
# of unexpected successes	2
# of expected failures		232
# of unresolved testcases	4
# of unsupported tests		1054
/build/buildd-gcc-4.4_4.4.7-3-s390x-OwPuaT/gcc-4.4-4.4.7/build/gcc/xgcc  version 4.4.7 (Debian 4.4.7-3) 

		=== gfortran tests ===


Running target unix

		=== gfortran Summary for unix ===

# of expected passes		29996
# of expected failures		13
# of unsupported tests		48

Running target unix/-fstack-protector

		=== gfortran Summary for unix/-fstack-protector ===

# of expected passes		29996
# of expected failures		13
# of unsupported tests		48

		=== gfortran Summary ===

# of expected passes		59992
# of expected failures		26
# of unsupported tests		96
/build/buildd-gcc-4.4_4.4.7-3-s390x-OwPuaT/gcc-4.4-4.4.7/build/gcc/testsuite/gfortran/../../gfortran  version 4.4.7 (Debian 4.4.7-3) 

		=== libgomp tests ===


Running target unix

		=== libgomp Summary for unix ===

# of expected passes		2540

Running target unix/-fstack-protector

		=== libgomp Summary for unix/-fstack-protector ===

# of expected passes		2540

		=== libgomp Summary ===

# of expected passes		5080
		=== libmudflap tests ===


Running target unix
FAIL: libmudflap.c++/pass41-frag.cxx execution test
FAIL: libmudflap.c++/pass41-frag.cxx (-static) execution test
FAIL: libmudflap.c++/pass41-frag.cxx ( -O) execution test
FAIL: libmudflap.c++/pass41-frag.cxx (-O2) execution test
FAIL: libmudflap.c++/pass41-frag.cxx (-O3) execution test

		=== libmudflap Summary for unix ===

# of expected passes		1889
# of unexpected failures	5

Running target unix/-fstack-protector
FAIL: libmudflap.c++/pass41-frag.cxx execution test
FAIL: libmudflap.c++/pass41-frag.cxx (-static) execution test
FAIL: libmudflap.c++/pass41-frag.cxx ( -O) execution test
FAIL: libmudflap.c++/pass41-frag.cxx (-O2) execution test
FAIL: libmudflap.c++/pass41-frag.cxx (-O3) execution test

		=== libmudflap Summary for unix/-fstack-protector ===

# of expected passes		1889
# of unexpected failures	5

		=== libmudflap Summary ===

# of expected passes		3778
# of unexpected failures	10
		=== libstdc++ tests ===


Running target unix
FAIL: 21_strings/basic_string/insert/char/1.cc execution test
FAIL: 22_locale/num_put/put/char/9780-2.cc execution test
FAIL: 22_locale/time_get/get_date/wchar_t/4.cc execution test

		=== libstdc++ Summary for unix ===

# of expected passes		6516
# of unexpected failures	3
# of expected failures		80
# of unsupported tests		13

Running target unix/-fstack-protector
FAIL: 22_locale/num_put/put/char/9780-2.cc execution test
FAIL: 22_locale/time_get/get_date/wchar_t/4.cc execution test

		=== libstdc++ Summary for unix/-fstack-protector ===

# of expected passes		6517
# of unexpected failures	2
# of expected failures		80
# of unsupported tests		13

		=== libstdc++ Summary ===

# of expected passes		13033
# of unexpected failures	5
# of expected failures		160
# of unsupported tests		26

Compiler version: 4.4.7 (Debian 4.4.7-3) 
Platform: s390x-ibm-linux-gnu
configure flags: -v --with-pkgversion='Debian 4.4.7-3' --with-bugurl=file:///usr/share/doc/gcc-4.4/README.Bugs --enable-languages=c,c++,fortran --prefix=/usr --program-suffix=-4.4 --enable-shared --enable-linker-build-id --with-system-zlib --libexecdir=/usr/lib --without-included-gettext --enable-threads=posix --with-gxx-include-dir=/usr/include/c++/4.4 --libdir=/usr/lib --enable-nls --enable-clocale=gnu --enable-libstdcxx-debug --with-long-double-128 --enable-checking=release --build=s390x-linux-gnu --host=s390x-linux-gnu --target=s390x-linux-gnu
BOOT_CFLAGS=


Build Dependencies:
Desired=Unknown/Install/Remove/Purge/Hold
| Status=Not/Inst/Conf-files/Unpacked/halF-conf/Half-inst/trig-aWait/Trig-pend
|/ Err?=(none)/Reinst-required (Status,Err: uppercase=bad)
||/ Name                            Version                Architecture Description
+++-===============================-======================-============-======================================================================
ii  binutils                        2.22-7.1               s390x        GNU assembler, linker and binary utilities
ii  g++-4.6                         4.6.3-10               s390x        GNU C++ compiler
ii  g++-4.6-multilib                4.6.3-10               s390x        GNU C++ compiler (multilib files)
ii  g++-multilib                    4:4.6.3-7              s390x        GNU C++ compiler (multilib files)
ii  libc6:s390x                     2.13-35                s390x        Embedded GNU C Library: Shared libraries
ii  libcloog-ppl-dev:s390x          0.15.11-4              s390x        Chunky Loop Generator (development files)
ii  libgmp-dev:s390x                2:5.0.5+dfsg-2         s390x        Multiprecision arithmetic library developers tools
ii  libmpfr-dev:s390x               3.1.0-5                s390x        multiple precision floating-point computation developers tools
ii  libppl0.11-dev:s390x            0.11.2-8               s390x        Parma Polyhedra Library (development)


gcc-textdomain:
  Set gettext's domain and textdomain to the versioned package name.

gcc-driver-extra-langs:
  Add options and specs for languages that are not built from a source
  (but built from separate sources).

gcc-hash-style-both:
  Link using --hash-style=both (alpha, amd64, armel, ia64, i386, powerpc, ppc64, s390, sparc)

gcc-no-add-needed:
  On linux targets pass --no-add-needed to the linker.

gcc-build-id:
  Add configure check if linker supports --build-id

libstdc++-pic:
  Build and install libstdc++_pic.a library.

libstdc++-doclink:
  adjust hrefs to point to the local documentation

libstdc++-man-3cxx:
  Install libstdc++ man pages with suffix .3cxx instead of .3

libjava-stacktrace:
  libgcj: Lookup source file name and line number in separated
  debug files found in /usr/lib/debug

libjava-subdir:
  - Set the libjava sublibdir to /usr/lib/gcj-4.4
  - Set the default libgcj database dir to /var/lib/gcj-4.4

libjava-jnipath:
  - Add /usr/lib/jni and /usr/lib/<multiarch>/jni to java.library.path.
  - When running the i386 binaries on amd64, look in
  - /usr/lib32/gcj-x.y and /usr/lib32/jni instead.

libjava-sjlj:
  Don't try to use _Unwind_Backtrace on SJLJ targets.
  See bug #387875, #388505, GCC PR 29206.

libjava-disable-plugin:
  Don't build the gcjwebplugin, even when configured with --enable-plugin

alpha-no-ev4-directive:
  never emit .ev4 directive.

boehm-gc-getnprocs:
  boehm-gc/pthread_support.c (GC_get_nprocs): Use sysconf as fallback.

note-gnu-stack:
  Add .note.GNU-stack sections for gcc's crt files, libffi and boehm-gc
  Taken from FC.

pr25509:
  Backport of PR c/25509, new option -Wno-unused-result

pr38333:
  Backported patch for PR ada/38333

gcc-cloog-dl:
  Link against -ldl instead of -lcloog -lppl. Exit with an error when using
  the Graphite loop transformation infrastructure without having the
  libcloog-ppl0 package installed. Packages using these optimizations
  should build-depend on libcloog-ppl0.

libgomp-omp_h-multilib:
  Fix up omp.h for multilibs.

sparc-force-cpu:
  On sparc default to v9a (ultrasparc) in 32bit mode

gcc-stack_chk_fail-check:
  Fix __stack_chk_fail check for cross builds configured --with-headers

sh4_atomic_update:
  Update atomic builtins for sh4

libstdc++-arm-wno-abi:
  Temporary work around:
  On arm-linux-gnueabi run the libstdc++v3 testsuite with -Wno-abi

gold-and-ld:
  Enable both gold and ld in a single toolchain.
  New option -fuse-ld=ld.bfd, -fuse-ld=gold.

libstdc++-test-installed:
  Add support to run the libstdc++-v3 testsuite using the
  installed shared libraries.

pr40816:
  Fix PR java/40816, taken from the gcc-4_5-branch

gnat-snapshot-build-fix:
  Let gnat-4.4 build with gnat snapshots from the trunk (20100803)

gcc-java-align-data:
  java: Align data in .rodata.jutf8.* sections, taken from the trunk.

linux-atomic-builtin-expect:
  [ARM] Provide __builtin_expect() hints in linux-atomic.c (backport)

mips-fix-loongson2f-nop:
  On mips, pass -mfix-loongson2f-nop to as, if -mno-fix-loongson2f-nop
  is not passed.

gcc-system-root:
  Avoid include paths starting with a double slash

no_fpr_in_libgcc:
  It does not really harm by including them since nobody should use them
  but gas does not wont to assmebly hard float since they are not
  available on this cpu. Upstream did not respond.

pr44364:
  PR target/44364:
  This patch made it into trunk. Not on the 4.4 branch
  because not proved that it is a regression since 4.3.

gcc-lfs:
  Check for large file support (backport from 4.6).

pr50090:
  [ARM] PR target/50090: aliases in libgcc.a with default visibility.

arm-dynamic-linker:
  For ARM hard float, set the dynamic linker to
  /lib/ld-linux-armhf.so.3.

libjava-atomic-builtins-eabi:
  libjava: Use atomic builtins For Linux ARM/EABI.

pr39429:
  Proposed patch for PR target/39429, an ARM wrong-code error.

rev146451:
  Fix a typo in the arm back-end.

gcc-unwind-debug-hook:
  Install a hook _Unwind_DebugHook, called during unwinding. Intended as
  a hook for a debugger to intercept exceptions. CFA is the CFA of the
  target frame.  HANDLER is the PC to which control will be transferred.

pr40521-revert-workaround:
  Revert the dwarf2cfi_asm workaround, obsoleted by PR debug/40521.

pr41848:
  Fix PR objc/41848 - workaround ObjC and -fsection-anchors.

gcc-arm-thumb2-sched:
  [arm] enable scheduling for Thumb-2, fix PR target/42031.

arm-boehm-gc-locks:
  Fix boehm-gc build on ARM --with-mode=thumb

gcj-use-atomic-builtins:
  gcj: add option -fuse-atomic-builtins

sh4-scheduling:
  sh4 scheduling fix

pr42748:
  Fix PR c++/42748, do not warn about changes to mangling of va_list
  in system headers.

pr43323:
  Fix PR middle-end/43323 wrong-code for bitfields

pr42321:
  PR target/42321, backport from the trunk

libsupc++-vmi_class_type_info:
  Update libsupc++/vmi_class_type_info.cc from the 4.5 branch.

gcc-m68k-support-for-tls-backport:
  M68K TLS support, backport from the 4.5 branch.

pr44626:
  Proposed backport to fix PR target/44626

arm-thumb2-speedup-division:
  ARM: speed up division on Thumb-2 (backport from the trunk)

gcc-arm-implicit-it:
  Pass -mimplicit-it=thumb if -mthumb to as on ARM.

pr39491:
  Proposed patch for PR libstdc++/39491.

deb-protoize:
  build protoize/unprotoize binaries

gcc-d-lang:
  Add D options and specs for the gcc driver.

gcc-arm-earlyclobbers:
  Fix earlyclobbers on some arm.md DImode shifts.

pr40133:
  Do link tests to check for the atomic builtins

pr40134:
  Backport of PR target/40134 from the trunk

gcc-ice-hack:
  Retry the build on an ice, save the calling options and preprocessed
  source when the ice is reproducible.

gcc-ice-apport:
  Report an ICE to apport (if apport is available
  and the environment variable GCC_NOAPPORT is not set)

libjava-disable-static:
  Disable building the static libjava.

libjava-fixed-symlinks:
  Remove unneed '..' elements from symlinks in JAVA_HOME

ada-arm-eabi:
  Add preliminary Ada support for ARM/EABI to gcc-4.4 (sjlj only).

ada-mips:
  Improve support for mips.

arm-unbreak-eabi-armv4t:
  Fix armv4t build on ARM

gcc-multiarch:
  Add multiarch support to GCC.
  
  Convert the multilib option to a target triplet,
  add multiarch include directories and libraries path:
  	/usr/local/include/<arch>-linux-gnu
  	/usr/include/<arch>-linux-gnu
  	/usr/lib/<arch>-linux-gnu
  to the system paths.

gcc-multiarch-fsf:
  gcc-multiarch, differing parts in FSF/Linaro

libjava-multiarch:
  Install libjava libraries to multiarch location

gcc-powerpc-nof:
  Don't build nof multlib on powerpc.

libjava-nobiarch-check:
  For biarch builds, disable the testsuite for the non-default architecture
  for runtime libraries, which are not built by default (libjava).

config-ml:
  disable some biarch libraries for biarch builds

mips-triarch:
  Build a tri-arch compiler on mips-linux-gnu.
  http://gcc.gnu.org/ml/gcc-patches/2009-03/msg01047.html

gcc-multilib64-multiarch:
  Use lib instead of lib64 as the 64bit system dir on biarch
  architectures defaulting to 64bit.

Counting all warnings,
there are 0 warnings in stage3 of this bootstrap.

Number of warnings per file:

Number of warning types:


Index Nav: [Date Index] [Subject Index] [Author Index] [Thread Index]
Message Nav: [Date Prev] [Date Next] [Thread Prev] [Thread Next]