This is the mail archive of the gcc-testresults@gcc.gnu.org mailing list for the GCC project.


Index Nav: [Date Index] [Subject Index] [Author Index] [Thread Index]
Message Nav: [Date Prev] [Date Next] [Thread Prev] [Thread Next]
Other format: [Raw text]

Results for 4.6.3 (Debian 4.6.3-10) testsuite on ia64-unknown-linux-gnu


LAST_UPDATED: Tue Sep 18 17:03:14 UTC 2012 (revision 191439)

Target: ia64-linux-gnu
gcc version 4.6.3 (Debian 4.6.3-10) 
Native configuration is ia64-unknown-linux-gnu

		=== g++ tests ===


Running target unix
FAIL: g++.dg/inherit/covariant7.C scan-tree-dump class "48    .*c6::_ZTcv0_n32_v0_n24_NV2c62f2Ev"
FAIL: g++.dg/inherit/covariant7.C scan-tree-dump class "56    .*c6::f2"
FAIL: g++.dg/inherit/covariant7.C scan-tree-dump class "168   .*c6::_ZTv0_n32_NV2c62f2Ev"
XPASS: g++.dg/uninit-pred-3_b.C (test for excess errors)
UNRESOLVED: attribute_plugin.c compilation, -I. -I/build/buildd-gcc-4.6_4.6.3-10-ia64-tkVbaT/gcc-4.6-4.6.3/src/gcc/testsuite -I/build/buildd-gcc-4.6_4.6.3-10-ia64-tkVbaT/gcc-4.6-4.6.3/src/gcc/testsuite/../../gcc -I/build/buildd-gcc-4.6_4.6.3-10-ia64-tkVbaT/gcc-4.6-4.6.3/build/gcc/testsuite/g++/../../../gcc  -I/build/buildd-gcc-4.6_4.6.3-10-ia64-tkVbaT/gcc-4.6-4.6.3/src/gcc/testsuite/../../include -I/build/buildd-gcc-4.6_4.6.3-10-ia64-tkVbaT/gcc-4.6-4.6.3/src/gcc/testsuite/../../libcpp/include   -I/build/buildd-gcc-4.6_4.6.3-10-ia64-tkVbaT/gcc-4.6-4.6.3/build/gcc/testsuite/g++/../../../intl  -DIN_GCC -fPIC -shared
UNRESOLVED: pragma_plugin.c compilation, -I. -I/build/buildd-gcc-4.6_4.6.3-10-ia64-tkVbaT/gcc-4.6-4.6.3/src/gcc/testsuite -I/build/buildd-gcc-4.6_4.6.3-10-ia64-tkVbaT/gcc-4.6-4.6.3/src/gcc/testsuite/../../gcc -I/build/buildd-gcc-4.6_4.6.3-10-ia64-tkVbaT/gcc-4.6-4.6.3/build/gcc/testsuite/g++/../../../gcc  -I/build/buildd-gcc-4.6_4.6.3-10-ia64-tkVbaT/gcc-4.6-4.6.3/src/gcc/testsuite/../../include -I/build/buildd-gcc-4.6_4.6.3-10-ia64-tkVbaT/gcc-4.6-4.6.3/src/gcc/testsuite/../../libcpp/include   -I/build/buildd-gcc-4.6_4.6.3-10-ia64-tkVbaT/gcc-4.6-4.6.3/build/gcc/testsuite/g++/../../../intl  -DIN_GCC -fPIC -shared
UNRESOLVED: selfassign.c compilation, -I. -I/build/buildd-gcc-4.6_4.6.3-10-ia64-tkVbaT/gcc-4.6-4.6.3/src/gcc/testsuite -I/build/buildd-gcc-4.6_4.6.3-10-ia64-tkVbaT/gcc-4.6-4.6.3/src/gcc/testsuite/../../gcc -I/build/buildd-gcc-4.6_4.6.3-10-ia64-tkVbaT/gcc-4.6-4.6.3/build/gcc/testsuite/g++/../../../gcc  -I/build/buildd-gcc-4.6_4.6.3-10-ia64-tkVbaT/gcc-4.6-4.6.3/src/gcc/testsuite/../../include -I/build/buildd-gcc-4.6_4.6.3-10-ia64-tkVbaT/gcc-4.6-4.6.3/src/gcc/testsuite/../../libcpp/include   -I/build/buildd-gcc-4.6_4.6.3-10-ia64-tkVbaT/gcc-4.6-4.6.3/build/gcc/testsuite/g++/../../../intl -O -DIN_GCC -fPIC -shared
UNRESOLVED: dumb_plugin.c compilation, -I. -I/build/buildd-gcc-4.6_4.6.3-10-ia64-tkVbaT/gcc-4.6-4.6.3/src/gcc/testsuite -I/build/buildd-gcc-4.6_4.6.3-10-ia64-tkVbaT/gcc-4.6-4.6.3/src/gcc/testsuite/../../gcc -I/build/buildd-gcc-4.6_4.6.3-10-ia64-tkVbaT/gcc-4.6-4.6.3/build/gcc/testsuite/g++/../../../gcc  -I/build/buildd-gcc-4.6_4.6.3-10-ia64-tkVbaT/gcc-4.6-4.6.3/src/gcc/testsuite/../../include -I/build/buildd-gcc-4.6_4.6.3-10-ia64-tkVbaT/gcc-4.6-4.6.3/src/gcc/testsuite/../../libcpp/include   -I/build/buildd-gcc-4.6_4.6.3-10-ia64-tkVbaT/gcc-4.6-4.6.3/build/gcc/testsuite/g++/../../../intl  -DIN_GCC -fPIC -shared
UNRESOLVED: header_plugin.c compilation, -I. -I/build/buildd-gcc-4.6_4.6.3-10-ia64-tkVbaT/gcc-4.6-4.6.3/src/gcc/testsuite -I/build/buildd-gcc-4.6_4.6.3-10-ia64-tkVbaT/gcc-4.6-4.6.3/src/gcc/testsuite/../../gcc -I/build/buildd-gcc-4.6_4.6.3-10-ia64-tkVbaT/gcc-4.6-4.6.3/build/gcc/testsuite/g++/../../../gcc  -I/build/buildd-gcc-4.6_4.6.3-10-ia64-tkVbaT/gcc-4.6-4.6.3/src/gcc/testsuite/../../include -I/build/buildd-gcc-4.6_4.6.3-10-ia64-tkVbaT/gcc-4.6-4.6.3/src/gcc/testsuite/../../libcpp/include   -I/build/buildd-gcc-4.6_4.6.3-10-ia64-tkVbaT/gcc-4.6-4.6.3/build/gcc/testsuite/g++/../../../intl  -DIN_GCC -fPIC -shared

		=== g++ Summary ===

# of expected passes		26216
# of unexpected failures	3
# of unexpected successes	1
# of expected failures		168
# of unresolved testcases	5
# of unsupported tests		405
/build/buildd-gcc-4.6_4.6.3-10-ia64-tkVbaT/gcc-4.6-4.6.3/build/gcc/testsuite/g++/../../g++  version 4.6.3 (Debian 4.6.3-10) 

		=== gcc tests ===


Running target unix
FAIL: gcc.dg/lto/20110201-1 c_lto_20110201-1_0.o-c_lto_20110201-1_0.o link,  -O0 -flto 
UNRESOLVED: gcc.dg/lto/20110201-1 c_lto_20110201-1_0.o-c_lto_20110201-1_0.o execute  -O0 -flto 
UNRESOLVED: selfassign.c compilation, -I. -I/build/buildd-gcc-4.6_4.6.3-10-ia64-tkVbaT/gcc-4.6-4.6.3/src/gcc/testsuite -I/build/buildd-gcc-4.6_4.6.3-10-ia64-tkVbaT/gcc-4.6-4.6.3/src/gcc/testsuite/../../gcc -I/build/buildd-gcc-4.6_4.6.3-10-ia64-tkVbaT/gcc-4.6-4.6.3/build/gcc/testsuite/gcc/../../../gcc  -I/build/buildd-gcc-4.6_4.6.3-10-ia64-tkVbaT/gcc-4.6-4.6.3/src/gcc/testsuite/../../include -I/build/buildd-gcc-4.6_4.6.3-10-ia64-tkVbaT/gcc-4.6-4.6.3/src/gcc/testsuite/../../libcpp/include   -I/build/buildd-gcc-4.6_4.6.3-10-ia64-tkVbaT/gcc-4.6-4.6.3/build/gcc/testsuite/gcc/../../../intl -O -DIN_GCC -fPIC -shared
UNRESOLVED: ggcplug.c compilation, -I. -I/build/buildd-gcc-4.6_4.6.3-10-ia64-tkVbaT/gcc-4.6-4.6.3/src/gcc/testsuite -I/build/buildd-gcc-4.6_4.6.3-10-ia64-tkVbaT/gcc-4.6-4.6.3/src/gcc/testsuite/../../gcc -I/build/buildd-gcc-4.6_4.6.3-10-ia64-tkVbaT/gcc-4.6-4.6.3/build/gcc/testsuite/gcc/../../../gcc  -I/build/buildd-gcc-4.6_4.6.3-10-ia64-tkVbaT/gcc-4.6-4.6.3/src/gcc/testsuite/../../include -I/build/buildd-gcc-4.6_4.6.3-10-ia64-tkVbaT/gcc-4.6-4.6.3/src/gcc/testsuite/../../libcpp/include   -I/build/buildd-gcc-4.6_4.6.3-10-ia64-tkVbaT/gcc-4.6-4.6.3/build/gcc/testsuite/gcc/../../../intl -O -DIN_GCC -fPIC -shared
UNRESOLVED: one_time_plugin.c compilation, -I. -I/build/buildd-gcc-4.6_4.6.3-10-ia64-tkVbaT/gcc-4.6-4.6.3/src/gcc/testsuite -I/build/buildd-gcc-4.6_4.6.3-10-ia64-tkVbaT/gcc-4.6-4.6.3/src/gcc/testsuite/../../gcc -I/build/buildd-gcc-4.6_4.6.3-10-ia64-tkVbaT/gcc-4.6-4.6.3/build/gcc/testsuite/gcc/../../../gcc  -I/build/buildd-gcc-4.6_4.6.3-10-ia64-tkVbaT/gcc-4.6-4.6.3/src/gcc/testsuite/../../include -I/build/buildd-gcc-4.6_4.6.3-10-ia64-tkVbaT/gcc-4.6-4.6.3/src/gcc/testsuite/../../libcpp/include   -I/build/buildd-gcc-4.6_4.6.3-10-ia64-tkVbaT/gcc-4.6-4.6.3/build/gcc/testsuite/gcc/../../../intl  -DIN_GCC -fPIC -shared
UNRESOLVED: start_unit_plugin.c compilation, -I. -I/build/buildd-gcc-4.6_4.6.3-10-ia64-tkVbaT/gcc-4.6-4.6.3/src/gcc/testsuite -I/build/buildd-gcc-4.6_4.6.3-10-ia64-tkVbaT/gcc-4.6-4.6.3/src/gcc/testsuite/../../gcc -I/build/buildd-gcc-4.6_4.6.3-10-ia64-tkVbaT/gcc-4.6-4.6.3/build/gcc/testsuite/gcc/../../../gcc  -I/build/buildd-gcc-4.6_4.6.3-10-ia64-tkVbaT/gcc-4.6-4.6.3/src/gcc/testsuite/../../include -I/build/buildd-gcc-4.6_4.6.3-10-ia64-tkVbaT/gcc-4.6-4.6.3/src/gcc/testsuite/../../libcpp/include   -I/build/buildd-gcc-4.6_4.6.3-10-ia64-tkVbaT/gcc-4.6-4.6.3/build/gcc/testsuite/gcc/../../../intl  -DIN_GCC -fPIC -shared
UNRESOLVED: finish_unit_plugin.c compilation, -I. -I/build/buildd-gcc-4.6_4.6.3-10-ia64-tkVbaT/gcc-4.6-4.6.3/src/gcc/testsuite -I/build/buildd-gcc-4.6_4.6.3-10-ia64-tkVbaT/gcc-4.6-4.6.3/src/gcc/testsuite/../../gcc -I/build/buildd-gcc-4.6_4.6.3-10-ia64-tkVbaT/gcc-4.6-4.6.3/build/gcc/testsuite/gcc/../../../gcc  -I/build/buildd-gcc-4.6_4.6.3-10-ia64-tkVbaT/gcc-4.6-4.6.3/src/gcc/testsuite/../../include -I/build/buildd-gcc-4.6_4.6.3-10-ia64-tkVbaT/gcc-4.6-4.6.3/src/gcc/testsuite/../../libcpp/include   -I/build/buildd-gcc-4.6_4.6.3-10-ia64-tkVbaT/gcc-4.6-4.6.3/build/gcc/testsuite/gcc/../../../intl  -DIN_GCC -fPIC -shared
XPASS: gcc.dg/tree-ssa/20040204-1.c scan-tree-dump-times optimized "link_error" 0
XPASS: gcc.dg/tree-ssa/loop-1.c scan-assembler-times foo 5
XPASS: gcc.dg/vect/pr33953.c scan-tree-dump-times vect "vectorized 1 loops" 1
XPASS: gcc.dg/vect/pr33953.c scan-tree-dump-times vect "vectorizing stmts using SLP" 1
XPASS: gcc.dg/vect/vect-35.c scan-tree-dump-times vect "vectorized 2 loops" 1
XPASS: gcc.dg/vect/no-scevccp-outer-21.c scan-tree-dump-times vect "OUTER LOOP VECTORIZED." 1

		=== gcc Summary ===

# of expected passes		71039
# of unexpected failures	1
# of unexpected successes	6
# of expected failures		257
# of unresolved testcases	6
# of unsupported tests		926
/build/buildd-gcc-4.6_4.6.3-10-ia64-tkVbaT/gcc-4.6-4.6.3/build/gcc/xgcc  version 4.6.3 (Debian 4.6.3-10) 

		=== gfortran tests ===


Running target unix

		=== gfortran Summary ===

# of expected passes		39155
# of expected failures		61
# of unsupported tests		72
/build/buildd-gcc-4.6_4.6.3-10-ia64-tkVbaT/gcc-4.6-4.6.3/build/gcc/testsuite/gfortran/../../gfortran  version 4.6.3 (Debian 4.6.3-10) 

		=== obj-c++ tests ===


Running target unix

		=== obj-c++ Summary ===

# of expected passes		1380
# of expected failures		10
# of unsupported tests		86
/build/buildd-gcc-4.6_4.6.3-10-ia64-tkVbaT/gcc-4.6-4.6.3/build/gcc/testsuite/obj-c++/../../g++  version 4.6.3 (Debian 4.6.3-10) 

		=== objc tests ===


Running target unix

		=== objc Summary ===

# of expected passes		2914
# of expected failures		10
# of unsupported tests		75
/build/buildd-gcc-4.6_4.6.3-10-ia64-tkVbaT/gcc-4.6-4.6.3/build/gcc/xgcc  version 4.6.3 (Debian 4.6.3-10) 

		=== libgomp tests ===


Running target unix

		=== libgomp Summary ===

# of expected passes		2680
		=== libmudflap tests ===


Running target unix

		=== libmudflap Summary ===

# of expected passes		1906
		=== libstdc++ tests ===


Running target unix
FAIL: 22_locale/num_put/put/char/9780-2.cc execution test
FAIL: 22_locale/time_get/get_date/wchar_t/4.cc execution test

		=== libstdc++ Summary ===

# of expected passes		8110
# of unexpected failures	2
# of expected failures		82
# of unsupported tests		126

Compiler version: 4.6.3 (Debian 4.6.3-10) 
Platform: ia64-unknown-linux-gnu
configure flags: -v --with-pkgversion='Debian 4.6.3-10' --with-bugurl=file:///usr/share/doc/gcc-4.6/README.Bugs --enable-languages=c,c++,fortran,objc,obj-c++ --prefix=/usr --program-suffix=-4.6 --enable-shared --enable-linker-build-id --with-system-zlib --libexecdir=/usr/lib --without-included-gettext --enable-threads=posix --with-gxx-include-dir=/usr/include/c++/4.6 --libdir=/usr/lib --enable-nls --with-sysroot=/ --enable-clocale=gnu --enable-libstdcxx-debug --enable-libstdcxx-time=yes --enable-gnu-unique-object --disable-libssp --enable-plugin --enable-objc-gc --with-system-libunwind --enable-checking=release --build=ia64-linux-gnu --host=ia64-linux-gnu --target=ia64-linux-gnu
BOOT_CFLAGS=


Build Dependencies:
Desired=Unknown/Install/Remove/Purge/Hold
| Status=Not/Inst/Conf-files/Unpacked/halF-conf/Half-inst/trig-aWait/Trig-pend
|/ Err?=(none)/Reinst-required (Status,Err: uppercase=bad)
||/ Name                                 Version                   Architecture Description
+++-====================================-=========================-============-==============================================================================
ii  binutils                             2.22-7.1                  ia64         GNU assembler, linker and binary utilities
ii  g++-4.6                              4.6.3-9                   ia64         GNU C++ compiler
ii  libc6.1:ia64                         2.13-35                   ia64         Embedded GNU C Library: Shared libraries
ii  libcloog-ppl-dev:ia64                0.15.11-4                 ia64         Chunky Loop Generator (development files)
ii  libgmp-dev:ia64                      2:5.0.5+dfsg-2            ia64         Multiprecision arithmetic library developers tools
ii  libmpc-dev:ia64                      0.9-4                     ia64         multiple precision complex floating-point library development package
ii  libmpfr-dev:ia64                     3.1.0-5                   ia64         multiple precision floating-point computation developers tools
ii  libppl0.11-dev:ia64                  0.11.2-8                  ia64         Parma Polyhedra Library (development)


svn-updates:
  updates from the 4.6 branch upto 20120918 (r191439).

gcc-gfdl-build:
  Build a dummy s-tm-texi without access to the texinfo sources

gcc-textdomain:
  Set gettext's domain and textdomain to the versioned package name.

gcc-driver-extra-langs:
  Add options and specs for languages that are not built from a source
  (but built from separate sources).

gcc-hash-style-both:
  Link using --hash-style=both (alpha, amd64, armel, armhf, ia64, i386, powerpc, ppc64, s390, sparc)

libstdc++-pic:
  Build and install libstdc++_pic.a library.

libstdc++-doclink:
  adjust hrefs to point to the local documentation

libstdc++-man-3cxx:
  Install libstdc++ man pages with suffix .3cxx instead of .3

libstdc++-test-installed:
  Add support to run the libstdc++-v3 testsuite using the
  installed shared libraries.

libjava-stacktrace:
  libgcj: Lookup source file name and line number in separated
  debug files found in /usr/lib/debug

libjava-jnipath:
  - Add /usr/lib/jni and /usr/lib/<multiarch>/jni to java.library.path.
  - When running the i386 binaries on amd64, look in
  - /usr/lib32/gcj-x.y and /usr/lib32/jni instead.

libjava-sjlj:
  Don't try to use _Unwind_Backtrace on SJLJ targets.
  See bug #387875, #388505, GCC PR 29206.

libjava-disable-plugin:
  Don't build the gcjwebplugin, even when configured with --enable-plugin

alpha-no-ev4-directive:
  never emit .ev4 directive.

boehm-gc-getnprocs:
  boehm-gc/pthread_support.c (GC_get_nprocs): Use sysconf as fallback.

note-gnu-stack:
  Add .note.GNU-stack sections for gcc's crt files, libffi and boehm-gc
  Taken from FC.

libgomp-omp_h-multilib:
  Fix up omp.h for multilibs.

sparc-force-cpu:
  On sparc default to ultrasparc (v9a) in 32bit mode

pr24619:
  Proposed patch for PR mudflap/24619 (instrumentation of dlopen)

gccgo-version:
  Omit the subminor number from the go libdir

no_fpr_in_libgcc:
  It does not really harm by including them since nobody should use them
  but gas does not wont to assmebly hard float since they are not
  available on this cpu. Upstream did not respond.

pr48226:
  Fix PR target/48226, Allow Iterator::vector vector on powerpc with VSX.

pr47487:
  Fix PR target/47487 powerpc64 ICE building libgo

mudflap-varargs:
  Add mudflap support for varargs

mudflapth-link:
  Link libmudflapth.so with -lpthread

pr45078:
  Proposed patch for PR plugin/45078

pr43804:
  Fix for PR target/43804 backported from SVN

pr47818:
  Fix PR ada/47818: Pragma Assert is rejected with No_Implementation_Pragmas restriction.

pr48830:
  Fix for PR rtl-optimization/{48830,48808,48792}, taken from the trunk.

pr49169:
  * Fix PR tree-optimization/49169, optimisations strip the Thumb/ARM mode bit
  off function pointers (Richard Sandiford).

pr49756:
  Fix PR c++/49756, backport from trunk

pr49940:
  Apply proposed patch for PR ada/49940.

pr49944:
  apply proposed patch for PR ada/49444.

gcc-cloog-dl:
  Link against -ldl instead of -lcloog -lppl. Exit with an error when using
  the Graphite loop transformation infrastructure without having the
  libcloog-ppl0 package installed. Packages using these optimizations
  should build-depend on libcloog-ppl0.

libffi-kfreebsd:
  libffi:  Define FFI_MMAP_EXEC_WRIT on kfreebsd-*.

gcc-base-version:
  Set base version to 4.6, introduce full version 4.6.x.

pr49696:

libffi-powerpc-sf:

libffi-powerpc-sysv-without-string-ops:

pr49030:
  Fix PR target/49030 (ARM), taken from Linaro

pr50193:
  Fix PR target/50193 (ARM), taken from Linaro.

pr50114:
  Fix PR c++/50114, backport from trunk.

pr50946:
  Fix PR target/50946, taken from the trunk.

gcc-arm-abi-conformance:
  Fix ARM ABI conformance regression.

gcc-d-lang:
  Add D options and specs for the gcc driver.

libjava-disable-static:
  Disable building the static libjava.

s390-biarch:
  Build a bi-arch compiler on s390-linux-gnu.
  http://gcc.gnu.org/ml/gcc-patches/2009-03/msg01044.html

mips-triarch:
  Build a tri-arch compiler on mips-linux-gnu.
  http://gcc.gnu.org/ml/gcc-patches/2009-03/msg01047.html

arm-dynamic-linker:
  For ARM hard float, set the dynamic linker to
  /lib/ld-linux-armhf.so.3.

arm-multilib-defaults:
  Set MULTILIB_DEFAULTS for ARM multilib builds

gcc-ice-hack:
  Retry the build on an ice, save the calling options and preprocessed
  source when the ice is reproducible.

gcc-ice-apport:
  Report an ICE to apport (if apport is available
  and the environment variable GCC_NOAPPORT is not set)

libjava-fixed-symlinks:
  Remove unneed '..' elements from symlinks in JAVA_HOME

libstdc++-arm-wno-abi:
  Temporary work around:
  On arm-linux-gnueabi run the libstdc++v3 testsuite with -Wno-abi

ada-mips:
  Improve support for mips.

libffi-ro-eh_frame_sect:
  PR libffi/47248, force a read only eh frame section.

gcc-multiarch:
  Add multiarch support to GCC.
  
  Convert the multilib option to a target triplet,
  add multiarch include directories and libraries path:
  	/usr/local/include/<arch>-linux-gnu
  	/usr/include/<arch>-linux-gnu
  	/usr/lib/<arch>-linux-gnu
  to the system paths.

libjava-multiarch:
  Install libjava libraries to multiarch location

libjava-nobiarch-check:
  For biarch builds, disable the testsuite for the non-default architecture
  for runtime libraries, which are not built by default (libjava).

config-ml:
  disable some biarch libraries for biarch builds

gcc-powerpc-nof:
  Don't build nof multlib on powerpc.

gcc-powerpc-undef:
  Undefine LINK_EH_SPEC before redefining it
  http://gcc.gnu.org/ml/gcc-patches/2011-02/msg01082.html

gcc-no-add-needed:
  On linux targets pass --no-add-needed to the linker.

mips-fix-loongson2f-nop:
  On mips, pass -mfix-loongson2f-nop to as, if -mno-fix-loongson2f-nop
  is not passed.

gcc-system-root:
  Remove trailing slash from system root directory

libgomp-kfreebsd-testsuite:
  Disable lock-2.c test on kfreebsd-*

armhf-triplet:
  add support for arm-linux-*eabi* triplets; useful for armhf

Counting all warnings,
there are 0 warnings in stage3 of this bootstrap.

Number of warnings per file:

Number of warning types:


Index Nav: [Date Index] [Subject Index] [Author Index] [Thread Index]
Message Nav: [Date Prev] [Date Next] [Thread Prev] [Thread Next]