This is the mail archive of the gcc-testresults@gcc.gnu.org mailing list for the GCC project.


Index Nav: [Date Index] [Subject Index] [Author Index] [Thread Index]
Message Nav: [Date Prev] [Date Next] [Thread Prev] [Thread Next]
Other format: [Raw text]

Results for 4.7.2 20120919 (prerelease) (GCC) testsuite on m68k-unknown-elf


LAST_UPDATED: Thu Sep 20 01:05:58 UTC 2012 (/branches/gcc-4_7-branch revision 191461)

Target is m68k-unknown-elf
Host   is i686-pc-linux-gnu

		=== g++ tests ===


Running target qemu-coldfire-elf-prebuilt-fsf
FAIL: g++.dg/eh/gcsec1.C -std=gnu++98 execution test
FAIL: g++.dg/eh/gcsec1.C -std=gnu++11 execution test
FAIL: g++.dg/lookup/builtin5.C -std=c++11  scan-assembler _ZSt5atanhd
FAIL: g++.dg/torture/pr47559.C  -O3 -fomit-frame-pointer  (test for excess errors)
FAIL: g++.dg/torture/pr47559.C  -O3 -fomit-frame-pointer -funroll-loops  (test for excess errors)
FAIL: g++.dg/torture/pr47559.C  -O3 -fomit-frame-pointer -funroll-all-loops -finline-functions  (test for excess errors)
FAIL: g++.dg/torture/pr48271.C  -O3 -fomit-frame-pointer  (test for excess errors)
FAIL: g++.dg/torture/pr48271.C  -O3 -fomit-frame-pointer -funroll-loops  (test for excess errors)
FAIL: g++.dg/torture/pr48271.C  -O3 -fomit-frame-pointer -funroll-all-loops -finline-functions  (test for excess errors)
FAIL: g++.dg/torture/pr49394.C  -O3 -fomit-frame-pointer  (test for excess errors)
FAIL: g++.dg/torture/pr51903.C  -O3 -fomit-frame-pointer  (test for excess errors)
FAIL: g++.dg/torture/type-generic-1.C  -O0  execution test
FAIL: g++.dg/torture/type-generic-1.C  -O1  execution test
FAIL: g++.dg/torture/type-generic-1.C  -O2  execution test
FAIL: g++.dg/torture/type-generic-1.C  -O3 -fomit-frame-pointer  execution test
FAIL: g++.dg/torture/type-generic-1.C  -O3 -g  execution test
FAIL: g++.dg/torture/type-generic-1.C  -Os  execution test
FAIL: g++.dg/torture/type-generic-1.C  -O2 -flto -fno-use-linker-plugin -flto-partition=none  execution test
FAIL: g++.dg/torture/type-generic-1.C  -O2 -flto -fuse-linker-plugin -fno-fat-lto-objects  execution test

		=== g++ Summary ===

# of expected passes		44615
# of unexpected failures	19
# of expected failures		278
# of unsupported tests		811
/scratch/gcc/nightly-2012-09-19-4.7/coldfire-elf/obj/test-4.7-0-m68k-elf/host-i686-pc-linux-gnu/fsf-4.7/bin/m68k-elf-g++  version 4.7.2 20120919 (prerelease) (GCC) 


		=== Summary adjusted for local xfails ===

# of unexpected failures        19
# of expected passes            44615
# of expected failures          278
# of unsupported tests          811
Host   is i686-pc-linux-gnu

		=== gcc tests ===


Running target qemu-coldfire-elf-prebuilt-fsf
FAIL: gcc.c-torture/execute/builtins/20010124-1.c compilation,  -O2 -flto -fuse-linker-plugin -fno-fat-lto-objects 
UNRESOLVED: gcc.c-torture/execute/builtins/20010124-1.c execution,  -O2 -flto -fuse-linker-plugin -fno-fat-lto-objects 
FAIL: gcc.c-torture/execute/builtins/memcpy-chk.c compilation,  -O2 -flto -fuse-linker-plugin -fno-fat-lto-objects 
UNRESOLVED: gcc.c-torture/execute/builtins/memcpy-chk.c execution,  -O2 -flto -fuse-linker-plugin -fno-fat-lto-objects 
FAIL: gcc.c-torture/execute/builtins/memmove-chk.c compilation,  -O2 -flto -fuse-linker-plugin -fno-fat-lto-objects 
UNRESOLVED: gcc.c-torture/execute/builtins/memmove-chk.c execution,  -O2 -flto -fuse-linker-plugin -fno-fat-lto-objects 
FAIL: gcc.c-torture/execute/builtins/memops-asm.c compilation,  -O2 -flto -fuse-linker-plugin -fno-fat-lto-objects 
UNRESOLVED: gcc.c-torture/execute/builtins/memops-asm.c execution,  -O2 -flto -fuse-linker-plugin -fno-fat-lto-objects 
FAIL: gcc.c-torture/execute/builtins/mempcpy-chk.c compilation,  -O2 -flto -fuse-linker-plugin -fno-fat-lto-objects 
UNRESOLVED: gcc.c-torture/execute/builtins/mempcpy-chk.c execution,  -O2 -flto -fuse-linker-plugin -fno-fat-lto-objects 
FAIL: gcc.c-torture/execute/builtins/memset-chk.c compilation,  -O2 -flto -fuse-linker-plugin -fno-fat-lto-objects 
UNRESOLVED: gcc.c-torture/execute/builtins/memset-chk.c execution,  -O2 -flto -fuse-linker-plugin -fno-fat-lto-objects 
FAIL: gcc.c-torture/execute/builtins/memset.c compilation,  -O2 -flto -fuse-linker-plugin -fno-fat-lto-objects 
UNRESOLVED: gcc.c-torture/execute/builtins/memset.c execution,  -O2 -flto -fuse-linker-plugin -fno-fat-lto-objects 
FAIL: gcc.c-torture/execute/builtins/pr22237.c compilation,  -O2 -flto -fuse-linker-plugin -fno-fat-lto-objects 
UNRESOLVED: gcc.c-torture/execute/builtins/pr22237.c execution,  -O2 -flto -fuse-linker-plugin -fno-fat-lto-objects 
FAIL: gcc.c-torture/execute/builtins/pr23484-chk.c compilation,  -O2 -flto -fuse-linker-plugin -fno-fat-lto-objects 
UNRESOLVED: gcc.c-torture/execute/builtins/pr23484-chk.c execution,  -O2 -flto -fuse-linker-plugin -fno-fat-lto-objects 
FAIL: gcc.c-torture/execute/builtins/snprintf-chk.c compilation,  -O2 -flto -fuse-linker-plugin -fno-fat-lto-objects 
UNRESOLVED: gcc.c-torture/execute/builtins/snprintf-chk.c execution,  -O2 -flto -fuse-linker-plugin -fno-fat-lto-objects 
FAIL: gcc.c-torture/execute/builtins/sprintf-chk.c compilation,  -O2 -flto -fuse-linker-plugin -fno-fat-lto-objects 
UNRESOLVED: gcc.c-torture/execute/builtins/sprintf-chk.c execution,  -O2 -flto -fuse-linker-plugin -fno-fat-lto-objects 
FAIL: gcc.c-torture/execute/builtins/stpcpy-chk.c compilation,  -O2 -flto -fuse-linker-plugin -fno-fat-lto-objects 
UNRESOLVED: gcc.c-torture/execute/builtins/stpcpy-chk.c execution,  -O2 -flto -fuse-linker-plugin -fno-fat-lto-objects 
FAIL: gcc.c-torture/execute/builtins/stpncpy-chk.c compilation,  -O2 -flto -fuse-linker-plugin -fno-fat-lto-objects 
UNRESOLVED: gcc.c-torture/execute/builtins/stpncpy-chk.c execution,  -O2 -flto -fuse-linker-plugin -fno-fat-lto-objects 
FAIL: gcc.c-torture/execute/builtins/strcat-chk.c compilation,  -O2 -flto -fuse-linker-plugin -fno-fat-lto-objects 
UNRESOLVED: gcc.c-torture/execute/builtins/strcat-chk.c execution,  -O2 -flto -fuse-linker-plugin -fno-fat-lto-objects 
FAIL: gcc.c-torture/execute/builtins/strcpy-chk.c compilation,  -O2 -flto -fuse-linker-plugin -fno-fat-lto-objects 
UNRESOLVED: gcc.c-torture/execute/builtins/strcpy-chk.c execution,  -O2 -flto -fuse-linker-plugin -fno-fat-lto-objects 
FAIL: gcc.c-torture/execute/builtins/strlen-2.c compilation,  -O2 -flto -fuse-linker-plugin -fno-fat-lto-objects 
UNRESOLVED: gcc.c-torture/execute/builtins/strlen-2.c execution,  -O2 -flto -fuse-linker-plugin -fno-fat-lto-objects 
FAIL: gcc.c-torture/execute/builtins/strlen-3.c compilation,  -O2 -flto -fuse-linker-plugin -fno-fat-lto-objects 
UNRESOLVED: gcc.c-torture/execute/builtins/strlen-3.c execution,  -O2 -flto -fuse-linker-plugin -fno-fat-lto-objects 
FAIL: gcc.c-torture/execute/builtins/strlen.c compilation,  -O2 -flto -fuse-linker-plugin -fno-fat-lto-objects 
UNRESOLVED: gcc.c-torture/execute/builtins/strlen.c execution,  -O2 -flto -fuse-linker-plugin -fno-fat-lto-objects 
FAIL: gcc.c-torture/execute/builtins/strncat-chk.c compilation,  -O2 -flto -fuse-linker-plugin -fno-fat-lto-objects 
UNRESOLVED: gcc.c-torture/execute/builtins/strncat-chk.c execution,  -O2 -flto -fuse-linker-plugin -fno-fat-lto-objects 
FAIL: gcc.c-torture/execute/builtins/strncpy-chk.c compilation,  -O2 -flto -fuse-linker-plugin -fno-fat-lto-objects 
UNRESOLVED: gcc.c-torture/execute/builtins/strncpy-chk.c execution,  -O2 -flto -fuse-linker-plugin -fno-fat-lto-objects 
FAIL: gcc.c-torture/execute/builtins/vsnprintf-chk.c compilation,  -O2 -flto -fuse-linker-plugin -fno-fat-lto-objects 
UNRESOLVED: gcc.c-torture/execute/builtins/vsnprintf-chk.c execution,  -O2 -flto -fuse-linker-plugin -fno-fat-lto-objects 
FAIL: gcc.c-torture/execute/builtins/vsprintf-chk.c compilation,  -O2 -flto -fuse-linker-plugin -fno-fat-lto-objects 
UNRESOLVED: gcc.c-torture/execute/builtins/vsprintf-chk.c execution,  -O2 -flto -fuse-linker-plugin -fno-fat-lto-objects 
FAIL: gcc.c-torture/execute/20101011-1.c execution,  -O0 
FAIL: gcc.c-torture/execute/20101011-1.c execution,  -O1 
FAIL: gcc.c-torture/execute/20101011-1.c execution,  -O2 
FAIL: gcc.c-torture/execute/20101011-1.c execution,  -O3 -fomit-frame-pointer 
FAIL: gcc.c-torture/execute/20101011-1.c execution,  -O3 -g 
FAIL: gcc.c-torture/execute/20101011-1.c execution,  -Os 
FAIL: gcc.c-torture/execute/20101011-1.c execution,  -O2 -flto -fno-use-linker-plugin -flto-partition=none 
FAIL: gcc.c-torture/execute/20101011-1.c execution,  -O2 -flto -fuse-linker-plugin -fno-fat-lto-objects 
FAIL: gcc.c-torture/execute/loop-3b.c compilation,  -O3 -fomit-frame-pointer -funroll-loops  (internal compiler error)
UNRESOLVED: gcc.c-torture/execute/loop-3b.c execution,  -O3 -fomit-frame-pointer -funroll-loops 
FAIL: gcc.c-torture/execute/loop-3b.c compilation,  -O3 -fomit-frame-pointer -funroll-all-loops -finline-functions  (internal compiler error)
UNRESOLVED: gcc.c-torture/execute/loop-3b.c execution,  -O3 -fomit-frame-pointer -funroll-all-loops -finline-functions 
FAIL: gcc.c-torture/execute/pr46909-1.c execution,  -O3 -fomit-frame-pointer -funroll-loops 
FAIL: gcc.c-torture/execute/pr46909-1.c execution,  -O3 -fomit-frame-pointer -funroll-all-loops -finline-functions 
FAIL: gcc.c-torture/execute/vector-compare-1.c execution,  -O2 
FAIL: gcc.c-torture/execute/vector-compare-1.c execution,  -O3 -fomit-frame-pointer 
FAIL: gcc.c-torture/execute/vector-compare-1.c execution,  -O3 -fomit-frame-pointer -funroll-loops 
FAIL: gcc.c-torture/execute/vector-compare-1.c execution,  -O3 -fomit-frame-pointer -funroll-all-loops -finline-functions 
FAIL: gcc.c-torture/execute/vector-compare-1.c execution,  -O3 -g 
FAIL: gcc.c-torture/execute/vector-compare-1.c execution,  -O2 -flto -fno-use-linker-plugin -flto-partition=none 
FAIL: gcc.c-torture/execute/vector-compare-1.c execution,  -O2 -flto -fuse-linker-plugin -fno-fat-lto-objects 
FAIL: gcc.dg/54455.c (internal compiler error)
FAIL: gcc.dg/54455.c (test for excess errors)
FAIL: gcc.dg/pr28796-2.c execution test
FAIL: gcc.dg/pr46309.c scan-tree-dump-times reassoc1 "Optimizing range tests a_[0-9]*.D. -.1, 1. and -.2, 2. and -.3, 3. and -.4, 4.[\\n\\r]* into" 2
FAIL: gcc.dg/pr46309.c scan-tree-dump-times reassoc1 "Optimizing range tests a_[0-9]*.D. -.1, 1. and -.3, 3.[\\n\\r]* into" 1
FAIL: gcc.dg/pr46309.c scan-tree-dump-times reassoc1 "Optimizing range tests a_[0-9]*.D. -.1, 1. and -.2, 2.[\\n\\r]* into" 1
FAIL: gcc.dg/pr46309.c scan-tree-dump-times reassoc1 "Optimizing range tests a_[0-9]*.D. -.0, 31. and -.64, 95.[\\n\\r]* into" 2
FAIL: gcc.dg/pr46309.c scan-tree-dump-times reassoc1 "Optimizing range tests a_[0-9]*.D. -.128, 159. and -.192, 223.[\\n\\r]* into" 1
FAIL: gcc.dg/pr46309.c scan-tree-dump-times reassoc2 "Optimizing range tests D.[0-9]*_[0-9]* -.0, 31. and -.128, 159.[\\n\\r]* into" 1
FAIL: gcc.dg/pr46647.c scan-tree-dump-not optimized "memset"
FAIL: gcc.dg/torture/pr49997.c  -O3 -fomit-frame-pointer  (test for excess errors)
FAIL: gcc.dg/torture/pr49997.c  -O3 -fomit-frame-pointer -funroll-loops  (test for excess errors)
FAIL: gcc.dg/torture/pr49997.c  -O3 -fomit-frame-pointer -funroll-all-loops -finline-functions  (test for excess errors)
FAIL: gcc.dg/torture/type-generic-1.c  -O0  execution test
FAIL: gcc.dg/torture/type-generic-1.c  -O1  execution test
FAIL: gcc.dg/torture/type-generic-1.c  -O2  execution test
FAIL: gcc.dg/torture/type-generic-1.c  -O3 -fomit-frame-pointer  execution test
FAIL: gcc.dg/torture/type-generic-1.c  -O3 -g  execution test
FAIL: gcc.dg/torture/type-generic-1.c  -Os  execution test
FAIL: gcc.dg/torture/type-generic-1.c  -O2 -flto -fno-use-linker-plugin -flto-partition=none  execution test
FAIL: gcc.dg/torture/type-generic-1.c  -O2 -flto -fuse-linker-plugin -fno-fat-lto-objects  execution test
FAIL: gcc.dg/tree-ssa/ssa-dom-thread-4.c scan-tree-dump-times dom1 "Threaded" 3
FAIL: gcc.dg/tree-ssa/vrp47.c scan-tree-dump-times vrp1 "[xy][^ ]* !=" 0
FAIL: gcc.dg/tree-ssa/vrp47.c scan-tree-dump-times dom2 "x[^ ]* & y" 1
FAIL: gcc.dg/tree-ssa/vrp47.c scan-tree-dump-times vrp1 "x[^ ]* [|] y" 1
FAIL: gcc.target/m68k/20090709-1.c scan-assembler-times .LC0 3

		=== gcc Summary ===

# of expected passes		71391
# of unexpected failures	67
# of expected failures		105
# of unresolved testcases	24
# of unsupported tests		1497
/scratch/gcc/nightly-2012-09-19-4.7/coldfire-elf/obj/test-4.7-0-m68k-elf/host-i686-pc-linux-gnu/fsf-4.7/bin/m68k-elf-gcc  version 4.7.2 20120919 (prerelease) (GCC) 


		=== Summary adjusted for local xfails ===

# of unexpected failures        67
# of expected passes            71391
# of expected failures          105
# of unresolved testcases       24
# of unsupported tests          1497
Host   is i686-pc-linux-gnu

		=== libstdc++ tests ===


Running target qemu-coldfire-elf-prebuilt-fsf
ERROR: tcl error sourcing /scratch/gcc/nightly-2012-09-19-4.7/src/gcc-4.7/libstdc++-v3/testsuite/libstdc++-abi/abi.exp.
ERROR: can't read "baseline_subdir_switch": no such variable
FAIL: 21_strings/basic_string/inserters_extractors/char/8.cc execution test
FAIL: 21_strings/basic_string/inserters_extractors/wchar_t/8.cc execution test
FAIL: 22_locale/collate/transform/wchar_t/28277.cc execution test
FAIL: 22_locale/money_get/get/char/19.cc execution test
FAIL: 22_locale/money_get/get/char/22131.cc execution test
FAIL: 22_locale/money_get/get/char/39168.cc execution test
FAIL: 22_locale/money_get/get/wchar_t/19.cc execution test
FAIL: 22_locale/money_get/get/wchar_t/22131.cc execution test
FAIL: 22_locale/money_get/get/wchar_t/39168.cc execution test
FAIL: 22_locale/num_get/get/char/10.cc execution test
FAIL: 22_locale/num_get/get/char/11.cc execution test
FAIL: 22_locale/num_get/get/char/12.cc execution test
FAIL: 22_locale/num_get/get/char/13.cc execution test
FAIL: 22_locale/num_get/get/char/14.cc execution test
FAIL: 22_locale/num_get/get/char/15.cc execution test
FAIL: 22_locale/num_get/get/char/16.cc execution test
FAIL: 22_locale/num_get/get/char/2.cc execution test
FAIL: 22_locale/num_get/get/char/22131.cc execution test
FAIL: 22_locale/num_get/get/char/23953.cc execution test
FAIL: 22_locale/num_get/get/char/39168.cc execution test
FAIL: 22_locale/num_get/get/char/39802.cc execution test
FAIL: 22_locale/num_get/get/char/7.cc execution test
FAIL: 22_locale/num_get/get/wchar_t/10.cc execution test
FAIL: 22_locale/num_get/get/wchar_t/11.cc execution test
FAIL: 22_locale/num_get/get/wchar_t/12.cc execution test
FAIL: 22_locale/num_get/get/wchar_t/13.cc execution test
FAIL: 22_locale/num_get/get/wchar_t/14.cc execution test
FAIL: 22_locale/num_get/get/wchar_t/15.cc execution test
FAIL: 22_locale/num_get/get/wchar_t/16.cc execution test
FAIL: 22_locale/num_get/get/wchar_t/2.cc execution test
FAIL: 22_locale/num_get/get/wchar_t/22131.cc execution test
FAIL: 22_locale/num_get/get/wchar_t/23953.cc execution test
FAIL: 22_locale/num_get/get/wchar_t/39168.cc execution test
FAIL: 22_locale/num_get/get/wchar_t/39802.cc execution test
FAIL: 22_locale/num_get/get/wchar_t/7.cc execution test
FAIL: 22_locale/num_put/put/char/10.cc execution test
FAIL: 22_locale/num_put/put/wchar_t/10.cc execution test
FAIL: 22_locale/time_get/get_date/char/1.cc execution test
FAIL: 22_locale/time_get/get_date/char/12791.cc execution test
FAIL: 22_locale/time_get/get_date/wchar_t/1.cc execution test
FAIL: 22_locale/time_get/get_date/wchar_t/12791.cc execution test
FAIL: 22_locale/time_get/get_monthname/char/1.cc execution test
FAIL: 22_locale/time_get/get_monthname/char/4.cc execution test
FAIL: 22_locale/time_get/get_monthname/char/6.cc execution test
FAIL: 22_locale/time_get/get_monthname/wchar_t/1.cc execution test
FAIL: 22_locale/time_get/get_monthname/wchar_t/4.cc execution test
FAIL: 22_locale/time_get/get_monthname/wchar_t/6.cc execution test
FAIL: 22_locale/time_get/get_time/char/4.cc execution test
FAIL: 22_locale/time_get/get_time/wchar_t/4.cc execution test
FAIL: 22_locale/time_get/get_weekday/char/1.cc execution test
FAIL: 22_locale/time_get/get_weekday/char/6.cc execution test
FAIL: 22_locale/time_get/get_weekday/wchar_t/1.cc execution test
FAIL: 22_locale/time_get/get_weekday/wchar_t/6.cc execution test
FAIL: 22_locale/time_get/get_year/char/1.cc execution test
FAIL: 22_locale/time_get/get_year/wchar_t/1.cc execution test
FAIL: 23_containers/vector/profile/vector.cc execution test
FAIL: 25_algorithms/copy_n/50119.cc execution test
FAIL: 26_numerics/complex/inserters_extractors/char/1.cc execution test
FAIL: 26_numerics/complex/inserters_extractors/wchar_t/1.cc execution test
FAIL: 26_numerics/random/discard_block_engine/operators/serialize.cc execution test
FAIL: 26_numerics/random/independent_bits_engine/operators/serialize.cc execution test
FAIL: 26_numerics/random/linear_congruential_engine/operators/serialize.cc execution test
FAIL: 26_numerics/random/mersenne_twister_engine/operators/serialize.cc execution test
FAIL: 26_numerics/random/shuffle_order_engine/operators/serialize.cc execution test
FAIL: 26_numerics/random/subtract_with_carry_engine/operators/serialize.cc execution test
FAIL: 27_io/basic_filebuf/sgetn/char/1-in.cc execution test
FAIL: 27_io/basic_filebuf/sgetn/char/1-io.cc execution test
FAIL: 27_io/basic_filebuf/sgetn/char/2-in.cc execution test
FAIL: 27_io/basic_filebuf/sgetn/char/2-io.cc execution test
FAIL: 27_io/basic_filebuf/underflow/wchar_t/11603.cc execution test
FAIL: 27_io/basic_ios/clear/char/1.cc execution test
FAIL: 27_io/basic_ios/cons/char/1.cc execution test
FAIL: 27_io/basic_istream/extractors_arithmetic/char/01.cc execution test
FAIL: 27_io/basic_istream/extractors_arithmetic/char/02.cc execution test
FAIL: 27_io/basic_istream/extractors_arithmetic/char/03.cc execution test
FAIL: 27_io/basic_istream/extractors_arithmetic/char/06.cc execution test
FAIL: 27_io/basic_istream/extractors_arithmetic/char/07.cc execution test
FAIL: 27_io/basic_istream/extractors_arithmetic/char/08.cc execution test
FAIL: 27_io/basic_istream/extractors_arithmetic/char/09.cc execution test
FAIL: 27_io/basic_istream/extractors_arithmetic/char/10.cc execution test
FAIL: 27_io/basic_istream/extractors_arithmetic/char/11.cc execution test
FAIL: 27_io/basic_istream/extractors_arithmetic/char/13.cc execution test
FAIL: 27_io/basic_istream/extractors_arithmetic/char/dr696.cc execution test
FAIL: 27_io/basic_istream/extractors_arithmetic/char/exceptions_failbit.cc execution test
FAIL: 27_io/basic_istream/extractors_arithmetic/wchar_t/01.cc execution test
FAIL: 27_io/basic_istream/extractors_arithmetic/wchar_t/02.cc execution test
FAIL: 27_io/basic_istream/extractors_arithmetic/wchar_t/03.cc execution test
FAIL: 27_io/basic_istream/extractors_arithmetic/wchar_t/06.cc execution test
FAIL: 27_io/basic_istream/extractors_arithmetic/wchar_t/07.cc execution test
FAIL: 27_io/basic_istream/extractors_arithmetic/wchar_t/08.cc execution test
FAIL: 27_io/basic_istream/extractors_arithmetic/wchar_t/09.cc execution test
FAIL: 27_io/basic_istream/extractors_arithmetic/wchar_t/10.cc execution test
FAIL: 27_io/basic_istream/extractors_arithmetic/wchar_t/11.cc execution test
FAIL: 27_io/basic_istream/extractors_arithmetic/wchar_t/13.cc execution test
FAIL: 27_io/basic_istream/extractors_arithmetic/wchar_t/dr696.cc execution test
FAIL: 27_io/basic_istream/extractors_arithmetic/wchar_t/exceptions_failbit.cc execution test
FAIL: 27_io/basic_istream/extractors_character/char/1.cc execution test
FAIL: 27_io/basic_istream/extractors_character/char/2.cc execution test
FAIL: 27_io/basic_istream/extractors_character/wchar_t/1.cc execution test
FAIL: 27_io/basic_istream/extractors_character/wchar_t/2.cc execution test
FAIL: 27_io/basic_istream/get/char/1.cc execution test
FAIL: 27_io/basic_istream/get/wchar_t/1.cc execution test
FAIL: 27_io/basic_istream/readsome/char/6746-2.cc execution test
FAIL: 27_io/basic_istream/readsome/wchar_t/6746-2.cc execution test
FAIL: 27_io/basic_istream/seekg/char/8348-1.cc execution test
FAIL: 27_io/basic_istream/seekg/char/8348-2.cc execution test
FAIL: 27_io/basic_istream/seekg/wchar_t/8348-1.cc execution test
FAIL: 27_io/basic_istream/seekg/wchar_t/8348-2.cc execution test
FAIL: 27_io/basic_istream/sentry/char/2.cc execution test
FAIL: 27_io/basic_istream/sentry/wchar_t/2.cc execution test
FAIL: 27_io/basic_istream/tellg/char/8348.cc execution test
FAIL: 27_io/basic_istream/tellg/wchar_t/8348.cc execution test
FAIL: 27_io/basic_istringstream/str/char/1.cc execution test
FAIL: 27_io/basic_istringstream/str/wchar_t/1.cc execution test
FAIL: 27_io/basic_ostream/inserters_arithmetic/char/5.cc execution test
FAIL: 27_io/basic_ostream/inserters_arithmetic/char/6.cc execution test
FAIL: 27_io/basic_ostream/inserters_arithmetic/wchar_t/5.cc execution test
FAIL: 27_io/basic_ostream/inserters_arithmetic/wchar_t/6.cc execution test
FAIL: 27_io/basic_stringbuf/overflow/wchar_t/1.cc execution test
FAIL: 27_io/basic_stringstream/str/char/1.cc execution test
FAIL: 27_io/basic_stringstream/str/wchar_t/1.cc execution test
FAIL: 27_io/fpos/14320-5.cc execution test
XPASS: 27_io/ios_base/sync_with_stdio/1.cc execution test
FAIL: 27_io/objects/char/6.cc execution test
FAIL: 27_io/objects/wchar_t/6.cc execution test
FAIL: 27_io/rvalue_streams.cc execution test
FAIL: 28_regex/algorithms/02_match/basic/string_range_00_03.cc execution test
FAIL: 28_regex/algorithms/02_match/basic/string_range_01_03.cc execution test
FAIL: 28_regex/algorithms/02_match/extended/string_range_00_03.cc execution test
FAIL: 28_regex/algorithms/02_match/extended/string_range_01_03.cc execution test
FAIL: 28_regex/traits/char/value.cc execution test
FAIL: 28_regex/traits/wchar_t/value.cc execution test
FAIL: tr1/5_numerical_facilities/random/discard_block/operators/serialize.cc execution test
FAIL: tr1/5_numerical_facilities/random/linear_congruential/operators/serialize.cc execution test
FAIL: tr1/5_numerical_facilities/random/mersenne_twister/operators/serialize.cc execution test
FAIL: tr1/5_numerical_facilities/random/subtract_with_carry/operators/serialize.cc execution test
FAIL: tr1/5_numerical_facilities/random/subtract_with_carry_01/operators/serialize.cc execution test
FAIL: tr1/5_numerical_facilities/random/xor_combine/operators/serialize.cc execution test
FAIL: tr1/7_regular_expressions/regex_traits/char/value.cc execution test
FAIL: tr1/7_regular_expressions/regex_traits/wchar_t/value.cc execution test
FAIL: tr2/headers/all.cc (test for excess errors)

		=== libstdc++ Summary ===

# of expected passes		7175
# of unexpected failures	140
# of unexpected successes	1
# of expected failures		43
# of unsupported tests		578

		=== Summary adjusted for local xfails ===

# of errors                     2
# of unexpected failures        140
# of expected passes            7175
# of unexpected successes       1
# of expected failures          43
# of unsupported tests          578
Host   is i686-pc-linux-gnu

		=== g++ tests ===


Running target qemu-coldfire-elf-prebuilt-fsf/-mcpu=5208
FAIL: g++.dg/eh/gcsec1.C -std=gnu++98 execution test
FAIL: g++.dg/eh/gcsec1.C -std=gnu++11 execution test
FAIL: g++.dg/lookup/builtin5.C -std=c++11  scan-assembler _ZSt5atanhd
FAIL: g++.dg/torture/pr47559.C  -O3 -fomit-frame-pointer  (test for excess errors)
FAIL: g++.dg/torture/pr47559.C  -O3 -fomit-frame-pointer -funroll-loops  (test for excess errors)
FAIL: g++.dg/torture/pr47559.C  -O3 -fomit-frame-pointer -funroll-all-loops -finline-functions  (test for excess errors)
FAIL: g++.dg/torture/pr48271.C  -O3 -fomit-frame-pointer  (test for excess errors)
FAIL: g++.dg/torture/pr48271.C  -O3 -fomit-frame-pointer -funroll-loops  (test for excess errors)
FAIL: g++.dg/torture/pr48271.C  -O3 -fomit-frame-pointer -funroll-all-loops -finline-functions  (test for excess errors)
FAIL: g++.dg/torture/pr49394.C  -O3 -fomit-frame-pointer  (test for excess errors)
FAIL: g++.dg/torture/pr51903.C  -O3 -fomit-frame-pointer  (test for excess errors)
FAIL: g++.dg/torture/type-generic-1.C  -O0  execution test
FAIL: g++.dg/torture/type-generic-1.C  -O1  execution test
FAIL: g++.dg/torture/type-generic-1.C  -O2  execution test
FAIL: g++.dg/torture/type-generic-1.C  -O3 -fomit-frame-pointer  execution test
FAIL: g++.dg/torture/type-generic-1.C  -O3 -g  execution test
FAIL: g++.dg/torture/type-generic-1.C  -Os  execution test
FAIL: g++.dg/torture/type-generic-1.C  -O2 -flto -fno-use-linker-plugin -flto-partition=none  execution test
FAIL: g++.dg/torture/type-generic-1.C  -O2 -flto -fuse-linker-plugin -fno-fat-lto-objects  execution test

		=== g++ Summary ===

# of expected passes		44615
# of unexpected failures	19
# of expected failures		278
# of unsupported tests		811
/scratch/gcc/nightly-2012-09-19-4.7/coldfire-elf/obj/test-4.7-0-m68k-elf/host-i686-pc-linux-gnu/fsf-4.7/bin/m68k-elf-g++  version 4.7.2 20120919 (prerelease) (GCC) 


		=== Summary adjusted for local xfails ===

# of unexpected failures        19
# of expected passes            44615
# of expected failures          278
# of unsupported tests          811
Host   is i686-pc-linux-gnu

		=== gcc tests ===


Running target qemu-coldfire-elf-prebuilt-fsf/-mcpu=5208
FAIL: gcc.c-torture/execute/builtins/20010124-1.c compilation,  -O2 -flto -fuse-linker-plugin -fno-fat-lto-objects 
UNRESOLVED: gcc.c-torture/execute/builtins/20010124-1.c execution,  -O2 -flto -fuse-linker-plugin -fno-fat-lto-objects 
FAIL: gcc.c-torture/execute/builtins/memcpy-chk.c compilation,  -O2 -flto -fuse-linker-plugin -fno-fat-lto-objects 
UNRESOLVED: gcc.c-torture/execute/builtins/memcpy-chk.c execution,  -O2 -flto -fuse-linker-plugin -fno-fat-lto-objects 
FAIL: gcc.c-torture/execute/builtins/memmove-chk.c compilation,  -O2 -flto -fuse-linker-plugin -fno-fat-lto-objects 
UNRESOLVED: gcc.c-torture/execute/builtins/memmove-chk.c execution,  -O2 -flto -fuse-linker-plugin -fno-fat-lto-objects 
FAIL: gcc.c-torture/execute/builtins/memops-asm.c compilation,  -O2 -flto -fuse-linker-plugin -fno-fat-lto-objects 
UNRESOLVED: gcc.c-torture/execute/builtins/memops-asm.c execution,  -O2 -flto -fuse-linker-plugin -fno-fat-lto-objects 
FAIL: gcc.c-torture/execute/builtins/mempcpy-chk.c compilation,  -O2 -flto -fuse-linker-plugin -fno-fat-lto-objects 
UNRESOLVED: gcc.c-torture/execute/builtins/mempcpy-chk.c execution,  -O2 -flto -fuse-linker-plugin -fno-fat-lto-objects 
FAIL: gcc.c-torture/execute/builtins/memset-chk.c compilation,  -O2 -flto -fuse-linker-plugin -fno-fat-lto-objects 
UNRESOLVED: gcc.c-torture/execute/builtins/memset-chk.c execution,  -O2 -flto -fuse-linker-plugin -fno-fat-lto-objects 
FAIL: gcc.c-torture/execute/builtins/memset.c compilation,  -O2 -flto -fuse-linker-plugin -fno-fat-lto-objects 
UNRESOLVED: gcc.c-torture/execute/builtins/memset.c execution,  -O2 -flto -fuse-linker-plugin -fno-fat-lto-objects 
FAIL: gcc.c-torture/execute/builtins/pr22237.c compilation,  -O2 -flto -fuse-linker-plugin -fno-fat-lto-objects 
UNRESOLVED: gcc.c-torture/execute/builtins/pr22237.c execution,  -O2 -flto -fuse-linker-plugin -fno-fat-lto-objects 
FAIL: gcc.c-torture/execute/builtins/pr23484-chk.c compilation,  -O2 -flto -fuse-linker-plugin -fno-fat-lto-objects 
UNRESOLVED: gcc.c-torture/execute/builtins/pr23484-chk.c execution,  -O2 -flto -fuse-linker-plugin -fno-fat-lto-objects 
FAIL: gcc.c-torture/execute/builtins/snprintf-chk.c compilation,  -O2 -flto -fuse-linker-plugin -fno-fat-lto-objects 
UNRESOLVED: gcc.c-torture/execute/builtins/snprintf-chk.c execution,  -O2 -flto -fuse-linker-plugin -fno-fat-lto-objects 
FAIL: gcc.c-torture/execute/builtins/sprintf-chk.c compilation,  -O2 -flto -fuse-linker-plugin -fno-fat-lto-objects 
UNRESOLVED: gcc.c-torture/execute/builtins/sprintf-chk.c execution,  -O2 -flto -fuse-linker-plugin -fno-fat-lto-objects 
FAIL: gcc.c-torture/execute/builtins/stpcpy-chk.c compilation,  -O2 -flto -fuse-linker-plugin -fno-fat-lto-objects 
UNRESOLVED: gcc.c-torture/execute/builtins/stpcpy-chk.c execution,  -O2 -flto -fuse-linker-plugin -fno-fat-lto-objects 
FAIL: gcc.c-torture/execute/builtins/stpncpy-chk.c compilation,  -O2 -flto -fuse-linker-plugin -fno-fat-lto-objects 
UNRESOLVED: gcc.c-torture/execute/builtins/stpncpy-chk.c execution,  -O2 -flto -fuse-linker-plugin -fno-fat-lto-objects 
FAIL: gcc.c-torture/execute/builtins/strcat-chk.c compilation,  -O2 -flto -fuse-linker-plugin -fno-fat-lto-objects 
UNRESOLVED: gcc.c-torture/execute/builtins/strcat-chk.c execution,  -O2 -flto -fuse-linker-plugin -fno-fat-lto-objects 
FAIL: gcc.c-torture/execute/builtins/strcpy-chk.c compilation,  -O2 -flto -fuse-linker-plugin -fno-fat-lto-objects 
UNRESOLVED: gcc.c-torture/execute/builtins/strcpy-chk.c execution,  -O2 -flto -fuse-linker-plugin -fno-fat-lto-objects 
FAIL: gcc.c-torture/execute/builtins/strlen-2.c compilation,  -O2 -flto -fuse-linker-plugin -fno-fat-lto-objects 
UNRESOLVED: gcc.c-torture/execute/builtins/strlen-2.c execution,  -O2 -flto -fuse-linker-plugin -fno-fat-lto-objects 
FAIL: gcc.c-torture/execute/builtins/strlen-3.c compilation,  -O2 -flto -fuse-linker-plugin -fno-fat-lto-objects 
UNRESOLVED: gcc.c-torture/execute/builtins/strlen-3.c execution,  -O2 -flto -fuse-linker-plugin -fno-fat-lto-objects 
FAIL: gcc.c-torture/execute/builtins/strlen.c compilation,  -O2 -flto -fuse-linker-plugin -fno-fat-lto-objects 
UNRESOLVED: gcc.c-torture/execute/builtins/strlen.c execution,  -O2 -flto -fuse-linker-plugin -fno-fat-lto-objects 
FAIL: gcc.c-torture/execute/builtins/strncat-chk.c compilation,  -O2 -flto -fuse-linker-plugin -fno-fat-lto-objects 
UNRESOLVED: gcc.c-torture/execute/builtins/strncat-chk.c execution,  -O2 -flto -fuse-linker-plugin -fno-fat-lto-objects 
FAIL: gcc.c-torture/execute/builtins/strncpy-chk.c compilation,  -O2 -flto -fuse-linker-plugin -fno-fat-lto-objects 
UNRESOLVED: gcc.c-torture/execute/builtins/strncpy-chk.c execution,  -O2 -flto -fuse-linker-plugin -fno-fat-lto-objects 
FAIL: gcc.c-torture/execute/builtins/vsnprintf-chk.c compilation,  -O2 -flto -fuse-linker-plugin -fno-fat-lto-objects 
UNRESOLVED: gcc.c-torture/execute/builtins/vsnprintf-chk.c execution,  -O2 -flto -fuse-linker-plugin -fno-fat-lto-objects 
FAIL: gcc.c-torture/execute/builtins/vsprintf-chk.c compilation,  -O2 -flto -fuse-linker-plugin -fno-fat-lto-objects 
UNRESOLVED: gcc.c-torture/execute/builtins/vsprintf-chk.c execution,  -O2 -flto -fuse-linker-plugin -fno-fat-lto-objects 
WARNING: program timed out.
FAIL: gcc.c-torture/execute/20101011-1.c execution,  -O0 
WARNING: program timed out.
FAIL: gcc.c-torture/execute/20101011-1.c execution,  -O1 
WARNING: program timed out.
FAIL: gcc.c-torture/execute/20101011-1.c execution,  -O2 
FAIL: gcc.c-torture/execute/20101011-1.c execution,  -O3 -fomit-frame-pointer 
WARNING: program timed out.
FAIL: gcc.c-torture/execute/20101011-1.c execution,  -O3 -g 
WARNING: program timed out.
FAIL: gcc.c-torture/execute/20101011-1.c execution,  -Os 
WARNING: program timed out.
FAIL: gcc.c-torture/execute/20101011-1.c execution,  -O2 -flto -fno-use-linker-plugin -flto-partition=none 
WARNING: program timed out.
FAIL: gcc.c-torture/execute/20101011-1.c execution,  -O2 -flto -fuse-linker-plugin -fno-fat-lto-objects 
FAIL: gcc.c-torture/execute/pr46909-1.c execution,  -O3 -fomit-frame-pointer -funroll-loops 
FAIL: gcc.c-torture/execute/pr46909-1.c execution,  -O3 -fomit-frame-pointer -funroll-all-loops -finline-functions 
FAIL: gcc.c-torture/execute/vector-compare-1.c execution,  -O2 
FAIL: gcc.c-torture/execute/vector-compare-1.c execution,  -O3 -fomit-frame-pointer 
FAIL: gcc.c-torture/execute/vector-compare-1.c execution,  -O3 -fomit-frame-pointer -funroll-loops 
FAIL: gcc.c-torture/execute/vector-compare-1.c execution,  -O3 -fomit-frame-pointer -funroll-all-loops -finline-functions 
FAIL: gcc.c-torture/execute/vector-compare-1.c execution,  -O3 -g 
FAIL: gcc.c-torture/execute/vector-compare-1.c execution,  -O2 -flto -fno-use-linker-plugin -flto-partition=none 
FAIL: gcc.c-torture/execute/vector-compare-1.c execution,  -O2 -flto -fuse-linker-plugin -fno-fat-lto-objects 
FAIL: gcc.dg/54455.c (internal compiler error)
FAIL: gcc.dg/54455.c (test for excess errors)
FAIL: gcc.dg/pr28796-2.c execution test
FAIL: gcc.dg/pr46309.c scan-tree-dump-times reassoc1 "Optimizing range tests a_[0-9]*.D. -.1, 1. and -.2, 2. and -.3, 3. and -.4, 4.[\\n\\r]* into" 2
FAIL: gcc.dg/pr46309.c scan-tree-dump-times reassoc1 "Optimizing range tests a_[0-9]*.D. -.1, 1. and -.3, 3.[\\n\\r]* into" 1
FAIL: gcc.dg/pr46309.c scan-tree-dump-times reassoc1 "Optimizing range tests a_[0-9]*.D. -.1, 1. and -.2, 2.[\\n\\r]* into" 1
FAIL: gcc.dg/pr46309.c scan-tree-dump-times reassoc1 "Optimizing range tests a_[0-9]*.D. -.0, 31. and -.64, 95.[\\n\\r]* into" 2
FAIL: gcc.dg/pr46309.c scan-tree-dump-times reassoc1 "Optimizing range tests a_[0-9]*.D. -.128, 159. and -.192, 223.[\\n\\r]* into" 1
FAIL: gcc.dg/pr46309.c scan-tree-dump-times reassoc2 "Optimizing range tests D.[0-9]*_[0-9]* -.0, 31. and -.128, 159.[\\n\\r]* into" 1
FAIL: gcc.dg/pr46647.c scan-tree-dump-not optimized "memset"
FAIL: gcc.dg/torture/pr49997.c  -O3 -fomit-frame-pointer  (test for excess errors)
FAIL: gcc.dg/torture/pr49997.c  -O3 -fomit-frame-pointer -funroll-loops  (test for excess errors)
FAIL: gcc.dg/torture/pr49997.c  -O3 -fomit-frame-pointer -funroll-all-loops -finline-functions  (test for excess errors)
FAIL: gcc.dg/torture/type-generic-1.c  -O0  execution test
FAIL: gcc.dg/torture/type-generic-1.c  -O1  execution test
FAIL: gcc.dg/torture/type-generic-1.c  -O2  execution test
FAIL: gcc.dg/torture/type-generic-1.c  -O3 -fomit-frame-pointer  execution test
FAIL: gcc.dg/torture/type-generic-1.c  -O3 -g  execution test
FAIL: gcc.dg/torture/type-generic-1.c  -Os  execution test
FAIL: gcc.dg/torture/type-generic-1.c  -O2 -flto -fno-use-linker-plugin -flto-partition=none  execution test
FAIL: gcc.dg/torture/type-generic-1.c  -O2 -flto -fuse-linker-plugin -fno-fat-lto-objects  execution test
FAIL: gcc.dg/tree-ssa/ssa-dom-thread-4.c scan-tree-dump-times dom1 "Threaded" 3
FAIL: gcc.dg/tree-ssa/vrp47.c scan-tree-dump-times vrp1 "[xy][^ ]* !=" 0
FAIL: gcc.dg/tree-ssa/vrp47.c scan-tree-dump-times dom2 "x[^ ]* & y" 1
FAIL: gcc.dg/tree-ssa/vrp47.c scan-tree-dump-times vrp1 "x[^ ]* [|] y" 1
FAIL: gcc.target/m68k/20090709-1.c scan-assembler-times .LC0 3

		=== gcc Summary ===

# of expected passes		71395
# of unexpected failures	65
# of expected failures		105
# of unresolved testcases	22
# of unsupported tests		1497
/scratch/gcc/nightly-2012-09-19-4.7/coldfire-elf/obj/test-4.7-0-m68k-elf/host-i686-pc-linux-gnu/fsf-4.7/bin/m68k-elf-gcc  version 4.7.2 20120919 (prerelease) (GCC) 


		=== Summary adjusted for local xfails ===

# of unexpected failures        65
# of expected passes            71395
# of expected failures          105
# of unresolved testcases       22
# of unsupported tests          1497
Host   is i686-pc-linux-gnu

		=== libstdc++ tests ===


Running target qemu-coldfire-elf-prebuilt-fsf/-mcpu=5208
ERROR: tcl error sourcing /scratch/gcc/nightly-2012-09-19-4.7/src/gcc-4.7/libstdc++-v3/testsuite/libstdc++-abi/abi.exp.
ERROR: can't read "baseline_subdir_switch": no such variable
FAIL: 21_strings/basic_string/inserters_extractors/char/8.cc execution test
FAIL: 21_strings/basic_string/inserters_extractors/wchar_t/8.cc execution test
FAIL: 22_locale/collate/transform/wchar_t/28277.cc execution test
FAIL: 22_locale/money_get/get/char/19.cc execution test
FAIL: 22_locale/money_get/get/char/22131.cc execution test
FAIL: 22_locale/money_get/get/char/39168.cc execution test
FAIL: 22_locale/money_get/get/wchar_t/19.cc execution test
FAIL: 22_locale/money_get/get/wchar_t/22131.cc execution test
FAIL: 22_locale/money_get/get/wchar_t/39168.cc execution test
FAIL: 22_locale/num_get/get/char/10.cc execution test
FAIL: 22_locale/num_get/get/char/11.cc execution test
FAIL: 22_locale/num_get/get/char/12.cc execution test
FAIL: 22_locale/num_get/get/char/13.cc execution test
FAIL: 22_locale/num_get/get/char/14.cc execution test
FAIL: 22_locale/num_get/get/char/15.cc execution test
FAIL: 22_locale/num_get/get/char/16.cc execution test
FAIL: 22_locale/num_get/get/char/2.cc execution test
FAIL: 22_locale/num_get/get/char/22131.cc execution test
FAIL: 22_locale/num_get/get/char/23953.cc execution test
FAIL: 22_locale/num_get/get/char/39168.cc execution test
FAIL: 22_locale/num_get/get/char/39802.cc execution test
FAIL: 22_locale/num_get/get/char/7.cc execution test
FAIL: 22_locale/num_get/get/wchar_t/10.cc execution test
FAIL: 22_locale/num_get/get/wchar_t/11.cc execution test
FAIL: 22_locale/num_get/get/wchar_t/12.cc execution test
FAIL: 22_locale/num_get/get/wchar_t/13.cc execution test
FAIL: 22_locale/num_get/get/wchar_t/14.cc execution test
FAIL: 22_locale/num_get/get/wchar_t/15.cc execution test
FAIL: 22_locale/num_get/get/wchar_t/16.cc execution test
FAIL: 22_locale/num_get/get/wchar_t/2.cc execution test
FAIL: 22_locale/num_get/get/wchar_t/22131.cc execution test
FAIL: 22_locale/num_get/get/wchar_t/23953.cc execution test
FAIL: 22_locale/num_get/get/wchar_t/39168.cc execution test
FAIL: 22_locale/num_get/get/wchar_t/39802.cc execution test
FAIL: 22_locale/num_get/get/wchar_t/7.cc execution test
FAIL: 22_locale/num_put/put/char/10.cc execution test
FAIL: 22_locale/num_put/put/wchar_t/10.cc execution test
FAIL: 22_locale/time_get/get_date/char/1.cc execution test
FAIL: 22_locale/time_get/get_date/char/12791.cc execution test
FAIL: 22_locale/time_get/get_date/wchar_t/1.cc execution test
FAIL: 22_locale/time_get/get_date/wchar_t/12791.cc execution test
FAIL: 22_locale/time_get/get_monthname/char/1.cc execution test
FAIL: 22_locale/time_get/get_monthname/char/4.cc execution test
FAIL: 22_locale/time_get/get_monthname/char/6.cc execution test
FAIL: 22_locale/time_get/get_monthname/wchar_t/1.cc execution test
FAIL: 22_locale/time_get/get_monthname/wchar_t/4.cc execution test
FAIL: 22_locale/time_get/get_monthname/wchar_t/6.cc execution test
FAIL: 22_locale/time_get/get_time/char/4.cc execution test
FAIL: 22_locale/time_get/get_time/wchar_t/4.cc execution test
FAIL: 22_locale/time_get/get_weekday/char/1.cc execution test
FAIL: 22_locale/time_get/get_weekday/char/6.cc execution test
FAIL: 22_locale/time_get/get_weekday/wchar_t/1.cc execution test
FAIL: 22_locale/time_get/get_weekday/wchar_t/6.cc execution test
FAIL: 22_locale/time_get/get_year/char/1.cc execution test
FAIL: 22_locale/time_get/get_year/wchar_t/1.cc execution test
FAIL: 23_containers/vector/profile/vector.cc execution test
FAIL: 25_algorithms/copy_n/50119.cc execution test
FAIL: 26_numerics/complex/inserters_extractors/char/1.cc execution test
FAIL: 26_numerics/complex/inserters_extractors/wchar_t/1.cc execution test
FAIL: 26_numerics/random/discard_block_engine/operators/serialize.cc execution test
FAIL: 26_numerics/random/independent_bits_engine/operators/serialize.cc execution test
FAIL: 26_numerics/random/linear_congruential_engine/operators/serialize.cc execution test
FAIL: 26_numerics/random/mersenne_twister_engine/operators/serialize.cc execution test
FAIL: 26_numerics/random/shuffle_order_engine/operators/serialize.cc execution test
FAIL: 26_numerics/random/subtract_with_carry_engine/operators/serialize.cc execution test
FAIL: 27_io/basic_filebuf/sgetn/char/1-in.cc execution test
FAIL: 27_io/basic_filebuf/sgetn/char/1-io.cc execution test
FAIL: 27_io/basic_filebuf/sgetn/char/2-in.cc execution test
FAIL: 27_io/basic_filebuf/sgetn/char/2-io.cc execution test
FAIL: 27_io/basic_filebuf/underflow/wchar_t/11603.cc execution test
FAIL: 27_io/basic_ios/clear/char/1.cc execution test
FAIL: 27_io/basic_ios/cons/char/1.cc execution test
FAIL: 27_io/basic_istream/extractors_arithmetic/char/01.cc execution test
FAIL: 27_io/basic_istream/extractors_arithmetic/char/02.cc execution test
FAIL: 27_io/basic_istream/extractors_arithmetic/char/03.cc execution test
FAIL: 27_io/basic_istream/extractors_arithmetic/char/06.cc execution test
FAIL: 27_io/basic_istream/extractors_arithmetic/char/07.cc execution test
FAIL: 27_io/basic_istream/extractors_arithmetic/char/08.cc execution test
FAIL: 27_io/basic_istream/extractors_arithmetic/char/09.cc execution test
FAIL: 27_io/basic_istream/extractors_arithmetic/char/10.cc execution test
FAIL: 27_io/basic_istream/extractors_arithmetic/char/11.cc execution test
FAIL: 27_io/basic_istream/extractors_arithmetic/char/13.cc execution test
FAIL: 27_io/basic_istream/extractors_arithmetic/char/dr696.cc execution test
FAIL: 27_io/basic_istream/extractors_arithmetic/char/exceptions_failbit.cc execution test
FAIL: 27_io/basic_istream/extractors_arithmetic/wchar_t/01.cc execution test
FAIL: 27_io/basic_istream/extractors_arithmetic/wchar_t/02.cc execution test
FAIL: 27_io/basic_istream/extractors_arithmetic/wchar_t/03.cc execution test
FAIL: 27_io/basic_istream/extractors_arithmetic/wchar_t/06.cc execution test
FAIL: 27_io/basic_istream/extractors_arithmetic/wchar_t/07.cc execution test
FAIL: 27_io/basic_istream/extractors_arithmetic/wchar_t/08.cc execution test
FAIL: 27_io/basic_istream/extractors_arithmetic/wchar_t/09.cc execution test
FAIL: 27_io/basic_istream/extractors_arithmetic/wchar_t/10.cc execution test
FAIL: 27_io/basic_istream/extractors_arithmetic/wchar_t/11.cc execution test
FAIL: 27_io/basic_istream/extractors_arithmetic/wchar_t/13.cc execution test
FAIL: 27_io/basic_istream/extractors_arithmetic/wchar_t/dr696.cc execution test
FAIL: 27_io/basic_istream/extractors_arithmetic/wchar_t/exceptions_failbit.cc execution test
FAIL: 27_io/basic_istream/extractors_character/char/1.cc execution test
FAIL: 27_io/basic_istream/extractors_character/char/2.cc execution test
FAIL: 27_io/basic_istream/extractors_character/wchar_t/1.cc execution test
FAIL: 27_io/basic_istream/extractors_character/wchar_t/2.cc execution test
FAIL: 27_io/basic_istream/get/char/1.cc execution test
FAIL: 27_io/basic_istream/get/wchar_t/1.cc execution test
FAIL: 27_io/basic_istream/readsome/char/6746-2.cc execution test
FAIL: 27_io/basic_istream/readsome/wchar_t/6746-2.cc execution test
FAIL: 27_io/basic_istream/seekg/char/8348-1.cc execution test
FAIL: 27_io/basic_istream/seekg/char/8348-2.cc execution test
FAIL: 27_io/basic_istream/seekg/wchar_t/8348-1.cc execution test
FAIL: 27_io/basic_istream/seekg/wchar_t/8348-2.cc execution test
FAIL: 27_io/basic_istream/sentry/char/2.cc execution test
FAIL: 27_io/basic_istream/sentry/wchar_t/2.cc execution test
FAIL: 27_io/basic_istream/tellg/char/8348.cc execution test
FAIL: 27_io/basic_istream/tellg/wchar_t/8348.cc execution test
FAIL: 27_io/basic_istringstream/str/char/1.cc execution test
FAIL: 27_io/basic_istringstream/str/wchar_t/1.cc execution test
FAIL: 27_io/basic_ostream/inserters_arithmetic/char/5.cc execution test
FAIL: 27_io/basic_ostream/inserters_arithmetic/char/6.cc execution test
FAIL: 27_io/basic_ostream/inserters_arithmetic/wchar_t/5.cc execution test
FAIL: 27_io/basic_ostream/inserters_arithmetic/wchar_t/6.cc execution test
FAIL: 27_io/basic_stringbuf/overflow/wchar_t/1.cc execution test
FAIL: 27_io/basic_stringstream/str/char/1.cc execution test
FAIL: 27_io/basic_stringstream/str/wchar_t/1.cc execution test
FAIL: 27_io/fpos/14320-5.cc execution test
XPASS: 27_io/ios_base/sync_with_stdio/1.cc execution test
FAIL: 27_io/objects/char/6.cc execution test
FAIL: 27_io/objects/wchar_t/6.cc execution test
FAIL: 27_io/rvalue_streams.cc execution test
FAIL: 28_regex/algorithms/02_match/basic/string_range_00_03.cc execution test
FAIL: 28_regex/algorithms/02_match/basic/string_range_01_03.cc execution test
FAIL: 28_regex/algorithms/02_match/extended/string_range_00_03.cc execution test
FAIL: 28_regex/algorithms/02_match/extended/string_range_01_03.cc execution test
FAIL: 28_regex/traits/char/value.cc execution test
FAIL: 28_regex/traits/wchar_t/value.cc execution test
FAIL: tr1/5_numerical_facilities/random/discard_block/operators/serialize.cc execution test
FAIL: tr1/5_numerical_facilities/random/linear_congruential/operators/serialize.cc execution test
FAIL: tr1/5_numerical_facilities/random/mersenne_twister/operators/serialize.cc execution test
FAIL: tr1/5_numerical_facilities/random/subtract_with_carry/operators/serialize.cc execution test
FAIL: tr1/5_numerical_facilities/random/subtract_with_carry_01/operators/serialize.cc execution test
FAIL: tr1/5_numerical_facilities/random/xor_combine/operators/serialize.cc execution test
FAIL: tr1/7_regular_expressions/regex_traits/char/value.cc execution test
FAIL: tr1/7_regular_expressions/regex_traits/wchar_t/value.cc execution test
FAIL: tr2/headers/all.cc (test for excess errors)

		=== libstdc++ Summary ===

# of expected passes		7175
# of unexpected failures	140
# of unexpected successes	1
# of expected failures		43
# of unsupported tests		578

		=== Summary adjusted for local xfails ===

# of errors                     2
# of unexpected failures        140
# of expected passes            7175
# of unexpected successes       1
# of expected failures          43
# of unsupported tests          578
Host   is i686-pc-linux-gnu

		=== g++ tests ===


Running target qemu-coldfire-elf-prebuilt-fsf/-mcpu=5475
FAIL: g++.dg/eh/gcsec1.C -std=gnu++98 execution test
FAIL: g++.dg/eh/gcsec1.C -std=gnu++11 execution test
FAIL: g++.dg/lookup/builtin5.C -std=c++11  scan-assembler _ZSt5atanhd
FAIL: g++.dg/torture/pr47559.C  -O3 -fomit-frame-pointer  (test for excess errors)
FAIL: g++.dg/torture/pr47559.C  -O3 -fomit-frame-pointer -funroll-loops  (test for excess errors)
FAIL: g++.dg/torture/pr47559.C  -O3 -fomit-frame-pointer -funroll-all-loops -finline-functions  (test for excess errors)
FAIL: g++.dg/torture/pr48271.C  -O3 -fomit-frame-pointer  (test for excess errors)
FAIL: g++.dg/torture/pr48271.C  -O3 -fomit-frame-pointer -funroll-loops  (test for excess errors)
FAIL: g++.dg/torture/pr48271.C  -O3 -fomit-frame-pointer -funroll-all-loops -finline-functions  (test for excess errors)
FAIL: g++.dg/torture/pr49394.C  -O3 -fomit-frame-pointer  (test for excess errors)
FAIL: g++.dg/torture/pr51903.C  -O3 -fomit-frame-pointer  (test for excess errors)
FAIL: g++.dg/torture/type-generic-1.C  -O0  execution test
FAIL: g++.dg/torture/type-generic-1.C  -O1  execution test
FAIL: g++.dg/torture/type-generic-1.C  -O2  execution test
FAIL: g++.dg/torture/type-generic-1.C  -O3 -fomit-frame-pointer  execution test
FAIL: g++.dg/torture/type-generic-1.C  -O3 -g  execution test
FAIL: g++.dg/torture/type-generic-1.C  -Os  execution test
FAIL: g++.dg/torture/type-generic-1.C  -O2 -flto -fno-use-linker-plugin -flto-partition=none  execution test
FAIL: g++.dg/torture/type-generic-1.C  -O2 -flto -fuse-linker-plugin -fno-fat-lto-objects  execution test

		=== g++ Summary ===

# of expected passes		44615
# of unexpected failures	19
# of expected failures		278
# of unsupported tests		811
/scratch/gcc/nightly-2012-09-19-4.7/coldfire-elf/obj/test-4.7-0-m68k-elf/host-i686-pc-linux-gnu/fsf-4.7/bin/m68k-elf-g++  version 4.7.2 20120919 (prerelease) (GCC) 


		=== Summary adjusted for local xfails ===

# of unexpected failures        19
# of expected passes            44615
# of expected failures          278
# of unsupported tests          811
Host   is i686-pc-linux-gnu

		=== gcc tests ===


Running target qemu-coldfire-elf-prebuilt-fsf/-mcpu=5475
FAIL: gcc.c-torture/execute/builtins/20010124-1.c compilation,  -O2 -flto -fuse-linker-plugin -fno-fat-lto-objects 
UNRESOLVED: gcc.c-torture/execute/builtins/20010124-1.c execution,  -O2 -flto -fuse-linker-plugin -fno-fat-lto-objects 
FAIL: gcc.c-torture/execute/builtins/memcpy-chk.c compilation,  -O2 -flto -fuse-linker-plugin -fno-fat-lto-objects 
UNRESOLVED: gcc.c-torture/execute/builtins/memcpy-chk.c execution,  -O2 -flto -fuse-linker-plugin -fno-fat-lto-objects 
FAIL: gcc.c-torture/execute/builtins/memmove-chk.c compilation,  -O2 -flto -fuse-linker-plugin -fno-fat-lto-objects 
UNRESOLVED: gcc.c-torture/execute/builtins/memmove-chk.c execution,  -O2 -flto -fuse-linker-plugin -fno-fat-lto-objects 
FAIL: gcc.c-torture/execute/builtins/memops-asm.c compilation,  -O2 -flto -fuse-linker-plugin -fno-fat-lto-objects 
UNRESOLVED: gcc.c-torture/execute/builtins/memops-asm.c execution,  -O2 -flto -fuse-linker-plugin -fno-fat-lto-objects 
FAIL: gcc.c-torture/execute/builtins/mempcpy-chk.c compilation,  -O2 -flto -fuse-linker-plugin -fno-fat-lto-objects 
UNRESOLVED: gcc.c-torture/execute/builtins/mempcpy-chk.c execution,  -O2 -flto -fuse-linker-plugin -fno-fat-lto-objects 
FAIL: gcc.c-torture/execute/builtins/memset-chk.c compilation,  -O2 -flto -fuse-linker-plugin -fno-fat-lto-objects 
UNRESOLVED: gcc.c-torture/execute/builtins/memset-chk.c execution,  -O2 -flto -fuse-linker-plugin -fno-fat-lto-objects 
FAIL: gcc.c-torture/execute/builtins/memset.c compilation,  -O2 -flto -fuse-linker-plugin -fno-fat-lto-objects 
UNRESOLVED: gcc.c-torture/execute/builtins/memset.c execution,  -O2 -flto -fuse-linker-plugin -fno-fat-lto-objects 
FAIL: gcc.c-torture/execute/builtins/pr22237.c compilation,  -O2 -flto -fuse-linker-plugin -fno-fat-lto-objects 
UNRESOLVED: gcc.c-torture/execute/builtins/pr22237.c execution,  -O2 -flto -fuse-linker-plugin -fno-fat-lto-objects 
FAIL: gcc.c-torture/execute/builtins/pr23484-chk.c compilation,  -O2 -flto -fuse-linker-plugin -fno-fat-lto-objects 
UNRESOLVED: gcc.c-torture/execute/builtins/pr23484-chk.c execution,  -O2 -flto -fuse-linker-plugin -fno-fat-lto-objects 
FAIL: gcc.c-torture/execute/builtins/snprintf-chk.c compilation,  -O2 -flto -fuse-linker-plugin -fno-fat-lto-objects 
UNRESOLVED: gcc.c-torture/execute/builtins/snprintf-chk.c execution,  -O2 -flto -fuse-linker-plugin -fno-fat-lto-objects 
FAIL: gcc.c-torture/execute/builtins/sprintf-chk.c compilation,  -O2 -flto -fuse-linker-plugin -fno-fat-lto-objects 
UNRESOLVED: gcc.c-torture/execute/builtins/sprintf-chk.c execution,  -O2 -flto -fuse-linker-plugin -fno-fat-lto-objects 
FAIL: gcc.c-torture/execute/builtins/stpcpy-chk.c compilation,  -O2 -flto -fuse-linker-plugin -fno-fat-lto-objects 
UNRESOLVED: gcc.c-torture/execute/builtins/stpcpy-chk.c execution,  -O2 -flto -fuse-linker-plugin -fno-fat-lto-objects 
FAIL: gcc.c-torture/execute/builtins/stpncpy-chk.c compilation,  -O2 -flto -fuse-linker-plugin -fno-fat-lto-objects 
UNRESOLVED: gcc.c-torture/execute/builtins/stpncpy-chk.c execution,  -O2 -flto -fuse-linker-plugin -fno-fat-lto-objects 
FAIL: gcc.c-torture/execute/builtins/strcat-chk.c compilation,  -O2 -flto -fuse-linker-plugin -fno-fat-lto-objects 
UNRESOLVED: gcc.c-torture/execute/builtins/strcat-chk.c execution,  -O2 -flto -fuse-linker-plugin -fno-fat-lto-objects 
FAIL: gcc.c-torture/execute/builtins/strcpy-chk.c compilation,  -O2 -flto -fuse-linker-plugin -fno-fat-lto-objects 
UNRESOLVED: gcc.c-torture/execute/builtins/strcpy-chk.c execution,  -O2 -flto -fuse-linker-plugin -fno-fat-lto-objects 
FAIL: gcc.c-torture/execute/builtins/strlen-2.c compilation,  -O2 -flto -fuse-linker-plugin -fno-fat-lto-objects 
UNRESOLVED: gcc.c-torture/execute/builtins/strlen-2.c execution,  -O2 -flto -fuse-linker-plugin -fno-fat-lto-objects 
FAIL: gcc.c-torture/execute/builtins/strlen-3.c compilation,  -O2 -flto -fuse-linker-plugin -fno-fat-lto-objects 
UNRESOLVED: gcc.c-torture/execute/builtins/strlen-3.c execution,  -O2 -flto -fuse-linker-plugin -fno-fat-lto-objects 
FAIL: gcc.c-torture/execute/builtins/strlen.c compilation,  -O2 -flto -fuse-linker-plugin -fno-fat-lto-objects 
UNRESOLVED: gcc.c-torture/execute/builtins/strlen.c execution,  -O2 -flto -fuse-linker-plugin -fno-fat-lto-objects 
FAIL: gcc.c-torture/execute/builtins/strncat-chk.c compilation,  -O2 -flto -fuse-linker-plugin -fno-fat-lto-objects 
UNRESOLVED: gcc.c-torture/execute/builtins/strncat-chk.c execution,  -O2 -flto -fuse-linker-plugin -fno-fat-lto-objects 
FAIL: gcc.c-torture/execute/builtins/strncpy-chk.c compilation,  -O2 -flto -fuse-linker-plugin -fno-fat-lto-objects 
UNRESOLVED: gcc.c-torture/execute/builtins/strncpy-chk.c execution,  -O2 -flto -fuse-linker-plugin -fno-fat-lto-objects 
FAIL: gcc.c-torture/execute/builtins/vsnprintf-chk.c compilation,  -O2 -flto -fuse-linker-plugin -fno-fat-lto-objects 
UNRESOLVED: gcc.c-torture/execute/builtins/vsnprintf-chk.c execution,  -O2 -flto -fuse-linker-plugin -fno-fat-lto-objects 
FAIL: gcc.c-torture/execute/builtins/vsprintf-chk.c compilation,  -O2 -flto -fuse-linker-plugin -fno-fat-lto-objects 
UNRESOLVED: gcc.c-torture/execute/builtins/vsprintf-chk.c execution,  -O2 -flto -fuse-linker-plugin -fno-fat-lto-objects 
WARNING: program timed out.
FAIL: gcc.c-torture/execute/20101011-1.c execution,  -O0 
WARNING: program timed out.
FAIL: gcc.c-torture/execute/20101011-1.c execution,  -O1 
WARNING: program timed out.
FAIL: gcc.c-torture/execute/20101011-1.c execution,  -O2 
FAIL: gcc.c-torture/execute/20101011-1.c execution,  -O3 -fomit-frame-pointer 
WARNING: program timed out.
FAIL: gcc.c-torture/execute/20101011-1.c execution,  -O3 -g 
WARNING: program timed out.
FAIL: gcc.c-torture/execute/20101011-1.c execution,  -Os 
WARNING: program timed out.
FAIL: gcc.c-torture/execute/20101011-1.c execution,  -O2 -flto -fno-use-linker-plugin -flto-partition=none 
WARNING: program timed out.
FAIL: gcc.c-torture/execute/20101011-1.c execution,  -O2 -flto -fuse-linker-plugin -fno-fat-lto-objects 
FAIL: gcc.c-torture/execute/pr28982b.c compilation,  -O1  (internal compiler error)
UNRESOLVED: gcc.c-torture/execute/pr28982b.c execution,  -O1 
FAIL: gcc.c-torture/execute/pr28982b.c compilation,  -O2  (internal compiler error)
UNRESOLVED: gcc.c-torture/execute/pr28982b.c execution,  -O2 
FAIL: gcc.c-torture/execute/pr28982b.c compilation,  -O3 -fomit-frame-pointer  (internal compiler error)
UNRESOLVED: gcc.c-torture/execute/pr28982b.c execution,  -O3 -fomit-frame-pointer 
FAIL: gcc.c-torture/execute/pr28982b.c compilation,  -O3 -fomit-frame-pointer -funroll-loops  (internal compiler error)
UNRESOLVED: gcc.c-torture/execute/pr28982b.c execution,  -O3 -fomit-frame-pointer -funroll-loops 
FAIL: gcc.c-torture/execute/pr28982b.c compilation,  -O3 -fomit-frame-pointer -funroll-all-loops -finline-functions  (internal compiler error)
UNRESOLVED: gcc.c-torture/execute/pr28982b.c execution,  -O3 -fomit-frame-pointer -funroll-all-loops -finline-functions 
FAIL: gcc.c-torture/execute/pr28982b.c compilation,  -O3 -g  (internal compiler error)
UNRESOLVED: gcc.c-torture/execute/pr28982b.c execution,  -O3 -g 
FAIL: gcc.c-torture/execute/pr28982b.c compilation,  -Os  (internal compiler error)
UNRESOLVED: gcc.c-torture/execute/pr28982b.c execution,  -Os 
FAIL: gcc.c-torture/execute/pr28982b.c compilation,  -O2 -flto -fno-use-linker-plugin -flto-partition=none  (internal compiler error)
UNRESOLVED: gcc.c-torture/execute/pr28982b.c execution,  -O2 -flto -fno-use-linker-plugin -flto-partition=none 
FAIL: gcc.c-torture/execute/pr28982b.c compilation,  -O2 -flto -fuse-linker-plugin -fno-fat-lto-objects  (internal compiler error)
UNRESOLVED: gcc.c-torture/execute/pr28982b.c execution,  -O2 -flto -fuse-linker-plugin -fno-fat-lto-objects 
FAIL: gcc.c-torture/execute/pr47538.c execution,  -O3 -fomit-frame-pointer -funroll-loops 
FAIL: gcc.c-torture/execute/pr47538.c execution,  -O3 -fomit-frame-pointer -funroll-all-loops -finline-functions 
FAIL: gcc.c-torture/execute/vector-compare-1.c execution,  -O2 
FAIL: gcc.c-torture/execute/vector-compare-1.c execution,  -O3 -fomit-frame-pointer 
FAIL: gcc.c-torture/execute/vector-compare-1.c execution,  -O3 -fomit-frame-pointer -funroll-loops 
FAIL: gcc.c-torture/execute/vector-compare-1.c execution,  -O3 -fomit-frame-pointer -funroll-all-loops -finline-functions 
FAIL: gcc.c-torture/execute/vector-compare-1.c execution,  -O3 -g 
FAIL: gcc.c-torture/execute/vector-compare-1.c execution,  -O2 -flto -fno-use-linker-plugin -flto-partition=none 
FAIL: gcc.c-torture/execute/vector-compare-1.c execution,  -O2 -flto -fuse-linker-plugin -fno-fat-lto-objects 
XPASS: gcc.c-torture/execute/ieee/20000320-1.c execution,  -O0 
XPASS: gcc.c-torture/execute/ieee/20000320-1.c execution,  -O1 
XPASS: gcc.c-torture/execute/ieee/20000320-1.c execution,  -O2 
XPASS: gcc.c-torture/execute/ieee/20000320-1.c execution,  -O3 -fomit-frame-pointer 
XPASS: gcc.c-torture/execute/ieee/20000320-1.c execution,  -O3 -g 
XPASS: gcc.c-torture/execute/ieee/20000320-1.c execution,  -Os 
XPASS: gcc.c-torture/execute/ieee/20000320-1.c execution,  -O2 -flto -fno-use-linker-plugin -flto-partition=none 
XPASS: gcc.c-torture/execute/ieee/20000320-1.c execution,  -O2 -flto -fuse-linker-plugin -fno-fat-lto-objects 
FAIL: gcc.c-torture/execute/ieee/compare-fp-1.c execution,  -O0 
FAIL: gcc.c-torture/execute/ieee/compare-fp-1.c execution,  -O1 
FAIL: gcc.c-torture/execute/ieee/compare-fp-1.c execution,  -O2 
FAIL: gcc.c-torture/execute/ieee/compare-fp-1.c execution,  -O3 -fomit-frame-pointer 
FAIL: gcc.c-torture/execute/ieee/compare-fp-1.c execution,  -O3 -g 
FAIL: gcc.c-torture/execute/ieee/compare-fp-1.c execution,  -Os 
FAIL: gcc.c-torture/execute/ieee/compare-fp-1.c execution,  -O2 -flto -fno-use-linker-plugin -flto-partition=none 
FAIL: gcc.c-torture/execute/ieee/compare-fp-1.c execution,  -O2 -flto -fuse-linker-plugin -fno-fat-lto-objects 
FAIL: gcc.c-torture/execute/ieee/compare-fp-4.c execution,  -O0 
FAIL: gcc.c-torture/execute/ieee/fp-cmp-4.c execution,  -O0 
FAIL: gcc.c-torture/execute/ieee/fp-cmp-4.c execution,  -O1 
FAIL: gcc.c-torture/execute/ieee/fp-cmp-4.c execution,  -O2 
FAIL: gcc.c-torture/execute/ieee/fp-cmp-4.c execution,  -O3 -fomit-frame-pointer 
FAIL: gcc.c-torture/execute/ieee/fp-cmp-4.c execution,  -O3 -fomit-frame-pointer -funroll-loops 
FAIL: gcc.c-torture/execute/ieee/fp-cmp-4.c execution,  -O3 -fomit-frame-pointer -funroll-all-loops -finline-functions 
FAIL: gcc.c-torture/execute/ieee/fp-cmp-4.c execution,  -O3 -g 
FAIL: gcc.c-torture/execute/ieee/fp-cmp-4.c execution,  -Os 
FAIL: gcc.c-torture/execute/ieee/fp-cmp-4.c execution,  -O2 -flto -fno-use-linker-plugin -flto-partition=none 
FAIL: gcc.c-torture/execute/ieee/fp-cmp-4.c execution,  -O2 -flto -fuse-linker-plugin -fno-fat-lto-objects 
FAIL: gcc.c-torture/execute/ieee/fp-cmp-4f.c execution,  -O0 
FAIL: gcc.c-torture/execute/ieee/fp-cmp-4f.c execution,  -O1 
FAIL: gcc.c-torture/execute/ieee/fp-cmp-4f.c execution,  -O2 
FAIL: gcc.c-torture/execute/ieee/fp-cmp-4f.c execution,  -O3 -fomit-frame-pointer 
FAIL: gcc.c-torture/execute/ieee/fp-cmp-4f.c execution,  -O3 -g 
FAIL: gcc.c-torture/execute/ieee/fp-cmp-4f.c execution,  -Os 
FAIL: gcc.c-torture/execute/ieee/fp-cmp-4f.c execution,  -O2 -flto -fno-use-linker-plugin -flto-partition=none 
FAIL: gcc.c-torture/execute/ieee/fp-cmp-4f.c execution,  -O2 -flto -fuse-linker-plugin -fno-fat-lto-objects 
FAIL: gcc.c-torture/execute/ieee/fp-cmp-4l.c execution,  -O0 
FAIL: gcc.c-torture/execute/ieee/fp-cmp-4l.c execution,  -O1 
FAIL: gcc.c-torture/execute/ieee/fp-cmp-4l.c execution,  -O2 
FAIL: gcc.c-torture/execute/ieee/fp-cmp-4l.c execution,  -O3 -fomit-frame-pointer 
FAIL: gcc.c-torture/execute/ieee/fp-cmp-4l.c execution,  -O3 -g 
FAIL: gcc.c-torture/execute/ieee/fp-cmp-4l.c execution,  -Os 
FAIL: gcc.c-torture/execute/ieee/fp-cmp-4l.c execution,  -O2 -flto -fno-use-linker-plugin -flto-partition=none 
FAIL: gcc.c-torture/execute/ieee/fp-cmp-4l.c execution,  -O2 -flto -fuse-linker-plugin -fno-fat-lto-objects 
FAIL: gcc.c-torture/execute/ieee/fp-cmp-5.c execution,  -O0 
FAIL: gcc.c-torture/execute/ieee/fp-cmp-5.c execution,  -O1 
FAIL: gcc.c-torture/execute/ieee/fp-cmp-5.c execution,  -O2 
FAIL: gcc.c-torture/execute/ieee/fp-cmp-5.c execution,  -O3 -fomit-frame-pointer 
FAIL: gcc.c-torture/execute/ieee/fp-cmp-5.c execution,  -O3 -fomit-frame-pointer -funroll-loops 
FAIL: gcc.c-torture/execute/ieee/fp-cmp-5.c execution,  -O3 -fomit-frame-pointer -funroll-all-loops -finline-functions 
FAIL: gcc.c-torture/execute/ieee/fp-cmp-5.c execution,  -O3 -g 
FAIL: gcc.c-torture/execute/ieee/fp-cmp-5.c execution,  -Os 
FAIL: gcc.c-torture/execute/ieee/fp-cmp-5.c execution,  -O2 -flto -fno-use-linker-plugin -flto-partition=none 
FAIL: gcc.c-torture/execute/ieee/fp-cmp-5.c execution,  -O2 -flto -fuse-linker-plugin -fno-fat-lto-objects 
FAIL: gcc.c-torture/execute/ieee/fp-cmp-8.c execution,  -O0 
FAIL: gcc.c-torture/execute/ieee/fp-cmp-8.c execution,  -O1 
FAIL: gcc.c-torture/execute/ieee/fp-cmp-8.c execution,  -O2 
FAIL: gcc.c-torture/execute/ieee/fp-cmp-8.c execution,  -O3 -fomit-frame-pointer 
FAIL: gcc.c-torture/execute/ieee/fp-cmp-8.c execution,  -O3 -fomit-frame-pointer -funroll-loops 
FAIL: gcc.c-torture/execute/ieee/fp-cmp-8.c execution,  -O3 -fomit-frame-pointer -funroll-all-loops -finline-functions 
FAIL: gcc.c-torture/execute/ieee/fp-cmp-8.c execution,  -O3 -g 
FAIL: gcc.c-torture/execute/ieee/fp-cmp-8.c execution,  -Os 
FAIL: gcc.c-torture/execute/ieee/fp-cmp-8.c execution,  -O2 -flto -fno-use-linker-plugin -flto-partition=none 
FAIL: gcc.c-torture/execute/ieee/fp-cmp-8.c execution,  -O2 -flto -fuse-linker-plugin -fno-fat-lto-objects 
FAIL: gcc.c-torture/execute/ieee/fp-cmp-8f.c execution,  -O0 
FAIL: gcc.c-torture/execute/ieee/fp-cmp-8f.c execution,  -O1 
FAIL: gcc.c-torture/execute/ieee/fp-cmp-8f.c execution,  -O2 
FAIL: gcc.c-torture/execute/ieee/fp-cmp-8f.c execution,  -O3 -fomit-frame-pointer 
FAIL: gcc.c-torture/execute/ieee/fp-cmp-8f.c execution,  -O3 -g 
FAIL: gcc.c-torture/execute/ieee/fp-cmp-8f.c execution,  -Os 
FAIL: gcc.c-torture/execute/ieee/fp-cmp-8f.c execution,  -O2 -flto -fno-use-linker-plugin -flto-partition=none 
FAIL: gcc.c-torture/execute/ieee/fp-cmp-8f.c execution,  -O2 -flto -fuse-linker-plugin -fno-fat-lto-objects 
FAIL: gcc.c-torture/execute/ieee/fp-cmp-8l.c execution,  -O0 
FAIL: gcc.c-torture/execute/ieee/fp-cmp-8l.c execution,  -O1 
FAIL: gcc.c-torture/execute/ieee/fp-cmp-8l.c execution,  -O2 
FAIL: gcc.c-torture/execute/ieee/fp-cmp-8l.c execution,  -O3 -fomit-frame-pointer 
FAIL: gcc.c-torture/execute/ieee/fp-cmp-8l.c execution,  -O3 -g 
FAIL: gcc.c-torture/execute/ieee/fp-cmp-8l.c execution,  -Os 
FAIL: gcc.c-torture/execute/ieee/fp-cmp-8l.c execution,  -O2 -flto -fno-use-linker-plugin -flto-partition=none 
FAIL: gcc.c-torture/execute/ieee/fp-cmp-8l.c execution,  -O2 -flto -fuse-linker-plugin -fno-fat-lto-objects 
XPASS: gcc.c-torture/execute/ieee/mul-subnormal-single-1.c execution,  -O0 
XPASS: gcc.c-torture/execute/ieee/mul-subnormal-single-1.c execution,  -O1 
XPASS: gcc.c-torture/execute/ieee/mul-subnormal-single-1.c execution,  -O2 
XPASS: gcc.c-torture/execute/ieee/mul-subnormal-single-1.c execution,  -O3 -fomit-frame-pointer 
XPASS: gcc.c-torture/execute/ieee/mul-subnormal-single-1.c execution,  -O3 -fomit-frame-pointer -funroll-loops 
XPASS: gcc.c-torture/execute/ieee/mul-subnormal-single-1.c execution,  -O3 -fomit-frame-pointer -funroll-all-loops -finline-functions 
XPASS: gcc.c-torture/execute/ieee/mul-subnormal-single-1.c execution,  -O3 -g 
XPASS: gcc.c-torture/execute/ieee/mul-subnormal-single-1.c execution,  -Os 
XPASS: gcc.c-torture/execute/ieee/mul-subnormal-single-1.c execution,  -O2 -flto -fno-use-linker-plugin -flto-partition=none 
XPASS: gcc.c-torture/execute/ieee/mul-subnormal-single-1.c execution,  -O2 -flto -fuse-linker-plugin -fno-fat-lto-objects 
FAIL: gcc.c-torture/execute/ieee/pr38016.c execution,  -O0 
FAIL: gcc.c-torture/execute/ieee/pr38016.c execution,  -O1 
FAIL: gcc.c-torture/execute/ieee/pr38016.c execution,  -O2 
FAIL: gcc.c-torture/execute/ieee/pr38016.c execution,  -O3 -fomit-frame-pointer 
FAIL: gcc.c-torture/execute/ieee/pr38016.c execution,  -O3 -g 
FAIL: gcc.c-torture/execute/ieee/pr38016.c execution,  -Os 
FAIL: gcc.c-torture/execute/ieee/pr38016.c execution,  -O2 -flto -fno-use-linker-plugin -flto-partition=none 
FAIL: gcc.c-torture/execute/ieee/pr38016.c execution,  -O2 -flto -fuse-linker-plugin -fno-fat-lto-objects 
FAIL: gcc.c-torture/execute/ieee/pr50310.c execution,  -O0 
FAIL: gcc.c-torture/execute/ieee/pr50310.c execution,  -O1 
FAIL: gcc.c-torture/execute/ieee/pr50310.c execution,  -O2 
FAIL: gcc.c-torture/execute/ieee/pr50310.c execution,  -O3 -fomit-frame-pointer 
FAIL: gcc.c-torture/execute/ieee/pr50310.c execution,  -O3 -fomit-frame-pointer -funroll-loops 
FAIL: gcc.c-torture/execute/ieee/pr50310.c execution,  -O3 -fomit-frame-pointer -funroll-all-loops -finline-functions 
FAIL: gcc.c-torture/execute/ieee/pr50310.c execution,  -O3 -g 
FAIL: gcc.c-torture/execute/ieee/pr50310.c execution,  -Os 
FAIL: gcc.c-torture/execute/ieee/pr50310.c execution,  -O2 -flto -fno-use-linker-plugin -flto-partition=none 
FAIL: gcc.c-torture/execute/ieee/pr50310.c execution,  -O2 -flto -fuse-linker-plugin -fno-fat-lto-objects 
FAIL: gcc.dg/pr28796-2.c execution test
FAIL: gcc.dg/pr46309.c scan-tree-dump-times reassoc1 "Optimizing range tests a_[0-9]*.D. -.1, 1. and -.2, 2. and -.3, 3. and -.4, 4.[\\n\\r]* into" 2
FAIL: gcc.dg/pr46309.c scan-tree-dump-times reassoc1 "Optimizing range tests a_[0-9]*.D. -.1, 1. and -.3, 3.[\\n\\r]* into" 1
FAIL: gcc.dg/pr46309.c scan-tree-dump-times reassoc1 "Optimizing range tests a_[0-9]*.D. -.1, 1. and -.2, 2.[\\n\\r]* into" 1
FAIL: gcc.dg/pr46309.c scan-tree-dump-times reassoc1 "Optimizing range tests a_[0-9]*.D. -.0, 31. and -.64, 95.[\\n\\r]* into" 2
FAIL: gcc.dg/pr46309.c scan-tree-dump-times reassoc1 "Optimizing range tests a_[0-9]*.D. -.128, 159. and -.192, 223.[\\n\\r]* into" 1
FAIL: gcc.dg/pr46309.c scan-tree-dump-times reassoc2 "Optimizing range tests D.[0-9]*_[0-9]* -.0, 31. and -.128, 159.[\\n\\r]* into" 1
FAIL: gcc.dg/pr46647.c scan-tree-dump-not optimized "memset"
FAIL: gcc.dg/torture/builtin-complex-1.c  -O0  execution test
FAIL: gcc.dg/torture/builtin-complex-1.c  -O1  execution test
FAIL: gcc.dg/torture/builtin-complex-1.c  -O2  execution test
FAIL: gcc.dg/torture/builtin-complex-1.c  -Os  execution test
FAIL: gcc.dg/torture/builtin-complex-1.c  -O2 -flto -fno-use-linker-plugin -flto-partition=none  execution test
FAIL: gcc.dg/torture/builtin-complex-1.c  -O2 -flto -fuse-linker-plugin -fno-fat-lto-objects  execution test
FAIL: gcc.dg/torture/pr49997.c  -O3 -fomit-frame-pointer  (test for excess errors)
FAIL: gcc.dg/torture/pr49997.c  -O3 -fomit-frame-pointer -funroll-loops  (test for excess errors)
FAIL: gcc.dg/torture/pr49997.c  -O3 -fomit-frame-pointer -funroll-all-loops -finline-functions  (test for excess errors)
FAIL: gcc.dg/torture/type-generic-1.c  -O0  execution test
FAIL: gcc.dg/torture/type-generic-1.c  -O1  execution test
FAIL: gcc.dg/torture/type-generic-1.c  -O2  execution test
FAIL: gcc.dg/torture/type-generic-1.c  -O3 -fomit-frame-pointer  execution test
FAIL: gcc.dg/torture/type-generic-1.c  -O3 -g  execution test
FAIL: gcc.dg/torture/type-generic-1.c  -Os  execution test
FAIL: gcc.dg/torture/type-generic-1.c  -O2 -flto -fno-use-linker-plugin -flto-partition=none  execution test
FAIL: gcc.dg/torture/type-generic-1.c  -O2 -flto -fuse-linker-plugin -fno-fat-lto-objects  execution test
FAIL: gcc.dg/tree-ssa/ssa-dom-thread-4.c scan-tree-dump-times dom1 "Threaded" 3
FAIL: gcc.dg/tree-ssa/vrp47.c scan-tree-dump-times vrp1 "[xy][^ ]* !=" 0
FAIL: gcc.dg/tree-ssa/vrp47.c scan-tree-dump-times dom2 "x[^ ]* & y" 1
FAIL: gcc.dg/tree-ssa/vrp47.c scan-tree-dump-times vrp1 "x[^ ]* [|] y" 1
FAIL: gcc.target/m68k/20090709-1.c scan-assembler-times .LC0 3

		=== gcc Summary ===

# of expected passes		71269
# of unexpected failures	167
# of unexpected successes	18
# of expected failures		106
# of unresolved testcases	31
# of unsupported tests		1495
/scratch/gcc/nightly-2012-09-19-4.7/coldfire-elf/obj/test-4.7-0-m68k-elf/host-i686-pc-linux-gnu/fsf-4.7/bin/m68k-elf-gcc  version 4.7.2 20120919 (prerelease) (GCC) 


		=== Summary adjusted for local xfails ===

# of unexpected failures        167
# of expected passes            71269
# of unexpected successes       18
# of expected failures          106
# of unresolved testcases       31
# of unsupported tests          1495
Host   is i686-pc-linux-gnu

		=== libstdc++ tests ===


Running target qemu-coldfire-elf-prebuilt-fsf/-mcpu=5475
ERROR: tcl error sourcing /scratch/gcc/nightly-2012-09-19-4.7/src/gcc-4.7/libstdc++-v3/testsuite/libstdc++-abi/abi.exp.
ERROR: can't read "baseline_subdir_switch": no such variable
FAIL: 21_strings/basic_string/inserters_extractors/char/1.cc execution test
FAIL: 21_strings/basic_string/inserters_extractors/char/28277.cc execution test
FAIL: 21_strings/basic_string/inserters_extractors/char/4.cc execution test
FAIL: 21_strings/basic_string/inserters_extractors/char/6.cc execution test
FAIL: 21_strings/basic_string/inserters_extractors/char/8.cc execution test
FAIL: 21_strings/basic_string/inserters_extractors/char/9.cc execution test
FAIL: 21_strings/basic_string/inserters_extractors/wchar_t/1.cc execution test
FAIL: 21_strings/basic_string/inserters_extractors/wchar_t/28277.cc execution test
FAIL: 21_strings/basic_string/inserters_extractors/wchar_t/4.cc execution test
FAIL: 21_strings/basic_string/inserters_extractors/wchar_t/6.cc execution test
FAIL: 21_strings/basic_string/inserters_extractors/wchar_t/8.cc execution test
FAIL: 21_strings/basic_string/inserters_extractors/wchar_t/9.cc execution test
FAIL: 22_locale/collate/transform/wchar_t/28277.cc execution test
FAIL: 22_locale/money_put/put/char/6.cc execution test
FAIL: 22_locale/money_put/put/wchar_t/6.cc execution test
FAIL: 22_locale/num_get/get/char/16.cc execution test
FAIL: 22_locale/num_get/get/char/39802.cc execution test
FAIL: 22_locale/num_get/get/wchar_t/16.cc execution test
FAIL: 22_locale/num_get/get/wchar_t/39802.cc execution test
FAIL: 22_locale/num_put/put/char/10.cc execution test
FAIL: 22_locale/num_put/put/wchar_t/10.cc execution test
FAIL: 22_locale/numpunct/members/char/cache_1.cc execution test
FAIL: 22_locale/numpunct/members/char/cache_2.cc execution test
FAIL: 22_locale/numpunct/members/wchar_t/cache_1.cc execution test
FAIL: 22_locale/numpunct/members/wchar_t/cache_2.cc execution test
FAIL: 23_containers/bitset/input/1.cc execution test
FAIL: 23_containers/bitset/to_ulong/1.cc execution test
FAIL: 23_containers/deque/cons/2.cc execution test
FAIL: 23_containers/multiset/modifiers/insert/1.cc execution test
FAIL: 23_containers/vector/profile/vector.cc execution test
FAIL: 24_iterators/istream_iterator/2.cc execution test
FAIL: 25_algorithms/copy/streambuf_iterators/char/1.cc execution test
FAIL: 25_algorithms/copy/streambuf_iterators/char/2.cc execution test
FAIL: 25_algorithms/copy/streambuf_iterators/wchar_t/1.cc execution test
FAIL: 25_algorithms/copy/streambuf_iterators/wchar_t/2.cc execution test
FAIL: 25_algorithms/copy_n/50119.cc execution test
FAIL: 25_algorithms/find/istreambuf_iterators/char/1.cc execution test
FAIL: 25_algorithms/find/istreambuf_iterators/wchar_t/1.cc execution test
FAIL: 25_algorithms/unique_copy/26133.cc execution test
FAIL: 26_numerics/complex/inserters_extractors/char/1.cc execution test
FAIL: 26_numerics/complex/inserters_extractors/wchar_t/1.cc execution test
FAIL: 26_numerics/random/discard_block_engine/operators/serialize.cc execution test
FAIL: 26_numerics/random/independent_bits_engine/operators/serialize.cc execution test
FAIL: 26_numerics/random/linear_congruential_engine/operators/serialize.cc execution test
FAIL: 26_numerics/random/mersenne_twister_engine/operators/serialize.cc execution test
FAIL: 26_numerics/random/piecewise_constant_distribution/operators/serialize.cc execution test
FAIL: 26_numerics/random/shuffle_order_engine/operators/serialize.cc execution test
FAIL: 26_numerics/random/subtract_with_carry_engine/operators/serialize.cc execution test
FAIL: 27_io/basic_filebuf/overflow/char/1.cc execution test
FAIL: 27_io/basic_filebuf/overflow/char/3599.cc execution test
FAIL: 27_io/basic_filebuf/sgetn/char/1-in.cc execution test
FAIL: 27_io/basic_filebuf/sgetn/char/1-io.cc execution test
FAIL: 27_io/basic_filebuf/sgetn/char/2-in.cc execution test
FAIL: 27_io/basic_filebuf/sgetn/char/2-io.cc execution test
FAIL: 27_io/basic_filebuf/underflow/wchar_t/11603.cc execution test
FAIL: 27_io/basic_ios/cons/char/1.cc execution test
FAIL: 27_io/basic_istream/exceptions/char/9561.cc execution test
FAIL: 27_io/basic_istream/exceptions/wchar_t/9561.cc execution test
FAIL: 27_io/basic_istream/extractors_arithmetic/char/01.cc execution test
FAIL: 27_io/basic_istream/extractors_arithmetic/char/02.cc execution test
FAIL: 27_io/basic_istream/extractors_arithmetic/char/03.cc execution test
FAIL: 27_io/basic_istream/extractors_arithmetic/char/06.cc execution test
FAIL: 27_io/basic_istream/extractors_arithmetic/char/07.cc execution test
FAIL: 27_io/basic_istream/extractors_arithmetic/char/08.cc execution test
FAIL: 27_io/basic_istream/extractors_arithmetic/char/09.cc execution test
FAIL: 27_io/basic_istream/extractors_arithmetic/char/10.cc execution test
FAIL: 27_io/basic_istream/extractors_arithmetic/char/11.cc execution test
FAIL: 27_io/basic_istream/extractors_arithmetic/char/13.cc execution test
FAIL: 27_io/basic_istream/extractors_arithmetic/char/9555-ia.cc execution test
FAIL: 27_io/basic_istream/extractors_arithmetic/char/dr696.cc execution test
FAIL: 27_io/basic_istream/extractors_arithmetic/char/exceptions_badbit_throw.cc execution test
FAIL: 27_io/basic_istream/extractors_arithmetic/char/exceptions_failbit.cc execution test
FAIL: 27_io/basic_istream/extractors_arithmetic/char/exceptions_failbit_throw.cc execution test
FAIL: 27_io/basic_istream/extractors_arithmetic/wchar_t/01.cc execution test
FAIL: 27_io/basic_istream/extractors_arithmetic/wchar_t/02.cc execution test
FAIL: 27_io/basic_istream/extractors_arithmetic/wchar_t/03.cc execution test
FAIL: 27_io/basic_istream/extractors_arithmetic/wchar_t/06.cc execution test
FAIL: 27_io/basic_istream/extractors_arithmetic/wchar_t/07.cc execution test
FAIL: 27_io/basic_istream/extractors_arithmetic/wchar_t/08.cc execution test
FAIL: 27_io/basic_istream/extractors_arithmetic/wchar_t/09.cc execution test
FAIL: 27_io/basic_istream/extractors_arithmetic/wchar_t/10.cc execution test
FAIL: 27_io/basic_istream/extractors_arithmetic/wchar_t/11.cc execution test
FAIL: 27_io/basic_istream/extractors_arithmetic/wchar_t/13.cc execution test
FAIL: 27_io/basic_istream/extractors_arithmetic/wchar_t/9555-ia.cc execution test
FAIL: 27_io/basic_istream/extractors_arithmetic/wchar_t/dr696.cc execution test
FAIL: 27_io/basic_istream/extractors_arithmetic/wchar_t/exceptions_badbit_throw.cc execution test
FAIL: 27_io/basic_istream/extractors_arithmetic/wchar_t/exceptions_failbit.cc execution test
FAIL: 27_io/basic_istream/extractors_arithmetic/wchar_t/exceptions_failbit_throw.cc execution test
FAIL: 27_io/basic_istream/extractors_character/char/1.cc execution test
FAIL: 27_io/basic_istream/extractors_character/char/11095-i.cc execution test
FAIL: 27_io/basic_istream/extractors_character/char/2.cc execution test
FAIL: 27_io/basic_istream/extractors_character/char/3.cc execution test
FAIL: 27_io/basic_istream/extractors_character/char/9555-ic.cc execution test
FAIL: 27_io/basic_istream/extractors_character/wchar_t/1.cc execution test
FAIL: 27_io/basic_istream/extractors_character/wchar_t/11095-i.cc execution test
FAIL: 27_io/basic_istream/extractors_character/wchar_t/2.cc execution test
FAIL: 27_io/basic_istream/extractors_character/wchar_t/3.cc execution test
FAIL: 27_io/basic_istream/extractors_character/wchar_t/9555-ic.cc execution test
FAIL: 27_io/basic_istream/extractors_other/char/26181.cc execution test
FAIL: 27_io/basic_istream/extractors_other/char/9318-in.cc execution test
FAIL: 27_io/basic_istream/extractors_other/char/9424-in.cc execution test
FAIL: 27_io/basic_istream/extractors_other/char/9555-io.cc execution test
FAIL: 27_io/basic_istream/extractors_other/char/error_failbit.cc execution test
FAIL: 27_io/basic_istream/extractors_other/char/exceptions_badbit_throw.cc execution test
FAIL: 27_io/basic_istream/extractors_other/char/exceptions_failbit_throw.cc execution test
FAIL: 27_io/basic_istream/extractors_other/wchar_t/26181.cc execution test
FAIL: 27_io/basic_istream/extractors_other/wchar_t/9318-in.cc execution test
FAIL: 27_io/basic_istream/extractors_other/wchar_t/9424-in.cc execution test
FAIL: 27_io/basic_istream/extractors_other/wchar_t/9555-io.cc execution test
FAIL: 27_io/basic_istream/extractors_other/wchar_t/error_failbit.cc execution test
FAIL: 27_io/basic_istream/extractors_other/wchar_t/exceptions_badbit_throw.cc execution test
FAIL: 27_io/basic_istream/extractors_other/wchar_t/exceptions_failbit_throw.cc execution test
FAIL: 27_io/basic_istream/get/char/1.cc execution test
FAIL: 27_io/basic_istream/get/char/3.cc execution test
FAIL: 27_io/basic_istream/get/wchar_t/1.cc execution test
FAIL: 27_io/basic_istream/get/wchar_t/3.cc execution test
FAIL: 27_io/basic_istream/getline/char/1.cc execution test
FAIL: 27_io/basic_istream/getline/char/2.cc execution test
FAIL: 27_io/basic_istream/getline/char/3.cc execution test
FAIL: 27_io/basic_istream/getline/char/4.cc execution test
FAIL: 27_io/basic_istream/getline/char/6.cc execution test
FAIL: 27_io/basic_istream/getline/wchar_t/1.cc execution test
FAIL: 27_io/basic_istream/getline/wchar_t/2.cc execution test
FAIL: 27_io/basic_istream/getline/wchar_t/3.cc execution test
FAIL: 27_io/basic_istream/getline/wchar_t/4.cc execution test
FAIL: 27_io/basic_istream/getline/wchar_t/6.cc execution test
FAIL: 27_io/basic_istream/ignore/char/1.cc execution test
FAIL: 27_io/basic_istream/ignore/char/6360.cc execution test
FAIL: 27_io/basic_istream/ignore/char/7220.cc execution test
FAIL: 27_io/basic_istream/ignore/wchar_t/1.cc execution test
FAIL: 27_io/basic_istream/ignore/wchar_t/6360.cc execution test
FAIL: 27_io/basic_istream/ignore/wchar_t/7220.cc execution test
FAIL: 27_io/basic_istream/peek/char/1.cc execution test
FAIL: 27_io/basic_istream/peek/char/12296.cc execution test
FAIL: 27_io/basic_istream/peek/wchar_t/1.cc execution test
FAIL: 27_io/basic_istream/peek/wchar_t/12296.cc execution test
FAIL: 27_io/basic_istream/putback/char/1.cc execution test
FAIL: 27_io/basic_istream/putback/wchar_t/1.cc execution test
FAIL: 27_io/basic_istream/read/char/1.cc execution test
FAIL: 27_io/basic_istream/read/char/2.cc execution test
FAIL: 27_io/basic_istream/read/char/3.cc execution test
FAIL: 27_io/basic_istream/read/wchar_t/1.cc execution test
FAIL: 27_io/basic_istream/read/wchar_t/2.cc execution test
FAIL: 27_io/basic_istream/read/wchar_t/3.cc execution test
FAIL: 27_io/basic_istream/readsome/char/6746-1.cc execution test
FAIL: 27_io/basic_istream/readsome/char/6746-2.cc execution test
FAIL: 27_io/basic_istream/readsome/char/8258.cc execution test
FAIL: 27_io/basic_istream/readsome/wchar_t/6746-1.cc execution test
FAIL: 27_io/basic_istream/readsome/wchar_t/6746-2.cc execution test
FAIL: 27_io/basic_istream/readsome/wchar_t/8258.cc execution test
FAIL: 27_io/basic_istream/seekg/char/26211.cc execution test
FAIL: 27_io/basic_istream/seekg/char/8348-1.cc execution test
FAIL: 27_io/basic_istream/seekg/char/8348-2.cc execution test
FAIL: 27_io/basic_istream/seekg/char/exceptions_badbit_throw.cc execution test
FAIL: 27_io/basic_istream/seekg/char/fstream.cc execution test
FAIL: 27_io/basic_istream/seekg/char/sstream.cc execution test
FAIL: 27_io/basic_istream/seekg/wchar_t/26211.cc execution test
FAIL: 27_io/basic_istream/seekg/wchar_t/8348-1.cc execution test
FAIL: 27_io/basic_istream/seekg/wchar_t/8348-2.cc execution test
FAIL: 27_io/basic_istream/seekg/wchar_t/exceptions_badbit_throw.cc execution test
FAIL: 27_io/basic_istream/seekg/wchar_t/fstream.cc execution test
FAIL: 27_io/basic_istream/seekg/wchar_t/sstream.cc execution test
FAIL: 27_io/basic_istream/sentry/char/1.cc execution test
FAIL: 27_io/basic_istream/sentry/char/12297.cc execution test
FAIL: 27_io/basic_istream/sentry/char/2.cc execution test
FAIL: 27_io/basic_istream/sentry/wchar_t/1.cc execution test
FAIL: 27_io/basic_istream/sentry/wchar_t/12297.cc execution test
FAIL: 27_io/basic_istream/sentry/wchar_t/2.cc execution test
FAIL: 27_io/basic_istream/tellg/char/1.cc execution test
FAIL: 27_io/basic_istream/tellg/char/26211.cc execution test
FAIL: 27_io/basic_istream/tellg/char/8348.cc execution test
FAIL: 27_io/basic_istream/tellg/char/exceptions_badbit_throw.cc execution test
FAIL: 27_io/basic_istream/tellg/char/fstream.cc execution test
FAIL: 27_io/basic_istream/tellg/char/sstream.cc execution test
FAIL: 27_io/basic_istream/tellg/wchar_t/1.cc execution test
FAIL: 27_io/basic_istream/tellg/wchar_t/26211.cc execution test
FAIL: 27_io/basic_istream/tellg/wchar_t/8348.cc execution test
FAIL: 27_io/basic_istream/tellg/wchar_t/exceptions_badbit_throw.cc execution test
FAIL: 27_io/basic_istream/tellg/wchar_t/fstream.cc execution test
FAIL: 27_io/basic_istream/tellg/wchar_t/sstream.cc execution test
FAIL: 27_io/basic_istream/ws/char/1.cc execution test
FAIL: 27_io/basic_istream/ws/wchar_t/1.cc execution test
FAIL: 27_io/basic_istringstream/str/char/1.cc execution test
FAIL: 27_io/basic_istringstream/str/wchar_t/1.cc execution test
FAIL: 27_io/basic_ostream/endl/char/1.cc execution test
FAIL: 27_io/basic_ostream/endl/wchar_t/1.cc execution test
FAIL: 27_io/basic_ostream/ends/char/1.cc execution test
FAIL: 27_io/basic_ostream/ends/char/2.cc execution test
FAIL: 27_io/basic_ostream/ends/wchar_t/1.cc execution test
FAIL: 27_io/basic_ostream/ends/wchar_t/2.cc execution test
FAIL: 27_io/basic_ostream/exceptions/char/9561.cc execution test
FAIL: 27_io/basic_ostream/exceptions/wchar_t/9561.cc execution test
FAIL: 27_io/basic_ostream/flush/char/2.cc execution test
FAIL: 27_io/basic_ostream/flush/char/exceptions_badbit_throw.cc execution test
FAIL: 27_io/basic_ostream/flush/wchar_t/2.cc execution test
FAIL: 27_io/basic_ostream/flush/wchar_t/exceptions_badbit_throw.cc execution test
FAIL: 27_io/basic_ostream/inserters_arithmetic/char/1.cc execution test
FAIL: 27_io/basic_ostream/inserters_arithmetic/char/3.cc execution test
FAIL: 27_io/basic_ostream/inserters_arithmetic/char/4.cc execution test
FAIL: 27_io/basic_ostream/inserters_arithmetic/char/4402.cc execution test
FAIL: 27_io/basic_ostream/inserters_arithmetic/char/5.cc execution test
FAIL: 27_io/basic_ostream/inserters_arithmetic/char/6.cc execution test
FAIL: 27_io/basic_ostream/inserters_arithmetic/char/7.cc execution test
FAIL: 27_io/basic_ostream/inserters_arithmetic/char/9555-oa.cc execution test
FAIL: 27_io/basic_ostream/inserters_arithmetic/char/exceptions_badbit_throw.cc execution test
FAIL: 27_io/basic_ostream/inserters_arithmetic/char/exceptions_failbit_throw.cc execution test
FAIL: 27_io/basic_ostream/inserters_arithmetic/wchar_t/1.cc execution test
FAIL: 27_io/basic_ostream/inserters_arithmetic/wchar_t/3.cc execution test
FAIL: 27_io/basic_ostream/inserters_arithmetic/wchar_t/4.cc execution test
FAIL: 27_io/basic_ostream/inserters_arithmetic/wchar_t/4402.cc execution test
FAIL: 27_io/basic_ostream/inserters_arithmetic/wchar_t/5.cc execution test
FAIL: 27_io/basic_ostream/inserters_arithmetic/wchar_t/6.cc execution test
FAIL: 27_io/basic_ostream/inserters_arithmetic/wchar_t/7.cc execution test
FAIL: 27_io/basic_ostream/inserters_arithmetic/wchar_t/9555-oa.cc execution test
FAIL: 27_io/basic_ostream/inserters_arithmetic/wchar_t/exceptions_badbit_throw.cc execution test
FAIL: 27_io/basic_ostream/inserters_arithmetic/wchar_t/exceptions_failbit_throw.cc execution test
FAIL: 27_io/basic_ostream/inserters_character/char/11095-oa.cc execution test
FAIL: 27_io/basic_ostream/inserters_character/char/11095-ob.cc execution test
FAIL: 27_io/basic_ostream/inserters_character/char/11095-oc.cc execution test
FAIL: 27_io/basic_ostream/inserters_character/char/2.cc execution test
FAIL: 27_io/basic_ostream/inserters_character/char/28277-3.cc execution test
FAIL: 27_io/basic_ostream/inserters_character/char/28277-4.cc execution test
FAIL: 27_io/basic_ostream/inserters_character/char/3.cc execution test
FAIL: 27_io/basic_ostream/inserters_character/char/4.cc execution test
FAIL: 27_io/basic_ostream/inserters_character/char/5.cc execution test
FAIL: 27_io/basic_ostream/inserters_character/char/6.cc execution test
FAIL: 27_io/basic_ostream/inserters_character/char/9555-oc.cc execution test
FAIL: 27_io/basic_ostream/inserters_character/wchar_t/11095-od.cc execution test
FAIL: 27_io/basic_ostream/inserters_character/wchar_t/11095-oe.cc execution test
FAIL: 27_io/basic_ostream/inserters_character/wchar_t/11095-of.cc execution test
FAIL: 27_io/basic_ostream/inserters_character/wchar_t/2.cc execution test
FAIL: 27_io/basic_ostream/inserters_character/wchar_t/28277-1.cc execution test
FAIL: 27_io/basic_ostream/inserters_character/wchar_t/28277-2.cc execution test
FAIL: 27_io/basic_ostream/inserters_character/wchar_t/28277-3.cc execution test
FAIL: 27_io/basic_ostream/inserters_character/wchar_t/28277-4.cc execution test
FAIL: 27_io/basic_ostream/inserters_character/wchar_t/3.cc execution test
FAIL: 27_io/basic_ostream/inserters_character/wchar_t/4.cc execution test
FAIL: 27_io/basic_ostream/inserters_character/wchar_t/5.cc execution test
FAIL: 27_io/basic_ostream/inserters_character/wchar_t/6.cc execution test
FAIL: 27_io/basic_ostream/inserters_character/wchar_t/7.cc execution test
FAIL: 27_io/basic_ostream/inserters_character/wchar_t/9555-oc.cc execution test
FAIL: 27_io/basic_ostream/inserters_other/char/4.cc execution test
FAIL: 27_io/basic_ostream/inserters_other/char/5.cc execution test
FAIL: 27_io/basic_ostream/inserters_other/char/9318-out.cc execution test
FAIL: 27_io/basic_ostream/inserters_other/char/9424-out.cc execution test
FAIL: 27_io/basic_ostream/inserters_other/char/9555-oo.cc execution test
FAIL: 27_io/basic_ostream/inserters_other/char/error_code.cc execution test
FAIL: 27_io/basic_ostream/inserters_other/char/error_failbit.cc execution test
FAIL: 27_io/basic_ostream/inserters_other/char/exceptions_badbit_throw.cc execution test
FAIL: 27_io/basic_ostream/inserters_other/char/exceptions_failbit_throw.cc execution test
FAIL: 27_io/basic_ostream/inserters_other/char/exceptions_null.cc execution test
FAIL: 27_io/basic_ostream/inserters_other/wchar_t/4.cc execution test
FAIL: 27_io/basic_ostream/inserters_other/wchar_t/5.cc execution test
FAIL: 27_io/basic_ostream/inserters_other/wchar_t/9318-out.cc execution test
FAIL: 27_io/basic_ostream/inserters_other/wchar_t/9424-out.cc execution test
FAIL: 27_io/basic_ostream/inserters_other/wchar_t/9555-oo.cc execution test
FAIL: 27_io/basic_ostream/inserters_other/wchar_t/error_code.cc execution test
FAIL: 27_io/basic_ostream/inserters_other/wchar_t/error_failbit.cc execution test
FAIL: 27_io/basic_ostream/inserters_other/wchar_t/exceptions_badbit_throw.cc execution test
FAIL: 27_io/basic_ostream/inserters_other/wchar_t/exceptions_failbit_throw.cc execution test
FAIL: 27_io/basic_ostream/inserters_other/wchar_t/exceptions_null.cc execution test
FAIL: 27_io/basic_ostream/put/char/1.cc execution test
FAIL: 27_io/basic_ostream/put/wchar_t/1.cc execution test
FAIL: 27_io/basic_ostream/seekp/char/2346-sstream.cc execution test
FAIL: 27_io/basic_ostream/seekp/char/exceptions_badbit_throw.cc execution test
FAIL: 27_io/basic_ostream/seekp/wchar_t/2346-sstream.cc execution test
FAIL: 27_io/basic_ostream/seekp/wchar_t/exceptions_badbit_throw.cc execution test
FAIL: 27_io/basic_ostream/sentry/char/1.cc execution test
FAIL: 27_io/basic_ostream/sentry/wchar_t/1.cc execution test
FAIL: 27_io/basic_ostream/tellp/char/1.cc execution test
FAIL: 27_io/basic_ostream/tellp/char/2.cc execution test
FAIL: 27_io/basic_ostream/tellp/char/exceptions_badbit_throw.cc execution test
FAIL: 27_io/basic_ostream/tellp/wchar_t/1.cc execution test
FAIL: 27_io/basic_ostream/tellp/wchar_t/2.cc execution test
FAIL: 27_io/basic_ostream/tellp/wchar_t/exceptions_badbit_throw.cc execution test
FAIL: 27_io/basic_ostream/write/char/1.cc execution test
FAIL: 27_io/basic_ostream/write/wchar_t/1.cc execution test
FAIL: 27_io/basic_ostringstream/str/char/2.cc execution test
FAIL: 27_io/basic_ostringstream/str/wchar_t/2.cc execution test
FAIL: 27_io/basic_streambuf/overflow/char/2.cc execution test
FAIL: 27_io/basic_streambuf/overflow/char/3599.cc execution test
FAIL: 27_io/basic_streambuf/overflow/wchar_t/2.cc execution test
FAIL: 27_io/basic_streambuf/overflow/wchar_t/3599.cc execution test
FAIL: 27_io/basic_stringbuf/in_avail/char/21955.cc execution test
FAIL: 27_io/basic_stringbuf/overflow/char/2.cc execution test
FAIL: 27_io/basic_stringbuf/overflow/char/3599.cc execution test
FAIL: 27_io/basic_stringbuf/overflow/wchar_t/1.cc execution test
FAIL: 27_io/basic_stringbuf/overflow/wchar_t/2.cc execution test
FAIL: 27_io/basic_stringbuf/overflow/wchar_t/3599.cc execution test
FAIL: 27_io/basic_stringbuf/str/char/3.cc execution test
FAIL: 27_io/basic_stringbuf/str/char/3955.cc execution test
FAIL: 27_io/basic_stringbuf/str/wchar_t/3.cc execution test
FAIL: 27_io/basic_stringbuf/str/wchar_t/3955.cc execution test
FAIL: 27_io/basic_stringstream/str/char/1.cc execution test
FAIL: 27_io/basic_stringstream/str/char/3.cc execution test
FAIL: 27_io/basic_stringstream/str/wchar_t/1.cc execution test
FAIL: 27_io/basic_stringstream/str/wchar_t/3.cc execution test
FAIL: 27_io/fpos/14320-5.cc execution test
FAIL: 27_io/ios_base/state/1.cc execution test
FAIL: 27_io/ios_base/storage/2.cc execution test
XPASS: 27_io/ios_base/sync_with_stdio/1.cc execution test
FAIL: 27_io/manipulators/adjustfield/char/1.cc execution test
FAIL: 27_io/manipulators/adjustfield/char/2.cc execution test
FAIL: 27_io/manipulators/adjustfield/wchar_t/1.cc execution test
FAIL: 27_io/manipulators/adjustfield/wchar_t/2.cc execution test
FAIL: 27_io/manipulators/basefield/char/1.cc execution test
FAIL: 27_io/manipulators/basefield/wchar_t/1.cc execution test
FAIL: 27_io/manipulators/standard/char/1.cc execution test
FAIL: 27_io/manipulators/standard/char/2.cc execution test
FAIL: 27_io/manipulators/standard/wchar_t/1.cc execution test
FAIL: 27_io/manipulators/standard/wchar_t/2.cc execution test
FAIL: 27_io/objects/char/10.cc execution test
FAIL: 27_io/objects/char/12048-1.cc execution test
FAIL: 27_io/objects/char/12048-2.cc execution test
XPASS: 27_io/objects/char/12048-5.cc execution test
FAIL: 27_io/objects/char/6.cc execution test
FAIL: 27_io/objects/wchar_t/12048-1.cc execution test
FAIL: 27_io/objects/wchar_t/12048-2.cc execution test
XPASS: 27_io/objects/wchar_t/12048-5.cc execution test
FAIL: 27_io/objects/wchar_t/6.cc execution test
FAIL: 27_io/rvalue_streams.cc execution test
FAIL: 28_regex/algorithms/02_match/basic/string_range_00_03.cc execution test
FAIL: 28_regex/algorithms/02_match/basic/string_range_01_03.cc execution test
FAIL: 28_regex/algorithms/02_match/extended/string_range_00_03.cc execution test
FAIL: 28_regex/algorithms/02_match/extended/string_range_01_03.cc execution test
FAIL: 28_regex/traits/char/value.cc execution test
FAIL: 28_regex/traits/wchar_t/value.cc execution test
FAIL: ext/mt_allocator/check_delete.cc execution test
FAIL: ext/vstring/inserters_extractors/char/28277.cc execution test
FAIL: ext/vstring/inserters_extractors/wchar_t/28277.cc execution test
FAIL: tr1/5_numerical_facilities/random/discard_block/operators/serialize.cc execution test
FAIL: tr1/5_numerical_facilities/random/linear_congruential/operators/serialize.cc execution test
FAIL: tr1/5_numerical_facilities/random/mersenne_twister/operators/serialize.cc execution test
FAIL: tr1/5_numerical_facilities/random/subtract_with_carry/operators/serialize.cc execution test
FAIL: tr1/5_numerical_facilities/random/subtract_with_carry_01/operators/serialize.cc execution test
FAIL: tr1/5_numerical_facilities/random/xor_combine/operators/serialize.cc execution test
FAIL: tr1/5_numerical_facilities/special_functions/12_ellint_1/check_nan.cc execution test
FAIL: tr1/5_numerical_facilities/special_functions/13_ellint_2/check_nan.cc execution test
FAIL: tr1/5_numerical_facilities/special_functions/14_ellint_3/check_nan.cc execution test
FAIL: tr1/5_numerical_facilities/special_functions/22_sph_legendre/check_nan.cc execution test
FAIL: tr1/7_regular_expressions/regex_traits/char/value.cc execution test
FAIL: tr1/7_regular_expressions/regex_traits/wchar_t/value.cc execution test
FAIL: tr2/headers/all.cc (test for excess errors)

		=== libstdc++ Summary ===

# of expected passes		6975
# of unexpected failures	340
# of unexpected successes	3
# of expected failures		41
# of unsupported tests		578

		=== Summary adjusted for local xfails ===

# of errors                     2
# of unexpected failures        340
# of expected passes            6975
# of unexpected successes       3
# of expected failures          41
# of unsupported tests          578

Compiler version: 4.7.2 20120919 (prerelease) (GCC) 
Platform: m68k-unknown-elf
configure flags: --build=i686-pc-linux-gnu --host=i686-pc-linux-gnu --target=m68k-elf --enable-threads --disable-libmudflap --disable-libssp --disable-libstdcxx-pch --with-arch=cf --disable-threads --with-gnu-as --with-gnu-ld --enable-languages=c,c++ --disable-shared --enable-lto --with-newlib --disable-nls --prefix=/opt/codesourcery --with-headers=yes --with-sysroot=/opt/codesourcery/m68k-elf --with-build-sysroot=/scratch/gcc/nightly-2012-09-19-4.7/coldfire-elf/install/m68k-elf --with-gmp=/scratch/gcc/nightly-2012-09-19-4.7/coldfire-elf/obj/pkg-4.7-0-m68k-elf/fsf-4.7-0-m68k-elf.extras/host-libs-i686-pc-linux-gnu/usr --with-mpfr=/scratch/gcc/nightly-2012-09-19-4.7/coldfire-elf/obj/pkg-4.7-0-m68k-elf/fsf-4.7-0-m68k-elf.extras/host-libs-i686-pc-linux-gnu/usr --with-mpc=/scratch/gcc/nightly-2012-09-19-4.7/coldfire-elf/obj/pkg-4.7-0-m68k-elf/fsf-4.7-0-m68k-elf.extras/host-libs-i686-pc-linux-gnu/usr --with-ppl=/scratch/gcc/nightly-2012-09-19-4.7/coldfire-elf/obj/pkg-4.7-0-m68k-elf
 /fsf-4.7-0-m68k-elf.extras/host-libs-i686-pc-linux-gnu/usr --with-host-libstdcxx='-static-libgcc -Wl,-Bstatic,-lstdc++,-Bdynamic -lm' --with-cloog=/scratch/gcc/nightly-2012-09-19-4.7/coldfire-elf/obj/pkg-4.7-0-m68k-elf/fsf-4.7-0-m68k-elf.extras/host-libs-i686-pc-linux-gnu/usr --with-libelf=/scratch/gcc/nightly-2012-09-19-4.7/coldfire-elf/obj/pkg-4.7-0-m68k-elf/fsf-4.7-0-m68k-elf.extras/host-libs-i686-pc-linux-gnu/usr --disable-libgomp --disable-libitm --enable-poison-system-directories --with-build-time-tools=/scratch/gcc/nightly-2012-09-19-4.7/coldfire-elf/install/m68k-elf/bin --with-build-time-tools=/scratch/gcc/nightly-2012-09-19-4.7/coldfire-elf/install/m68k-elf/bin


Index Nav: [Date Index] [Subject Index] [Author Index] [Thread Index]
Message Nav: [Date Prev] [Date Next] [Thread Prev] [Thread Next]