This is the mail archive of the gcc-testresults@gcc.gnu.org mailing list for the GCC project.


Index Nav: [Date Index] [Subject Index] [Author Index] [Thread Index]
Message Nav: [Date Prev] [Date Next] [Thread Prev] [Thread Next]
Other format: [Raw text]

Results for 4.8.0 20120918 (experimental) [trunk revision 191443] (GCC) testsuite on hppa2.0w-hp-hpux11.11


		=== acats tests ===

		=== acats Summary ===
# of expected passes		2320
# of unexpected failures	0
Native configuration is hppa2.0w-hp-hpux11.11

		=== g++ tests ===


Running target unix
UNRESOLVED: g++.dg/ext/label13.C -std=gnu++98 compilation failed to produce executable
UNRESOLVED: g++.dg/ext/label13.C -std=gnu++11 compilation failed to produce executable
WARNING: program timed out.
FAIL: g++.dg/pch/array-1.C  -g assembly comparison
FAIL: g++.dg/pch/array-1.C  -O2 -g assembly comparison
FAIL: g++.dg/pch/externc-1.C  -g assembly comparison
FAIL: g++.dg/pch/externc-1.C  -O2 -g assembly comparison
FAIL: g++.dg/pch/static-1.C  -g assembly comparison
FAIL: g++.dg/pch/static-1.C  -O2 -g assembly comparison
FAIL: g++.dg/pch/system-1.C  -g assembly comparison
FAIL: g++.dg/pch/system-1.C  -O2 -g assembly comparison
FAIL: g++.dg/pch/system-2.C  -g assembly comparison
FAIL: g++.dg/pch/system-2.C  -O2 -g assembly comparison
FAIL: g++.dg/pch/uninst.C  -g assembly comparison
FAIL: g++.dg/pch/uninst.C  -O2 -g assembly comparison
FAIL: g++.dg/pch/wchar-1.C  -g assembly comparison
FAIL: g++.dg/pch/wchar-1.C  -O2 -g assembly comparison
FAIL: c-c++-common/simulate-thread/bitfields-2.c  -Os -g  thread simulation test

		=== g++ Summary ===

# of expected passes		43424
# of unexpected failures	15
# of expected failures		288
# of unresolved testcases	2
# of unsupported tests		1009
/test/gnu/gcc/objdir/gcc/testsuite/g++/../../g++  version 4.8.0 20120918 (experimental) [trunk revision 191443] (GCC) 

		=== gcc tests ===


Running target unix
XPASS: gcc.dg/Wstrict-overflow-18.c  (test for bogus messages, line 20)
FAIL: gcc.dg/builtin-object-size-8.c execution test
FAIL: gcc.dg/sms-8.c execution test
WARNING: program timed out.
FAIL: gcc.dg/ipa/iinline-4.c scan-ipa-dump inline "hooray4[^\\\\n]*inline copy in test4"
FAIL: gcc.dg/pch/decl-3.c  -O0 -g assembly comparison
FAIL: gcc.dg/pch/decl-3.c   -O3 -g  assembly comparison
FAIL: gcc.dg/pch/decl-4.c  -O0 -g assembly comparison
FAIL: gcc.dg/pch/decl-4.c   -O3 -g  assembly comparison
FAIL: gcc.dg/pch/struct-1.c  -O0 -g assembly comparison
FAIL: gcc.dg/pch/struct-1.c   -O3 -g  assembly comparison
FAIL: gcc.dg/pch/system-1.c  -O0 -g assembly comparison
FAIL: gcc.dg/pch/system-1.c   -O3 -g  assembly comparison
FAIL: c-c++-common/torture/vector-subscript-1.c  -O0  (test for excess errors)
FAIL: c-c++-common/torture/vector-subscript-1.c  -O1  (test for excess errors)
FAIL: c-c++-common/torture/vector-subscript-1.c  -O2  (test for excess errors)
FAIL: c-c++-common/torture/vector-subscript-1.c  -O3 -fomit-frame-pointer  (test for excess errors)
FAIL: c-c++-common/torture/vector-subscript-1.c  -O3 -fomit-frame-pointer -funroll-loops  (test for excess errors)
FAIL: c-c++-common/torture/vector-subscript-1.c  -O3 -fomit-frame-pointer -funroll-all-loops -finline-functions  (test for excess errors)
FAIL: c-c++-common/torture/vector-subscript-1.c  -O3 -g  (test for excess errors)
FAIL: c-c++-common/torture/vector-subscript-1.c  -Os  (test for excess errors)
FAIL: c-c++-common/torture/vector-subscript-2.c  -O0  (test for excess errors)
FAIL: c-c++-common/torture/vector-subscript-2.c  -O1  (test for excess errors)
FAIL: c-c++-common/torture/vector-subscript-2.c  -O2  (test for excess errors)
FAIL: c-c++-common/torture/vector-subscript-2.c  -O3 -fomit-frame-pointer  (test for excess errors)
FAIL: c-c++-common/torture/vector-subscript-2.c  -O3 -fomit-frame-pointer -funroll-loops  (test for excess errors)
FAIL: c-c++-common/torture/vector-subscript-2.c  -O3 -fomit-frame-pointer -funroll-all-loops -finline-functions  (test for excess errors)
FAIL: c-c++-common/torture/vector-subscript-2.c  -O3 -g  (test for excess errors)
FAIL: c-c++-common/torture/vector-subscript-2.c  -Os  (test for excess errors)
FAIL: gcc.dg/torture/pr51106-2.c  -O0  (internal compiler error)
FAIL: gcc.dg/torture/pr51106-2.c  -O0  (test for excess errors)
FAIL: gcc.dg/torture/pr51106-2.c  -O1  (internal compiler error)
FAIL: gcc.dg/torture/pr51106-2.c  -O1  (test for excess errors)
FAIL: gcc.dg/torture/pr51106-2.c  -O2  (internal compiler error)
FAIL: gcc.dg/torture/pr51106-2.c  -O2  (test for excess errors)
FAIL: gcc.dg/torture/pr51106-2.c  -O3 -fomit-frame-pointer  (internal compiler error)
FAIL: gcc.dg/torture/pr51106-2.c  -O3 -fomit-frame-pointer  (test for excess errors)
FAIL: gcc.dg/torture/pr51106-2.c  -O3 -g  (internal compiler error)
FAIL: gcc.dg/torture/pr51106-2.c  -O3 -g  (test for excess errors)
FAIL: gcc.dg/torture/pr51106-2.c  -Os  (internal compiler error)
FAIL: gcc.dg/torture/pr51106-2.c  -Os  (test for excess errors)
XPASS: gcc.dg/torture/pr52402.c  -O0  execution test
XPASS: gcc.dg/torture/pr52402.c  -O1  execution test
XPASS: gcc.dg/torture/pr52402.c  -O2  execution test
XPASS: gcc.dg/torture/pr52402.c  -O3 -fomit-frame-pointer  execution test
XPASS: gcc.dg/torture/pr52402.c  -O3 -g  execution test
XPASS: gcc.dg/torture/pr52402.c  -Os  execution test
FAIL: gcc.dg/tree-ssa/vector-4.c scan-tree-dump-times gimple "VEC_PERM_EXPR <a, b, { 0, 4, 1, 5 }>;" 1

		=== gcc Summary ===

# of expected passes		60791
# of unexpected failures	40
# of unexpected successes	7
# of expected failures		113
# of unsupported tests		1407
/test/gnu/gcc/objdir/gcc/xgcc  version 4.8.0 20120918 (experimental) [trunk revision 191443] (GCC) 

		=== gfortran tests ===


Running target unix
FAIL: gfortran.dg/pr45636.f90  -O   scan-tree-dump-times forwprop2 "memset" 0
FAIL: gfortran.fortran-torture/execute/random_2.f90 execution,  -O0 
FAIL: gfortran.fortran-torture/execute/random_2.f90 execution,  -O1 
FAIL: gfortran.fortran-torture/execute/random_2.f90 execution,  -O2 
FAIL: gfortran.fortran-torture/execute/random_2.f90 execution,  -O2 -fomit-frame-pointer -finline-functions 
FAIL: gfortran.fortran-torture/execute/random_2.f90 execution,  -O2 -fomit-frame-pointer -finline-functions -funroll-loops 
FAIL: gfortran.fortran-torture/execute/random_2.f90 execution,  -O2 -fbounds-check 
FAIL: gfortran.fortran-torture/execute/random_2.f90 execution,  -O3 -g 
FAIL: gfortran.fortran-torture/execute/random_2.f90 execution,  -Os 

		=== gfortran Summary ===

# of expected passes		40608
# of unexpected failures	9
# of expected failures		42
# of unsupported tests		398
/test/gnu/gcc/objdir/gcc/testsuite/gfortran/../../gfortran  version 4.8.0 20120918 (experimental) [trunk revision 191443] (GCC) 

		=== gnat tests ===


Running target unix
FAIL: gnat.dg/array11.adb  (test for warnings, line 12)
FAIL: gnat.dg/object_overflow.adb  (test for warnings, line 8)

		=== gnat Summary ===

# of expected passes		1102
# of unexpected failures	2
# of expected failures		17
# of unsupported tests		12
/test/gnu/gcc/objdir/gcc/gnatmake version 4.8.0 20120918 (experimental) [trunk revision 191443]

		=== obj-c++ tests ===


Running target unix

		=== obj-c++ Summary ===

# of expected passes		1408
# of expected failures		2
# of unsupported tests		69
/test/gnu/gcc/objdir/gcc/testsuite/obj-c++/../../g++  version 4.8.0 20120918 (experimental) [trunk revision 191443] (GCC) 

		=== objc tests ===


Running target unix
FAIL: objc.dg/pch/interface-1.m -fgnu-runtime -O0 -g assembly comparison
FAIL: objc.dg/pch/interface-1.m -fgnu-runtime  -O3 -g  assembly comparison

		=== objc Summary ===

# of expected passes		2918
# of unexpected failures	2
# of unsupported tests		65
/test/gnu/gcc/objdir/gcc/xgcc  version 4.8.0 20120918 (experimental) [trunk revision 191443] (GCC) 

		=== boehm-gc tests ===


Running target unix

		=== boehm-gc Summary ===

# of expected passes		12
# of unsupported tests		1
		=== libatomic tests ===


Running target unix

		=== libatomic Summary ===

# of expected passes		4
# of unsupported tests		25
		=== libffi tests ===


Running target unix

		=== libffi Summary ===

# of expected passes		1659
# of unsupported tests		55
		=== libgomp tests ===


Running target unix

		=== libgomp Summary ===

# of expected passes		2910
# of unsupported tests		10
		=== libjava tests ===


Running target unix
FAIL: LargeFile execution - source compiled test
FAIL: LargeFile -findirect-dispatch execution - source compiled test
FAIL: LargeFile -O3 execution - source compiled test
FAIL: LargeFile -O3 -findirect-dispatch execution - source compiled test

		=== libjava Summary ===

# of expected passes		2578
# of unexpected failures	4
# of untested testcases		4
		=== libstdc++ tests ===


Running target unix
FAIL: ext/random/beta_distribution/cons/default.cc (test for excess errors)
UNRESOLVED: ext/random/beta_distribution/cons/default.cc compilation failed to produce executable
FAIL: ext/random/beta_distribution/cons/parms.cc (test for excess errors)
UNRESOLVED: ext/random/beta_distribution/cons/parms.cc compilation failed to produce executable
FAIL: ext/random/beta_distribution/operators/equal.cc (test for excess errors)
UNRESOLVED: ext/random/beta_distribution/operators/equal.cc compilation failed to produce executable
FAIL: ext/random/beta_distribution/operators/inequal.cc (test for excess errors)
UNRESOLVED: ext/random/beta_distribution/operators/inequal.cc compilation failed to produce executable
FAIL: ext/random/beta_distribution/operators/serialize.cc (test for excess errors)
UNRESOLVED: ext/random/beta_distribution/operators/serialize.cc compilation failed to produce executable
FAIL: ext/random/beta_distribution/requirements/explicit_instantiation/1.cc (test for excess errors)
FAIL: ext/random/beta_distribution/requirements/typedefs.cc (test for excess errors)
FAIL: ext/random/nakagami_distribution/cons/default.cc (test for excess errors)
UNRESOLVED: ext/random/nakagami_distribution/cons/default.cc compilation failed to produce executable
FAIL: ext/random/nakagami_distribution/cons/parms.cc (test for excess errors)
UNRESOLVED: ext/random/nakagami_distribution/cons/parms.cc compilation failed to produce executable
FAIL: ext/random/nakagami_distribution/operators/equal.cc (test for excess errors)
UNRESOLVED: ext/random/nakagami_distribution/operators/equal.cc compilation failed to produce executable
FAIL: ext/random/nakagami_distribution/operators/inequal.cc (test for excess errors)
UNRESOLVED: ext/random/nakagami_distribution/operators/inequal.cc compilation failed to produce executable
FAIL: ext/random/nakagami_distribution/operators/serialize.cc (test for excess errors)
UNRESOLVED: ext/random/nakagami_distribution/operators/serialize.cc compilation failed to produce executable
FAIL: ext/random/nakagami_distribution/requirements/explicit_instantiation/1.cc (test for excess errors)
FAIL: ext/random/nakagami_distribution/requirements/typedefs.cc (test for excess errors)
FAIL: ext/random/normal_mv_distribution/cons/default.cc (test for excess errors)
UNRESOLVED: ext/random/normal_mv_distribution/cons/default.cc compilation failed to produce executable
FAIL: ext/random/normal_mv_distribution/cons/parms.cc (test for excess errors)
UNRESOLVED: ext/random/normal_mv_distribution/cons/parms.cc compilation failed to produce executable
FAIL: ext/random/normal_mv_distribution/operators/equal.cc (test for excess errors)
UNRESOLVED: ext/random/normal_mv_distribution/operators/equal.cc compilation failed to produce executable
FAIL: ext/random/normal_mv_distribution/operators/inequal.cc (test for excess errors)
UNRESOLVED: ext/random/normal_mv_distribution/operators/inequal.cc compilation failed to produce executable
FAIL: ext/random/normal_mv_distribution/operators/serialize.cc (test for excess errors)
UNRESOLVED: ext/random/normal_mv_distribution/operators/serialize.cc compilation failed to produce executable
FAIL: ext/random/normal_mv_distribution/requirements/explicit_instantiation/1.cc (test for excess errors)
FAIL: ext/random/normal_mv_distribution/requirements/typedefs.cc (test for excess errors)
FAIL: ext/random/rice_distribution/cons/default.cc (test for excess errors)
UNRESOLVED: ext/random/rice_distribution/cons/default.cc compilation failed to produce executable
FAIL: ext/random/rice_distribution/cons/parms.cc (test for excess errors)
UNRESOLVED: ext/random/rice_distribution/cons/parms.cc compilation failed to produce executable
FAIL: ext/random/rice_distribution/operators/equal.cc (test for excess errors)
UNRESOLVED: ext/random/rice_distribution/operators/equal.cc compilation failed to produce executable
FAIL: ext/random/rice_distribution/operators/inequal.cc (test for excess errors)
UNRESOLVED: ext/random/rice_distribution/operators/inequal.cc compilation failed to produce executable
FAIL: ext/random/rice_distribution/operators/serialize.cc (test for excess errors)
UNRESOLVED: ext/random/rice_distribution/operators/serialize.cc compilation failed to produce executable
FAIL: ext/random/rice_distribution/requirements/explicit_instantiation/1.cc (test for excess errors)
FAIL: ext/random/rice_distribution/requirements/typedefs.cc (test for excess errors)
FAIL: ext/random/simd_fast_mersenne_twister_engine/cons/copy.cc (test for excess errors)
UNRESOLVED: ext/random/simd_fast_mersenne_twister_engine/cons/copy.cc compilation failed to produce executable
FAIL: ext/random/simd_fast_mersenne_twister_engine/cons/default.cc (test for excess errors)
UNRESOLVED: ext/random/simd_fast_mersenne_twister_engine/cons/default.cc compilation failed to produce executable
FAIL: ext/random/simd_fast_mersenne_twister_engine/cons/seed1.cc (test for excess errors)
UNRESOLVED: ext/random/simd_fast_mersenne_twister_engine/cons/seed1.cc compilation failed to produce executable
FAIL: ext/random/simd_fast_mersenne_twister_engine/cons/seed2.cc (test for excess errors)
UNRESOLVED: ext/random/simd_fast_mersenne_twister_engine/cons/seed2.cc compilation failed to produce executable
FAIL: ext/random/simd_fast_mersenne_twister_engine/cons/seed_seq.cc (test for excess errors)
UNRESOLVED: ext/random/simd_fast_mersenne_twister_engine/cons/seed_seq.cc compilation failed to produce executable
FAIL: ext/random/simd_fast_mersenne_twister_engine/operators/equal.cc (test for excess errors)
UNRESOLVED: ext/random/simd_fast_mersenne_twister_engine/operators/equal.cc compilation failed to produce executable
FAIL: ext/random/simd_fast_mersenne_twister_engine/operators/inequal.cc (test for excess errors)
UNRESOLVED: ext/random/simd_fast_mersenne_twister_engine/operators/inequal.cc compilation failed to produce executable
FAIL: ext/random/simd_fast_mersenne_twister_engine/operators/serialize.cc (test for excess errors)
UNRESOLVED: ext/random/simd_fast_mersenne_twister_engine/operators/serialize.cc compilation failed to produce executable

		=== libstdc++ Summary ===

# of expected passes		7387
# of unexpected failures	36
# of expected failures		42
# of unresolved testcases	28
# of unsupported tests		836

Compiler version: 4.8.0 20120918 (experimental) [trunk revision 191443] (GCC) 
Platform: hppa2.0w-hp-hpux11.11
configure flags:Test Run By dave on Tue Sep 18 21:15:26 EDT 2012


Index Nav: [Date Index] [Subject Index] [Author Index] [Thread Index]
Message Nav: [Date Prev] [Date Next] [Thread Prev] [Thread Next]