This is the mail archive of the gcc-testresults@gcc.gnu.org mailing list for the GCC project.


Index Nav: [Date Index] [Subject Index] [Author Index] [Thread Index]
Message Nav: [Date Prev] [Date Next] [Thread Prev] [Thread Next]
Other format: [Raw text]

Results for 4.8.0 20120919 (experimental) (GCC) testsuite on arm-none-linux-gnueabi


LAST_UPDATED: Wed Sep 19 07:22:37 UTC 2012 (/trunk revision 191461)

Target is arm-none-linux-gnueabi
Host   is i686-pc-linux-gnu

		=== g++ tests ===


Running target qemu-default

		=== g++ Summary ===

# of expected passes		47646
# of expected failures		283
# of unsupported tests		713
/scratch/gcc/nightly-2012-09-19-mainline/arm-none-linux-gnueabi/obj/test-mainline-0-arm-none-linux-gnueabi/host-i686-pc-linux-gnu/fsf-mainline/bin/arm-none-linux-gnueabi-g++  version 4.8.0 20120919 (experimental) (GCC) 


		=== Summary adjusted for local xfails ===

# of expected passes            47646
# of expected failures          283
# of unsupported tests          713
Host   is i686-pc-linux-gnu

		=== gcc tests ===


Running target qemu-default
XPASS: gcc.dg/Wstrict-overflow-18.c  (test for bogus messages, line 20)
FAIL: gcc.dg/atomic-compare-exchange-1.c execution test
FAIL: gcc.dg/atomic-compare-exchange-2.c execution test
FAIL: gcc.dg/attr-weakref-1.c (test for excess errors)
UNRESOLVED: gcc.dg/attr-weakref-1.c compilation failed to produce executable
FAIL: gcc.dg/builtin-object-size-8.c execution test
FAIL: gcc.dg/uninit-13.c unconditional (test for warnings, line 8)
FAIL: gcc.dg/uninit-13.c (test for excess errors)
FAIL: gcc.dg/pch/save-temps-1.c  -O0 -g assembly comparison
FAIL: gcc.dg/pch/save-temps-1.c   -O3 -g  assembly comparison
FAIL: gcc.dg/torture/pr51106-2.c  -O0  (internal compiler error)
FAIL: gcc.dg/torture/pr51106-2.c  -O0  (test for excess errors)
FAIL: gcc.dg/torture/pr51106-2.c  -O1  (internal compiler error)
FAIL: gcc.dg/torture/pr51106-2.c  -O1  (test for excess errors)
FAIL: gcc.dg/torture/pr51106-2.c  -O2  (internal compiler error)
FAIL: gcc.dg/torture/pr51106-2.c  -O2  (test for excess errors)
FAIL: gcc.dg/torture/pr51106-2.c  -O3 -fomit-frame-pointer  (internal compiler error)
FAIL: gcc.dg/torture/pr51106-2.c  -O3 -fomit-frame-pointer  (test for excess errors)
FAIL: gcc.dg/torture/pr51106-2.c  -O3 -g  (internal compiler error)
FAIL: gcc.dg/torture/pr51106-2.c  -O3 -g  (test for excess errors)
FAIL: gcc.dg/torture/pr51106-2.c  -Os  (internal compiler error)
FAIL: gcc.dg/torture/pr51106-2.c  -Os  (test for excess errors)
FAIL: gcc.dg/torture/pr51106-2.c  -O2 -flto -fno-use-linker-plugin -flto-partition=none  (internal compiler error)
FAIL: gcc.dg/torture/pr51106-2.c  -O2 -flto -fno-use-linker-plugin -flto-partition=none  (test for excess errors)
FAIL: gcc.dg/tree-ssa/pr37508.c scan-tree-dump-times vrp1 "Folding" 3
FAIL: gcc.dg/tree-ssa/sra-12.c scan-tree-dump-times release_ssa "l;" 0
FAIL: gcc.target/arm/div64-unwinding.c execution test
FAIL: gcc.target/arm/fma-sp.c scan-assembler-times vfma.f32\\ts[0-9] 1
FAIL: gcc.target/arm/fma-sp.c scan-assembler-times vfms.f32\\ts[0-9] 1
FAIL: gcc.target/arm/fma-sp.c scan-assembler-times vfnma.f32\\ts[0-9] 1
FAIL: gcc.target/arm/fma-sp.c scan-assembler-times vfnms.f32\\ts[0-9] 1
FAIL: gcc.target/arm/fma.c scan-assembler-times vfma.f64\\td[0-9] 1
FAIL: gcc.target/arm/fma.c scan-assembler-times vfma.f32\\ts[0-9] 1
FAIL: gcc.target/arm/fma.c scan-assembler-times vfms.f64\\td[0-9] 1
FAIL: gcc.target/arm/fma.c scan-assembler-times vfms.f32\\ts[0-9] 1
FAIL: gcc.target/arm/fma.c scan-assembler-times vfnma.f64\\td[0-9] 1
FAIL: gcc.target/arm/fma.c scan-assembler-times vfnma.f32\\ts[0-9] 1
FAIL: gcc.target/arm/fma.c scan-assembler-times vfnms.f64\\td[0-9] 1
FAIL: gcc.target/arm/fma.c scan-assembler-times vfnms.f32\\ts[0-9] 1
FAIL: gcc.target/arm/ftest-armv6t2-arm.c execution test
FAIL: gcc.target/arm/ftest-armv6t2-thumb.c execution test
FAIL: gcc.target/arm/ftest-armv7a-arm.c execution test
FAIL: gcc.target/arm/ftest-armv7a-thumb.c execution test
FAIL: gcc.target/arm/ftest-armv7r-arm.c execution test
FAIL: gcc.target/arm/ftest-armv7r-thumb.c execution test
FAIL: gcc.target/arm/mmx-2.c (test for excess errors)
FAIL: gcc.target/arm/neon-vext-execute.c execution test
FAIL: gcc.target/arm/pr42172-1.c scan-assembler-times ldr 1
FAIL: gcc.target/arm/pr42575.c scan-assembler-not mov

		=== gcc Summary ===

# of expected passes		83316
# of unexpected failures	47
# of unexpected successes	1
# of expected failures		252
# of unresolved testcases	1
# of unsupported tests		1309
/scratch/gcc/nightly-2012-09-19-mainline/arm-none-linux-gnueabi/obj/test-mainline-0-arm-none-linux-gnueabi/host-i686-pc-linux-gnu/fsf-mainline/bin/arm-none-linux-gnueabi-gcc  version 4.8.0 20120919 (experimental) (GCC) 


		=== Summary adjusted for local xfails ===

# of unexpected failures        47
# of expected passes            83316
# of unexpected successes       1
# of expected failures          252
# of unresolved testcases       1
# of unsupported tests          1309
Host   is i686-pc-linux-gnu

		=== gfortran tests ===


Running target qemu-default
FAIL: gfortran.dg/select_type_4.f90  -O2  execution test
FAIL: gfortran.dg/select_type_4.f90  -O3 -fomit-frame-pointer  execution test
FAIL: gfortran.dg/select_type_4.f90  -O3 -fomit-frame-pointer -funroll-loops  execution test
FAIL: gfortran.dg/select_type_4.f90  -O3 -fomit-frame-pointer -funroll-all-loops -finline-functions  execution test
FAIL: gfortran.dg/select_type_4.f90  -O3 -g  execution test
FAIL: gfortran.dg/zero_sized_1.f90  -O0  execution test
FAIL: gfortran.dg/lto/pr45586-2 f_lto_pr45586-2_0.o-f_lto_pr45586-2_0.o link, -O0 -flto -flto-partition=none -fuse-linker-plugin (internal compiler error)
UNRESOLVED: gfortran.dg/lto/pr45586-2 f_lto_pr45586-2_0.o-f_lto_pr45586-2_0.o execute -O0 -flto -flto-partition=none -fuse-linker-plugin
FAIL: gfortran.dg/lto/pr45586-2 f_lto_pr45586-2_0.o-f_lto_pr45586-2_0.o link, -O0 -flto -flto-partition=1to1 -fno-use-linker-plugin  (internal compiler error)
UNRESOLVED: gfortran.dg/lto/pr45586-2 f_lto_pr45586-2_0.o-f_lto_pr45586-2_0.o execute -O0 -flto -flto-partition=1to1 -fno-use-linker-plugin 
FAIL: gfortran.dg/lto/pr45586-2 f_lto_pr45586-2_0.o-f_lto_pr45586-2_0.o link, -O0 -flto -fuse-linker-plugin -fno-fat-lto-objects  (internal compiler error)
UNRESOLVED: gfortran.dg/lto/pr45586-2 f_lto_pr45586-2_0.o-f_lto_pr45586-2_0.o execute -O0 -flto -fuse-linker-plugin -fno-fat-lto-objects 
FAIL: gfortran.dg/lto/pr45586 f_lto_pr45586_0.o-f_lto_pr45586_0.o link, -O0 -flto -flto-partition=none -fuse-linker-plugin (internal compiler error)
UNRESOLVED: gfortran.dg/lto/pr45586 f_lto_pr45586_0.o-f_lto_pr45586_0.o execute -O0 -flto -flto-partition=none -fuse-linker-plugin
FAIL: gfortran.dg/lto/pr45586 f_lto_pr45586_0.o-f_lto_pr45586_0.o link, -O0 -flto -flto-partition=1to1 -fno-use-linker-plugin  (internal compiler error)
UNRESOLVED: gfortran.dg/lto/pr45586 f_lto_pr45586_0.o-f_lto_pr45586_0.o execute -O0 -flto -flto-partition=1to1 -fno-use-linker-plugin 
FAIL: gfortran.dg/lto/pr45586 f_lto_pr45586_0.o-f_lto_pr45586_0.o link, -O0 -flto -fuse-linker-plugin -fno-fat-lto-objects  (internal compiler error)
UNRESOLVED: gfortran.dg/lto/pr45586 f_lto_pr45586_0.o-f_lto_pr45586_0.o execute -O0 -flto -fuse-linker-plugin -fno-fat-lto-objects 
FAIL: gfortran.dg/vect/pr32380.f  -O   scan-tree-dump-times vect "vectorized 6 loops" 1

		=== gfortran Summary ===

# of expected passes		41067
# of unexpected failures	13
# of expected failures		57
# of unresolved testcases	6
# of unsupported tests		391
/scratch/gcc/nightly-2012-09-19-mainline/arm-none-linux-gnueabi/obj/test-mainline-0-arm-none-linux-gnueabi/host-i686-pc-linux-gnu/fsf-mainline/bin/arm-none-linux-gnueabi-gfortran  version 4.8.0 20120919 (experimental) (GCC) 


		=== Summary adjusted for local xfails ===

# of unexpected failures        13
# of expected passes            41067
# of expected failures          57
# of unresolved testcases       6
# of unsupported tests          391
Host   is i686-pc-linux-gnu

		=== libstdc++ tests ===


Running target qemu-default
ERROR: tcl error sourcing /scratch/gcc/nightly-2012-09-19-mainline/src/gcc-mainline/libstdc++-v3/testsuite/libstdc++-abi/abi.exp.
ERROR: can't read "baseline_subdir_switch": no such variable
FAIL: 20_util/shared_ptr/thread/default_weaktoshared.cc execution test
FAIL: 20_util/shared_ptr/thread/mutex_weaktoshared.cc execution test
FAIL: 21_strings/basic_string/inserters_extractors/wchar_t/28277.cc execution test
FAIL: 21_strings/basic_string/pthread4.cc execution test
FAIL: 22_locale/locale/cons/12658_thread-1.cc execution test
FAIL: 22_locale/locale/cons/12658_thread-2.cc execution test
FAIL: 23_containers/list/pthread1.cc execution test
FAIL: 27_io/basic_ostream/inserters_character/wchar_t/28277-3.cc execution test
FAIL: 27_io/basic_ostream/inserters_character/wchar_t/28277-4.cc execution test
FAIL: 29_atomics/atomic/operators/integral_assignment.cc execution test
FAIL: 29_atomics/atomic/operators/integral_conversion.cc execution test
FAIL: 29_atomics/atomic_integral/operators/integral_assignment.cc execution test
FAIL: 29_atomics/atomic_integral/operators/integral_conversion.cc execution test
FAIL: 30_threads/condition_variable/54185.cc execution test
FAIL: 30_threads/lock/4.cc execution test
FAIL: 30_threads/mutex/try_lock/2.cc execution test
FAIL: 30_threads/timed_mutex/try_lock/2.cc execution test
FAIL: 30_threads/timed_mutex/try_lock_for/3.cc execution test
FAIL: 30_threads/timed_mutex/try_lock_until/2.cc execution test
FAIL: 30_threads/try_lock/2.cc execution test
FAIL: 30_threads/try_lock/4.cc execution test
FAIL: ext/vstring/inserters_extractors/wchar_t/28277.cc execution test
FAIL: tr1/2_general_utilities/shared_ptr/thread/default_weaktoshared.cc execution test
FAIL: tr1/2_general_utilities/shared_ptr/thread/mutex_weaktoshared.cc execution test
FAIL: tr2/headers/all.cc (test for excess errors)

		=== libstdc++ Summary ===

# of expected passes		8557
# of unexpected failures	25
# of expected failures		42
# of unsupported tests		299

		=== Summary adjusted for local xfails ===

# of errors                     2
# of unexpected failures        25
# of expected passes            8557
# of expected failures          42
# of unsupported tests          299
Host   is i686-pc-linux-gnu

		=== g++ tests ===


Running target qemu-default-thumb/-mthumb
FAIL: g++.dg/ipa/pr46984.C -std=gnu++98 execution test
FAIL: g++.dg/ipa/pr46984.C -std=gnu++11 execution test
FAIL: g++.dg/torture/covariant-1.C  -O2 -flto -fno-use-linker-plugin -flto-partition=none  execution test
FAIL: g++.dg/torture/covariant-1.C  -O2 -flto -fuse-linker-plugin -fno-fat-lto-objects  execution test
FAIL: g++.dg/torture/pr45699.C  -O2 -flto -fuse-linker-plugin -fno-fat-lto-objects  execution test

		=== g++ Summary ===

# of expected passes		47501
# of unexpected failures	5
# of expected failures		283
# of unsupported tests		729
/scratch/gcc/nightly-2012-09-19-mainline/arm-none-linux-gnueabi/obj/test-mainline-0-arm-none-linux-gnueabi/host-i686-pc-linux-gnu/fsf-mainline/bin/arm-none-linux-gnueabi-g++  version 4.8.0 20120919 (experimental) (GCC) 


		=== Summary adjusted for local xfails ===

# of unexpected failures        5
# of expected passes            47501
# of expected failures          283
# of unsupported tests          729
Host   is i686-pc-linux-gnu

		=== gcc tests ===


Running target qemu-default-thumb/-mthumb
XPASS: gcc.dg/Wstrict-overflow-18.c  (test for bogus messages, line 20)
FAIL: gcc.dg/atomic-compare-exchange-1.c execution test
FAIL: gcc.dg/atomic-compare-exchange-2.c execution test
FAIL: gcc.dg/attr-weakref-1.c (test for excess errors)
UNRESOLVED: gcc.dg/attr-weakref-1.c compilation failed to produce executable
FAIL: gcc.dg/builtin-object-size-8.c execution test
FAIL: gcc.dg/lower-subreg-1.c scan-rtl-dump subreg1 "Splitting reg"
FAIL: gcc.dg/uninit-13.c unconditional (test for warnings, line 8)
FAIL: gcc.dg/uninit-13.c (test for excess errors)
FAIL: gcc.dg/pch/save-temps-1.c  -O0 -g assembly comparison
FAIL: gcc.dg/pch/save-temps-1.c   -O3 -g  assembly comparison
FAIL: gcc.dg/torture/pr51106-2.c  -O0  (internal compiler error)
FAIL: gcc.dg/torture/pr51106-2.c  -O0  (test for excess errors)
FAIL: gcc.dg/torture/pr51106-2.c  -O1  (internal compiler error)
FAIL: gcc.dg/torture/pr51106-2.c  -O1  (test for excess errors)
FAIL: gcc.dg/torture/pr51106-2.c  -O2  (internal compiler error)
FAIL: gcc.dg/torture/pr51106-2.c  -O2  (test for excess errors)
FAIL: gcc.dg/torture/pr51106-2.c  -O3 -fomit-frame-pointer  (internal compiler error)
FAIL: gcc.dg/torture/pr51106-2.c  -O3 -fomit-frame-pointer  (test for excess errors)
FAIL: gcc.dg/torture/pr51106-2.c  -O3 -g  (internal compiler error)
FAIL: gcc.dg/torture/pr51106-2.c  -O3 -g  (test for excess errors)
FAIL: gcc.dg/torture/pr51106-2.c  -Os  (internal compiler error)
FAIL: gcc.dg/torture/pr51106-2.c  -Os  (test for excess errors)
FAIL: gcc.dg/torture/pr51106-2.c  -O2 -flto -fno-use-linker-plugin -flto-partition=none  (internal compiler error)
FAIL: gcc.dg/torture/pr51106-2.c  -O2 -flto -fno-use-linker-plugin -flto-partition=none  (test for excess errors)
FAIL: gcc.dg/tree-ssa/pr37508.c scan-tree-dump-times vrp1 "Folding" 3
FAIL: gcc.dg/tree-ssa/sra-12.c scan-tree-dump-times release_ssa "l;" 0
FAIL: gcc.target/arm/div64-unwinding.c execution test
FAIL: gcc.target/arm/fma-sp.c scan-assembler-times vfma.f32\\ts[0-9] 1
FAIL: gcc.target/arm/fma-sp.c scan-assembler-times vfms.f32\\ts[0-9] 1
FAIL: gcc.target/arm/fma-sp.c scan-assembler-times vfnma.f32\\ts[0-9] 1
FAIL: gcc.target/arm/fma-sp.c scan-assembler-times vfnms.f32\\ts[0-9] 1
FAIL: gcc.target/arm/fma.c scan-assembler-times vfma.f64\\td[0-9] 1
FAIL: gcc.target/arm/fma.c scan-assembler-times vfma.f32\\ts[0-9] 1
FAIL: gcc.target/arm/fma.c scan-assembler-times vfms.f64\\td[0-9] 1
FAIL: gcc.target/arm/fma.c scan-assembler-times vfms.f32\\ts[0-9] 1
FAIL: gcc.target/arm/fma.c scan-assembler-times vfnma.f64\\td[0-9] 1
FAIL: gcc.target/arm/fma.c scan-assembler-times vfnma.f32\\ts[0-9] 1
FAIL: gcc.target/arm/fma.c scan-assembler-times vfnms.f64\\td[0-9] 1
FAIL: gcc.target/arm/fma.c scan-assembler-times vfnms.f32\\ts[0-9] 1
FAIL: gcc.target/arm/pr42172-1.c scan-assembler-times ldr 1
FAIL: gcc.target/arm/pr43137.c scan-assembler-not mov\\tr1, r[1-9]
FAIL: gcc.target/arm/unsigned-extend-1.c scan-assembler-not uxtb

		=== gcc Summary ===

# of expected passes		76392
# of unexpected failures	41
# of unexpected successes	1
# of expected failures		110
# of unresolved testcases	1
# of unsupported tests		3250
/scratch/gcc/nightly-2012-09-19-mainline/arm-none-linux-gnueabi/obj/test-mainline-0-arm-none-linux-gnueabi/host-i686-pc-linux-gnu/fsf-mainline/bin/arm-none-linux-gnueabi-gcc  version 4.8.0 20120919 (experimental) (GCC) 


		=== Summary adjusted for local xfails ===

# of unexpected failures        41
# of expected passes            76392
# of unexpected successes       1
# of expected failures          110
# of unresolved testcases       1
# of unsupported tests          3250
Host   is i686-pc-linux-gnu

		=== gfortran tests ===


Running target qemu-default-thumb/-mthumb
FAIL: gfortran.dg/lto/pr45586-2 f_lto_pr45586-2_0.o-f_lto_pr45586-2_0.o link, -O0 -flto -flto-partition=none -fuse-linker-plugin (internal compiler error)
UNRESOLVED: gfortran.dg/lto/pr45586-2 f_lto_pr45586-2_0.o-f_lto_pr45586-2_0.o execute -O0 -flto -flto-partition=none -fuse-linker-plugin
FAIL: gfortran.dg/lto/pr45586-2 f_lto_pr45586-2_0.o-f_lto_pr45586-2_0.o link, -O0 -flto -flto-partition=1to1 -fno-use-linker-plugin  (internal compiler error)
UNRESOLVED: gfortran.dg/lto/pr45586-2 f_lto_pr45586-2_0.o-f_lto_pr45586-2_0.o execute -O0 -flto -flto-partition=1to1 -fno-use-linker-plugin 
FAIL: gfortran.dg/lto/pr45586-2 f_lto_pr45586-2_0.o-f_lto_pr45586-2_0.o link, -O0 -flto -fuse-linker-plugin -fno-fat-lto-objects  (internal compiler error)
UNRESOLVED: gfortran.dg/lto/pr45586-2 f_lto_pr45586-2_0.o-f_lto_pr45586-2_0.o execute -O0 -flto -fuse-linker-plugin -fno-fat-lto-objects 
FAIL: gfortran.dg/lto/pr45586 f_lto_pr45586_0.o-f_lto_pr45586_0.o link, -O0 -flto -flto-partition=none -fuse-linker-plugin (internal compiler error)
UNRESOLVED: gfortran.dg/lto/pr45586 f_lto_pr45586_0.o-f_lto_pr45586_0.o execute -O0 -flto -flto-partition=none -fuse-linker-plugin
FAIL: gfortran.dg/lto/pr45586 f_lto_pr45586_0.o-f_lto_pr45586_0.o link, -O0 -flto -flto-partition=1to1 -fno-use-linker-plugin  (internal compiler error)
UNRESOLVED: gfortran.dg/lto/pr45586 f_lto_pr45586_0.o-f_lto_pr45586_0.o execute -O0 -flto -flto-partition=1to1 -fno-use-linker-plugin 
FAIL: gfortran.dg/lto/pr45586 f_lto_pr45586_0.o-f_lto_pr45586_0.o link, -O0 -flto -fuse-linker-plugin -fno-fat-lto-objects  (internal compiler error)
UNRESOLVED: gfortran.dg/lto/pr45586 f_lto_pr45586_0.o-f_lto_pr45586_0.o execute -O0 -flto -fuse-linker-plugin -fno-fat-lto-objects 

		=== gfortran Summary ===

# of expected passes		41024
# of unexpected failures	6
# of expected failures		56
# of unresolved testcases	6
# of unsupported tests		380
/scratch/gcc/nightly-2012-09-19-mainline/arm-none-linux-gnueabi/obj/test-mainline-0-arm-none-linux-gnueabi/host-i686-pc-linux-gnu/fsf-mainline/bin/arm-none-linux-gnueabi-gfortran  version 4.8.0 20120919 (experimental) (GCC) 


		=== Summary adjusted for local xfails ===

# of unexpected failures        6
# of expected passes            41024
# of expected failures          56
# of unresolved testcases       6
# of unsupported tests          380
Host   is i686-pc-linux-gnu

		=== libstdc++ tests ===


Running target qemu-default-thumb/-mthumb
ERROR: tcl error sourcing /scratch/gcc/nightly-2012-09-19-mainline/src/gcc-mainline/libstdc++-v3/testsuite/libstdc++-abi/abi.exp.
ERROR: can't read "baseline_subdir_switch": no such variable
FAIL: 20_util/shared_ptr/thread/default_weaktoshared.cc execution test
FAIL: 20_util/shared_ptr/thread/mutex_weaktoshared.cc execution test
FAIL: 21_strings/basic_string/inserters_extractors/wchar_t/28277.cc execution test
FAIL: 21_strings/basic_string/pthread4.cc execution test
FAIL: 22_locale/locale/cons/12658_thread-1.cc execution test
FAIL: 22_locale/locale/cons/12658_thread-2.cc execution test
FAIL: 23_containers/list/pthread1.cc execution test
FAIL: 27_io/basic_ostream/inserters_character/wchar_t/28277-3.cc execution test
FAIL: 27_io/basic_ostream/inserters_character/wchar_t/28277-4.cc execution test
FAIL: 29_atomics/atomic/operators/integral_assignment.cc execution test
FAIL: 29_atomics/atomic/operators/integral_conversion.cc execution test
FAIL: 29_atomics/atomic_integral/operators/integral_assignment.cc execution test
FAIL: 29_atomics/atomic_integral/operators/integral_conversion.cc execution test
FAIL: 30_threads/condition_variable/54185.cc execution test
FAIL: 30_threads/lock/4.cc execution test
FAIL: 30_threads/mutex/try_lock/2.cc execution test
FAIL: 30_threads/timed_mutex/try_lock/2.cc execution test
FAIL: 30_threads/timed_mutex/try_lock_for/3.cc execution test
FAIL: 30_threads/timed_mutex/try_lock_until/2.cc execution test
FAIL: 30_threads/try_lock/2.cc execution test
FAIL: 30_threads/try_lock/4.cc execution test
WARNING: program timed out.
FAIL: ext/pb_ds/regression/tree_map_rand.cc execution test
FAIL: ext/vstring/inserters_extractors/wchar_t/28277.cc execution test
FAIL: tr1/2_general_utilities/shared_ptr/thread/default_weaktoshared.cc execution test
FAIL: tr1/2_general_utilities/shared_ptr/thread/mutex_weaktoshared.cc execution test
FAIL: tr2/headers/all.cc (test for excess errors)

		=== libstdc++ Summary ===

# of expected passes		8556
# of unexpected failures	26
# of expected failures		42
# of unsupported tests		299

		=== Summary adjusted for local xfails ===

# of errors                     2
# of unexpected failures        26
# of expected passes            8556
# of expected failures          42
# of unsupported tests          299

Compiler version: 4.8.0 20120919 (experimental) (GCC) 
Platform: arm-none-linux-gnueabi
configure flags: --build=i686-pc-linux-gnu --host=i686-pc-linux-gnu --target=arm-none-linux-gnueabi --enable-threads --disable-libmudflap --disable-libssp --disable-libstdcxx-pch --with-gnu-as --with-gnu-ld --enable-languages=c,c++,fortran --enable-shared --enable-lto --enable-symvers=gnu --enable-__cxa_atexit --disable-nls --prefix=/opt/codesourcery --with-sysroot=/opt/codesourcery/arm-none-linux-gnueabi/libc --with-build-sysroot=/scratch/gcc/nightly-2012-09-19-mainline/arm-none-linux-gnueabi/install/arm-none-linux-gnueabi/libc --with-gmp=/scratch/gcc/nightly-2012-09-19-mainline/arm-none-linux-gnueabi/obj/pkg-mainline-0-arm-none-linux-gnueabi/fsf-mainline-0-arm-none-linux-gnueabi.extras/host-libs-i686-pc-linux-gnu/usr --with-mpfr=/scratch/gcc/nightly-2012-09-19-mainline/arm-none-linux-gnueabi/obj/pkg-mainline-0-arm-none-linux-gnueabi/fsf-mainline-0-arm-none-linux-gnueabi.extras/host-libs-i686-pc-linux-gnu/usr --with-mpc=/scratch/gcc/nightly-2012-09-19-mainline/arm-none-linux
 -gnueabi/obj/pkg-mainline-0-arm-none-linux-gnueabi/fsf-mainline-0-arm-none-linux-gnueabi.extras/host-libs-i686-pc-linux-gnu/usr --with-isl=/scratch/gcc/nightly-2012-09-19-mainline/arm-none-linux-gnueabi/obj/pkg-mainline-0-arm-none-linux-gnueabi/fsf-mainline-0-arm-none-linux-gnueabi.extras/host-libs-i686-pc-linux-gnu/usr --with-cloog=/scratch/gcc/nightly-2012-09-19-mainline/arm-none-linux-gnueabi/obj/pkg-mainline-0-arm-none-linux-gnueabi/fsf-mainline-0-arm-none-linux-gnueabi.extras/host-libs-i686-pc-linux-gnu/usr --with-libelf=/scratch/gcc/nightly-2012-09-19-mainline/arm-none-linux-gnueabi/obj/pkg-mainline-0-arm-none-linux-gnueabi/fsf-mainline-0-arm-none-linux-gnueabi.extras/host-libs-i686-pc-linux-gnu/usr --disable-libgomp --disable-libitm --enable-poison-system-directories --with-build-time-tools=/scratch/gcc/nightly-2012-09-19-mainline/arm-none-linux-gnueabi/install/arm-none-linux-gnueabi/bin --with-build-time-tools=/scratch/gcc/nightly-2012-09-19-mainline/arm-none-linux-g
 nueabi/install/arm-none-linux-gnueabi/bin


Index Nav: [Date Index] [Subject Index] [Author Index] [Thread Index]
Message Nav: [Date Prev] [Date Next] [Thread Prev] [Thread Next]