This is the mail archive of the gcc-testresults@gcc.gnu.org mailing list for the GCC project.


Index Nav: [Date Index] [Subject Index] [Author Index] [Thread Index]
Message Nav: [Date Prev] [Date Next] [Thread Prev] [Thread Next]
Other format: [Raw text]

Results for 4.7.1 (Debian 4.7.1-8) testsuite on i486-pc-linux-gnu


LAST_UPDATED: Sat Sep  8 13:31:57 UTC 2012 (revision 191092)

Target: i486-linux-gnu
gcc version 4.7.1 (Debian 4.7.1-8) 
Native configuration is i486-pc-linux-gnu

		=== g++ tests ===


Running target unix
UNRESOLVED: attribute_plugin.c compilation, -I. -I/build/buildd-gcc-4.7_4.7.1-8-i386-xX86tw/gcc-4.7-4.7.1/src/gcc/testsuite -I/build/buildd-gcc-4.7_4.7.1-8-i386-xX86tw/gcc-4.7-4.7.1/src/gcc/testsuite/../../gcc -I/build/buildd-gcc-4.7_4.7.1-8-i386-xX86tw/gcc-4.7-4.7.1/build/gcc/testsuite/g++/../../../gcc  -I/build/buildd-gcc-4.7_4.7.1-8-i386-xX86tw/gcc-4.7-4.7.1/src/gcc/testsuite/../../include -I/build/buildd-gcc-4.7_4.7.1-8-i386-xX86tw/gcc-4.7-4.7.1/src/gcc/testsuite/../../libcpp/include   -I/build/buildd-gcc-4.7_4.7.1-8-i386-xX86tw/gcc-4.7-4.7.1/build/gcc/testsuite/g++/../../../intl  -DIN_GCC -fPIC -shared
UNRESOLVED: pragma_plugin.c compilation, -I. -I/build/buildd-gcc-4.7_4.7.1-8-i386-xX86tw/gcc-4.7-4.7.1/src/gcc/testsuite -I/build/buildd-gcc-4.7_4.7.1-8-i386-xX86tw/gcc-4.7-4.7.1/src/gcc/testsuite/../../gcc -I/build/buildd-gcc-4.7_4.7.1-8-i386-xX86tw/gcc-4.7-4.7.1/build/gcc/testsuite/g++/../../../gcc  -I/build/buildd-gcc-4.7_4.7.1-8-i386-xX86tw/gcc-4.7-4.7.1/src/gcc/testsuite/../../include -I/build/buildd-gcc-4.7_4.7.1-8-i386-xX86tw/gcc-4.7-4.7.1/src/gcc/testsuite/../../libcpp/include   -I/build/buildd-gcc-4.7_4.7.1-8-i386-xX86tw/gcc-4.7-4.7.1/build/gcc/testsuite/g++/../../../intl  -DIN_GCC -fPIC -shared
UNRESOLVED: selfassign.c compilation, -I. -I/build/buildd-gcc-4.7_4.7.1-8-i386-xX86tw/gcc-4.7-4.7.1/src/gcc/testsuite -I/build/buildd-gcc-4.7_4.7.1-8-i386-xX86tw/gcc-4.7-4.7.1/src/gcc/testsuite/../../gcc -I/build/buildd-gcc-4.7_4.7.1-8-i386-xX86tw/gcc-4.7-4.7.1/build/gcc/testsuite/g++/../../../gcc  -I/build/buildd-gcc-4.7_4.7.1-8-i386-xX86tw/gcc-4.7-4.7.1/src/gcc/testsuite/../../include -I/build/buildd-gcc-4.7_4.7.1-8-i386-xX86tw/gcc-4.7-4.7.1/src/gcc/testsuite/../../libcpp/include   -I/build/buildd-gcc-4.7_4.7.1-8-i386-xX86tw/gcc-4.7-4.7.1/build/gcc/testsuite/g++/../../../intl -O -DIN_GCC -fPIC -shared
UNRESOLVED: dumb_plugin.c compilation, -I. -I/build/buildd-gcc-4.7_4.7.1-8-i386-xX86tw/gcc-4.7-4.7.1/src/gcc/testsuite -I/build/buildd-gcc-4.7_4.7.1-8-i386-xX86tw/gcc-4.7-4.7.1/src/gcc/testsuite/../../gcc -I/build/buildd-gcc-4.7_4.7.1-8-i386-xX86tw/gcc-4.7-4.7.1/build/gcc/testsuite/g++/../../../gcc  -I/build/buildd-gcc-4.7_4.7.1-8-i386-xX86tw/gcc-4.7-4.7.1/src/gcc/testsuite/../../include -I/build/buildd-gcc-4.7_4.7.1-8-i386-xX86tw/gcc-4.7-4.7.1/src/gcc/testsuite/../../libcpp/include   -I/build/buildd-gcc-4.7_4.7.1-8-i386-xX86tw/gcc-4.7-4.7.1/build/gcc/testsuite/g++/../../../intl  -DIN_GCC -fPIC -shared
UNRESOLVED: header_plugin.c compilation, -I. -I/build/buildd-gcc-4.7_4.7.1-8-i386-xX86tw/gcc-4.7-4.7.1/src/gcc/testsuite -I/build/buildd-gcc-4.7_4.7.1-8-i386-xX86tw/gcc-4.7-4.7.1/src/gcc/testsuite/../../gcc -I/build/buildd-gcc-4.7_4.7.1-8-i386-xX86tw/gcc-4.7-4.7.1/build/gcc/testsuite/g++/../../../gcc  -I/build/buildd-gcc-4.7_4.7.1-8-i386-xX86tw/gcc-4.7-4.7.1/src/gcc/testsuite/../../include -I/build/buildd-gcc-4.7_4.7.1-8-i386-xX86tw/gcc-4.7-4.7.1/src/gcc/testsuite/../../libcpp/include   -I/build/buildd-gcc-4.7_4.7.1-8-i386-xX86tw/gcc-4.7-4.7.1/build/gcc/testsuite/g++/../../../intl  -DIN_GCC -fPIC -shared
UNRESOLVED: decl_plugin.c compilation, -I. -I/build/buildd-gcc-4.7_4.7.1-8-i386-xX86tw/gcc-4.7-4.7.1/src/gcc/testsuite -I/build/buildd-gcc-4.7_4.7.1-8-i386-xX86tw/gcc-4.7-4.7.1/src/gcc/testsuite/../../gcc -I/build/buildd-gcc-4.7_4.7.1-8-i386-xX86tw/gcc-4.7-4.7.1/build/gcc/testsuite/g++/../../../gcc  -I/build/buildd-gcc-4.7_4.7.1-8-i386-xX86tw/gcc-4.7-4.7.1/src/gcc/testsuite/../../include -I/build/buildd-gcc-4.7_4.7.1-8-i386-xX86tw/gcc-4.7-4.7.1/src/gcc/testsuite/../../libcpp/include   -I/build/buildd-gcc-4.7_4.7.1-8-i386-xX86tw/gcc-4.7-4.7.1/build/gcc/testsuite/g++/../../../intl  -DIN_GCC -fPIC -shared

		=== g++ Summary for unix ===

# of expected passes		47666
# of expected failures		286
# of unresolved testcases	6
# of unsupported tests		312

Running target unix/-fstack-protector
UNRESOLVED: attribute_plugin.c compilation, -I. -I/build/buildd-gcc-4.7_4.7.1-8-i386-xX86tw/gcc-4.7-4.7.1/src/gcc/testsuite -I/build/buildd-gcc-4.7_4.7.1-8-i386-xX86tw/gcc-4.7-4.7.1/src/gcc/testsuite/../../gcc -I/build/buildd-gcc-4.7_4.7.1-8-i386-xX86tw/gcc-4.7-4.7.1/build/gcc/testsuite/g++/../../../gcc  -I/build/buildd-gcc-4.7_4.7.1-8-i386-xX86tw/gcc-4.7-4.7.1/src/gcc/testsuite/../../include -I/build/buildd-gcc-4.7_4.7.1-8-i386-xX86tw/gcc-4.7-4.7.1/src/gcc/testsuite/../../libcpp/include   -I/build/buildd-gcc-4.7_4.7.1-8-i386-xX86tw/gcc-4.7-4.7.1/build/gcc/testsuite/g++/../../../intl  -DIN_GCC -fPIC -shared
UNRESOLVED: pragma_plugin.c compilation, -I. -I/build/buildd-gcc-4.7_4.7.1-8-i386-xX86tw/gcc-4.7-4.7.1/src/gcc/testsuite -I/build/buildd-gcc-4.7_4.7.1-8-i386-xX86tw/gcc-4.7-4.7.1/src/gcc/testsuite/../../gcc -I/build/buildd-gcc-4.7_4.7.1-8-i386-xX86tw/gcc-4.7-4.7.1/build/gcc/testsuite/g++/../../../gcc  -I/build/buildd-gcc-4.7_4.7.1-8-i386-xX86tw/gcc-4.7-4.7.1/src/gcc/testsuite/../../include -I/build/buildd-gcc-4.7_4.7.1-8-i386-xX86tw/gcc-4.7-4.7.1/src/gcc/testsuite/../../libcpp/include   -I/build/buildd-gcc-4.7_4.7.1-8-i386-xX86tw/gcc-4.7-4.7.1/build/gcc/testsuite/g++/../../../intl  -DIN_GCC -fPIC -shared
UNRESOLVED: selfassign.c compilation, -I. -I/build/buildd-gcc-4.7_4.7.1-8-i386-xX86tw/gcc-4.7-4.7.1/src/gcc/testsuite -I/build/buildd-gcc-4.7_4.7.1-8-i386-xX86tw/gcc-4.7-4.7.1/src/gcc/testsuite/../../gcc -I/build/buildd-gcc-4.7_4.7.1-8-i386-xX86tw/gcc-4.7-4.7.1/build/gcc/testsuite/g++/../../../gcc  -I/build/buildd-gcc-4.7_4.7.1-8-i386-xX86tw/gcc-4.7-4.7.1/src/gcc/testsuite/../../include -I/build/buildd-gcc-4.7_4.7.1-8-i386-xX86tw/gcc-4.7-4.7.1/src/gcc/testsuite/../../libcpp/include   -I/build/buildd-gcc-4.7_4.7.1-8-i386-xX86tw/gcc-4.7-4.7.1/build/gcc/testsuite/g++/../../../intl -O -DIN_GCC -fPIC -shared
UNRESOLVED: dumb_plugin.c compilation, -I. -I/build/buildd-gcc-4.7_4.7.1-8-i386-xX86tw/gcc-4.7-4.7.1/src/gcc/testsuite -I/build/buildd-gcc-4.7_4.7.1-8-i386-xX86tw/gcc-4.7-4.7.1/src/gcc/testsuite/../../gcc -I/build/buildd-gcc-4.7_4.7.1-8-i386-xX86tw/gcc-4.7-4.7.1/build/gcc/testsuite/g++/../../../gcc  -I/build/buildd-gcc-4.7_4.7.1-8-i386-xX86tw/gcc-4.7-4.7.1/src/gcc/testsuite/../../include -I/build/buildd-gcc-4.7_4.7.1-8-i386-xX86tw/gcc-4.7-4.7.1/src/gcc/testsuite/../../libcpp/include   -I/build/buildd-gcc-4.7_4.7.1-8-i386-xX86tw/gcc-4.7-4.7.1/build/gcc/testsuite/g++/../../../intl  -DIN_GCC -fPIC -shared
UNRESOLVED: header_plugin.c compilation, -I. -I/build/buildd-gcc-4.7_4.7.1-8-i386-xX86tw/gcc-4.7-4.7.1/src/gcc/testsuite -I/build/buildd-gcc-4.7_4.7.1-8-i386-xX86tw/gcc-4.7-4.7.1/src/gcc/testsuite/../../gcc -I/build/buildd-gcc-4.7_4.7.1-8-i386-xX86tw/gcc-4.7-4.7.1/build/gcc/testsuite/g++/../../../gcc  -I/build/buildd-gcc-4.7_4.7.1-8-i386-xX86tw/gcc-4.7-4.7.1/src/gcc/testsuite/../../include -I/build/buildd-gcc-4.7_4.7.1-8-i386-xX86tw/gcc-4.7-4.7.1/src/gcc/testsuite/../../libcpp/include   -I/build/buildd-gcc-4.7_4.7.1-8-i386-xX86tw/gcc-4.7-4.7.1/build/gcc/testsuite/g++/../../../intl  -DIN_GCC -fPIC -shared
UNRESOLVED: decl_plugin.c compilation, -I. -I/build/buildd-gcc-4.7_4.7.1-8-i386-xX86tw/gcc-4.7-4.7.1/src/gcc/testsuite -I/build/buildd-gcc-4.7_4.7.1-8-i386-xX86tw/gcc-4.7-4.7.1/src/gcc/testsuite/../../gcc -I/build/buildd-gcc-4.7_4.7.1-8-i386-xX86tw/gcc-4.7-4.7.1/build/gcc/testsuite/g++/../../../gcc  -I/build/buildd-gcc-4.7_4.7.1-8-i386-xX86tw/gcc-4.7-4.7.1/src/gcc/testsuite/../../include -I/build/buildd-gcc-4.7_4.7.1-8-i386-xX86tw/gcc-4.7-4.7.1/src/gcc/testsuite/../../libcpp/include   -I/build/buildd-gcc-4.7_4.7.1-8-i386-xX86tw/gcc-4.7-4.7.1/build/gcc/testsuite/g++/../../../intl  -DIN_GCC -fPIC -shared

		=== g++ Summary for unix/-fstack-protector ===

# of expected passes		47666
# of expected failures		286
# of unresolved testcases	6
# of unsupported tests		312

		=== g++ Summary ===

# of expected passes		95332
# of expected failures		572
# of unresolved testcases	12
# of unsupported tests		624
/build/buildd-gcc-4.7_4.7.1-8-i386-xX86tw/gcc-4.7-4.7.1/build/gcc/testsuite/g++/../../g++  version 4.7.1 (Debian 4.7.1-8) 

		=== gcc tests ===


Running target unix
FAIL: gcc.dg/inline3.c  (test for warnings, line 6)
FAIL: gcc.dg/inline3.c  (test for errors, line 7)
XPASS: gcc.dg/inline_3.c (test for excess errors)
XPASS: gcc.dg/inline_4.c (test for excess errors)
XPASS: gcc.dg/unroll_2.c (test for excess errors)
XPASS: gcc.dg/unroll_3.c (test for excess errors)
XPASS: gcc.dg/unroll_4.c (test for excess errors)
UNRESOLVED: selfassign.c compilation, -I. -I/build/buildd-gcc-4.7_4.7.1-8-i386-xX86tw/gcc-4.7-4.7.1/src/gcc/testsuite -I/build/buildd-gcc-4.7_4.7.1-8-i386-xX86tw/gcc-4.7-4.7.1/src/gcc/testsuite/../../gcc -I/build/buildd-gcc-4.7_4.7.1-8-i386-xX86tw/gcc-4.7-4.7.1/build/gcc/testsuite/gcc/../../../gcc  -I/build/buildd-gcc-4.7_4.7.1-8-i386-xX86tw/gcc-4.7-4.7.1/src/gcc/testsuite/../../include -I/build/buildd-gcc-4.7_4.7.1-8-i386-xX86tw/gcc-4.7-4.7.1/src/gcc/testsuite/../../libcpp/include   -I/build/buildd-gcc-4.7_4.7.1-8-i386-xX86tw/gcc-4.7-4.7.1/build/gcc/testsuite/gcc/../../../intl -O -DIN_GCC -fPIC -shared
UNRESOLVED: ggcplug.c compilation, -I. -I/build/buildd-gcc-4.7_4.7.1-8-i386-xX86tw/gcc-4.7-4.7.1/src/gcc/testsuite -I/build/buildd-gcc-4.7_4.7.1-8-i386-xX86tw/gcc-4.7-4.7.1/src/gcc/testsuite/../../gcc -I/build/buildd-gcc-4.7_4.7.1-8-i386-xX86tw/gcc-4.7-4.7.1/build/gcc/testsuite/gcc/../../../gcc  -I/build/buildd-gcc-4.7_4.7.1-8-i386-xX86tw/gcc-4.7-4.7.1/src/gcc/testsuite/../../include -I/build/buildd-gcc-4.7_4.7.1-8-i386-xX86tw/gcc-4.7-4.7.1/src/gcc/testsuite/../../libcpp/include   -I/build/buildd-gcc-4.7_4.7.1-8-i386-xX86tw/gcc-4.7-4.7.1/build/gcc/testsuite/gcc/../../../intl -O -DIN_GCC -fPIC -shared
UNRESOLVED: one_time_plugin.c compilation, -I. -I/build/buildd-gcc-4.7_4.7.1-8-i386-xX86tw/gcc-4.7-4.7.1/src/gcc/testsuite -I/build/buildd-gcc-4.7_4.7.1-8-i386-xX86tw/gcc-4.7-4.7.1/src/gcc/testsuite/../../gcc -I/build/buildd-gcc-4.7_4.7.1-8-i386-xX86tw/gcc-4.7-4.7.1/build/gcc/testsuite/gcc/../../../gcc  -I/build/buildd-gcc-4.7_4.7.1-8-i386-xX86tw/gcc-4.7-4.7.1/src/gcc/testsuite/../../include -I/build/buildd-gcc-4.7_4.7.1-8-i386-xX86tw/gcc-4.7-4.7.1/src/gcc/testsuite/../../libcpp/include   -I/build/buildd-gcc-4.7_4.7.1-8-i386-xX86tw/gcc-4.7-4.7.1/build/gcc/testsuite/gcc/../../../intl  -DIN_GCC -fPIC -shared
UNRESOLVED: start_unit_plugin.c compilation, -I. -I/build/buildd-gcc-4.7_4.7.1-8-i386-xX86tw/gcc-4.7-4.7.1/src/gcc/testsuite -I/build/buildd-gcc-4.7_4.7.1-8-i386-xX86tw/gcc-4.7-4.7.1/src/gcc/testsuite/../../gcc -I/build/buildd-gcc-4.7_4.7.1-8-i386-xX86tw/gcc-4.7-4.7.1/build/gcc/testsuite/gcc/../../../gcc  -I/build/buildd-gcc-4.7_4.7.1-8-i386-xX86tw/gcc-4.7-4.7.1/src/gcc/testsuite/../../include -I/build/buildd-gcc-4.7_4.7.1-8-i386-xX86tw/gcc-4.7-4.7.1/src/gcc/testsuite/../../libcpp/include   -I/build/buildd-gcc-4.7_4.7.1-8-i386-xX86tw/gcc-4.7-4.7.1/build/gcc/testsuite/gcc/../../../intl  -DIN_GCC -fPIC -shared
UNRESOLVED: finish_unit_plugin.c compilation, -I. -I/build/buildd-gcc-4.7_4.7.1-8-i386-xX86tw/gcc-4.7-4.7.1/src/gcc/testsuite -I/build/buildd-gcc-4.7_4.7.1-8-i386-xX86tw/gcc-4.7-4.7.1/src/gcc/testsuite/../../gcc -I/build/buildd-gcc-4.7_4.7.1-8-i386-xX86tw/gcc-4.7-4.7.1/build/gcc/testsuite/gcc/../../../gcc  -I/build/buildd-gcc-4.7_4.7.1-8-i386-xX86tw/gcc-4.7-4.7.1/src/gcc/testsuite/../../include -I/build/buildd-gcc-4.7_4.7.1-8-i386-xX86tw/gcc-4.7-4.7.1/src/gcc/testsuite/../../libcpp/include   -I/build/buildd-gcc-4.7_4.7.1-8-i386-xX86tw/gcc-4.7-4.7.1/build/gcc/testsuite/gcc/../../../intl  -DIN_GCC -fPIC -shared

		=== gcc Summary for unix ===

# of expected passes		85642
# of unexpected failures	2
# of unexpected successes	5
# of expected failures		262
# of unresolved testcases	5
# of unsupported tests		909

Running target unix/-fstack-protector
FAIL: gcc.dg/inline3.c  (test for warnings, line 6)
FAIL: gcc.dg/inline3.c  (test for errors, line 7)
XPASS: gcc.dg/inline_3.c (test for excess errors)
XPASS: gcc.dg/inline_4.c (test for excess errors)
FAIL: gcc.dg/stack-usage-1.c scan-file foo\\t(256|264)\\tstatic
XPASS: gcc.dg/unroll_2.c (test for excess errors)
XPASS: gcc.dg/unroll_3.c (test for excess errors)
XPASS: gcc.dg/unroll_4.c (test for excess errors)
UNRESOLVED: selfassign.c compilation, -I. -I/build/buildd-gcc-4.7_4.7.1-8-i386-xX86tw/gcc-4.7-4.7.1/src/gcc/testsuite -I/build/buildd-gcc-4.7_4.7.1-8-i386-xX86tw/gcc-4.7-4.7.1/src/gcc/testsuite/../../gcc -I/build/buildd-gcc-4.7_4.7.1-8-i386-xX86tw/gcc-4.7-4.7.1/build/gcc/testsuite/gcc/../../../gcc  -I/build/buildd-gcc-4.7_4.7.1-8-i386-xX86tw/gcc-4.7-4.7.1/src/gcc/testsuite/../../include -I/build/buildd-gcc-4.7_4.7.1-8-i386-xX86tw/gcc-4.7-4.7.1/src/gcc/testsuite/../../libcpp/include   -I/build/buildd-gcc-4.7_4.7.1-8-i386-xX86tw/gcc-4.7-4.7.1/build/gcc/testsuite/gcc/../../../intl -O -DIN_GCC -fPIC -shared
UNRESOLVED: ggcplug.c compilation, -I. -I/build/buildd-gcc-4.7_4.7.1-8-i386-xX86tw/gcc-4.7-4.7.1/src/gcc/testsuite -I/build/buildd-gcc-4.7_4.7.1-8-i386-xX86tw/gcc-4.7-4.7.1/src/gcc/testsuite/../../gcc -I/build/buildd-gcc-4.7_4.7.1-8-i386-xX86tw/gcc-4.7-4.7.1/build/gcc/testsuite/gcc/../../../gcc  -I/build/buildd-gcc-4.7_4.7.1-8-i386-xX86tw/gcc-4.7-4.7.1/src/gcc/testsuite/../../include -I/build/buildd-gcc-4.7_4.7.1-8-i386-xX86tw/gcc-4.7-4.7.1/src/gcc/testsuite/../../libcpp/include   -I/build/buildd-gcc-4.7_4.7.1-8-i386-xX86tw/gcc-4.7-4.7.1/build/gcc/testsuite/gcc/../../../intl -O -DIN_GCC -fPIC -shared
UNRESOLVED: one_time_plugin.c compilation, -I. -I/build/buildd-gcc-4.7_4.7.1-8-i386-xX86tw/gcc-4.7-4.7.1/src/gcc/testsuite -I/build/buildd-gcc-4.7_4.7.1-8-i386-xX86tw/gcc-4.7-4.7.1/src/gcc/testsuite/../../gcc -I/build/buildd-gcc-4.7_4.7.1-8-i386-xX86tw/gcc-4.7-4.7.1/build/gcc/testsuite/gcc/../../../gcc  -I/build/buildd-gcc-4.7_4.7.1-8-i386-xX86tw/gcc-4.7-4.7.1/src/gcc/testsuite/../../include -I/build/buildd-gcc-4.7_4.7.1-8-i386-xX86tw/gcc-4.7-4.7.1/src/gcc/testsuite/../../libcpp/include   -I/build/buildd-gcc-4.7_4.7.1-8-i386-xX86tw/gcc-4.7-4.7.1/build/gcc/testsuite/gcc/../../../intl  -DIN_GCC -fPIC -shared
UNRESOLVED: start_unit_plugin.c compilation, -I. -I/build/buildd-gcc-4.7_4.7.1-8-i386-xX86tw/gcc-4.7-4.7.1/src/gcc/testsuite -I/build/buildd-gcc-4.7_4.7.1-8-i386-xX86tw/gcc-4.7-4.7.1/src/gcc/testsuite/../../gcc -I/build/buildd-gcc-4.7_4.7.1-8-i386-xX86tw/gcc-4.7-4.7.1/build/gcc/testsuite/gcc/../../../gcc  -I/build/buildd-gcc-4.7_4.7.1-8-i386-xX86tw/gcc-4.7-4.7.1/src/gcc/testsuite/../../include -I/build/buildd-gcc-4.7_4.7.1-8-i386-xX86tw/gcc-4.7-4.7.1/src/gcc/testsuite/../../libcpp/include   -I/build/buildd-gcc-4.7_4.7.1-8-i386-xX86tw/gcc-4.7-4.7.1/build/gcc/testsuite/gcc/../../../intl  -DIN_GCC -fPIC -shared
UNRESOLVED: finish_unit_plugin.c compilation, -I. -I/build/buildd-gcc-4.7_4.7.1-8-i386-xX86tw/gcc-4.7-4.7.1/src/gcc/testsuite -I/build/buildd-gcc-4.7_4.7.1-8-i386-xX86tw/gcc-4.7-4.7.1/src/gcc/testsuite/../../gcc -I/build/buildd-gcc-4.7_4.7.1-8-i386-xX86tw/gcc-4.7-4.7.1/build/gcc/testsuite/gcc/../../../gcc  -I/build/buildd-gcc-4.7_4.7.1-8-i386-xX86tw/gcc-4.7-4.7.1/src/gcc/testsuite/../../include -I/build/buildd-gcc-4.7_4.7.1-8-i386-xX86tw/gcc-4.7-4.7.1/src/gcc/testsuite/../../libcpp/include   -I/build/buildd-gcc-4.7_4.7.1-8-i386-xX86tw/gcc-4.7-4.7.1/build/gcc/testsuite/gcc/../../../intl  -DIN_GCC -fPIC -shared

		=== gcc Summary for unix/-fstack-protector ===

# of expected passes		85641
# of unexpected failures	3
# of unexpected successes	5
# of expected failures		262
# of unresolved testcases	5
# of unsupported tests		909

		=== gcc Summary ===

# of expected passes		171283
# of unexpected failures	5
# of unexpected successes	10
# of expected failures		524
# of unresolved testcases	10
# of unsupported tests		1818
/build/buildd-gcc-4.7_4.7.1-8-i386-xX86tw/gcc-4.7-4.7.1/build/gcc/xgcc  version 4.7.1 (Debian 4.7.1-8) 

		=== gfortran tests ===


Running target unix

		=== gfortran Summary for unix ===

# of expected passes		40709
# of expected failures		56
# of unsupported tests		228

Running target unix/-fstack-protector

		=== gfortran Summary for unix/-fstack-protector ===

# of expected passes		40709
# of expected failures		56
# of unsupported tests		228

		=== gfortran Summary ===

# of expected passes		81418
# of expected failures		112
# of unsupported tests		456
/build/buildd-gcc-4.7_4.7.1-8-i386-xX86tw/gcc-4.7-4.7.1/build/gcc/testsuite/gfortran/../../gfortran  version 4.7.1 (Debian 4.7.1-8) 

		=== go tests ===


Running target unix

		=== go Summary for unix ===

# of expected passes		3294
# of expected failures		4
# of untested testcases		4

Running target unix/-fstack-protector

		=== go Summary for unix/-fstack-protector ===

# of expected passes		3294
# of expected failures		4
# of untested testcases		4

		=== go Summary ===

# of expected passes		6588
# of expected failures		8
# of untested testcases		8
/build/buildd-gcc-4.7_4.7.1-8-i386-xX86tw/gcc-4.7-4.7.1/build/gcc/testsuite/go/../../gccgo  version 4.7.1 (Debian 4.7.1-8) 

		=== obj-c++ tests ===


Running target unix

		=== obj-c++ Summary for unix ===

# of expected passes		1450
# of expected failures		2
# of unsupported tests		86

Running target unix/-fstack-protector

		=== obj-c++ Summary for unix/-fstack-protector ===

# of expected passes		1450
# of expected failures		2
# of unsupported tests		86

		=== obj-c++ Summary ===

# of expected passes		2900
# of expected failures		4
# of unsupported tests		172
/build/buildd-gcc-4.7_4.7.1-8-i386-xX86tw/gcc-4.7-4.7.1/build/gcc/testsuite/obj-c++/../../g++  version 4.7.1 (Debian 4.7.1-8) 

		=== objc tests ===


Running target unix

		=== objc Summary for unix ===

# of expected passes		2988
# of expected failures		6
# of unsupported tests		74

Running target unix/-fstack-protector

		=== objc Summary for unix/-fstack-protector ===

# of expected passes		2988
# of expected failures		6
# of unsupported tests		74

		=== objc Summary ===

# of expected passes		5976
# of expected failures		12
# of unsupported tests		148
/build/buildd-gcc-4.7_4.7.1-8-i386-xX86tw/gcc-4.7-4.7.1/build/gcc/xgcc  version 4.7.1 (Debian 4.7.1-8) 

		=== boehm-gc tests ===


Running target unix

		=== boehm-gc Summary for unix ===

# of expected passes		12
# of unsupported tests		1

Running target unix/-fstack-protector

		=== boehm-gc Summary for unix/-fstack-protector ===

# of expected passes		12
# of unsupported tests		1

		=== boehm-gc Summary ===

# of expected passes		24
# of unsupported tests		2
		=== libffi tests ===


Running target unix

		=== libffi Summary for unix ===

# of expected passes		1634
# of expected failures		10
# of unsupported tests		55

Running target unix/-fstack-protector

		=== libffi Summary for unix/-fstack-protector ===

# of expected passes		1634
# of expected failures		10
# of unsupported tests		55

		=== libffi Summary ===

# of expected passes		3268
# of expected failures		20
# of unsupported tests		110
		=== libgo tests ===


Running target unix
FAIL: os/user

		=== libgo Summary for unix ===

# of expected passes		123
# of unexpected failures	1

Running target unix/-m64
FAIL: bufio
FAIL: bytes
FAIL: errors
FAIL: expvar
FAIL: flag
FAIL: fmt
FAIL: html
FAIL: image
FAIL: io
FAIL: log
FAIL: math
FAIL: mime
FAIL: net
FAIL: os
FAIL: path
FAIL: reflect
FAIL: regexp
FAIL: runtime
FAIL: sort
FAIL: strconv
FAIL: strings
FAIL: sync
FAIL: time
FAIL: unicode
FAIL: archive/tar
FAIL: archive/zip
FAIL: compress/bzip2
FAIL: compress/flate
FAIL: compress/gzip
FAIL: compress/lzw
FAIL: compress/zlib
FAIL: container/heap
FAIL: container/list
FAIL: container/ring
FAIL: crypto/aes
FAIL: crypto/cipher
FAIL: crypto/des
FAIL: crypto/dsa
FAIL: crypto/ecdsa
FAIL: crypto/elliptic
FAIL: crypto/hmac
FAIL: crypto/md5
FAIL: crypto/rand
FAIL: crypto/rc4
FAIL: crypto/rsa
FAIL: crypto/sha1
FAIL: crypto/sha256
FAIL: crypto/sha512
FAIL: crypto/subtle
FAIL: crypto/tls
FAIL: crypto/x509
FAIL: database/sql
FAIL: database/sql/driver
FAIL: debug/dwarf
FAIL: debug/elf
FAIL: debug/macho
FAIL: debug/pe
FAIL: encoding/ascii85
FAIL: encoding/asn1
FAIL: encoding/base32
FAIL: encoding/base64
FAIL: encoding/binary
FAIL: encoding/csv
FAIL: encoding/gob
FAIL: encoding/hex
FAIL: encoding/json
FAIL: encoding/pem
FAIL: encoding/xml
FAIL: exp/ebnf
FAIL: exp/html
FAIL: exp/norm
FAIL: exp/proxy
FAIL: exp/terminal
FAIL: exp/utf8string
FAIL: html/template
FAIL: go/ast
FAIL: go/doc
FAIL: go/parser
FAIL: go/printer
FAIL: go/scanner
FAIL: go/token
FAIL: hash/adler32
FAIL: hash/crc32
FAIL: hash/crc64
FAIL: hash/fnv
FAIL: image/color
FAIL: image/draw
FAIL: image/jpeg
FAIL: image/png
FAIL: index/suffixarray
FAIL: io/ioutil
FAIL: log/syslog
FAIL: math/big
FAIL: math/cmplx
FAIL: math/rand
FAIL: mime/multipart
FAIL: net/http
FAIL: net/http/cgi
FAIL: net/http/fcgi
FAIL: net/http/httptest
FAIL: net/http/httputil
FAIL: net/mail
FAIL: net/rpc
FAIL: net/smtp
FAIL: net/textproto
FAIL: net/url
FAIL: net/rpc/jsonrpc
FAIL: old/netchan
FAIL: old/regexp
FAIL: old/template
FAIL: os/exec
FAIL: os/signal
FAIL: os/user
FAIL: path/filepath
FAIL: regexp/syntax
FAIL: runtime/pprof
FAIL: sync/atomic
FAIL: text/scanner
FAIL: text/tabwriter
FAIL: text/template
FAIL: text/template/parse
FAIL: testing/quick
FAIL: unicode/utf16
FAIL: unicode/utf8

		=== libgo Summary for unix/-m64 ===

# of unexpected failures	124

		=== libgo Summary ===

# of expected passes		123
# of unexpected failures	125
/build/buildd-gcc-4.7_4.7.1-8-i386-xX86tw/gcc-4.7-4.7.1/build/./gcc/gccgo version 4.7.1 (Debian 4.7.1-8)

		=== libgomp tests ===


Running target unix

		=== libgomp Summary for unix ===

# of expected passes		2976

Running target unix/-fstack-protector

		=== libgomp Summary for unix/-fstack-protector ===

# of expected passes		2976

		=== libgomp Summary ===

# of expected passes		5952
		=== libitm tests ===


Running target unix

		=== libitm Summary for unix ===

# of expected passes		26
# of expected failures		3
# of unsupported tests		1

Running target unix/-fstack-protector

		=== libitm Summary for unix/-fstack-protector ===

# of expected passes		26
# of expected failures		3
# of unsupported tests		1

		=== libitm Summary ===

# of expected passes		52
# of expected failures		6
# of unsupported tests		2
		=== libmudflap tests ===


Running target unix

		=== libmudflap Summary for unix ===

# of expected passes		1906

Running target unix/-fstack-protector

		=== libmudflap Summary for unix/-fstack-protector ===

# of expected passes		1906

		=== libmudflap Summary ===

# of expected passes		3812
		=== libstdc++ tests ===


Running target unix
FAIL: 22_locale/time_get/get_date/wchar_t/4.cc execution test

		=== libstdc++ Summary for unix ===

# of expected passes		8905
# of unexpected failures	1
# of expected failures		43
# of unsupported tests		144

Running target unix/-fstack-protector
FAIL: 22_locale/time_get/get_date/wchar_t/4.cc execution test

		=== libstdc++ Summary for unix/-fstack-protector ===

# of expected passes		8905
# of unexpected failures	1
# of expected failures		43
# of unsupported tests		144

		=== libstdc++ Summary ===

# of expected passes		17810
# of unexpected failures	2
# of expected failures		86
# of unsupported tests		288

Compiler version: 4.7.1 (Debian 4.7.1-8) 
Platform: i486-pc-linux-gnu
configure flags: -v --with-pkgversion='Debian 4.7.1-8' --with-bugurl=file:///usr/share/doc/gcc-4.7/README.Bugs --enable-languages=c,c++,go,fortran,objc,obj-c++ --prefix=/usr --program-suffix=-4.7 --enable-shared --enable-linker-build-id --with-system-zlib --libexecdir=/usr/lib --without-included-gettext --enable-threads=posix --with-gxx-include-dir=/usr/include/c++/4.7 --libdir=/usr/lib --enable-nls --with-sysroot=/ --enable-clocale=gnu --enable-libstdcxx-debug --enable-libstdcxx-time=yes --enable-gnu-unique-object --enable-plugin --enable-objc-gc --enable-targets=all --with-arch-32=i586 --with-tune=generic --enable-checking=release --build=i486-linux-gnu --host=i486-linux-gnu --target=i486-linux-gnu
BOOT_CFLAGS=


Build Dependencies:
Desired=Unknown/Install/Remove/Purge/Hold
| Status=Not/Inst/Conf-files/Unpacked/halF-conf/Half-inst/trig-aWait/Trig-pend
|/ Err?=(none)/Reinst-required (Status,Err: uppercase=bad)
||/ Name                            Version               Architecture Description
+++-===============================-=====================-============-======================================================================
ii  binutils                        2.22-7.1              i386         GNU assembler, linker and binary utilities
ii  g++-4.7                         4.7.1-7               i386         GNU C++ compiler
ii  g++-4.7-multilib                4.7.1-7               i386         GNU C++ compiler (multilib files)
ii  g++-multilib                    4:4.7.1-1             i386         GNU C++ compiler (multilib files)
ii  libc6:i386                      2.13-35               i386         Embedded GNU C Library: Shared libraries
ii  libcloog-ppl-dev:i386           0.15.11-4             i386         Chunky Loop Generator (development files)
ii  libgmp-dev:i386                 2:5.0.5+dfsg-2        i386         Multiprecision arithmetic library developers tools
ii  libmpc-dev:i386                 0.9-4                 i386         multiple precision complex floating-point library development package
ii  libmpfr-dev:i386                3.1.0-5               i386         multiple precision floating-point computation developers tools
ii  libppl0.11-dev:i386             0.11.2-8              i386         Parma Polyhedra Library (development)


svn-updates:
  updates from the 4.7 branch upto 20120908 (r191092).

gcc-gfdl-build:
  Build a dummy s-tm-texi without access to the texinfo sources

gcc-textdomain:
  Set gettext's domain and textdomain to the versioned package name.

gcc-driver-extra-langs:
  Add options and specs for languages that are not built from a source
  (but built from separate sources).

gcc-hash-style-both:
  Link using --hash-style=both (alpha, amd64, armel, armhf, ia64, i386, powerpc, ppc64, s390, sparc)

libstdc++-pic:
  Build and install libstdc++_pic.a library.

libstdc++-doclink:
  adjust hrefs to point to the local documentation

libstdc++-man-3cxx:
  Install libstdc++ man pages with suffix .3cxx instead of .3

libstdc++-test-installed:
  Add support to run the libstdc++-v3 testsuite using the
  installed shared libraries.

libjava-stacktrace:
  libgcj: Lookup source file name and line number in separated
  debug files found in /usr/lib/debug

libjava-jnipath:
  - Add /usr/lib/jni and /usr/lib/<multiarch>/jni to java.library.path.
  - When running the i386 binaries on amd64, look in
  - /usr/lib32/gcj-x.y and /usr/lib32/jni instead.

libjava-sjlj:
  Don't try to use _Unwind_Backtrace on SJLJ targets.
  See bug #387875, #388505, GCC PR 29206.

libjava-disable-plugin:
  Don't build the gcjwebplugin, even when configured with --enable-plugin

alpha-no-ev4-directive:
  never emit .ev4 directive.

boehm-gc-getnprocs:
  boehm-gc/pthread_support.c (GC_get_nprocs): Use sysconf as fallback.

note-gnu-stack:
  Add .note.GNU-stack sections for gcc's crt files, libffi and boehm-gc
  Taken from FC.

libgomp-omp_h-multilib:
  Fix up omp.h for multilibs.

sparc-force-cpu:
  On sparc default to ultrasparc (v9a) in 32bit mode

pr24619:
  Proposed patch for PR mudflap/24619 (instrumentation of dlopen)

gccgo-version:
  Omit the subminor number from the go libdir

pr45078:
  Proposed patch for PR plugin/45078

pr47818:
  Fix PR ada/47818: Pragma Assert is rejected with No_Implementation_Pragmas restriction.

pr49940:
  Apply proposed patch for PR ada/49940.

pr49944:
  apply proposed patch for PR ada/49444.

libffi-kfreebsd:
  libffi:  Define FFI_MMAP_EXEC_WRIT on kfreebsd-*.

gcc-base-version:
  Set base version to 4.7, introduce full version 4.7.x.

libffi-powerpc-sf:

libffi-powerpc-sysv-without-string-ops:

mudflapth-link:
  Link libmudflapth.so with -lpthread

libffi-m68k:

libgo-fix-arm:
  libgo: Work around parse error of struct timex_ on ARM

gcc-cloog-dl:
  Link against -ldl instead of -lcloog -lppl. Exit with an error when using
  the Graphite loop transformation infrastructure without having the
  libcloog-ppl0 package installed. Packages using these optimizations
  should build-depend on libcloog-ppl0.

libiberty-md5:
  Fix alias warning building libiberty/md5.c

libgo-hardening:
  Avoid compiler warnings in libgo

pr26155:
  Fix PR c++/26155, taken from the trunk.

pr54341:

gcc-d-lang:
  Add D options and specs for the gcc driver.

arm-dynamic-linker:
  For ARM hard float, set the dynamic linker to
  /lib/ld-linux-armhf.so.3.

gcc-sysroot:

libgo-mksysinfo:
  libgo: Fix TIOCNOTTY and TIOCSCTTY definitions

pr33763:
  Fix PR c/33763, proposed patch from the issue.

arm-multilib-soft:
  ARM hard/soft float multilib support

arm-multilib-defaults:
  Set MULTILIB_DEFAULTS for ARM multilib builds

gcc-ice-hack:
  Retry the build on an ice, save the calling options and preprocessed
  source when the ice is reproducible.

gcc-ice-apport:
  Report an ICE to apport (if apport is available
  and the environment variable GCC_NOAPPORT is not set)

libjava-fixed-symlinks:
  Remove unneed '..' elements from symlinks in JAVA_HOME

libstdc++-arm-wno-abi:
  Temporary work around:
  On arm-linux-gnueabi run the libstdc++v3 testsuite with -Wno-abi

ada-mips:
  Improve support for mips.

libffi-ro-eh_frame_sect:
  PR libffi/47248, force a read only eh frame section.

gcc-multiarch:
  Add multiarch support to GCC.
  
  Convert the multilib option to a target triplet,
  add multiarch include directories and libraries path:
  	/usr/local/include/<arch>-linux-gnu
  	/usr/include/<arch>-linux-gnu
  	/usr/lib/<arch>-linux-gnu
  to the system paths.

gcc-powerpc-nof:
  Don't build nof multlib on powerpc.

libjava-multiarch:
  Install libjava libraries to multiarch location

libjava-nobiarch-check:
  For biarch builds, disable the testsuite for the non-default architecture
  for runtime libraries, which are not built by default (libjava).

config-ml:
  disable some biarch libraries for biarch builds

gcc-powerpc-undef:
  Undefine LINK_EH_SPEC before redefining it
  http://gcc.gnu.org/ml/gcc-patches/2011-02/msg01082.html

gcc-no-add-needed:
  On linux targets pass --no-add-needed to the linker.

mips-fix-loongson2f-nop:
  On mips, pass -mfix-loongson2f-nop to as, if -mno-fix-loongson2f-nop
  is not passed.

libgomp-kfreebsd-testsuite:
  Disable lock-2.c test on kfreebsd-*

armhf-triplet:
  add support for arm-linux-*eabi* triplets; useful for armhf

Counting all warnings,
there are 0 warnings in stage3 of this bootstrap.

Number of warnings per file:

Number of warning types:


Index Nav: [Date Index] [Subject Index] [Author Index] [Thread Index]
Message Nav: [Date Prev] [Date Next] [Thread Prev] [Thread Next]